52.167.144.228 - - [26/Oct/2025:08:37:22 -0400] "GET /products836420120?kg=0835425222 HTTP/1.1" 404 1251 "-" "Mozilla/5.0 AppleWebKit/537.36 (KHTML, like Gecko; compatible; bingbot/2.0; +http://www.bing.com/bingbot.htm) Chrome/116.0.1938.76 Safari/537.36"
52.167.144.194 - - [26/Oct/2025:08:37:29 -0400] "GET /products2376434248?kg=2373606000 HTTP/1.1" 404 1251 "-" "Mozilla/5.0 AppleWebKit/537.36 (KHTML, like Gecko; compatible; bingbot/2.0; +http://www.bing.com/bingbot.htm) Chrome/116.0.1938.76 Safari/537.36"
52.167.144.228 - - [26/Oct/2025:08:37:33 -0400] "GET /products1432565200?kg=1430860605 HTTP/1.1" 404 1251 "-" "Mozilla/5.0 AppleWebKit/537.36 (KHTML, like Gecko; compatible; bingbot/2.0; +http://www.bing.com/bingbot.htm) Chrome/116.0.1938.76 Safari/537.36"
52.167.144.238 - - [26/Oct/2025:08:37:38 -0400] "GET /?products762759792?kg=0761852585 HTTP/1.1" 200 1449 "-" "Mozilla/5.0 AppleWebKit/537.36 (KHTML, like Gecko; compatible; bingbot/2.0; +http://www.bing.com/bingbot.htm) Chrome/116.0.1938.76 Safari/537.36"
40.77.167.8 - - [26/Oct/2025:08:37:57 -0400] "GET /1087/%E0%B9%82%E0%B8%9B%E0%B8%A3-%E0%B9%82%E0%B8%A1-%E0%B8%8A%E0%B8%B1%E0%B8%99-%E0%B8%9D%E0%B8%B2%E0%B8%81-%E0%B9%80%E0%B8%87%E0%B8%B4%E0%B8%99-%E0%B8%84%E0%B8%A3%E0%B8%B1%E0%B9%89%E0%B8%87-%E0%B9%81%E0%B8%A3%E0%B8%81-%E0%B8%A3%E0%B8%B1%E0%B8%9A-%E0%B9%82%E0%B8%9A%E0%B8%99%E0%B8%B1%E0%B8%AA-100 HTTP/1.1" 404 1251 "-" "Mozilla/5.0 AppleWebKit/537.36 (KHTML, like Gecko; compatible; bingbot/2.0; +http://www.bing.com/bingbot.htm) Chrome/116.0.1938.76 Safari/537.36"
52.167.144.233 - - [26/Oct/2025:08:37:58 -0400] "GET /products961738824?kg=0960594736 HTTP/1.1" 404 1251 "-" "Mozilla/5.0 AppleWebKit/537.36 (KHTML, like Gecko; compatible; bingbot/2.0; +http://www.bing.com/bingbot.htm) Chrome/116.0.1938.76 Safari/537.36"
52.167.144.228 - - [26/Oct/2025:08:38:03 -0400] "GET /products1290207256?kg=1288672134 HTTP/1.1" 404 1251 "-" "Mozilla/5.0 AppleWebKit/537.36 (KHTML, like Gecko; compatible; bingbot/2.0; +http://www.bing.com/bingbot.htm) Chrome/116.0.1938.76 Safari/537.36"
52.167.144.228 - - [26/Oct/2025:08:38:05 -0400] "GET /products364093984?kg=0363661379 HTTP/1.1" 404 1251 "-" "Mozilla/5.0 AppleWebKit/537.36 (KHTML, like Gecko; compatible; bingbot/2.0; +http://www.bing.com/bingbot.htm) Chrome/116.0.1938.76 Safari/537.36"
52.167.144.228 - - [26/Oct/2025:08:38:08 -0400] "GET /products100527528?kg=0100408692 HTTP/1.1" 404 1251 "-" "Mozilla/5.0 AppleWebKit/537.36 (KHTML, like Gecko; compatible; bingbot/2.0; +http://www.bing.com/bingbot.htm) Chrome/116.0.1938.76 Safari/537.36"
52.167.144.233 - - [26/Oct/2025:08:38:11 -0400] "GET /products601770136?kg=0601054582 HTTP/1.1" 404 1251 "-" "Mozilla/5.0 AppleWebKit/537.36 (KHTML, like Gecko; compatible; bingbot/2.0; +http://www.bing.com/bingbot.htm) Chrome/116.0.1938.76 Safari/537.36"
52.167.144.233 - - [26/Oct/2025:08:38:17 -0400] "GET /products1317319392?kg=1315751995 HTTP/1.1" 404 1251 "-" "Mozilla/5.0 AppleWebKit/537.36 (KHTML, like Gecko; compatible; bingbot/2.0; +http://www.bing.com/bingbot.htm) Chrome/116.0.1938.76 Safari/537.36"
52.167.144.228 - - [26/Oct/2025:08:38:22 -0400] "GET /products1790586984?kg=1788456172 HTTP/1.1" 404 1251 "-" "Mozilla/5.0 AppleWebKit/537.36 (KHTML, like Gecko; compatible; bingbot/2.0; +http://www.bing.com/bingbot.htm) Chrome/116.0.1938.76 Safari/537.36"
52.167.144.233 - - [26/Oct/2025:08:38:27 -0400] "GET /products938808232?kg=0937691444 HTTP/1.1" 404 1251 "-" "Mozilla/5.0 AppleWebKit/537.36 (KHTML, like Gecko; compatible; bingbot/2.0; +http://www.bing.com/bingbot.htm) Chrome/116.0.1938.76 Safari/537.36"
52.167.144.233 - - [26/Oct/2025:08:38:48 -0400] "GET /products1784725320?kg=1782601488 HTTP/1.1" 404 1251 "-" "Mozilla/5.0 AppleWebKit/537.36 (KHTML, like Gecko; compatible; bingbot/2.0; +http://www.bing.com/bingbot.htm) Chrome/116.0.1938.76 Safari/537.36"
52.167.144.228 - - [26/Oct/2025:08:38:52 -0400] "GET /products2131828112?kg=2129291061 HTTP/1.1" 404 1251 "-" "Mozilla/5.0 AppleWebKit/537.36 (KHTML, like Gecko; compatible; bingbot/2.0; +http://www.bing.com/bingbot.htm) Chrome/116.0.1938.76 Safari/537.36"
52.167.144.204 - - [26/Oct/2025:08:38:58 -0400] "GET /products1202044512?kg=1200614347 HTTP/1.1" 404 1251 "-" "Mozilla/5.0 AppleWebKit/537.36 (KHTML, like Gecko; compatible; bingbot/2.0; +http://www.bing.com/bingbot.htm) Chrome/116.0.1938.76 Safari/537.36"
52.167.144.233 - - [26/Oct/2025:08:38:58 -0400] "GET /products1770154480?kg=1768047993 HTTP/1.1" 404 1251 "-" "Mozilla/5.0 AppleWebKit/537.36 (KHTML, like Gecko; compatible; bingbot/2.0; +http://www.bing.com/bingbot.htm) Chrome/116.0.1938.76 Safari/537.36"
52.167.144.231 - - [26/Oct/2025:08:39:02 -0400] "GET /products754439992?kg=0753542690 HTTP/1.1" 404 1251 "-" "Mozilla/5.0 AppleWebKit/537.36 (KHTML, like Gecko; compatible; bingbot/2.0; +http://www.bing.com/bingbot.htm) Chrome/116.0.1938.76 Safari/537.36"
52.167.144.228 - - [26/Oct/2025:08:39:03 -0400] "GET /products280181472?kg=0279848763 HTTP/1.1" 404 1251 "-" "Mozilla/5.0 AppleWebKit/537.36 (KHTML, like Gecko; compatible; bingbot/2.0; +http://www.bing.com/bingbot.htm) Chrome/116.0.1938.76 Safari/537.36"
52.167.144.228 - - [26/Oct/2025:08:39:21 -0400] "GET /products1870584568?kg=1868358522 HTTP/1.1" 404 1251 "-" "Mozilla/5.0 AppleWebKit/537.36 (KHTML, like Gecko; compatible; bingbot/2.0; +http://www.bing.com/bingbot.htm) Chrome/116.0.1938.76 Safari/537.36"
66.249.65.163 - - [26/Oct/2025:08:39:23 -0400] "GET /products273713176?kg=0273388166 HTTP/1.1" 404 1251 "-" "Mozilla/5.0 (Linux; Android 6.0.1; Nexus 5X Build/MMB29P) AppleWebKit/537.36 (KHTML, like Gecko) Chrome/141.0.7390.122 Mobile Safari/537.36 (compatible; Googlebot/2.1; +http://www.google.com/bot.html)"
66.249.65.161 - - [26/Oct/2025:08:40:07 -0400] "GET /products64848000?kg=0064771639 HTTP/1.1" 404 1251 "-" "Mozilla/5.0 (Linux; Android 6.0.1; Nexus 5X Build/MMB29P) AppleWebKit/537.36 (KHTML, like Gecko) Chrome/141.0.7390.122 Mobile Safari/537.36 (compatible; Googlebot/2.1; +http://www.google.com/bot.html)"
52.167.144.194 - - [26/Oct/2025:08:40:09 -0400] "GET /?products1429011872?kg=1427311507 HTTP/1.1" 200 1449 "-" "Mozilla/5.0 AppleWebKit/537.36 (KHTML, like Gecko; compatible; bingbot/2.0; +http://www.bing.com/bingbot.htm) Chrome/116.0.1938.76 Safari/537.36"
66.249.65.162 - - [26/Oct/2025:08:40:16 -0400] "GET /products614307976?kg=0613577496 HTTP/1.1" 404 1251 "-" "Mozilla/5.0 (Linux; Android 6.0.1; Nexus 5X Build/MMB29P) AppleWebKit/537.36 (KHTML, like Gecko) Chrome/141.0.7390.122 Mobile Safari/537.36 (compatible; Googlebot/2.1; +http://www.google.com/bot.html)"
40.77.167.76 - - [26/Oct/2025:08:40:21 -0400] "GET /df9c/%E0%B8%94%E0%B8%B9-%E0%B8%9A%E0%B8%AD%E0%B8%A5-%E0%B8%9E%E0%B8%A3%E0%B8%B5%E0%B9%80%E0%B8%A1%E0%B8%B5%E0%B8%A2%E0%B8%A3%E0%B9%8C-%E0%B8%A5%E0%B8%B5%E0%B8%81-%E0%B8%A3%E0%B8%B2%E0%B8%A2-%E0%B8%A7%E0%B8%B1%E0%B8%99 HTTP/1.1" 404 1251 "-" "Mozilla/5.0 AppleWebKit/537.36 (KHTML, like Gecko; compatible; bingbot/2.0; +http://www.bing.com/bingbot.htm) Chrome/116.0.1938.76 Safari/537.36"
52.167.144.204 - - [26/Oct/2025:08:40:28 -0400] "GET /d24f/%E0%B8%A5%E0%B8%B0%E0%B8%84%E0%B8%A3-pantip HTTP/1.1" 404 1251 "-" "Mozilla/5.0 AppleWebKit/537.36 (KHTML, like Gecko; compatible; bingbot/2.0; +http://www.bing.com/bingbot.htm) Chrome/116.0.1938.76 Safari/537.36"
52.167.144.194 - - [26/Oct/2025:08:40:28 -0400] "GET /products1615193856?kg=1613271847 HTTP/1.1" 404 1251 "-" "Mozilla/5.0 AppleWebKit/537.36 (KHTML, like Gecko; compatible; bingbot/2.0; +http://www.bing.com/bingbot.htm) Chrome/116.0.1938.76 Safari/537.36"
52.167.144.233 - - [26/Oct/2025:08:40:46 -0400] "GET /products300022656?kg=0299666327 HTTP/1.1" 404 1251 "-" "Mozilla/5.0 AppleWebKit/537.36 (KHTML, like Gecko; compatible; bingbot/2.0; +http://www.bing.com/bingbot.htm) Chrome/116.0.1938.76 Safari/537.36"
52.167.144.233 - - [26/Oct/2025:08:40:50 -0400] "GET /products1805806272?kg=1803657343 HTTP/1.1" 404 1251 "-" "Mozilla/5.0 AppleWebKit/537.36 (KHTML, like Gecko; compatible; bingbot/2.0; +http://www.bing.com/bingbot.htm) Chrome/116.0.1938.76 Safari/537.36"
148.113.128.172 - - [26/Oct/2025:08:41:07 -0400] "GET /products2327914040?kg=2325143554 HTTP/1.1" 404 1251 "-" "Mozilla/5.0 (compatible; AhrefsBot/7.0; +http://ahrefs.com/robot/)"
52.167.144.194 - - [26/Oct/2025:08:41:19 -0400] "GET /products849004272?kg=0847994393 HTTP/1.1" 404 1251 "-" "Mozilla/5.0 AppleWebKit/537.36 (KHTML, like Gecko; compatible; bingbot/2.0; +http://www.bing.com/bingbot.htm) Chrome/116.0.1938.76 Safari/537.36"
52.167.144.228 - - [26/Oct/2025:08:41:23 -0400] "GET /products755986032?kg=0755086889 HTTP/1.1" 404 1251 "-" "Mozilla/5.0 AppleWebKit/537.36 (KHTML, like Gecko; compatible; bingbot/2.0; +http://www.bing.com/bingbot.htm) Chrome/116.0.1938.76 Safari/537.36"
52.167.144.194 - - [26/Oct/2025:08:41:29 -0400] "GET /products2408761464?kg=2405894730 HTTP/1.1" 404 1251 "-" "Mozilla/5.0 AppleWebKit/537.36 (KHTML, like Gecko; compatible; bingbot/2.0; +http://www.bing.com/bingbot.htm) Chrome/116.0.1938.76 Safari/537.36"
52.167.144.194 - - [26/Oct/2025:08:41:32 -0400] "GET /products2057203808?kg=2054755595 HTTP/1.1" 404 1251 "-" "Mozilla/5.0 AppleWebKit/537.36 (KHTML, like Gecko; compatible; bingbot/2.0; +http://www.bing.com/bingbot.htm) Chrome/116.0.1938.76 Safari/537.36"
66.249.65.163 - - [26/Oct/2025:08:41:35 -0400] "GET /products100431552?kg=0100312831 HTTP/1.1" 404 1251 "-" "Mozilla/5.0 (compatible; Googlebot/2.1; +http://www.google.com/bot.html)"
52.167.144.233 - - [26/Oct/2025:08:41:39 -0400] "GET /products2329205744?kg=2326433721 HTTP/1.1" 404 1251 "-" "Mozilla/5.0 AppleWebKit/537.36 (KHTML, like Gecko; compatible; bingbot/2.0; +http://www.bing.com/bingbot.htm) Chrome/116.0.1938.76 Safari/537.36"
52.167.144.231 - - [26/Oct/2025:08:41:39 -0400] "GET /products414980288?kg=0414487103 HTTP/1.1" 404 1251 "-" "Mozilla/5.0 AppleWebKit/537.36 (KHTML, like Gecko; compatible; bingbot/2.0; +http://www.bing.com/bingbot.htm) Chrome/116.0.1938.76 Safari/537.36"
52.167.144.231 - - [26/Oct/2025:08:41:42 -0400] "GET /products824750456?kg=0823769450 HTTP/1.1" 404 1251 "-" "Mozilla/5.0 AppleWebKit/537.36 (KHTML, like Gecko; compatible; bingbot/2.0; +http://www.bing.com/bingbot.htm) Chrome/116.0.1938.76 Safari/537.36"
52.167.144.194 - - [26/Oct/2025:08:41:43 -0400] "GET /?zhHant/product/surugaya/N3010023685?campaign_uid=f64d716db5e979ed2f947dbaf4296895b951ae7f HTTP/1.1" 200 1449 "-" "Mozilla/5.0 AppleWebKit/537.36 (KHTML, like Gecko; compatible; bingbot/2.0; +http://www.bing.com/bingbot.htm) Chrome/116.0.1938.76 Safari/537.36"
40.77.167.76 - - [26/Oct/2025:08:41:45 -0400] "GET /products534159344?kg=0533524281 HTTP/1.1" 404 1251 "-" "Mozilla/5.0 AppleWebKit/537.36 (KHTML, like Gecko; compatible; bingbot/2.0; +http://www.bing.com/bingbot.htm) Chrome/116.0.1938.76 Safari/537.36"
52.167.144.231 - - [26/Oct/2025:08:41:49 -0400] "GET /products157965360?kg=0157778145 HTTP/1.1" 404 1251 "-" "Mozilla/5.0 AppleWebKit/537.36 (KHTML, like Gecko; compatible; bingbot/2.0; +http://www.bing.com/bingbot.htm) Chrome/116.0.1938.76 Safari/537.36"
52.167.144.194 - - [26/Oct/2025:08:41:50 -0400] "GET /products1773383784?kg=1771273452 HTTP/1.1" 404 1251 "-" "Mozilla/5.0 AppleWebKit/537.36 (KHTML, like Gecko; compatible; bingbot/2.0; +http://www.bing.com/bingbot.htm) Chrome/116.0.1938.76 Safari/537.36"
52.167.144.204 - - [26/Oct/2025:08:41:57 -0400] "GET /products623831880?kg=0623090064 HTTP/1.1" 404 1251 "-" "Mozilla/5.0 AppleWebKit/537.36 (KHTML, like Gecko; compatible; bingbot/2.0; +http://www.bing.com/bingbot.htm) Chrome/116.0.1938.76 Safari/537.36"
52.167.144.194 - - [26/Oct/2025:08:41:59 -0400] "GET /products2019033256?kg=2016630484 HTTP/1.1" 404 1251 "-" "Mozilla/5.0 AppleWebKit/537.36 (KHTML, like Gecko; compatible; bingbot/2.0; +http://www.bing.com/bingbot.htm) Chrome/116.0.1938.76 Safari/537.36"
52.167.144.194 - - [26/Oct/2025:08:42:09 -0400] "GET /products1427894672?kg=1426195637 HTTP/1.1" 404 1251 "-" "Mozilla/5.0 AppleWebKit/537.36 (KHTML, like Gecko; compatible; bingbot/2.0; +http://www.bing.com/bingbot.htm) Chrome/116.0.1938.76 Safari/537.36"
52.167.144.194 - - [26/Oct/2025:08:42:13 -0400] "GET /?products1636945088?kg=1634997183 HTTP/1.1" 200 1449 "-" "Mozilla/5.0 AppleWebKit/537.36 (KHTML, like Gecko; compatible; bingbot/2.0; +http://www.bing.com/bingbot.htm) Chrome/116.0.1938.76 Safari/537.36"
52.167.144.233 - - [26/Oct/2025:08:42:18 -0400] "GET /?products255444840?kg=0255141580 HTTP/1.1" 200 1449 "-" "Mozilla/5.0 AppleWebKit/537.36 (KHTML, like Gecko; compatible; bingbot/2.0; +http://www.bing.com/bingbot.htm) Chrome/116.0.1938.76 Safari/537.36"
52.167.144.233 - - [26/Oct/2025:08:42:22 -0400] "GET /products662888664?kg=0662100350 HTTP/1.1" 404 1251 "-" "Mozilla/5.0 AppleWebKit/537.36 (KHTML, like Gecko; compatible; bingbot/2.0; +http://www.bing.com/bingbot.htm) Chrome/116.0.1938.76 Safari/537.36"
52.167.144.194 - - [26/Oct/2025:08:42:25 -0400] "GET /products2453173600?kg=2450253995 HTTP/1.1" 404 1251 "-" "Mozilla/5.0 AppleWebKit/537.36 (KHTML, like Gecko; compatible; bingbot/2.0; +http://www.bing.com/bingbot.htm) Chrome/116.0.1938.76 Safari/537.36"
66.249.65.161 - - [26/Oct/2025:08:42:32 -0400] "GET /product/edit/N3332372561 HTTP/1.1" 404 1251 "-" "Mozilla/5.0 (compatible; Googlebot/2.1; +http://www.google.com/bot.html)"
52.167.144.204 - - [26/Oct/2025:08:42:38 -0400] "GET /products536186592?kg=0535549115 HTTP/1.1" 404 1251 "-" "Mozilla/5.0 AppleWebKit/537.36 (KHTML, like Gecko; compatible; bingbot/2.0; +http://www.bing.com/bingbot.htm) Chrome/116.0.1938.76 Safari/537.36"
66.249.65.161 - - [26/Oct/2025:08:42:57 -0400] "GET /products694474384?kg=0693648469 HTTP/1.1" 404 1251 "-" "Mozilla/5.0 (Linux; Android 6.0.1; Nexus 5X Build/MMB29P) AppleWebKit/537.36 (KHTML, like Gecko) Chrome/141.0.7390.122 Mobile Safari/537.36 (compatible; Googlebot/2.1; +http://www.google.com/bot.html)"
52.167.144.231 - - [26/Oct/2025:08:43:00 -0400] "GET /products1641727776?kg=1639774179 HTTP/1.1" 404 1251 "-" "Mozilla/5.0 AppleWebKit/537.36 (KHTML, like Gecko; compatible; bingbot/2.0; +http://www.bing.com/bingbot.htm) Chrome/116.0.1938.76 Safari/537.36"
52.167.144.194 - - [26/Oct/2025:08:43:00 -0400] "GET /products338912152?kg=0338509526 HTTP/1.1" 404 1251 "-" "Mozilla/5.0 AppleWebKit/537.36 (KHTML, like Gecko; compatible; bingbot/2.0; +http://www.bing.com/bingbot.htm) Chrome/116.0.1938.76 Safari/537.36"
52.167.144.171 - - [26/Oct/2025:08:43:04 -0400] "GET /?products913446440?kg=0912359844 HTTP/1.1" 200 1449 "-" "Mozilla/5.0 AppleWebKit/537.36 (KHTML, like Gecko; compatible; bingbot/2.0; +http://www.bing.com/bingbot.htm) Chrome/116.0.1938.76 Safari/537.36"
52.167.144.204 - - [26/Oct/2025:08:43:08 -0400] "GET /products2154415328?kg=2151851387 HTTP/1.1" 404 1251 "-" "Mozilla/5.0 AppleWebKit/537.36 (KHTML, like Gecko; compatible; bingbot/2.0; +http://www.bing.com/bingbot.htm) Chrome/116.0.1938.76 Safari/537.36"
52.167.144.231 - - [26/Oct/2025:08:43:12 -0400] "GET /29fb/%E0%B8%A1%E0%B8%B2%E0%B9%80%E0%B8%9F%E0%B8%B5%E0%B8%A2%E0%B9%80%E0%B8%84%E0%B8%A3%E0%B8%94%E0%B8%B4%E0%B8%95%E0%B8%9F%E0%B8%A3%E0%B8%B550%E0%B9%84%E0%B8%A1%E0%B9%88%E0%B8%95%E0%B9%89%E0%B8%AD%E0%B8%87%E0%B8%9D%E0%B8%B2%E0%B8%81%E0%B9%84%E0%B8%A1%E0%B9%88%E0%B8%95%E0%B9%89%E0%B8%AD%E0%B8%87%E0%B9%81%E0%B8%8A%E0%B8%A3%E0%B9%8C HTTP/1.1" 404 1251 "-" "Mozilla/5.0 AppleWebKit/537.36 (KHTML, like Gecko; compatible; bingbot/2.0; +http://www.bing.com/bingbot.htm) Chrome/116.0.1938.76 Safari/537.36"
52.167.144.233 - - [26/Oct/2025:08:43:18 -0400] "GET /products2264681816?kg=2261986606 HTTP/1.1" 404 1251 "-" "Mozilla/5.0 AppleWebKit/537.36 (KHTML, like Gecko; compatible; bingbot/2.0; +http://www.bing.com/bingbot.htm) Chrome/116.0.1938.76 Safari/537.36"
52.167.144.233 - - [26/Oct/2025:08:43:28 -0400] "GET /products1146595984?kg=1145231829 HTTP/1.1" 404 1251 "-" "Mozilla/5.0 AppleWebKit/537.36 (KHTML, like Gecko; compatible; bingbot/2.0; +http://www.bing.com/bingbot.htm) Chrome/116.0.1938.76 Safari/537.36"
52.167.144.194 - - [26/Oct/2025:08:43:39 -0400] "GET /products1606203624?kg=1604292316 HTTP/1.1" 404 1251 "-" "Mozilla/5.0 AppleWebKit/537.36 (KHTML, like Gecko; compatible; bingbot/2.0; +http://www.bing.com/bingbot.htm) Chrome/116.0.1938.76 Safari/537.36"
52.167.144.204 - - [26/Oct/2025:08:43:48 -0400] "GET /products343198928?kg=0342791197 HTTP/1.1" 404 1251 "-" "Mozilla/5.0 AppleWebKit/537.36 (KHTML, like Gecko; compatible; bingbot/2.0; +http://www.bing.com/bingbot.htm) Chrome/116.0.1938.76 Safari/537.36"
52.167.144.194 - - [26/Oct/2025:08:43:49 -0400] "GET /products1405210144?kg=1403538115 HTTP/1.1" 404 1251 "-" "Mozilla/5.0 AppleWebKit/537.36 (KHTML, like Gecko; compatible; bingbot/2.0; +http://www.bing.com/bingbot.htm) Chrome/116.0.1938.76 Safari/537.36"
52.167.144.233 - - [26/Oct/2025:08:43:58 -0400] "GET /?products1089437344?kg=1088141235 HTTP/1.1" 200 1449 "-" "Mozilla/5.0 AppleWebKit/537.36 (KHTML, like Gecko; compatible; bingbot/2.0; +http://www.bing.com/bingbot.htm) Chrome/116.0.1938.76 Safari/537.36"
52.167.144.171 - - [26/Oct/2025:08:44:03 -0400] "GET /products67374536?kg=0067295168 HTTP/1.1" 404 1251 "-" "Mozilla/5.0 AppleWebKit/537.36 (KHTML, like Gecko; compatible; bingbot/2.0; +http://www.bing.com/bingbot.htm) Chrome/116.0.1938.76 Safari/537.36"
66.249.65.163 - - [26/Oct/2025:08:44:10 -0400] "GET /products104057336?kg=0103934298 HTTP/1.1" 404 1251 "-" "Mozilla/5.0 (compatible; Googlebot/2.1; +http://www.google.com/bot.html)"
15.235.96.203 - - [26/Oct/2025:08:44:14 -0400] "GET /products2327901112?kg=2325130642 HTTP/1.1" 404 1251 "-" "Mozilla/5.0 (compatible; AhrefsBot/7.0; +http://ahrefs.com/robot/)"
66.249.65.162 - - [26/Oct/2025:08:44:14 -0400] "GET /products1447191352?kg=1445469346 HTTP/1.1" 404 1251 "-" "Mozilla/5.0 (compatible; Googlebot/2.1; +http://www.google.com/bot.html)"
52.167.144.194 - - [26/Oct/2025:08:44:20 -0400] "GET /products1502932896?kg=1501144531 HTTP/1.1" 404 1251 "-" "Mozilla/5.0 AppleWebKit/537.36 (KHTML, like Gecko; compatible; bingbot/2.0; +http://www.bing.com/bingbot.htm) Chrome/116.0.1938.76 Safari/537.36"
52.167.144.54 - - [26/Oct/2025:08:44:23 -0400] "GET /robots.txt HTTP/1.1" 200 84 "-" "Mozilla/5.0 AppleWebKit/537.36 (KHTML, like Gecko; compatible; bingbot/2.0; +http://www.bing.com/bingbot.htm) Chrome/116.0.1938.76 Safari/537.36"
52.167.144.171 - - [26/Oct/2025:08:44:25 -0400] "GET /products792599128?kg=0791656398 HTTP/1.1" 404 1251 "-" "Mozilla/5.0 AppleWebKit/537.36 (KHTML, like Gecko; compatible; bingbot/2.0; +http://www.bing.com/bingbot.htm) Chrome/116.0.1938.76 Safari/537.36"
52.167.144.204 - - [26/Oct/2025:08:44:27 -0400] "GET /products345648952?kg=0345238306 HTTP/1.1" 404 1251 "-" "Mozilla/5.0 AppleWebKit/537.36 (KHTML, like Gecko; compatible; bingbot/2.0; +http://www.bing.com/bingbot.htm) Chrome/116.0.1938.76 Safari/537.36"
52.167.144.194 - - [26/Oct/2025:08:44:30 -0400] "GET /products1225817024?kg=1224358559 HTTP/1.1" 404 1251 "-" "Mozilla/5.0 AppleWebKit/537.36 (KHTML, like Gecko; compatible; bingbot/2.0; +http://www.bing.com/bingbot.htm) Chrome/116.0.1938.76 Safari/537.36"
52.167.144.231 - - [26/Oct/2025:08:44:32 -0400] "GET /products1820068520?kg=1817902612 HTTP/1.1" 404 1251 "-" "Mozilla/5.0 AppleWebKit/537.36 (KHTML, like Gecko; compatible; bingbot/2.0; +http://www.bing.com/bingbot.htm) Chrome/116.0.1938.76 Safari/537.36"
52.167.144.171 - - [26/Oct/2025:08:44:35 -0400] "GET /products756314160?kg=0755414625 HTTP/1.1" 404 1251 "-" "Mozilla/5.0 AppleWebKit/537.36 (KHTML, like Gecko; compatible; bingbot/2.0; +http://www.bing.com/bingbot.htm) Chrome/116.0.1938.76 Safari/537.36"
52.167.144.194 - - [26/Oct/2025:08:44:39 -0400] "GET /products2009301824?kg=2006910639 HTTP/1.1" 404 1251 "-" "Mozilla/5.0 AppleWebKit/537.36 (KHTML, like Gecko; compatible; bingbot/2.0; +http://www.bing.com/bingbot.htm) Chrome/116.0.1938.76 Safari/537.36"
52.167.144.233 - - [26/Oct/2025:08:44:58 -0400] "GET /products2071708272?kg=2069242793 HTTP/1.1" 404 1251 "-" "Mozilla/5.0 AppleWebKit/537.36 (KHTML, like Gecko; compatible; bingbot/2.0; +http://www.bing.com/bingbot.htm) Chrome/116.0.1938.76 Safari/537.36"
66.249.65.162 - - [26/Oct/2025:08:45:08 -0400] "GET /products53062144?kg=0052999815 HTTP/1.1" 404 1251 "-" "Mozilla/5.0 (Linux; Android 6.0.1; Nexus 5X Build/MMB29P) AppleWebKit/537.36 (KHTML, like Gecko) Chrome/141.0.7390.122 Mobile Safari/537.36 (compatible; Googlebot/2.1; +http://www.google.com/bot.html)"
52.167.144.204 - - [26/Oct/2025:08:45:08 -0400] "GET /products2347503480?kg=2344709674 HTTP/1.1" 404 1251 "-" "Mozilla/5.0 AppleWebKit/537.36 (KHTML, like Gecko; compatible; bingbot/2.0; +http://www.bing.com/bingbot.htm) Chrome/116.0.1938.76 Safari/537.36"
52.167.144.194 - - [26/Oct/2025:08:45:20 -0400] "GET /products87077064?kg=0086974240 HTTP/1.1" 404 1251 "-" "Mozilla/5.0 AppleWebKit/537.36 (KHTML, like Gecko; compatible; bingbot/2.0; +http://www.bing.com/bingbot.htm) Chrome/116.0.1938.76 Safari/537.36"
52.167.144.194 - - [26/Oct/2025:08:45:30 -0400] "GET /products602113496?kg=0601397534 HTTP/1.1" 404 1251 "-" "Mozilla/5.0 AppleWebKit/537.36 (KHTML, like Gecko; compatible; bingbot/2.0; +http://www.bing.com/bingbot.htm) Chrome/116.0.1938.76 Safari/537.36"
52.167.144.231 - - [26/Oct/2025:08:45:50 -0400] "GET /products35619176?kg=0035577612 HTTP/1.1" 404 1251 "-" "Mozilla/5.0 AppleWebKit/537.36 (KHTML, like Gecko; compatible; bingbot/2.0; +http://www.bing.com/bingbot.htm) Chrome/116.0.1938.76 Safari/537.36"
66.249.65.163 - - [26/Oct/2025:08:46:28 -0400] "GET /products1443551576?kg=1441833902 HTTP/1.1" 404 1251 "-" "Mozilla/5.0 (compatible; Googlebot/2.1; +http://www.google.com/bot.html)"
52.167.144.233 - - [26/Oct/2025:08:46:38 -0400] "GET /products3473416?kg=0003470120 HTTP/1.1" 404 1251 "-" "Mozilla/5.0 AppleWebKit/537.36 (KHTML, like Gecko; compatible; bingbot/2.0; +http://www.bing.com/bingbot.htm) Chrome/116.0.1938.76 Safari/537.36"
52.167.144.204 - - [26/Oct/2025:08:46:39 -0400] "GET /products1101267008?kg=1099956815 HTTP/1.1" 404 1251 "-" "Mozilla/5.0 AppleWebKit/537.36 (KHTML, like Gecko; compatible; bingbot/2.0; +http://www.bing.com/bingbot.htm) Chrome/116.0.1938.76 Safari/537.36"
52.167.144.171 - - [26/Oct/2025:08:46:42 -0400] "GET /products58308600?kg=0058240026 HTTP/1.1" 404 1251 "-" "Mozilla/5.0 AppleWebKit/537.36 (KHTML, like Gecko; compatible; bingbot/2.0; +http://www.bing.com/bingbot.htm) Chrome/116.0.1938.76 Safari/537.36"
15.235.27.222 - - [26/Oct/2025:08:46:49 -0400] "GET /products2327883584?kg=2325113135 HTTP/1.1" 404 1251 "-" "Mozilla/5.0 (compatible; AhrefsBot/7.0; +http://ahrefs.com/robot/)"
52.167.144.194 - - [26/Oct/2025:08:47:00 -0400] "GET /products2144121824?kg=2141570139 HTTP/1.1" 404 1251 "-" "Mozilla/5.0 AppleWebKit/537.36 (KHTML, like Gecko; compatible; bingbot/2.0; +http://www.bing.com/bingbot.htm) Chrome/116.0.1938.76 Safari/537.36"
52.167.144.194 - - [26/Oct/2025:08:47:10 -0400] "GET /products1868387000?kg=1866163570 HTTP/1.1" 404 1251 "-" "Mozilla/5.0 AppleWebKit/537.36 (KHTML, like Gecko; compatible; bingbot/2.0; +http://www.bing.com/bingbot.htm) Chrome/116.0.1938.76 Safari/537.36"
52.167.144.204 - - [26/Oct/2025:08:47:17 -0400] "GET /products813002216?kg=0812035196 HTTP/1.1" 404 1251 "-" "Mozilla/5.0 AppleWebKit/537.36 (KHTML, like Gecko; compatible; bingbot/2.0; +http://www.bing.com/bingbot.htm) Chrome/116.0.1938.76 Safari/537.36"
52.167.144.194 - - [26/Oct/2025:08:47:20 -0400] "GET /?products945421880?kg=0944297218 HTTP/1.1" 200 1449 "-" "Mozilla/5.0 AppleWebKit/537.36 (KHTML, like Gecko; compatible; bingbot/2.0; +http://www.bing.com/bingbot.htm) Chrome/116.0.1938.76 Safari/537.36"
40.77.167.50 - - [26/Oct/2025:08:47:23 -0400] "GET /products1865578040?kg=1863357954 HTTP/1.1" 404 1251 "-" "Mozilla/5.0 AppleWebKit/537.36 (KHTML, like Gecko; compatible; bingbot/2.0; +http://www.bing.com/bingbot.htm) Chrome/116.0.1938.76 Safari/537.36"
52.167.144.166 - - [26/Oct/2025:08:47:32 -0400] "GET /products2478931232?kg=2475980963 HTTP/1.1" 404 1251 "-" "Mozilla/5.0 AppleWebKit/537.36 (KHTML, like Gecko; compatible; bingbot/2.0; +http://www.bing.com/bingbot.htm) Chrome/116.0.1938.76 Safari/537.36"
66.249.65.161 - - [26/Oct/2025:08:47:33 -0400] "GET /products474044944?kg=0473481445 HTTP/1.1" 404 1251 "-" "Mozilla/5.0 (compatible; Googlebot/2.1; +http://www.google.com/bot.html)"
40.77.167.67 - - [26/Oct/2025:08:47:50 -0400] "GET /products2476308752?kg=2473361605 HTTP/1.1" 404 1251 "-" "Mozilla/5.0 AppleWebKit/537.36 (KHTML, like Gecko; compatible; bingbot/2.0; +http://www.bing.com/bingbot.htm) Chrome/116.0.1938.76 Safari/537.36"
66.249.65.161 - - [26/Oct/2025:08:47:58 -0400] "GET /products536271448?kg=0535633870 HTTP/1.1" 404 1251 "-" "Mozilla/5.0 (compatible; Googlebot/2.1; +http://www.google.com/bot.html)"
52.167.144.166 - - [26/Oct/2025:08:48:02 -0400] "GET /products1067874504?kg=1066604064 HTTP/1.1" 404 1251 "-" "Mozilla/5.0 AppleWebKit/537.36 (KHTML, like Gecko; compatible; bingbot/2.0; +http://www.bing.com/bingbot.htm) Chrome/116.0.1938.76 Safari/537.36"
66.249.65.161 - - [26/Oct/2025:08:48:03 -0400] "GET /products472247688?kg=0471686328 HTTP/1.1" 404 1251 "-" "Mozilla/5.0 (compatible; Googlebot/2.1; +http://www.google.com/bot.html)"
52.167.144.204 - - [26/Oct/2025:08:48:08 -0400] "GET /products421259688?kg=0420759028 HTTP/1.1" 404 1251 "-" "Mozilla/5.0 AppleWebKit/537.36 (KHTML, like Gecko; compatible; bingbot/2.0; +http://www.bing.com/bingbot.htm) Chrome/116.0.1938.76 Safari/537.36"
52.167.144.171 - - [26/Oct/2025:08:48:22 -0400] "GET /products465751768?kg=0465198142 HTTP/1.1" 404 1251 "-" "Mozilla/5.0 AppleWebKit/537.36 (KHTML, like Gecko; compatible; bingbot/2.0; +http://www.bing.com/bingbot.htm) Chrome/116.0.1938.76 Safari/537.36"
40.77.167.67 - - [26/Oct/2025:08:48:31 -0400] "GET /products2281204928?kg=2278490047 HTTP/1.1" 404 1251 "-" "Mozilla/5.0 AppleWebKit/537.36 (KHTML, like Gecko; compatible; bingbot/2.0; +http://www.bing.com/bingbot.htm) Chrome/116.0.1938.76 Safari/537.36"
52.167.144.233 - - [26/Oct/2025:08:48:48 -0400] "GET /products915381800?kg=0914292900 HTTP/1.1" 404 1251 "-" "Mozilla/5.0 AppleWebKit/537.36 (KHTML, like Gecko; compatible; bingbot/2.0; +http://www.bing.com/bingbot.htm) Chrome/116.0.1938.76 Safari/537.36"
52.167.144.141 - - [26/Oct/2025:08:48:58 -0400] "GET /5bef/%E0%B9%80%E0%B8%A7%E0%B9%87%E0%B8%9A-%E0%B9%80%E0%B8%94%E0%B8%B4%E0%B8%A1%E0%B8%9E%E0%B8%B1%E0%B8%99%E0%B8%AA%E0%B8%A5%E0%B9%87%E0%B8%AD%E0%B8%95%E0%B9%83%E0%B8%AB%E0%B8%8D%E0%B9%88%E0%B8%97%E0%B8%B5%E0%B9%88%E0%B8%AA%E0%B8%B8%E0%B8%94 HTTP/1.1" 404 1251 "-" "Mozilla/5.0 AppleWebKit/537.36 (KHTML, like Gecko; compatible; bingbot/2.0; +http://www.bing.com/bingbot.htm) Chrome/116.0.1938.76 Safari/537.36"
40.77.167.67 - - [26/Oct/2025:08:49:00 -0400] "GET /products1301305320?kg=1299756988 HTTP/1.1" 404 1251 "-" "Mozilla/5.0 AppleWebKit/537.36 (KHTML, like Gecko; compatible; bingbot/2.0; +http://www.bing.com/bingbot.htm) Chrome/116.0.1938.76 Safari/537.36"
40.77.167.67 - - [26/Oct/2025:08:49:10 -0400] "GET /products2403881064?kg=2401020140 HTTP/1.1" 404 1251 "-" "Mozilla/5.0 AppleWebKit/537.36 (KHTML, like Gecko; compatible; bingbot/2.0; +http://www.bing.com/bingbot.htm) Chrome/116.0.1938.76 Safari/537.36"
51.222.168.189 - - [26/Oct/2025:08:49:17 -0400] "GET /products2327873504?kg=2325103067 HTTP/1.1" 404 1251 "-" "Mozilla/5.0 (compatible; AhrefsBot/7.0; +http://ahrefs.com/robot/)"
52.167.144.150 - - [26/Oct/2025:08:49:18 -0400] "GET /products475764056?kg=0475198510 HTTP/1.1" 404 1251 "-" "Mozilla/5.0 AppleWebKit/537.36 (KHTML, like Gecko; compatible; bingbot/2.0; +http://www.bing.com/bingbot.htm) Chrome/116.0.1938.76 Safari/537.36"
52.167.144.166 - - [26/Oct/2025:08:49:22 -0400] "GET /products608289048?kg=0607565734 HTTP/1.1" 404 1251 "-" "Mozilla/5.0 AppleWebKit/537.36 (KHTML, like Gecko; compatible; bingbot/2.0; +http://www.bing.com/bingbot.htm) Chrome/116.0.1938.76 Safari/537.36"
52.167.144.171 - - [26/Oct/2025:08:49:23 -0400] "GET /products580648648?kg=0579958240 HTTP/1.1" 404 1251 "-" "Mozilla/5.0 AppleWebKit/537.36 (KHTML, like Gecko; compatible; bingbot/2.0; +http://www.bing.com/bingbot.htm) Chrome/116.0.1938.76 Safari/537.36"
52.167.144.166 - - [26/Oct/2025:08:49:42 -0400] "GET /products1463926656?kg=1462184727 HTTP/1.1" 404 1251 "-" "Mozilla/5.0 AppleWebKit/537.36 (KHTML, like Gecko; compatible; bingbot/2.0; +http://www.bing.com/bingbot.htm) Chrome/116.0.1938.76 Safari/537.36"
20.15.133.184 - - [26/Oct/2025:08:49:46 -0400] "GET /2649/%E0%B8%AB%E0%B8%A7%E0%B8%A2-%E0%B8%AD%E0%B8%AD%E0%B8%81-%E0%B8%A7%E0%B8%B1%E0%B8%99-%E0%B8%9E%E0%B8%A3%E0%B8%B0-%E0%B8%A1%E0%B8%B5-%E0%B9%80%E0%B8%A5%E0%B8%82-%E0%B8%AD%E0%B8%B0%E0%B9%84%E0%B8%A3 HTTP/1.1" 404 1251 "-" "Mozilla/5.0 AppleWebKit/537.36 (KHTML, like Gecko; compatible; bingbot/2.0; +http://www.bing.com/bingbot.htm) Chrome/116.0.1938.76 Safari/537.36"
40.77.167.67 - - [26/Oct/2025:08:49:51 -0400] "GET /products1917971816?kg=1915689356 HTTP/1.1" 404 1251 "-" "Mozilla/5.0 AppleWebKit/537.36 (KHTML, like Gecko; compatible; bingbot/2.0; +http://www.bing.com/bingbot.htm) Chrome/116.0.1938.76 Safari/537.36"
40.77.167.67 - - [26/Oct/2025:08:50:01 -0400] "GET /?products2139591736?kg=2137045442 HTTP/1.1" 200 1449 "-" "Mozilla/5.0 AppleWebKit/537.36 (KHTML, like Gecko; compatible; bingbot/2.0; +http://www.bing.com/bingbot.htm) Chrome/116.0.1938.76 Safari/537.36"
40.77.167.67 - - [26/Oct/2025:08:50:10 -0400] "GET /products739508424?kg=0738628896 HTTP/1.1" 404 1251 "-" "Mozilla/5.0 AppleWebKit/537.36 (KHTML, like Gecko; compatible; bingbot/2.0; +http://www.bing.com/bingbot.htm) Chrome/116.0.1938.76 Safari/537.36"
40.77.167.67 - - [26/Oct/2025:08:50:31 -0400] "GET /products1329743336?kg=1328161148 HTTP/1.1" 404 1251 "-" "Mozilla/5.0 AppleWebKit/537.36 (KHTML, like Gecko; compatible; bingbot/2.0; +http://www.bing.com/bingbot.htm) Chrome/116.0.1938.76 Safari/537.36"
52.167.144.150 - - [26/Oct/2025:08:51:00 -0400] "GET /products690552568?kg=0689731322 HTTP/1.1" 404 1251 "-" "Mozilla/5.0 AppleWebKit/537.36 (KHTML, like Gecko; compatible; bingbot/2.0; +http://www.bing.com/bingbot.htm) Chrome/116.0.1938.76 Safari/537.36"
52.167.144.150 - - [26/Oct/2025:08:51:04 -0400] "GET /products1724588864?kg=1722536623 HTTP/1.1" 404 1251 "-" "Mozilla/5.0 AppleWebKit/537.36 (KHTML, like Gecko; compatible; bingbot/2.0; +http://www.bing.com/bingbot.htm) Chrome/116.0.1938.76 Safari/537.36"
52.167.144.150 - - [26/Oct/2025:08:51:09 -0400] "GET /products1961800824?kg=1959466186 HTTP/1.1" 404 1251 "-" "Mozilla/5.0 AppleWebKit/537.36 (KHTML, like Gecko; compatible; bingbot/2.0; +http://www.bing.com/bingbot.htm) Chrome/116.0.1938.76 Safari/537.36"
40.77.167.50 - - [26/Oct/2025:08:51:11 -0400] "GET /products393886408?kg=0393418336 HTTP/1.1" 404 1251 "-" "Mozilla/5.0 AppleWebKit/537.36 (KHTML, like Gecko; compatible; bingbot/2.0; +http://www.bing.com/bingbot.htm) Chrome/116.0.1938.76 Safari/537.36"
52.167.144.150 - - [26/Oct/2025:08:51:14 -0400] "GET /products1247573040?kg=1246088673 HTTP/1.1" 404 1251 "-" "Mozilla/5.0 AppleWebKit/537.36 (KHTML, like Gecko; compatible; bingbot/2.0; +http://www.bing.com/bingbot.htm) Chrome/116.0.1938.76 Safari/537.36"
52.167.144.171 - - [26/Oct/2025:08:51:34 -0400] "GET /products1824558136?kg=1822386882 HTTP/1.1" 404 1251 "-" "Mozilla/5.0 AppleWebKit/537.36 (KHTML, like Gecko; compatible; bingbot/2.0; +http://www.bing.com/bingbot.htm) Chrome/116.0.1938.76 Safari/537.36"
40.77.167.67 - - [26/Oct/2025:08:51:42 -0400] "GET /products1576257624?kg=1574381966 HTTP/1.1" 404 1251 "-" "Mozilla/5.0 AppleWebKit/537.36 (KHTML, like Gecko; compatible; bingbot/2.0; +http://www.bing.com/bingbot.htm) Chrome/116.0.1938.76 Safari/537.36"
54.39.136.225 - - [26/Oct/2025:08:51:46 -0400] "GET /products2327770344?kg=2325000028 HTTP/1.1" 404 1251 "-" "Mozilla/5.0 (compatible; AhrefsBot/7.0; +http://ahrefs.com/robot/)"
40.77.167.67 - - [26/Oct/2025:08:52:11 -0400] "GET /products1757816632?kg=1755724834 HTTP/1.1" 404 1251 "-" "Mozilla/5.0 AppleWebKit/537.36 (KHTML, like Gecko; compatible; bingbot/2.0; +http://www.bing.com/bingbot.htm) Chrome/116.0.1938.76 Safari/537.36"
52.167.144.141 - - [26/Oct/2025:08:52:12 -0400] "GET /products2116669984?kg=2114150979 HTTP/1.1" 404 1251 "-" "Mozilla/5.0 AppleWebKit/537.36 (KHTML, like Gecko; compatible; bingbot/2.0; +http://www.bing.com/bingbot.htm) Chrome/116.0.1938.76 Safari/537.36"
52.167.144.171 - - [26/Oct/2025:08:52:33 -0400] "GET /?products669460168?kg=0668664032 HTTP/1.1" 200 1449 "-" "Mozilla/5.0 AppleWebKit/537.36 (KHTML, like Gecko; compatible; bingbot/2.0; +http://www.bing.com/bingbot.htm) Chrome/116.0.1938.76 Safari/537.36"
52.167.144.171 - - [26/Oct/2025:08:52:43 -0400] "GET /products690910592?kg=0690088919 HTTP/1.1" 404 1251 "-" "Mozilla/5.0 AppleWebKit/537.36 (KHTML, like Gecko; compatible; bingbot/2.0; +http://www.bing.com/bingbot.htm) Chrome/116.0.1938.76 Safari/537.36"
66.249.65.161 - - [26/Oct/2025:08:52:58 -0400] "GET /products1990125352?kg=1987756996 HTTP/1.1" 404 1251 "-" "Mozilla/5.0 (Linux; Android 6.0.1; Nexus 5X Build/MMB29P) AppleWebKit/537.36 (KHTML, like Gecko) Chrome/141.0.7390.122 Mobile Safari/537.36 (compatible; Googlebot/2.1; +http://www.google.com/bot.html)"
52.167.144.227 - - [26/Oct/2025:08:53:04 -0400] "GET /products1464021392?kg=1462279349 HTTP/1.1" 404 1251 "-" "Mozilla/5.0 AppleWebKit/537.36 (KHTML, like Gecko; compatible; bingbot/2.0; +http://www.bing.com/bingbot.htm) Chrome/116.0.1938.76 Safari/537.36"
66.249.65.161 - - [26/Oct/2025:08:53:08 -0400] "GET /products270138648?kg=0269817894 HTTP/1.1" 404 1251 "-" "Mozilla/5.0 (Linux; Android 6.0.1; Nexus 5X Build/MMB29P) AppleWebKit/537.36 (KHTML, like Gecko) Chrome/141.0.7390.122 Mobile Safari/537.36 (compatible; Googlebot/2.1; +http://www.google.com/bot.html)"
66.249.65.161 - - [26/Oct/2025:08:53:08 -0400] "GET /products810366296?kg=0809402414 HTTP/1.1" 404 1251 "-" "Mozilla/5.0 (Linux; Android 6.0.1; Nexus 5X Build/MMB29P) AppleWebKit/537.36 (KHTML, like Gecko) Chrome/141.0.7390.122 Mobile Safari/537.36 (compatible; Googlebot/2.1; +http://www.google.com/bot.html)"
40.77.167.67 - - [26/Oct/2025:08:53:11 -0400] "GET /products2390314792?kg=2387470020 HTTP/1.1" 404 1251 "-" "Mozilla/5.0 AppleWebKit/537.36 (KHTML, like Gecko; compatible; bingbot/2.0; +http://www.bing.com/bingbot.htm) Chrome/116.0.1938.76 Safari/537.36"
66.249.65.161 - - [26/Oct/2025:08:53:13 -0400] "GET /products1177737632?kg=1176336403 HTTP/1.1" 404 1251 "-" "Mozilla/5.0 (Linux; Android 6.0.1; Nexus 5X Build/MMB29P) AppleWebKit/537.36 (KHTML, like Gecko) Chrome/141.0.7390.122 Mobile Safari/537.36 (compatible; Googlebot/2.1; +http://www.google.com/bot.html)"
66.249.65.162 - - [26/Oct/2025:08:53:15 -0400] "GET /products177609584?kg=0177398985 HTTP/1.1" 404 1251 "-" "Mozilla/5.0 (Linux; Android 6.0.1; Nexus 5X Build/MMB29P) AppleWebKit/537.36 (KHTML, like Gecko) Chrome/141.0.7390.122 Mobile Safari/537.36 (compatible; Googlebot/2.1; +http://www.google.com/bot.html)"
40.77.167.67 - - [26/Oct/2025:08:53:16 -0400] "GET /products2305900272?kg=2303155993 HTTP/1.1" 404 1251 "-" "Mozilla/5.0 AppleWebKit/537.36 (KHTML, like Gecko; compatible; bingbot/2.0; +http://www.bing.com/bingbot.htm) Chrome/116.0.1938.76 Safari/537.36"
20.15.133.163 - - [26/Oct/2025:08:53:16 -0400] "GET /products2251001064?kg=2248322140 HTTP/1.1" 404 1251 "-" "Mozilla/5.0 AppleWebKit/537.36 (KHTML, like Gecko; compatible; bingbot/2.0; +http://www.bing.com/bingbot.htm) Chrome/116.0.1938.76 Safari/537.36"
66.249.65.161 - - [26/Oct/2025:08:53:20 -0400] "GET /product/edit/N712044612 HTTP/1.1" 404 1251 "-" "Mozilla/5.0 (Linux; Android 6.0.1; Nexus 5X Build/MMB29P) AppleWebKit/537.36 (KHTML, like Gecko) Chrome/141.0.7390.122 Mobile Safari/537.36 (compatible; Googlebot/2.1; +http://www.google.com/bot.html)"
40.77.167.67 - - [26/Oct/2025:08:53:22 -0400] "GET /products21239072?kg=0021214627 HTTP/1.1" 404 1251 "-" "Mozilla/5.0 AppleWebKit/537.36 (KHTML, like Gecko; compatible; bingbot/2.0; +http://www.bing.com/bingbot.htm) Chrome/116.0.1938.76 Safari/537.36"
66.249.65.161 - - [26/Oct/2025:08:53:25 -0400] "GET /products747380776?kg=0746491876 HTTP/1.1" 404 1251 "-" "Mozilla/5.0 (Linux; Android 6.0.1; Nexus 5X Build/MMB29P) AppleWebKit/537.36 (KHTML, like Gecko) Chrome/141.0.7390.122 Mobile Safari/537.36 (compatible; Googlebot/2.1; +http://www.google.com/bot.html)"
66.249.65.161 - - [26/Oct/2025:08:53:28 -0400] "GET /products843135392?kg=0842132499 HTTP/1.1" 404 1251 "-" "Mozilla/5.0 (Linux; Android 6.0.1; Nexus 5X Build/MMB29P) AppleWebKit/537.36 (KHTML, like Gecko) Chrome/141.0.7390.122 Mobile Safari/537.36 (compatible; Googlebot/2.1; +http://www.google.com/bot.html)"
52.167.144.141 - - [26/Oct/2025:08:53:30 -0400] "GET /products1718772848?kg=1716727529 HTTP/1.1" 404 1251 "-" "Mozilla/5.0 AppleWebKit/537.36 (KHTML, like Gecko; compatible; bingbot/2.0; +http://www.bing.com/bingbot.htm) Chrome/116.0.1938.76 Safari/537.36"
52.167.144.141 - - [26/Oct/2025:08:53:32 -0400] "GET /products1903502800?kg=1901237565 HTTP/1.1" 404 1251 "-" "Mozilla/5.0 AppleWebKit/537.36 (KHTML, like Gecko; compatible; bingbot/2.0; +http://www.bing.com/bingbot.htm) Chrome/116.0.1938.76 Safari/537.36"
66.249.65.161 - - [26/Oct/2025:08:53:33 -0400] "GET /products36996944?kg=0036953741 HTTP/1.1" 404 1251 "-" "Mozilla/5.0 (Linux; Android 6.0.1; Nexus 5X Build/MMB29P) AppleWebKit/537.36 (KHTML, like Gecko) Chrome/141.0.7390.122 Mobile Safari/537.36 (compatible; Googlebot/2.1; +http://www.google.com/bot.html)"
40.77.167.243 - - [26/Oct/2025:08:53:34 -0400] "GET /products1380621496?kg=1378978738 HTTP/1.1" 404 1251 "-" "Mozilla/5.0 AppleWebKit/537.36 (KHTML, like Gecko; compatible; bingbot/2.0; +http://www.bing.com/bingbot.htm) Chrome/116.0.1938.76 Safari/537.36"
52.167.144.227 - - [26/Oct/2025:08:53:35 -0400] "GET /products1718443768?kg=1716398842 HTTP/1.1" 404 1251 "-" "Mozilla/5.0 AppleWebKit/537.36 (KHTML, like Gecko; compatible; bingbot/2.0; +http://www.bing.com/bingbot.htm) Chrome/116.0.1938.76 Safari/537.36"
66.249.65.161 - - [26/Oct/2025:08:53:41 -0400] "GET /product/edit/N2041946952 HTTP/1.1" 404 1251 "-" "Mozilla/5.0 (Linux; Android 6.0.1; Nexus 5X Build/MMB29P) AppleWebKit/537.36 (KHTML, like Gecko) Chrome/141.0.7390.122 Mobile Safari/537.36 (compatible; Googlebot/2.1; +http://www.google.com/bot.html)"
66.249.65.161 - - [26/Oct/2025:08:53:42 -0400] "GET /products1680758192?kg=1678758129 HTTP/1.1" 404 1251 "-" "Mozilla/5.0 (Linux; Android 6.0.1; Nexus 5X Build/MMB29P) AppleWebKit/537.36 (KHTML, like Gecko) Chrome/141.0.7390.122 Mobile Safari/537.36 (compatible; Googlebot/2.1; +http://www.google.com/bot.html)"
40.77.167.67 - - [26/Oct/2025:08:53:43 -0400] "GET /products2200094088?kg=2197475768 HTTP/1.1" 404 1251 "-" "Mozilla/5.0 AppleWebKit/537.36 (KHTML, like Gecko; compatible; bingbot/2.0; +http://www.bing.com/bingbot.htm) Chrome/116.0.1938.76 Safari/537.36"
66.249.65.161 - - [26/Oct/2025:08:53:43 -0400] "GET /products557666944?kg=0557003895 HTTP/1.1" 404 1251 "-" "Mozilla/5.0 (Linux; Android 6.0.1; Nexus 5X Build/MMB29P) AppleWebKit/537.36 (KHTML, like Gecko) Chrome/141.0.7390.122 Mobile Safari/537.36 (compatible; Googlebot/2.1; +http://www.google.com/bot.html)"
52.167.144.227 - - [26/Oct/2025:08:53:44 -0400] "GET /products157447608?kg=0157261010 HTTP/1.1" 404 1251 "-" "Mozilla/5.0 AppleWebKit/537.36 (KHTML, like Gecko; compatible; bingbot/2.0; +http://www.bing.com/bingbot.htm) Chrome/116.0.1938.76 Safari/537.36"
40.77.167.243 - - [26/Oct/2025:08:53:47 -0400] "GET /products1139361008?kg=1138005465 HTTP/1.1" 404 1251 "-" "Mozilla/5.0 AppleWebKit/537.36 (KHTML, like Gecko; compatible; bingbot/2.0; +http://www.bing.com/bingbot.htm) Chrome/116.0.1938.76 Safari/537.36"
40.77.167.67 - - [26/Oct/2025:08:53:52 -0400] "GET /products582670200?kg=0581977386 HTTP/1.1" 404 1251 "-" "Mozilla/5.0 AppleWebKit/537.36 (KHTML, like Gecko; compatible; bingbot/2.0; +http://www.bing.com/bingbot.htm) Chrome/116.0.1938.76 Safari/537.36"
54.39.89.73 - - [26/Oct/2025:08:54:07 -0400] "GET /products2327759608?kg=2324989306 HTTP/1.1" 404 1251 "-" "Mozilla/5.0 (compatible; AhrefsBot/7.0; +http://ahrefs.com/robot/)"
52.167.144.227 - - [26/Oct/2025:08:54:22 -0400] "GET /products1914996848?kg=1912717929 HTTP/1.1" 404 1251 "-" "Mozilla/5.0 AppleWebKit/537.36 (KHTML, like Gecko; compatible; bingbot/2.0; +http://www.bing.com/bingbot.htm) Chrome/116.0.1938.76 Safari/537.36"
66.249.65.161 - - [26/Oct/2025:08:54:24 -0400] "GET /products536237720?kg=0535600182 HTTP/1.1" 404 1251 "-" "Mozilla/5.0 (compatible; Googlebot/2.1; +http://www.google.com/bot.html)"
40.77.167.67 - - [26/Oct/2025:08:54:42 -0400] "GET /products153866672?kg=0153684337 HTTP/1.1" 404 1251 "-" "Mozilla/5.0 AppleWebKit/537.36 (KHTML, like Gecko; compatible; bingbot/2.0; +http://www.bing.com/bingbot.htm) Chrome/116.0.1938.76 Safari/537.36"
40.77.167.243 - - [26/Oct/2025:08:54:47 -0400] "GET /products789086560?kg=0788148011 HTTP/1.1" 404 1251 "-" "Mozilla/5.0 AppleWebKit/537.36 (KHTML, like Gecko; compatible; bingbot/2.0; +http://www.bing.com/bingbot.htm) Chrome/116.0.1938.76 Safari/537.36"
52.167.144.150 - - [26/Oct/2025:08:54:52 -0400] "GET /products1627686168?kg=1625749286 HTTP/1.1" 404 1251 "-" "Mozilla/5.0 AppleWebKit/537.36 (KHTML, like Gecko; compatible; bingbot/2.0; +http://www.bing.com/bingbot.htm) Chrome/116.0.1938.76 Safari/537.36"
52.167.144.227 - - [26/Oct/2025:08:54:52 -0400] "GET /products833905160?kg=0832913256 HTTP/1.1" 404 1251 "-" "Mozilla/5.0 AppleWebKit/537.36 (KHTML, like Gecko; compatible; bingbot/2.0; +http://www.bing.com/bingbot.htm) Chrome/116.0.1938.76 Safari/537.36"
20.15.133.191 - - [26/Oct/2025:08:54:58 -0400] "GET /products1431229984?kg=1429526979 HTTP/1.1" 404 1251 "-" "Mozilla/5.0 AppleWebKit/537.36 (KHTML, like Gecko; compatible; bingbot/2.0; +http://www.bing.com/bingbot.htm) Chrome/116.0.1938.76 Safari/537.36"
52.167.144.150 - - [26/Oct/2025:08:54:59 -0400] "GET /products1104281512?kg=1102967732 HTTP/1.1" 404 1251 "-" "Mozilla/5.0 AppleWebKit/537.36 (KHTML, like Gecko; compatible; bingbot/2.0; +http://www.bing.com/bingbot.htm) Chrome/116.0.1938.76 Safari/537.36"
52.167.144.141 - - [26/Oct/2025:08:55:09 -0400] "GET /products293970400?kg=0293621275 HTTP/1.1" 404 1251 "-" "Mozilla/5.0 AppleWebKit/537.36 (KHTML, like Gecko; compatible; bingbot/2.0; +http://www.bing.com/bingbot.htm) Chrome/116.0.1938.76 Safari/537.36"
40.77.167.243 - - [26/Oct/2025:08:55:14 -0400] "GET /products74826032?kg=0074737793 HTTP/1.1" 404 1251 "-" "Mozilla/5.0 AppleWebKit/537.36 (KHTML, like Gecko; compatible; bingbot/2.0; +http://www.bing.com/bingbot.htm) Chrome/116.0.1938.76 Safari/537.36"
40.77.167.243 - - [26/Oct/2025:08:55:24 -0400] "GET /products1758886792?kg=1756793720 HTTP/1.1" 404 1251 "-" "Mozilla/5.0 AppleWebKit/537.36 (KHTML, like Gecko; compatible; bingbot/2.0; +http://www.bing.com/bingbot.htm) Chrome/116.0.1938.76 Safari/537.36"
40.77.167.243 - - [26/Oct/2025:08:55:43 -0400] "GET /products1688384?kg=0001687215 HTTP/1.1" 404 1251 "-" "Mozilla/5.0 AppleWebKit/537.36 (KHTML, like Gecko; compatible; bingbot/2.0; +http://www.bing.com/bingbot.htm) Chrome/116.0.1938.76 Safari/537.36"
40.77.167.243 - - [26/Oct/2025:08:55:47 -0400] "GET /products177239856?kg=0177029697 HTTP/1.1" 404 1251 "-" "Mozilla/5.0 AppleWebKit/537.36 (KHTML, like Gecko; compatible; bingbot/2.0; +http://www.bing.com/bingbot.htm) Chrome/116.0.1938.76 Safari/537.36"
52.167.144.150 - - [26/Oct/2025:08:55:47 -0400] "GET /products758721456?kg=0757819057 HTTP/1.1" 404 1251 "-" "Mozilla/5.0 AppleWebKit/537.36 (KHTML, like Gecko; compatible; bingbot/2.0; +http://www.bing.com/bingbot.htm) Chrome/116.0.1938.76 Safari/537.36"
66.249.65.161 - - [26/Oct/2025:08:55:57 -0400] "GET /products1490967896?kg=1489193774 HTTP/1.1" 404 1251 "-" "Mozilla/5.0 (Linux; Android 6.0.1; Nexus 5X Build/MMB29P) AppleWebKit/537.36 (KHTML, like Gecko) Chrome/141.0.7390.122 Mobile Safari/537.36 (compatible; Googlebot/2.1; +http://www.google.com/bot.html)"
66.249.65.161 - - [26/Oct/2025:08:55:59 -0400] "GET /products603481912?kg=0602764322 HTTP/1.1" 404 1251 "-" "Mozilla/5.0 (Linux; Android 6.0.1; Nexus 5X Build/MMB29P) AppleWebKit/537.36 (KHTML, like Gecko) Chrome/141.0.7390.122 Mobile Safari/537.36 (compatible; Googlebot/2.1; +http://www.google.com/bot.html)"
52.167.144.150 - - [26/Oct/2025:08:56:10 -0400] "GET /products792742240?kg=0791799339 HTTP/1.1" 404 1251 "-" "Mozilla/5.0 AppleWebKit/537.36 (KHTML, like Gecko; compatible; bingbot/2.0; +http://www.bing.com/bingbot.htm) Chrome/116.0.1938.76 Safari/537.36"
54.39.210.86 - - [26/Oct/2025:08:56:12 -0400] "GET /products2327723176?kg=2324952916 HTTP/1.1" 404 1251 "-" "Mozilla/5.0 (compatible; AhrefsBot/7.0; +http://ahrefs.com/robot/)"
40.77.167.67 - - [26/Oct/2025:08:56:14 -0400] "GET /products786658176?kg=0785722519 HTTP/1.1" 404 1251 "-" "Mozilla/5.0 AppleWebKit/537.36 (KHTML, like Gecko; compatible; bingbot/2.0; +http://www.bing.com/bingbot.htm) Chrome/116.0.1938.76 Safari/537.36"
40.77.167.67 - - [26/Oct/2025:08:56:22 -0400] "GET /products2113270136?kg=2110755178 HTTP/1.1" 404 1251 "-" "Mozilla/5.0 AppleWebKit/537.36 (KHTML, like Gecko; compatible; bingbot/2.0; +http://www.bing.com/bingbot.htm) Chrome/116.0.1938.76 Safari/537.36"
40.77.167.67 - - [26/Oct/2025:08:56:26 -0400] "GET /products478991520?kg=0478422131 HTTP/1.1" 404 1251 "-" "Mozilla/5.0 AppleWebKit/537.36 (KHTML, like Gecko; compatible; bingbot/2.0; +http://www.bing.com/bingbot.htm) Chrome/116.0.1938.76 Safari/537.36"
52.167.144.150 - - [26/Oct/2025:08:56:39 -0400] "GET /products1584558672?kg=1582673133 HTTP/1.1" 404 1251 "-" "Mozilla/5.0 AppleWebKit/537.36 (KHTML, like Gecko; compatible; bingbot/2.0; +http://www.bing.com/bingbot.htm) Chrome/116.0.1938.76 Safari/537.36"
40.77.167.243 - - [26/Oct/2025:08:56:43 -0400] "GET /products1229217048?kg=1227754534 HTTP/1.1" 404 1251 "-" "Mozilla/5.0 AppleWebKit/537.36 (KHTML, like Gecko; compatible; bingbot/2.0; +http://www.bing.com/bingbot.htm) Chrome/116.0.1938.76 Safari/537.36"
52.167.144.150 - - [26/Oct/2025:08:56:49 -0400] "GET /products86124360?kg=0086022672 HTTP/1.1" 404 1251 "-" "Mozilla/5.0 AppleWebKit/537.36 (KHTML, like Gecko; compatible; bingbot/2.0; +http://www.bing.com/bingbot.htm) Chrome/116.0.1938.76 Safari/537.36"
40.77.167.67 - - [26/Oct/2025:08:56:54 -0400] "GET /products1257377208?kg=1255881170 HTTP/1.1" 404 1251 "-" "Mozilla/5.0 AppleWebKit/537.36 (KHTML, like Gecko; compatible; bingbot/2.0; +http://www.bing.com/bingbot.htm) Chrome/116.0.1938.76 Safari/537.36"
40.77.167.243 - - [26/Oct/2025:08:57:03 -0400] "GET /products1939908600?kg=1937600026 HTTP/1.1" 404 1251 "-" "Mozilla/5.0 AppleWebKit/537.36 (KHTML, like Gecko; compatible; bingbot/2.0; +http://www.bing.com/bingbot.htm) Chrome/116.0.1938.76 Safari/537.36"
40.77.167.243 - - [26/Oct/2025:08:57:24 -0400] "GET /products484878096?kg=0484301701 HTTP/1.1" 404 1251 "-" "Mozilla/5.0 AppleWebKit/537.36 (KHTML, like Gecko; compatible; bingbot/2.0; +http://www.bing.com/bingbot.htm) Chrome/116.0.1938.76 Safari/537.36"
52.167.144.150 - - [26/Oct/2025:08:57:39 -0400] "GET /products248136856?kg=0247842294 HTTP/1.1" 404 1251 "-" "Mozilla/5.0 AppleWebKit/537.36 (KHTML, like Gecko; compatible; bingbot/2.0; +http://www.bing.com/bingbot.htm) Chrome/116.0.1938.76 Safari/537.36"
40.77.167.50 - - [26/Oct/2025:08:57:42 -0400] "GET /products1488022856?kg=1486252240 HTTP/1.1" 404 1251 "-" "Mozilla/5.0 AppleWebKit/537.36 (KHTML, like Gecko; compatible; bingbot/2.0; +http://www.bing.com/bingbot.htm) Chrome/116.0.1938.76 Safari/537.36"
40.77.167.243 - - [26/Oct/2025:08:57:44 -0400] "GET /products1422252536?kg=1420560218 HTTP/1.1" 404 1251 "-" "Mozilla/5.0 AppleWebKit/537.36 (KHTML, like Gecko; compatible; bingbot/2.0; +http://www.bing.com/bingbot.htm) Chrome/116.0.1938.76 Safari/537.36"
20.15.133.163 - - [26/Oct/2025:08:57:55 -0400] "GET /products1961542144?kg=1959207815 HTTP/1.1" 404 1251 "-" "Mozilla/5.0 AppleWebKit/537.36 (KHTML, like Gecko; compatible; bingbot/2.0; +http://www.bing.com/bingbot.htm) Chrome/116.0.1938.76 Safari/537.36"
52.167.144.141 - - [26/Oct/2025:08:57:59 -0400] "GET /products325000216?kg=0324614150 HTTP/1.1" 404 1251 "-" "Mozilla/5.0 AppleWebKit/537.36 (KHTML, like Gecko; compatible; bingbot/2.0; +http://www.bing.com/bingbot.htm) Chrome/116.0.1938.76 Safari/537.36"
40.77.167.67 - - [26/Oct/2025:08:58:12 -0400] "GET /products1629543080?kg=1627603988 HTTP/1.1" 404 1251 "-" "Mozilla/5.0 AppleWebKit/537.36 (KHTML, like Gecko; compatible; bingbot/2.0; +http://www.bing.com/bingbot.htm) Chrome/116.0.1938.76 Safari/537.36"
54.39.136.34 - - [26/Oct/2025:08:58:26 -0400] "GET /products2327696152?kg=2324925926 HTTP/1.1" 404 1251 "-" "Mozilla/5.0 (compatible; AhrefsBot/7.0; +http://ahrefs.com/robot/)"
52.167.144.227 - - [26/Oct/2025:08:58:45 -0400] "GET /products2117054664?kg=2114535200 HTTP/1.1" 404 1251 "-" "Mozilla/5.0 AppleWebKit/537.36 (KHTML, like Gecko; compatible; bingbot/2.0; +http://www.bing.com/bingbot.htm) Chrome/116.0.1938.76 Safari/537.36"
40.77.167.28 - - [26/Oct/2025:08:58:53 -0400] "GET /products2008885328?kg=2006494637 HTTP/1.1" 404 1251 "-" "Mozilla/5.0 AppleWebKit/537.36 (KHTML, like Gecko; compatible; bingbot/2.0; +http://www.bing.com/bingbot.htm) Chrome/116.0.1938.76 Safari/537.36"
40.77.167.28 - - [26/Oct/2025:08:59:02 -0400] "GET /products534276136?kg=0533640932 HTTP/1.1" 404 1251 "-" "Mozilla/5.0 AppleWebKit/537.36 (KHTML, like Gecko; compatible; bingbot/2.0; +http://www.bing.com/bingbot.htm) Chrome/116.0.1938.76 Safari/537.36"
40.77.167.16 - - [26/Oct/2025:08:59:02 -0400] "GET /products382865264?kg=0382410313 HTTP/1.1" 404 1251 "-" "Mozilla/5.0 AppleWebKit/537.36 (KHTML, like Gecko; compatible; bingbot/2.0; +http://www.bing.com/bingbot.htm) Chrome/116.0.1938.76 Safari/537.36"
52.167.144.227 - - [26/Oct/2025:08:59:07 -0400] "GET /products2360452208?kg=2357642985 HTTP/1.1" 404 1251 "-" "Mozilla/5.0 AppleWebKit/537.36 (KHTML, like Gecko; compatible; bingbot/2.0; +http://www.bing.com/bingbot.htm) Chrome/116.0.1938.76 Safari/537.36"
