100.29.128.75 - - [26/Oct/2025:09:58:20 -0400] "GET /log.php?edit=/home/melaqxso/public_html/wp-content/plugins/pro-elements/assets/js/off-canvas-editor.3bc6e394bd20d4fd64dc.bundle.min.js&path=/home/melaqxso/public_html/wp-content/plugins/pro-elements/assets/js HTTP/1.1" 200 4905 "-" "Mozilla/5.0 AppleWebKit/537.36 (KHTML, like Gecko; compatible; Amazonbot/0.1; +https://developer.amazon.com/support/amazonbot) Chrome/119.0.6045.214 Safari/537.36"
20.171.207.13 - - [26/Oct/2025:09:58:22 -0400] "GET /log.php?edit=%2Fopt%2Fcpanel%2Fea-ruby27%2Froot%2Fusr%2Fshare%2Fruby%2Fruby-2.7.8%2Fbundler%2Fenv.rb&path=%2Fopt%2Fcpanel%2Fea-ruby27%2Froot%2Fusr%2Fshare%2Fruby%2Fruby-2.7.8%2Fbundler HTTP/1.1" 200 5200 "-" "Mozilla/5.0 AppleWebKit/537.36 (KHTML, like Gecko; compatible; GPTBot/1.2; +https://openai.com/gptbot)"
34.192.125.239 - - [26/Oct/2025:09:58:23 -0400] "GET /log.php?edit=/usr/lib/node_modules/npm/lib/repo.js&path=/usr/lib/node_modules/npm/lib HTTP/1.1" 200 4310 "-" "Mozilla/5.0 AppleWebKit/537.36 (KHTML, like Gecko; compatible; Amazonbot/0.1; +https://developer.amazon.com/support/amazonbot) Chrome/119.0.6045.214 Safari/537.36"
216.73.216.61 - - [26/Oct/2025:09:58:23 -0400] "GET /log.php?edit=%2Fhome%2Fmelaqxso%2Fallshadesofwellness.com%2Fwp-includes%2Fjs%2Fcodemirror%2Fcodemirror.min.css&path=%2Fhome%2Fmelaqxso%2Fallshadesofwellness.com%2Fwp-includes%2Fjs%2Fcodemirror HTTP/1.1" 200 7622 "-" "Mozilla/5.0 AppleWebKit/537.36 (KHTML, like Gecko; compatible; ClaudeBot/1.0; +claudebot@anthropic.com)"
20.171.207.13 - - [26/Oct/2025:09:58:25 -0400] "GET /log.php?path=%2Fopt%2Fcpanel%2Fea-ruby27%2Froot%2Fusr%2Fshare%2Fruby%2Fruby-2.7.8%2Fsyslog HTTP/1.1" 200 3914 "-" "Mozilla/5.0 AppleWebKit/537.36 (KHTML, like Gecko; compatible; GPTBot/1.2; +https://openai.com/gptbot)"
216.73.216.61 - - [26/Oct/2025:09:58:26 -0400] "GET /log.php?path=%2Fhome%2Fmelaqxso%2Fallshadesofwellness.com%2Fwp-content%2Fplugins%2Fwoocommerce-page HTTP/1.1" 200 4467 "-" "Mozilla/5.0 AppleWebKit/537.36 (KHTML, like Gecko; compatible; ClaudeBot/1.0; +claudebot@anthropic.com)"
52.204.37.237 - - [26/Oct/2025:09:58:27 -0400] "GET /log.php?edit=/lib/node_modules/npm/node_modules/minizlib/README.md&path=/lib/node_modules/npm/node_modules/minizlib HTTP/1.1" 200 4418 "-" "Mozilla/5.0 AppleWebKit/537.36 (KHTML, like Gecko; compatible; Amazonbot/0.1; +https://developer.amazon.com/support/amazonbot) Chrome/119.0.6045.214 Safari/537.36"
20.171.207.13 - - [26/Oct/2025:09:58:28 -0400] "GET /log.php?path=%2Fopt%2Fcpanel%2Fea-ruby27%2Froot%2Fusr%2Fshare%2Fruby%2Fruby-2.7.8%2Fio HTTP/1.1" 200 3921 "-" "Mozilla/5.0 AppleWebKit/537.36 (KHTML, like Gecko; compatible; GPTBot/1.2; +https://openai.com/gptbot)"
216.73.216.61 - - [26/Oct/2025:09:58:29 -0400] "GET /log.php?edit=%2Fhome%2Fmelaqxso%2Fallshadesofwellness.com%2Fwp-includes%2Fjs%2Fdist%2Fblock-directory.js&path=%2Fhome%2Fmelaqxso%2Fallshadesofwellness.com%2Fwp-includes%2Fjs%2Fdist HTTP/1.1" 200 22633 "-" "Mozilla/5.0 AppleWebKit/537.36 (KHTML, like Gecko; compatible; ClaudeBot/1.0; +claudebot@anthropic.com)"
20.171.207.13 - - [26/Oct/2025:09:58:31 -0400] "GET /log.php?path=%2Fopt%2Fcpanel%2Fea-ruby27%2Froot%2Fusr%2Fshare%2Fruby%2Fruby-2.7.8%2Flogger HTTP/1.1" 200 4131 "-" "Mozilla/5.0 AppleWebKit/537.36 (KHTML, like Gecko; compatible; GPTBot/1.2; +https://openai.com/gptbot)"
34.202.88.37 - - [26/Oct/2025:09:58:31 -0400] "GET /log.php?edit=/home/melaqxso/public_html/wp-content/plugins/pro-elements/core/editor/notice-bar.php&path=/home/melaqxso/public_html/wp-content/plugins/pro-elements/core/editor HTTP/1.1" 200 5176 "-" "Mozilla/5.0 AppleWebKit/537.36 (KHTML, like Gecko; compatible; Amazonbot/0.1; +https://developer.amazon.com/support/amazonbot) Chrome/119.0.6045.214 Safari/537.36"
216.73.216.61 - - [26/Oct/2025:09:58:32 -0400] "GET /log.php?path=%2Fhome%2Fmelaqxso%2Fpublic_html%2Fwp-includes%2Ftheme-compat HTTP/1.1" 200 4260 "-" "Mozilla/5.0 AppleWebKit/537.36 (KHTML, like Gecko; compatible; ClaudeBot/1.0; +claudebot@anthropic.com)"
54.166.104.83 - - [26/Oct/2025:09:58:34 -0400] "GET /log.php?edit=/lib/node_modules/npm/node_modules/debuglog/README.md&path=/lib/node_modules/npm/node_modules/debuglog HTTP/1.1" 200 4216 "-" "Mozilla/5.0 AppleWebKit/537.36 (KHTML, like Gecko; compatible; Amazonbot/0.1; +https://developer.amazon.com/support/amazonbot) Chrome/119.0.6045.214 Safari/537.36"
20.171.207.13 - - [26/Oct/2025:09:58:34 -0400] "GET /log.php?path=%2Fopt%2Fcpanel%2Fea-ruby27%2Froot%2Fusr%2Fshare%2Fruby%2Fruby-2.7.8%2Fdrb HTTP/1.1" 200 4364 "-" "Mozilla/5.0 AppleWebKit/537.36 (KHTML, like Gecko; compatible; GPTBot/1.2; +https://openai.com/gptbot)"
216.73.216.61 - - [26/Oct/2025:09:58:35 -0400] "GET /log.php?edit=%2Fhome%2Fmelaqxso%2Fallshadesofwellness.com%2Fwp-includes%2Fjs%2Fdist%2Fdata.js&path=%2Fhome%2Fmelaqxso%2Fallshadesofwellness.com%2Fwp-includes%2Fjs%2Fdist HTTP/1.1" 200 39162 "-" "Mozilla/5.0 AppleWebKit/537.36 (KHTML, like Gecko; compatible; ClaudeBot/1.0; +claudebot@anthropic.com)"
20.171.207.13 - - [26/Oct/2025:09:58:38 -0400] "GET /log.php?path=%2Fopt%2Fcpanel%2Fea-ruby27%2Froot%2Fusr%2Fshare%2Fruby%2Fruby-2.7.8%2Fnet HTTP/1.1" 200 4288 "-" "Mozilla/5.0 AppleWebKit/537.36 (KHTML, like Gecko; compatible; GPTBot/1.2; +https://openai.com/gptbot)"
216.73.216.61 - - [26/Oct/2025:09:58:38 -0400] "GET /log.php?edit=%2Fhome%2Fmelaqxso%2Fallshadesofwellness.com%2Fwp-includes%2Fjs%2Fdist%2Fpreferences.js&path=%2Fhome%2Fmelaqxso%2Fallshadesofwellness.com%2Fwp-includes%2Fjs%2Fdist HTTP/1.1" 200 9276 "-" "Mozilla/5.0 AppleWebKit/537.36 (KHTML, like Gecko; compatible; ClaudeBot/1.0; +claudebot@anthropic.com)"
20.171.207.13 - - [26/Oct/2025:09:58:41 -0400] "GET /log.php?path=%2Fopt%2Fcpanel%2Fea-ruby27%2Froot%2Fusr%2Fshare%2Fruby%2Fruby-2.7.8%2Furi HTTP/1.1" 200 4340 "-" "Mozilla/5.0 AppleWebKit/537.36 (KHTML, like Gecko; compatible; GPTBot/1.2; +https://openai.com/gptbot)"
216.73.216.61 - - [26/Oct/2025:09:58:41 -0400] "GET /log.php?edit=%2Fhome%2Fmelaqxso%2Fallshadesofwellness.com%2Fwp-includes%2Fjs%2Fdist%2Felement.js&path=%2Fhome%2Fmelaqxso%2Fallshadesofwellness.com%2Fwp-includes%2Fjs%2Fdist HTTP/1.1" 200 23135 "-" "Mozilla/5.0 AppleWebKit/537.36 (KHTML, like Gecko; compatible; ClaudeBot/1.0; +claudebot@anthropic.com)"
52.4.229.9 - - [26/Oct/2025:09:58:41 -0400] "GET /log.php?edit=/lib/node_modules/npm/node_modules/cacache/get.js&path=/lib/node_modules/npm/node_modules/cacache HTTP/1.1" 200 5282 "-" "Mozilla/5.0 AppleWebKit/537.36 (KHTML, like Gecko; compatible; Amazonbot/0.1; +https://developer.amazon.com/support/amazonbot) Chrome/119.0.6045.214 Safari/537.36"
3.211.181.86 - - [26/Oct/2025:09:58:43 -0400] "GET /log.php?edit=/lib/node_modules/npm/node_modules/fs-vacuum/.eslintrc&path=/lib/node_modules/npm/node_modules/fs-vacuum HTTP/1.1" 200 3795 "-" "Mozilla/5.0 AppleWebKit/537.36 (KHTML, like Gecko; compatible; Amazonbot/0.1; +https://developer.amazon.com/support/amazonbot) Chrome/119.0.6045.214 Safari/537.36"
216.73.216.61 - - [26/Oct/2025:09:58:44 -0400] "GET /log.php?edit=%2Fhome%2Fmelaqxso%2Fallshadesofwellness.com%2Fwp-includes%2Fjs%2Fdist%2Fwidgets.min.js&path=%2Fhome%2Fmelaqxso%2Fallshadesofwellness.com%2Fwp-includes%2Fjs%2Fdist HTTP/1.1" 200 10494 "-" "Mozilla/5.0 AppleWebKit/537.36 (KHTML, like Gecko; compatible; ClaudeBot/1.0; +claudebot@anthropic.com)"
20.171.207.13 - - [26/Oct/2025:09:58:44 -0400] "GET /log.php?edit=%2Fopt%2Fcpanel%2Fea-ruby27%2Froot%2Fusr%2Fshare%2Fruby%2Fruby-2.7.8%2Fsyslog%2Flogger.rb&path=%2Fopt%2Fcpanel%2Fea-ruby27%2Froot%2Fusr%2Fshare%2Fruby%2Fruby-2.7.8%2Fsyslog HTTP/1.1" 200 5509 "-" "Mozilla/5.0 AppleWebKit/537.36 (KHTML, like Gecko; compatible; GPTBot/1.2; +https://openai.com/gptbot)"
216.73.216.61 - - [26/Oct/2025:09:58:47 -0400] "GET /log.php?edit=%2Fhome%2Fmelaqxso%2Fallshadesofwellness.com%2Fwp-includes%2Fjs%2Fdist%2Fprivate-apis.min.js&path=%2Fhome%2Fmelaqxso%2Fallshadesofwellness.com%2Fwp-includes%2Fjs%2Fdist HTTP/1.1" 200 4301 "-" "Mozilla/5.0 AppleWebKit/537.36 (KHTML, like Gecko; compatible; ClaudeBot/1.0; +claudebot@anthropic.com)"
44.195.145.102 - - [26/Oct/2025:09:58:47 -0400] "GET /log.php?edit=/usr/include/linux/netfilter/xt_statistic.h&path=/usr/include/linux/netfilter HTTP/1.1" 200 3940 "-" "Mozilla/5.0 AppleWebKit/537.36 (KHTML, like Gecko; compatible; Amazonbot/0.1; +https://developer.amazon.com/support/amazonbot) Chrome/119.0.6045.214 Safari/537.36"
20.171.207.13 - - [26/Oct/2025:09:58:47 -0400] "GET /log.php?edit=%2Fopt%2Fcpanel%2Fea-ruby27%2Froot%2Fusr%2Fshare%2Fruby%2Fruby-2.7.8%2Flogger%2Fperiod.rb&path=%2Fopt%2Fcpanel%2Fea-ruby27%2Froot%2Fusr%2Fshare%2Fruby%2Fruby-2.7.8%2Flogger HTTP/1.1" 200 3778 "-" "Mozilla/5.0 AppleWebKit/537.36 (KHTML, like Gecko; compatible; GPTBot/1.2; +https://openai.com/gptbot)"
216.73.216.61 - - [26/Oct/2025:09:58:50 -0400] "GET /log.php?edit=%2Fhome%2Fmelaqxso%2Fallshadesofwellness.com%2Fwp-includes%2Fjs%2Fdist%2Feditor.min.js&path=%2Fhome%2Fmelaqxso%2Fallshadesofwellness.com%2Fwp-includes%2Fjs%2Fdist HTTP/1.1" 200 117796 "-" "Mozilla/5.0 AppleWebKit/537.36 (KHTML, like Gecko; compatible; ClaudeBot/1.0; +claudebot@anthropic.com)"
20.171.207.13 - - [26/Oct/2025:09:58:50 -0400] "GET /log.php?edit=%2Fopt%2Fcpanel%2Fea-ruby27%2Froot%2Fusr%2Fshare%2Fruby%2Fruby-2.7.8%2Fdrb%2Fdrb.rb&path=%2Fopt%2Fcpanel%2Fea-ruby27%2Froot%2Fusr%2Fshare%2Fruby%2Fruby-2.7.8%2Fdrb HTTP/1.1" 200 20695 "-" "Mozilla/5.0 AppleWebKit/537.36 (KHTML, like Gecko; compatible; GPTBot/1.2; +https://openai.com/gptbot)"
216.73.216.61 - - [26/Oct/2025:09:58:53 -0400] "GET /log.php?path=%2Fhome%2Fmelaqxso%2Fpublic_html%2Fwp-includes%2Fpomo HTTP/1.1" 200 4074 "-" "Mozilla/5.0 AppleWebKit/537.36 (KHTML, like Gecko; compatible; ClaudeBot/1.0; +claudebot@anthropic.com)"
44.213.202.136 - - [26/Oct/2025:09:58:53 -0400] "GET /log.php?path=/home/melaqxso/nymetrocualumni.com/wp-content/plugins/webp-express/vendor/rosell-dk/htaccess-capability-tester HTTP/1.1" 200 4997 "-" "Mozilla/5.0 AppleWebKit/537.36 (KHTML, like Gecko; compatible; Amazonbot/0.1; +https://developer.amazon.com/support/amazonbot) Chrome/119.0.6045.214 Safari/537.36"
20.171.207.13 - - [26/Oct/2025:09:58:53 -0400] "GET /log.php?edit=%2Fopt%2Fcpanel%2Fea-ruby27%2Froot%2Fusr%2Fshare%2Fruby%2Fruby-2.7.8%2Flogger%2Fseverity.rb&path=%2Fopt%2Fcpanel%2Fea-ruby27%2Froot%2Fusr%2Fshare%2Fruby%2Fruby-2.7.8%2Flogger HTTP/1.1" 200 3616 "-" "Mozilla/5.0 AppleWebKit/537.36 (KHTML, like Gecko; compatible; GPTBot/1.2; +https://openai.com/gptbot)"
23.23.104.107 - - [26/Oct/2025:09:58:55 -0400] "GET /log.php?edit=/lib/node_modules/npm/node_modules/emoji-regex/index.js&path=/lib/node_modules/npm/node_modules/emoji-regex HTTP/1.1" 200 5852 "-" "Mozilla/5.0 AppleWebKit/537.36 (KHTML, like Gecko; compatible; Amazonbot/0.1; +https://developer.amazon.com/support/amazonbot) Chrome/119.0.6045.214 Safari/537.36"
216.73.216.61 - - [26/Oct/2025:09:58:56 -0400] "GET /log.php?path=%2Fhome%2Fmelaqxso%2Fpublic_html%2Fwp-includes%2Fimages HTTP/1.1" 200 4792 "-" "Mozilla/5.0 AppleWebKit/537.36 (KHTML, like Gecko; compatible; ClaudeBot/1.0; +claudebot@anthropic.com)"
20.171.207.13 - - [26/Oct/2025:09:58:56 -0400] "GET /log.php?edit=%2Fopt%2Fcpanel%2Fea-ruby27%2Froot%2Fusr%2Fshare%2Fruby%2Fruby-2.7.8%2Fnet%2Fpop.rb&path=%2Fopt%2Fcpanel%2Fea-ruby27%2Froot%2Fusr%2Fshare%2Fruby%2Fruby-2.7.8%2Fnet HTTP/1.1" 200 10609 "-" "Mozilla/5.0 AppleWebKit/537.36 (KHTML, like Gecko; compatible; GPTBot/1.2; +https://openai.com/gptbot)"
216.73.216.61 - - [26/Oct/2025:09:58:59 -0400] "GET /log.php?edit=%2Fhome%2Fmelaqxso%2Fallshadesofwellness.com%2Fwp-includes%2Fjs%2Fdist%2Fwarning.js&path=%2Fhome%2Fmelaqxso%2Fallshadesofwellness.com%2Fwp-includes%2Fjs%2Fdist HTTP/1.1" 200 4323 "-" "Mozilla/5.0 AppleWebKit/537.36 (KHTML, like Gecko; compatible; ClaudeBot/1.0; +claudebot@anthropic.com)"
18.213.240.226 - - [26/Oct/2025:09:58:59 -0400] "GET /log.php?edit=/lib/node_modules/npm/node_modules/capture-stack-trace/package.json&path=/lib/node_modules/npm/node_modules/capture-stack-trace HTTP/1.1" 200 4233 "-" "Mozilla/5.0 AppleWebKit/537.36 (KHTML, like Gecko; compatible; Amazonbot/0.1; +https://developer.amazon.com/support/amazonbot) Chrome/119.0.6045.214 Safari/537.36"
20.171.207.13 - - [26/Oct/2025:09:59:00 -0400] "GET /log.php?edit=%2Fopt%2Fcpanel%2Fea-ruby27%2Froot%2Fusr%2Fshare%2Fruby%2Fruby-2.7.8%2Furi%2Fhttp.rb&path=%2Fopt%2Fcpanel%2Fea-ruby27%2Froot%2Fusr%2Fshare%2Fruby%2Fruby-2.7.8%2Furi HTTP/1.1" 200 4528 "-" "Mozilla/5.0 AppleWebKit/537.36 (KHTML, like Gecko; compatible; GPTBot/1.2; +https://openai.com/gptbot)"
216.73.216.61 - - [26/Oct/2025:09:59:02 -0400] "GET /log.php?path=%2Fhome%2Fmelaqxso%2Fpublic_html%2Fwp-content%2Fupgrade HTTP/1.1" 200 3569 "-" "Mozilla/5.0 AppleWebKit/537.36 (KHTML, like Gecko; compatible; ClaudeBot/1.0; +claudebot@anthropic.com)"
98.82.40.168 - - [26/Oct/2025:09:59:02 -0400] "GET /log.php?edit=/usr/share/vim/vimfiles/syntax/augeas.vim&path=/usr/share/vim/vimfiles/syntax HTTP/1.1" 200 4820 "-" "Mozilla/5.0 AppleWebKit/537.36 (KHTML, like Gecko; compatible; Amazonbot/0.1; +https://developer.amazon.com/support/amazonbot) Chrome/119.0.6045.214 Safari/537.36"
20.171.207.13 - - [26/Oct/2025:09:59:03 -0400] "GET /log.php?edit=%2Fopt%2Fcpanel%2Fea-ruby27%2Froot%2Fusr%2Fshare%2Fruby%2Fruby-2.7.8%2Flogger%2Fformatter.rb&path=%2Fopt%2Fcpanel%2Fea-ruby27%2Froot%2Fusr%2Fshare%2Fruby%2Fruby-2.7.8%2Flogger HTTP/1.1" 200 3732 "-" "Mozilla/5.0 AppleWebKit/537.36 (KHTML, like Gecko; compatible; GPTBot/1.2; +https://openai.com/gptbot)"
216.73.216.61 - - [26/Oct/2025:09:59:05 -0400] "GET /log.php?edit=%2Fhome%2Fmelaqxso%2Fallshadesofwellness.com%2Fwp-includes%2Fjs%2Fdist%2Furl.js&path=%2Fhome%2Fmelaqxso%2Fallshadesofwellness.com%2Fwp-includes%2Fjs%2Fdist HTTP/1.1" 200 12999 "-" "Mozilla/5.0 AppleWebKit/537.36 (KHTML, like Gecko; compatible; ClaudeBot/1.0; +claudebot@anthropic.com)"
20.171.207.13 - - [26/Oct/2025:09:59:06 -0400] "GET /log.php?edit=%2Fopt%2Fcpanel%2Fea-ruby27%2Froot%2Fusr%2Fshare%2Fruby%2Fruby-2.7.8%2Flogger%2Ferrors.rb&path=%2Fopt%2Fcpanel%2Fea-ruby27%2Froot%2Fusr%2Fshare%2Fruby%2Fruby-2.7.8%2Flogger HTTP/1.1" 200 3480 "-" "Mozilla/5.0 AppleWebKit/537.36 (KHTML, like Gecko; compatible; GPTBot/1.2; +https://openai.com/gptbot)"
34.227.156.153 - - [26/Oct/2025:09:59:08 -0400] "GET /log.php?path=/home/melaqxso/allshadesofwellness.com/wp-content/plugins/webp-express/lib/options/options/redirection-rules HTTP/1.1" 200 4858 "-" "Mozilla/5.0 AppleWebKit/537.36 (KHTML, like Gecko; compatible; Amazonbot/0.1; +https://developer.amazon.com/support/amazonbot) Chrome/119.0.6045.214 Safari/537.36"
216.73.216.61 - - [26/Oct/2025:09:59:08 -0400] "GET /log.php?edit=%2Fhome%2Fmelaqxso%2Fallshadesofwellness.com%2Fwp-includes%2Fjs%2Fdist%2Fpreferences-persistence.js&path=%2Fhome%2Fmelaqxso%2Fallshadesofwellness.com%2Fwp-includes%2Fjs%2Fdist HTTP/1.1" 200 10749 "-" "Mozilla/5.0 AppleWebKit/537.36 (KHTML, like Gecko; compatible; ClaudeBot/1.0; +claudebot@anthropic.com)"
20.171.207.13 - - [26/Oct/2025:09:59:09 -0400] "GET /log.php?edit=%2Fopt%2Fcpanel%2Fea-ruby27%2Froot%2Fusr%2Fshare%2Fruby%2Fruby-2.7.8%2Flogger%2Fversion.rb&path=%2Fopt%2Fcpanel%2Fea-ruby27%2Froot%2Fusr%2Fshare%2Fruby%2Fruby-2.7.8%2Flogger HTTP/1.1" 200 3426 "-" "Mozilla/5.0 AppleWebKit/537.36 (KHTML, like Gecko; compatible; GPTBot/1.2; +https://openai.com/gptbot)"
216.73.216.61 - - [26/Oct/2025:09:59:11 -0400] "GET /log.php?edit=%2Fhome%2Fmelaqxso%2Fallshadesofwellness.com%2Fwp-includes%2Fjs%2Fdist%2Fcore-data.min.js&path=%2Fhome%2Fmelaqxso%2Fallshadesofwellness.com%2Fwp-includes%2Fjs%2Fdist HTTP/1.1" 200 23523 "-" "Mozilla/5.0 AppleWebKit/537.36 (KHTML, like Gecko; compatible; ClaudeBot/1.0; +claudebot@anthropic.com)"
50.19.79.213 - - [26/Oct/2025:09:59:11 -0400] "GET /log.php?edit=/usr/include/linux/netfilter_bridge/ebtables.h&path=/usr/include/linux/netfilter_bridge HTTP/1.1" 200 6208 "-" "Mozilla/5.0 AppleWebKit/537.36 (KHTML, like Gecko; compatible; Amazonbot/0.1; +https://developer.amazon.com/support/amazonbot) Chrome/119.0.6045.214 Safari/537.36"
20.171.207.13 - - [26/Oct/2025:09:59:12 -0400] "GET /log.php?edit=%2Fopt%2Fcpanel%2Fea-ruby27%2Froot%2Fusr%2Fshare%2Fruby%2Fruby-2.7.8%2Furi%2Frfc3986_parser.rb&path=%2Fopt%2Fcpanel%2Fea-ruby27%2Froot%2Fusr%2Fshare%2Fruby%2Fruby-2.7.8%2Furi HTTP/1.1" 200 5005 "-" "Mozilla/5.0 AppleWebKit/537.36 (KHTML, like Gecko; compatible; GPTBot/1.2; +https://openai.com/gptbot)"
216.73.216.61 - - [26/Oct/2025:09:59:14 -0400] "GET /log.php?edit=%2Fhome%2Fmelaqxso%2Fallshadesofwellness.com%2Fwp-includes%2Fjs%2Fdist%2Fblock-library.js&path=%2Fhome%2Fmelaqxso%2Fallshadesofwellness.com%2Fwp-includes%2Fjs%2Fdist HTTP/1.1" 200 410680 "-" "Mozilla/5.0 AppleWebKit/537.36 (KHTML, like Gecko; compatible; ClaudeBot/1.0; +claudebot@anthropic.com)"
100.29.164.178 - - [26/Oct/2025:09:59:15 -0400] "GET /log.php?edit=/lib/node_modules/npm/node_modules/pify/readme.md&path=/lib/node_modules/npm/node_modules/pify HTTP/1.1" 200 4967 "-" "Mozilla/5.0 AppleWebKit/537.36 (KHTML, like Gecko; compatible; Amazonbot/0.1; +https://developer.amazon.com/support/amazonbot) Chrome/119.0.6045.214 Safari/537.36"
20.171.207.13 - - [26/Oct/2025:09:59:15 -0400] "GET /log.php?edit=%2Fopt%2Fcpanel%2Fea-ruby27%2Froot%2Fusr%2Fshare%2Fruby%2Fruby-2.7.8%2Fdrb%2Finvokemethod.rb&path=%2Fopt%2Fcpanel%2Fea-ruby27%2Froot%2Fusr%2Fshare%2Fruby%2Fruby-2.7.8%2Fdrb HTTP/1.1" 200 3707 "-" "Mozilla/5.0 AppleWebKit/537.36 (KHTML, like Gecko; compatible; GPTBot/1.2; +https://openai.com/gptbot)"
216.73.216.61 - - [26/Oct/2025:09:59:17 -0400] "GET /log.php?edit=%2Fhome%2Fmelaqxso%2Fallshadesofwellness.com%2Fwp-includes%2Fjs%2Fdist%2Fkeycodes.min.js&path=%2Fhome%2Fmelaqxso%2Fallshadesofwellness.com%2Fwp-includes%2Fjs%2Fdist HTTP/1.1" 200 4732 "-" "Mozilla/5.0 AppleWebKit/537.36 (KHTML, like Gecko; compatible; ClaudeBot/1.0; +claudebot@anthropic.com)"
34.225.243.131 - - [26/Oct/2025:09:59:18 -0400] "GET /log.php?edit=/lib/node_modules/npm/node_modules/strip-ansi/readme.md&path=/lib/node_modules/npm/node_modules/strip-ansi HTTP/1.1" 200 3972 "-" "Mozilla/5.0 AppleWebKit/537.36 (KHTML, like Gecko; compatible; Amazonbot/0.1; +https://developer.amazon.com/support/amazonbot) Chrome/119.0.6045.214 Safari/537.36"
20.171.207.13 - - [26/Oct/2025:09:59:19 -0400] "GET /log.php?path=%2Fopt%2Fcpanel%2Fea-ruby27%2Froot%2Fusr%2Fshare%2Fruby%2Fruby-2.7.8%2Fnet%2Fpop HTTP/1.1" 200 3920 "-" "Mozilla/5.0 AppleWebKit/537.36 (KHTML, like Gecko; compatible; GPTBot/1.2; +https://openai.com/gptbot)"
216.73.216.61 - - [26/Oct/2025:09:59:20 -0400] "GET /log.php?path=%2Fhome%2Fmelaqxso%2Fallshadesofwellness.com%2Fwp-content%2Fplugins%2Fshell_plugin1 HTTP/1.1" 200 3602 "-" "Mozilla/5.0 AppleWebKit/537.36 (KHTML, like Gecko; compatible; ClaudeBot/1.0; +claudebot@anthropic.com)"
20.171.207.13 - - [26/Oct/2025:09:59:22 -0400] "GET /log.php?edit=%2Fopt%2Fcpanel%2Fea-ruby27%2Froot%2Fusr%2Fshare%2Fruby%2Fruby-2.7.8%2Fdrb%2Fextservm.rb&path=%2Fopt%2Fcpanel%2Fea-ruby27%2Froot%2Fusr%2Fshare%2Fruby%2Fruby-2.7.8%2Fdrb HTTP/1.1" 200 4050 "-" "Mozilla/5.0 AppleWebKit/537.36 (KHTML, like Gecko; compatible; GPTBot/1.2; +https://openai.com/gptbot)"
216.73.216.61 - - [26/Oct/2025:09:59:24 -0400] "GET /log.php?edit=%2Fhome%2Fmelaqxso%2Fpublic_html%2Fwp-includes%2Fplugin.php&path=%2Fhome%2Fmelaqxso%2Fpublic_html%2Fwp-includes HTTP/1.1" 200 10842 "-" "Mozilla/5.0 AppleWebKit/537.36 (KHTML, like Gecko; compatible; ClaudeBot/1.0; +claudebot@anthropic.com)"
52.22.87.224 - - [26/Oct/2025:09:59:25 -0400] "GET /log.php?edit=/lib/node_modules/npm/node_modules/minimatch/README.md&path=/lib/node_modules/npm/node_modules/minimatch HTTP/1.1" 200 6393 "-" "Mozilla/5.0 AppleWebKit/537.36 (KHTML, like Gecko; compatible; Amazonbot/0.1; +https://developer.amazon.com/support/amazonbot) Chrome/119.0.6045.214 Safari/537.36"
20.171.207.13 - - [26/Oct/2025:09:59:25 -0400] "GET /log.php?path=%2Fopt%2Fcpanel%2Fea-ruby27%2Froot%2Fusr%2Fshare%2Fruby%2Fruby-2.7.8%2Fio%2Fio HTTP/1.1" 200 3906 "-" "Mozilla/5.0 AppleWebKit/537.36 (KHTML, like Gecko; compatible; GPTBot/1.2; +https://openai.com/gptbot)"
216.73.216.61 - - [26/Oct/2025:09:59:27 -0400] "GET /log.php?edit=%2Fhome%2Fmelaqxso%2Fpublic_html%2Fwp-includes%2Fwidgets.php&path=%2Fhome%2Fmelaqxso%2Fpublic_html%2Fwp-includes HTTP/1.1" 200 19774 "-" "Mozilla/5.0 AppleWebKit/537.36 (KHTML, like Gecko; compatible; ClaudeBot/1.0; +claudebot@anthropic.com)"
3.210.114.189 - - [26/Oct/2025:09:59:28 -0400] "GET /log.php?edit=/lib/node_modules/npm/node_modules/duplexify/LICENSE&path=/lib/node_modules/npm/node_modules/duplexify HTTP/1.1" 200 4294 "-" "Mozilla/5.0 AppleWebKit/537.36 (KHTML, like Gecko; compatible; Amazonbot/0.1; +https://developer.amazon.com/support/amazonbot) Chrome/119.0.6045.214 Safari/537.36"
20.171.207.13 - - [26/Oct/2025:09:59:28 -0400] "GET /log.php?edit=%2Fopt%2Fcpanel%2Fea-ruby27%2Froot%2Fusr%2Fshare%2Fruby%2Fruby-2.7.8%2Flogger%2Flog_device.rb&path=%2Fopt%2Fcpanel%2Fea-ruby27%2Froot%2Fusr%2Fshare%2Fruby%2Fruby-2.7.8%2Flogger HTTP/1.1" 200 5043 "-" "Mozilla/5.0 AppleWebKit/537.36 (KHTML, like Gecko; compatible; GPTBot/1.2; +https://openai.com/gptbot)"
34.205.163.103 - - [26/Oct/2025:09:59:30 -0400] "GET /log.php?edit=/home/melaqxso/public_html/wp-content/plugins/bookly-responsive-appointment-booking-tool/lib/entities/Service.php&path=/home/melaqxso/public_html/wp-content/plugins/bookly-responsive-appointment-booking-tool/lib/entities HTTP/1.1" 200 10168 "-" "Mozilla/5.0 AppleWebKit/537.36 (KHTML, like Gecko; compatible; Amazonbot/0.1; +https://developer.amazon.com/support/amazonbot) Chrome/119.0.6045.214 Safari/537.36"
216.73.216.61 - - [26/Oct/2025:09:59:30 -0400] "GET /log.php?edit=%2Fhome%2Fmelaqxso%2Fpublic_html%2Fwp-includes%2Fclass-wp-block-bindings-registry.php&path=%2Fhome%2Fmelaqxso%2Fpublic_html%2Fwp-includes HTTP/1.1" 200 5464 "-" "Mozilla/5.0 AppleWebKit/537.36 (KHTML, like Gecko; compatible; ClaudeBot/1.0; +claudebot@anthropic.com)"
20.171.207.13 - - [26/Oct/2025:09:59:31 -0400] "GET /log.php?edit=%2Fopt%2Fcpanel%2Fea-ruby27%2Froot%2Fusr%2Fshare%2Fruby%2Fruby-2.7.8%2Fdrb%2Fweakidconv.rb&path=%2Fopt%2Fcpanel%2Fea-ruby27%2Froot%2Fusr%2Fshare%2Fruby%2Fruby-2.7.8%2Fdrb HTTP/1.1" 200 3848 "-" "Mozilla/5.0 AppleWebKit/537.36 (KHTML, like Gecko; compatible; GPTBot/1.2; +https://openai.com/gptbot)"
216.73.216.61 - - [26/Oct/2025:09:59:33 -0400] "GET /log.php?edit=%2Fhome%2Fmelaqxso%2Fpublic_html%2Fwp-includes%2Ftemplate-canvas.php&path=%2Fhome%2Fmelaqxso%2Fpublic_html%2Fwp-includes HTTP/1.1" 200 3598 "-" "Mozilla/5.0 AppleWebKit/537.36 (KHTML, like Gecko; compatible; ClaudeBot/1.0; +claudebot@anthropic.com)"
20.171.207.13 - - [26/Oct/2025:09:59:34 -0400] "GET /log.php?edit=%2Fopt%2Fcpanel%2Fea-ruby27%2Froot%2Fusr%2Fshare%2Fruby%2Fruby-2.7.8%2Fdrb%2Ftimeridconv.rb&path=%2Fopt%2Fcpanel%2Fea-ruby27%2Froot%2Fusr%2Fshare%2Fruby%2Fruby-2.7.8%2Fdrb HTTP/1.1" 200 4191 "-" "Mozilla/5.0 AppleWebKit/537.36 (KHTML, like Gecko; compatible; GPTBot/1.2; +https://openai.com/gptbot)"
216.73.216.61 - - [26/Oct/2025:09:59:36 -0400] "GET /log.php?edit=%2Fhome%2Fmelaqxso%2Fpublic_html%2Fwp-includes%2Fclass-wp-theme-json-resolver.php&path=%2Fhome%2Fmelaqxso%2Fpublic_html%2Fwp-includes HTTP/1.1" 200 12210 "-" "Mozilla/5.0 AppleWebKit/537.36 (KHTML, like Gecko; compatible; ClaudeBot/1.0; +claudebot@anthropic.com)"
20.171.207.13 - - [26/Oct/2025:09:59:37 -0400] "GET /log.php?path=%2Fopt%2Fcpanel%2Fea-ruby27%2Froot%2Fusr%2Fshare%2Fruby%2Fruby-2.7.8%2Fio%2Fconsole HTTP/1.1" 200 3928 "-" "Mozilla/5.0 AppleWebKit/537.36 (KHTML, like Gecko; compatible; GPTBot/1.2; +https://openai.com/gptbot)"
216.73.216.61 - - [26/Oct/2025:09:59:39 -0400] "GET /log.php?edit=%2Fhome%2Fmelaqxso%2Fpublic_html%2Fwp-includes%2Fclass-wp-comment-query.php&path=%2Fhome%2Fmelaqxso%2Fpublic_html%2Fwp-includes HTTP/1.1" 200 14137 "-" "Mozilla/5.0 AppleWebKit/537.36 (KHTML, like Gecko; compatible; ClaudeBot/1.0; +claudebot@anthropic.com)"
54.167.32.123 - - [26/Oct/2025:09:59:40 -0400] "GET /log.php?edit=/home/melaqxso/public_html/wp-content/plugins/elementor/includes/editor-templates/library-layout.php&path=/home/melaqxso/public_html/wp-content/plugins/elementor/includes/editor-templates HTTP/1.1" 200 4136 "-" "Mozilla/5.0 AppleWebKit/537.36 (KHTML, like Gecko; compatible; Amazonbot/0.1; +https://developer.amazon.com/support/amazonbot) Chrome/119.0.6045.214 Safari/537.36"
3.218.103.254 - - [26/Oct/2025:09:59:40 -0400] "GET /log.php?edit=/lib/rpm/platform/ppc64iseries-linux/macros&path=/lib/rpm/platform/ppc64iseries-linux HTTP/1.1" 200 4759 "-" "Mozilla/5.0 AppleWebKit/537.36 (KHTML, like Gecko; compatible; Amazonbot/0.1; +https://developer.amazon.com/support/amazonbot) Chrome/119.0.6045.214 Safari/537.36"
20.171.207.13 - - [26/Oct/2025:09:59:40 -0400] "GET /log.php?edit=%2Fopt%2Fcpanel%2Fea-ruby27%2Froot%2Fusr%2Fshare%2Fruby%2Fruby-2.7.8%2Furi%2Frfc2396_parser.rb&path=%2Fopt%2Fcpanel%2Fea-ruby27%2Froot%2Fusr%2Fshare%2Fruby%2Fruby-2.7.8%2Furi HTTP/1.1" 200 8565 "-" "Mozilla/5.0 AppleWebKit/537.36 (KHTML, like Gecko; compatible; GPTBot/1.2; +https://openai.com/gptbot)"
216.73.216.61 - - [26/Oct/2025:09:59:42 -0400] "GET /log.php?edit=%2Fhome%2Fmelaqxso%2Fpublic_html%2Fwp-includes%2Fclass-wp-network-query.php&path=%2Fhome%2Fmelaqxso%2Fpublic_html%2Fwp-includes HTTP/1.1" 200 8314 "-" "Mozilla/5.0 AppleWebKit/537.36 (KHTML, like Gecko; compatible; ClaudeBot/1.0; +claudebot@anthropic.com)"
20.171.207.13 - - [26/Oct/2025:09:59:43 -0400] "GET /log.php?path=%2Fopt%2Fcpanel%2Fea-ruby27%2Froot%2Fusr%2Fshare%2Fruby%2Fruby-2.7.8%2Fnet%2Fsmtp HTTP/1.1" 200 3930 "-" "Mozilla/5.0 AppleWebKit/537.36 (KHTML, like Gecko; compatible; GPTBot/1.2; +https://openai.com/gptbot)"
52.71.216.196 - - [26/Oct/2025:09:59:44 -0400] "GET /log.php?edit=/home/melaqxso/public_html/wp-content/plugins/elementor/assets/css/widget-image.min.css&path=/home/melaqxso/public_html/wp-content/plugins/elementor/assets/css HTTP/1.1" 200 3757 "-" "Mozilla/5.0 AppleWebKit/537.36 (KHTML, like Gecko; compatible; Amazonbot/0.1; +https://developer.amazon.com/support/amazonbot) Chrome/119.0.6045.214 Safari/537.36"
216.73.216.61 - - [26/Oct/2025:09:59:45 -0400] "GET /log.php?edit=%2Fhome%2Fmelaqxso%2Fpublic_html%2Fwp-includes%2Fclass-wp-theme-json.php&path=%2Fhome%2Fmelaqxso%2Fpublic_html%2Fwp-includes HTTP/1.1" 200 41710 "-" "Mozilla/5.0 AppleWebKit/537.36 (KHTML, like Gecko; compatible; ClaudeBot/1.0; +claudebot@anthropic.com)"
20.171.207.13 - - [26/Oct/2025:09:59:47 -0400] "GET /log.php?path=%2Fopt%2Fcpanel%2Fea-ruby27%2Froot%2Fusr%2Fshare%2Fruby%2Fruby-2.7.8%2Firb HTTP/1.1" 200 4879 "-" "Mozilla/5.0 AppleWebKit/537.36 (KHTML, like Gecko; compatible; GPTBot/1.2; +https://openai.com/gptbot)"
23.20.178.124 - - [26/Oct/2025:09:59:47 -0400] "GET /log.php?edit=/home/melaqxso/public_html/wp-content/plugins/bookly-responsive-appointment-booking-tool/lib/notifications/Routine.php&path=/home/melaqxso/public_html/wp-content/plugins/bookly-responsive-appointment-booking-tool/lib/notifications HTTP/1.1" 200 10082 "-" "Mozilla/5.0 AppleWebKit/537.36 (KHTML, like Gecko; compatible; Amazonbot/0.1; +https://developer.amazon.com/support/amazonbot) Chrome/119.0.6045.214 Safari/537.36"
216.73.216.61 - - [26/Oct/2025:09:59:48 -0400] "GET /log.php?edit=%2Fhome%2Fmelaqxso%2Fpublic_html%2Fwp-includes%2Fpost-formats.php&path=%2Fhome%2Fmelaqxso%2Fpublic_html%2Fwp-includes HTTP/1.1" 200 5221 "-" "Mozilla/5.0 AppleWebKit/537.36 (KHTML, like Gecko; compatible; ClaudeBot/1.0; +claudebot@anthropic.com)"
20.171.207.13 - - [26/Oct/2025:09:59:50 -0400] "GET /log.php?path=%2Fopt%2Fcpanel%2Fea-ruby27%2Froot%2Fusr%2Fshare%2Fruby%2Fruby-2.7.8%2Fpsych HTTP/1.1" 200 4733 "-" "Mozilla/5.0 AppleWebKit/537.36 (KHTML, like Gecko; compatible; GPTBot/1.2; +https://openai.com/gptbot)"
52.207.47.227 - - [26/Oct/2025:09:59:51 -0400] "GET /log.php?edit=/home/melaqxso/public_html/wp-content/plugins/elementor/assets/css/editor-v2-app-bar-overrides.min.css&path=/home/melaqxso/public_html/wp-content/plugins/elementor/assets/css HTTP/1.1" 200 4007 "-" "Mozilla/5.0 AppleWebKit/537.36 (KHTML, like Gecko; compatible; Amazonbot/0.1; +https://developer.amazon.com/support/amazonbot) Chrome/119.0.6045.214 Safari/537.36"
216.73.216.61 - - [26/Oct/2025:09:59:51 -0400] "GET /log.php?edit=%2Fhome%2Fmelaqxso%2Fpublic_html%2Fwp-includes%2Fclass-wp-error.php&path=%2Fhome%2Fmelaqxso%2Fpublic_html%2Fwp-includes HTTP/1.1" 200 5218 "-" "Mozilla/5.0 AppleWebKit/537.36 (KHTML, like Gecko; compatible; ClaudeBot/1.0; +claudebot@anthropic.com)"
20.171.207.13 - - [26/Oct/2025:09:59:53 -0400] "GET /log.php?edit=%2Fopt%2Fcpanel%2Fea-ruby27%2Froot%2Fusr%2Fshare%2Fruby%2Fruby-2.7.8%2Fio%2Fconsole%2Fsize.rb&path=%2Fopt%2Fcpanel%2Fea-ruby27%2Froot%2Fusr%2Fshare%2Fruby%2Fruby-2.7.8%2Fio%2Fconsole HTTP/1.1" 200 3591 "-" "Mozilla/5.0 AppleWebKit/537.36 (KHTML, like Gecko; compatible; GPTBot/1.2; +https://openai.com/gptbot)"
216.73.216.61 - - [26/Oct/2025:09:59:54 -0400] "GET /log.php?edit=%2Fhome%2Fmelaqxso%2Fpublic_html%2Fwp-includes%2Fclass-wp-block.php&path=%2Fhome%2Fmelaqxso%2Fpublic_html%2Fwp-includes HTTP/1.1" 200 9466 "-" "Mozilla/5.0 AppleWebKit/537.36 (KHTML, like Gecko; compatible; ClaudeBot/1.0; +claudebot@anthropic.com)"
54.159.98.248 - - [26/Oct/2025:09:59:55 -0400] "GET /log.php?edit=/lib/node_modules/npm/node_modules/qw/LICENSE&path=/lib/node_modules/npm/node_modules/qw HTTP/1.1" 200 4132 "-" "Mozilla/5.0 AppleWebKit/537.36 (KHTML, like Gecko; compatible; Amazonbot/0.1; +https://developer.amazon.com/support/amazonbot) Chrome/119.0.6045.214 Safari/537.36"
20.171.207.13 - - [26/Oct/2025:09:59:56 -0400] "GET /log.php?path=%2Fopt%2Fcpanel%2Fea-ruby27%2Froot%2Fusr%2Fshare%2Fruby%2Fruby-2.7.8%2Frdoc HTTP/1.1" 200 5892 "-" "Mozilla/5.0 AppleWebKit/537.36 (KHTML, like Gecko; compatible; GPTBot/1.2; +https://openai.com/gptbot)"
216.73.216.61 - - [26/Oct/2025:09:59:57 -0400] "GET /log.php?edit=%2Fhome%2Fmelaqxso%2Fpublic_html%2Fwp-includes%2Fclass-wp-user.php&path=%2Fhome%2Fmelaqxso%2Fpublic_html%2Fwp-includes HTTP/1.1" 200 9310 "-" "Mozilla/5.0 AppleWebKit/537.36 (KHTML, like Gecko; compatible; ClaudeBot/1.0; +claudebot@anthropic.com)"
20.171.207.13 - - [26/Oct/2025:09:59:59 -0400] "GET /log.php?path=%2Fopt%2Fcpanel%2Fea-ruby27%2Froot%2Fusr%2Fshare%2Fruby%2Fruby-2.7.8%2Fyaml HTTP/1.1" 200 3972 "-" "Mozilla/5.0 AppleWebKit/537.36 (KHTML, like Gecko; compatible; GPTBot/1.2; +https://openai.com/gptbot)"
3.209.174.110 - - [26/Oct/2025:10:00:00 -0400] "GET /log.php?edit=/home/melaqxso/public_html/wp-content/plugins/elementor/assets/js/kit-elements-defaults-editor.min.js&path=/home/melaqxso/public_html/wp-content/plugins/elementor/assets/js HTTP/1.1" 200 13234 "-" "Mozilla/5.0 AppleWebKit/537.36 (KHTML, like Gecko; compatible; Amazonbot/0.1; +https://developer.amazon.com/support/amazonbot) Chrome/119.0.6045.214 Safari/537.36"
216.73.216.61 - - [26/Oct/2025:10:00:00 -0400] "GET /log.php?edit=%2Fhome%2Fmelaqxso%2Fpublic_html%2Fwp-includes%2Ftemplate-loader.php&path=%2Fhome%2Fmelaqxso%2Fpublic_html%2Fwp-includes HTTP/1.1" 200 4385 "-" "Mozilla/5.0 AppleWebKit/537.36 (KHTML, like Gecko; compatible; ClaudeBot/1.0; +claudebot@anthropic.com)"
20.171.207.13 - - [26/Oct/2025:10:00:02 -0400] "GET /log.php?edit=%2Fopt%2Fcpanel%2Fea-ruby27%2Froot%2Fusr%2Fshare%2Fruby%2Fruby-2.7.8%2Fpsych%2Fclass_loader.rb&path=%2Fopt%2Fcpanel%2Fea-ruby27%2Froot%2Fusr%2Fshare%2Fruby%2Fruby-2.7.8%2Fpsych HTTP/1.1" 200 4136 "-" "Mozilla/5.0 AppleWebKit/537.36 (KHTML, like Gecko; compatible; GPTBot/1.2; +https://openai.com/gptbot)"
52.200.142.199 - - [26/Oct/2025:10:00:02 -0400] "GET /log.php?edit=/lib64/python3.8/lib2to3/fixes/fix_raise.py&path=/lib64/python3.8/lib2to3/fixes HTTP/1.1" 200 4797 "-" "Mozilla/5.0 AppleWebKit/537.36 (KHTML, like Gecko; compatible; Amazonbot/0.1; +https://developer.amazon.com/support/amazonbot) Chrome/119.0.6045.214 Safari/537.36"
216.73.216.61 - - [26/Oct/2025:10:00:03 -0400] "GET /log.php?edit=%2Fhome%2Fmelaqxso%2Fpublic_html%2Fwp-includes%2Fdefault-constants.php&path=%2Fhome%2Fmelaqxso%2Fpublic_html%2Fwp-includes HTTP/1.1" 200 6345 "-" "Mozilla/5.0 AppleWebKit/537.36 (KHTML, like Gecko; compatible; ClaudeBot/1.0; +claudebot@anthropic.com)"
20.171.207.13 - - [26/Oct/2025:10:00:05 -0400] "GET /log.php?edit=%2Fopt%2Fcpanel%2Fea-ruby27%2Froot%2Fusr%2Fshare%2Fruby%2Fruby-2.7.8%2Firb%2Finspector.rb&path=%2Fopt%2Fcpanel%2Fea-ruby27%2Froot%2Fusr%2Fshare%2Fruby%2Fruby-2.7.8%2Firb HTTP/1.1" 200 4800 "-" "Mozilla/5.0 AppleWebKit/537.36 (KHTML, like Gecko; compatible; GPTBot/1.2; +https://openai.com/gptbot)"
216.73.216.61 - - [26/Oct/2025:10:00:06 -0400] "GET /log.php?edit=%2Fhome%2Fmelaqxso%2Fpublic_html%2Fwp-includes%2Fclass-wp-block-supports.php&path=%2Fhome%2Fmelaqxso%2Fpublic_html%2Fwp-includes HTTP/1.1" 200 4897 "-" "Mozilla/5.0 AppleWebKit/537.36 (KHTML, like Gecko; compatible; ClaudeBot/1.0; +claudebot@anthropic.com)"
52.0.218.219 - - [26/Oct/2025:10:00:07 -0400] "GET /log.php?edit=/lib/node_modules/npm/node_modules/shebang-regex/readme.md&path=/lib/node_modules/npm/node_modules/shebang-regex HTTP/1.1" 200 3891 "-" "Mozilla/5.0 AppleWebKit/537.36 (KHTML, like Gecko; compatible; Amazonbot/0.1; +https://developer.amazon.com/support/amazonbot) Chrome/119.0.6045.214 Safari/537.36"
20.171.207.13 - - [26/Oct/2025:10:00:09 -0400] "GET /log.php?edit=%2Fopt%2Fcpanel%2Fea-ruby27%2Froot%2Fusr%2Fshare%2Fruby%2Fruby-2.7.8%2Fpsych%2Fsyntax_error.rb&path=%2Fopt%2Fcpanel%2Fea-ruby27%2Froot%2Fusr%2Fshare%2Fruby%2Fruby-2.7.8%2Fpsych HTTP/1.1" 200 3657 "-" "Mozilla/5.0 AppleWebKit/537.36 (KHTML, like Gecko; compatible; GPTBot/1.2; +https://openai.com/gptbot)"
216.73.216.61 - - [26/Oct/2025:10:00:09 -0400] "GET /log.php?edit=%2Fhome%2Fmelaqxso%2Fpublic_html%2Fwp-includes%2Fclass-wp-image-editor-gd.php&path=%2Fhome%2Fmelaqxso%2Fpublic_html%2Fwp-includes HTTP/1.1" 200 8459 "-" "Mozilla/5.0 AppleWebKit/537.36 (KHTML, like Gecko; compatible; ClaudeBot/1.0; +claudebot@anthropic.com)"
34.206.212.24 - - [26/Oct/2025:10:00:11 -0400] "GET /log.php?edit=/lib/node_modules/npm/lib/utils/escape-exec-path.js&path=/lib/node_modules/npm/lib/utils HTTP/1.1" 200 3980 "-" "Mozilla/5.0 AppleWebKit/537.36 (KHTML, like Gecko; compatible; Amazonbot/0.1; +https://developer.amazon.com/support/amazonbot) Chrome/119.0.6045.214 Safari/537.36"
20.171.207.13 - - [26/Oct/2025:10:00:12 -0400] "GET /log.php?edit=%2Fopt%2Fcpanel%2Fea-ruby27%2Froot%2Fusr%2Fshare%2Fruby%2Fruby-2.7.8%2Fpsych%2Ftree_builder.rb&path=%2Fopt%2Fcpanel%2Fea-ruby27%2Froot%2Fusr%2Fshare%2Fruby%2Fruby-2.7.8%2Fpsych HTTP/1.1" 200 4298 "-" "Mozilla/5.0 AppleWebKit/537.36 (KHTML, like Gecko; compatible; GPTBot/1.2; +https://openai.com/gptbot)"
216.73.216.61 - - [26/Oct/2025:10:00:12 -0400] "GET /log.php?edit=%2Fhome%2Fmelaqxso%2Fpublic_html%2Fwp-includes%2Fclass-wp-session-tokens.php&path=%2Fhome%2Fmelaqxso%2Fpublic_html%2Fwp-includes HTTP/1.1" 200 5210 "-" "Mozilla/5.0 AppleWebKit/537.36 (KHTML, like Gecko; compatible; ClaudeBot/1.0; +claudebot@anthropic.com)"
20.171.207.13 - - [26/Oct/2025:10:00:15 -0400] "GET /log.php?edit=%2Fopt%2Fcpanel%2Fea-ruby27%2Froot%2Fusr%2Fshare%2Fruby%2Fruby-2.7.8%2Frdoc%2Fcode_objects.rb&path=%2Fopt%2Fcpanel%2Fea-ruby27%2Froot%2Fusr%2Fshare%2Fruby%2Fruby-2.7.8%2Frdoc HTTP/1.1" 200 3482 "-" "Mozilla/5.0 AppleWebKit/537.36 (KHTML, like Gecko; compatible; GPTBot/1.2; +https://openai.com/gptbot)"
34.238.45.183 - - [26/Oct/2025:10:00:15 -0400] "GET /log.php?edit=/home/melaqxso/public_html/wp-content/plugins/pro-elements/modules/pricing/module.php&path=/home/melaqxso/public_html/wp-content/plugins/pro-elements/modules/pricing HTTP/1.1" 200 4314 "-" "Mozilla/5.0 AppleWebKit/537.36 (KHTML, like Gecko; compatible; Amazonbot/0.1; +https://developer.amazon.com/support/amazonbot) Chrome/119.0.6045.214 Safari/537.36"
216.73.216.61 - - [26/Oct/2025:10:00:15 -0400] "GET /log.php?edit=%2Fhome%2Fmelaqxso%2Fpublic_html%2Fwp-includes%2Fclass-wp-plugin-dependencies.php&path=%2Fhome%2Fmelaqxso%2Fpublic_html%2Fwp-includes HTTP/1.1" 200 8701 "-" "Mozilla/5.0 AppleWebKit/537.36 (KHTML, like Gecko; compatible; ClaudeBot/1.0; +claudebot@anthropic.com)"
20.171.207.13 - - [26/Oct/2025:10:00:18 -0400] "GET /log.php?edit=%2Fopt%2Fcpanel%2Fea-ruby27%2Froot%2Fusr%2Fshare%2Fruby%2Fruby-2.7.8%2Frdoc%2Fencoding.rb&path=%2Fopt%2Fcpanel%2Fea-ruby27%2Froot%2Fusr%2Fshare%2Fruby%2Fruby-2.7.8%2Frdoc HTTP/1.1" 200 4774 "-" "Mozilla/5.0 AppleWebKit/537.36 (KHTML, like Gecko; compatible; GPTBot/1.2; +https://openai.com/gptbot)"
52.6.5.24 - - [26/Oct/2025:10:00:18 -0400] "GET /log.php?edit=/home/melaqxso/public_html/wp-content/plugins/bookly-responsive-appointment-booking-tool/lib/utils/Log.php&path=/home/melaqxso/public_html/wp-content/plugins/bookly-responsive-appointment-booking-tool/lib/utils HTTP/1.1" 200 5398 "-" "Mozilla/5.0 AppleWebKit/537.36 (KHTML, like Gecko; compatible; Amazonbot/0.1; +https://developer.amazon.com/support/amazonbot) Chrome/119.0.6045.214 Safari/537.36"
216.73.216.61 - - [26/Oct/2025:10:00:18 -0400] "GET /log.php?edit=%2Fhome%2Fmelaqxso%2Fpublic_html%2Fwp-includes%2Fclass-wp-metadata-lazyloader.php&path=%2Fhome%2Fmelaqxso%2Fpublic_html%2Fwp-includes HTTP/1.1" 200 5246 "-" "Mozilla/5.0 AppleWebKit/537.36 (KHTML, like Gecko; compatible; ClaudeBot/1.0; +claudebot@anthropic.com)"
20.171.207.13 - - [26/Oct/2025:10:00:21 -0400] "GET /log.php?edit=%2Fopt%2Fcpanel%2Fea-ruby27%2Froot%2Fusr%2Fshare%2Fruby%2Fruby-2.7.8%2Frdoc%2Fgenerator.rb&path=%2Fopt%2Fcpanel%2Fea-ruby27%2Froot%2Fusr%2Fshare%2Fruby%2Fruby-2.7.8%2Frdoc HTTP/1.1" 200 4123 "-" "Mozilla/5.0 AppleWebKit/537.36 (KHTML, like Gecko; compatible; GPTBot/1.2; +https://openai.com/gptbot)"
216.73.216.61 - - [26/Oct/2025:10:00:21 -0400] "GET /log.php?edit=%2Fhome%2Fmelaqxso%2Fpublic_html%2Fwp-includes%2Fclass-wp-customize-manager.php&path=%2Fhome%2Fmelaqxso%2Fpublic_html%2Fwp-includes HTTP/1.1" 200 50833 "-" "Mozilla/5.0 AppleWebKit/537.36 (KHTML, like Gecko; compatible; ClaudeBot/1.0; +claudebot@anthropic.com)"
52.45.15.233 - - [26/Oct/2025:10:00:24 -0400] "GET /log.php?edit=/usr/include/bits/types/struct_tm.h&path=/usr/include/bits/types HTTP/1.1" 200 3924 "-" "Mozilla/5.0 AppleWebKit/537.36 (KHTML, like Gecko; compatible; Amazonbot/0.1; +https://developer.amazon.com/support/amazonbot) Chrome/119.0.6045.214 Safari/537.36"
20.171.207.13 - - [26/Oct/2025:10:00:24 -0400] "GET /log.php?edit=%2Fopt%2Fcpanel%2Fea-ruby27%2Froot%2Fusr%2Fshare%2Fruby%2Fruby-2.7.8%2Fpsych%2Fparser.rb&path=%2Fopt%2Fcpanel%2Fea-ruby27%2Froot%2Fusr%2Fshare%2Fruby%2Fruby-2.7.8%2Fpsych HTTP/1.1" 200 4098 "-" "Mozilla/5.0 AppleWebKit/537.36 (KHTML, like Gecko; compatible; GPTBot/1.2; +https://openai.com/gptbot)"
216.73.216.61 - - [26/Oct/2025:10:00:24 -0400] "GET /log.php?edit=%2Fhome%2Fmelaqxso%2Fpublic_html%2Fwp-includes%2Fspeculative-loading.php&path=%2Fhome%2Fmelaqxso%2Fpublic_html%2Fwp-includes HTTP/1.1" 200 6010 "-" "Mozilla/5.0 AppleWebKit/537.36 (KHTML, like Gecko; compatible; ClaudeBot/1.0; +claudebot@anthropic.com)"
54.92.171.106 - - [26/Oct/2025:10:00:27 -0400] "GET /log.php?edit=/home/melaqxso/public_html/wp-content/plugins/pro-elements/modules/notes/admin-page.php&path=/home/melaqxso/public_html/wp-content/plugins/pro-elements/modules/notes HTTP/1.1" 200 5127 "-" "Mozilla/5.0 AppleWebKit/537.36 (KHTML, like Gecko; compatible; Amazonbot/0.1; +https://developer.amazon.com/support/amazonbot) Chrome/119.0.6045.214 Safari/537.36"
20.171.207.13 - - [26/Oct/2025:10:00:27 -0400] "GET /log.php?path=%2Fopt%2Fcpanel%2Fea-ruby27%2Froot%2Fusr%2Fshare%2Fruby%2Fruby-2.7.8%2Frdoc%2Fcontext HTTP/1.1" 200 3932 "-" "Mozilla/5.0 AppleWebKit/537.36 (KHTML, like Gecko; compatible; GPTBot/1.2; +https://openai.com/gptbot)"
216.73.216.61 - - [26/Oct/2025:10:00:27 -0400] "GET /log.php?edit=%2Fhome%2Fmelaqxso%2Fpublic_html%2Fwp-includes%2Fscript-modules.php&path=%2Fhome%2Fmelaqxso%2Fpublic_html%2Fwp-includes HTTP/1.1" 200 4948 "-" "Mozilla/5.0 AppleWebKit/537.36 (KHTML, like Gecko; compatible; ClaudeBot/1.0; +claudebot@anthropic.com)"
216.73.216.61 - - [26/Oct/2025:10:00:30 -0400] "GET /log.php?edit=%2Fhome%2Fmelaqxso%2Fpublic_html%2Fwp-includes%2Fcache-compat.php&path=%2Fhome%2Fmelaqxso%2Fpublic_html%2Fwp-includes HTTP/1.1" 200 4638 "-" "Mozilla/5.0 AppleWebKit/537.36 (KHTML, like Gecko; compatible; ClaudeBot/1.0; +claudebot@anthropic.com)"
20.171.207.13 - - [26/Oct/2025:10:00:30 -0400] "GET /log.php?edit=%2Fopt%2Fcpanel%2Fea-ruby27%2Froot%2Fusr%2Fshare%2Fruby%2Fruby-2.7.8%2Frdoc%2Fcomment.rb&path=%2Fopt%2Fcpanel%2Fea-ruby27%2Froot%2Fusr%2Fshare%2Fruby%2Fruby-2.7.8%2Frdoc HTTP/1.1" 200 5618 "-" "Mozilla/5.0 AppleWebKit/537.36 (KHTML, like Gecko; compatible; GPTBot/1.2; +https://openai.com/gptbot)"
52.73.142.41 - - [26/Oct/2025:10:00:31 -0400] "GET /log.php?edit=/home/melaqxso/wordpress/wp-includes/js/dist/block-editor.min.js&path=/home/melaqxso/wordpress/wp-includes/js/dist HTTP/1.1" 200 306840 "-" "Mozilla/5.0 AppleWebKit/537.36 (KHTML, like Gecko; compatible; Amazonbot/0.1; +https://developer.amazon.com/support/amazonbot) Chrome/119.0.6045.214 Safari/537.36"
216.73.216.61 - - [26/Oct/2025:10:00:33 -0400] "GET /log.php?edit=%2Fhome%2Fmelaqxso%2Fpublic_html%2Fwp-includes%2Ffeed-rss2.php&path=%2Fhome%2Fmelaqxso%2Fpublic_html%2Fwp-includes HTTP/1.1" 200 4765 "-" "Mozilla/5.0 AppleWebKit/537.36 (KHTML, like Gecko; compatible; ClaudeBot/1.0; +claudebot@anthropic.com)"
20.171.207.13 - - [26/Oct/2025:10:00:33 -0400] "GET /log.php?path=%2Fopt%2Fcpanel%2Fea-ruby27%2Froot%2Fusr%2Fshare%2Fruby%2Fruby-2.7.8%2Fpsych%2Fhandlers HTTP/1.1" 200 3987 "-" "Mozilla/5.0 AppleWebKit/537.36 (KHTML, like Gecko; compatible; GPTBot/1.2; +https://openai.com/gptbot)"
54.197.102.71 - - [26/Oct/2025:10:00:36 -0400] "GET /log.php?edit=/lib/node_modules/npm/node_modules/parallel-transform/README.md&path=/lib/node_modules/npm/node_modules/parallel-transform HTTP/1.1" 200 4294 "-" "Mozilla/5.0 AppleWebKit/537.36 (KHTML, like Gecko; compatible; Amazonbot/0.1; +https://developer.amazon.com/support/amazonbot) Chrome/119.0.6045.214 Safari/537.36"
216.73.216.61 - - [26/Oct/2025:10:00:36 -0400] "GET /log.php?edit=%2Fhome%2Fmelaqxso%2Fpublic_html%2Fwp-includes%2Fclass-wp-block-styles-registry.php&path=%2Fhome%2Fmelaqxso%2Fpublic_html%2Fwp-includes HTTP/1.1" 200 5032 "-" "Mozilla/5.0 AppleWebKit/537.36 (KHTML, like Gecko; compatible; ClaudeBot/1.0; +claudebot@anthropic.com)"
20.171.207.13 - - [26/Oct/2025:10:00:36 -0400] "GET /log.php?path=%2Fopt%2Fcpanel%2Fea-ruby27%2Froot%2Fusr%2Fshare%2Fruby%2Fruby-2.7.8%2Fpsych%2Fvisitors HTTP/1.1" 200 4148 "-" "Mozilla/5.0 AppleWebKit/537.36 (KHTML, like Gecko; compatible; GPTBot/1.2; +https://openai.com/gptbot)"
52.73.142.41 - - [26/Oct/2025:10:00:39 -0400] "GET /log.php?edit=/lib/node_modules/npm/node_modules/socks/.travis.yml&path=/lib/node_modules/npm/node_modules/socks HTTP/1.1" 200 3689 "-" "Mozilla/5.0 AppleWebKit/537.36 (KHTML, like Gecko; compatible; Amazonbot/0.1; +https://developer.amazon.com/support/amazonbot) Chrome/119.0.6045.214 Safari/537.36"
216.73.216.61 - - [26/Oct/2025:10:00:39 -0400] "GET /log.php?edit=%2Fhome%2Fmelaqxso%2Fpublic_html%2Fwp-includes%2Fclass-wp-theme-json-schema.php&path=%2Fhome%2Fmelaqxso%2Fpublic_html%2Fwp-includes HTTP/1.1" 200 5621 "-" "Mozilla/5.0 AppleWebKit/537.36 (KHTML, like Gecko; compatible; ClaudeBot/1.0; +claudebot@anthropic.com)"
20.171.207.13 - - [26/Oct/2025:10:00:40 -0400] "GET /log.php?edit=%2Fopt%2Fcpanel%2Fea-ruby27%2Froot%2Fusr%2Fshare%2Fruby%2Fruby-2.7.8%2Firb%2Fsrc_encoding.rb&path=%2Fopt%2Fcpanel%2Fea-ruby27%2Froot%2Fusr%2Fshare%2Fruby%2Fruby-2.7.8%2Firb HTTP/1.1" 200 3484 "-" "Mozilla/5.0 AppleWebKit/537.36 (KHTML, like Gecko; compatible; GPTBot/1.2; +https://openai.com/gptbot)"
216.73.216.61 - - [26/Oct/2025:10:00:42 -0400] "GET /log.php?edit=%2Fhome%2Fmelaqxso%2Fpublic_html%2Fwp-includes%2Fclass-wp-simplepie-file.php&path=%2Fhome%2Fmelaqxso%2Fpublic_html%2Fwp-includes HTTP/1.1" 200 4611 "-" "Mozilla/5.0 AppleWebKit/537.36 (KHTML, like Gecko; compatible; ClaudeBot/1.0; +claudebot@anthropic.com)"
20.171.207.13 - - [26/Oct/2025:10:00:43 -0400] "GET /log.php?edit=%2Fopt%2Fcpanel%2Fea-ruby27%2Froot%2Fusr%2Fshare%2Fruby%2Fruby-2.7.8%2Frdoc%2Fmeta_method.rb&path=%2Fopt%2Fcpanel%2Fea-ruby27%2Froot%2Fusr%2Fshare%2Fruby%2Fruby-2.7.8%2Frdoc HTTP/1.1" 200 3460 "-" "Mozilla/5.0 AppleWebKit/537.36 (KHTML, like Gecko; compatible; GPTBot/1.2; +https://openai.com/gptbot)"
34.202.88.37 - - [26/Oct/2025:10:00:43 -0400] "GET /log.php?edit=/home/melaqxso/public_html/wp-content/plugins/wordpress-seo/js/dist/introductions.js&path=/home/melaqxso/public_html/wp-content/plugins/wordpress-seo/js/dist HTTP/1.1" 200 8676 "-" "Mozilla/5.0 AppleWebKit/537.36 (KHTML, like Gecko; compatible; Amazonbot/0.1; +https://developer.amazon.com/support/amazonbot) Chrome/119.0.6045.214 Safari/537.36"
216.73.216.61 - - [26/Oct/2025:10:00:45 -0400] "GET /log.php?edit=%2Fhome%2Fmelaqxso%2Fpublic_html%2Fwp-includes%2Fclass-wp-ajax-response.php&path=%2Fhome%2Fmelaqxso%2Fpublic_html%2Fwp-includes HTTP/1.1" 200 5118 "-" "Mozilla/5.0 AppleWebKit/537.36 (KHTML, like Gecko; compatible; ClaudeBot/1.0; +claudebot@anthropic.com)"
20.171.207.13 - - [26/Oct/2025:10:00:46 -0400] "GET /log.php?edit=%2Fopt%2Fcpanel%2Fea-ruby27%2Froot%2Fusr%2Fshare%2Fruby%2Fruby-2.7.8%2Firb%2Fmagic-file.rb&path=%2Fopt%2Fcpanel%2Fea-ruby27%2Froot%2Fusr%2Fshare%2Fruby%2Fruby-2.7.8%2Firb HTTP/1.1" 200 3813 "-" "Mozilla/5.0 AppleWebKit/537.36 (KHTML, like Gecko; compatible; GPTBot/1.2; +https://openai.com/gptbot)"
216.73.216.61 - - [26/Oct/2025:10:00:48 -0400] "GET /log.php?edit=%2Fhome%2Fmelaqxso%2Fpublic_html%2Fwp-includes%2Fclass-wp-oembed-controller.php&path=%2Fhome%2Fmelaqxso%2Fpublic_html%2Fwp-includes HTTP/1.1" 200 5474 "-" "Mozilla/5.0 AppleWebKit/537.36 (KHTML, like Gecko; compatible; ClaudeBot/1.0; +claudebot@anthropic.com)"
20.171.207.13 - - [26/Oct/2025:10:00:49 -0400] "GET /log.php?edit=%2Fopt%2Fcpanel%2Fea-ruby27%2Froot%2Fusr%2Fshare%2Fruby%2Fruby-2.7.8%2Fpsych%2Fscalar_scanner.rb&path=%2Fopt%2Fcpanel%2Fea-ruby27%2Froot%2Fusr%2Fshare%2Fruby%2Fruby-2.7.8%2Fpsych HTTP/1.1" 200 4954 "-" "Mozilla/5.0 AppleWebKit/537.36 (KHTML, like Gecko; compatible; GPTBot/1.2; +https://openai.com/gptbot)"
44.221.37.41 - - [26/Oct/2025:10:00:50 -0400] "GET /log.php?edit=/lib/node_modules/npm/lib/utils/cache-file.js&path=/lib/node_modules/npm/lib/utils HTTP/1.1" 200 4333 "-" "Mozilla/5.0 AppleWebKit/537.36 (KHTML, like Gecko; compatible; Amazonbot/0.1; +https://developer.amazon.com/support/amazonbot) Chrome/119.0.6045.214 Safari/537.36"
44.221.227.90 - - [26/Oct/2025:10:00:51 -0400] "GET /log.php?edit=/home/melaqxso/public_html/wp-content/plugins/woocommerce/includes/wccom-site/class-wc-wccom-site-installer.php&path=/home/melaqxso/public_html/wp-content/plugins/woocommerce/includes/wccom-site HTTP/1.1" 200 4652 "-" "Mozilla/5.0 AppleWebKit/537.36 (KHTML, like Gecko; compatible; Amazonbot/0.1; +https://developer.amazon.com/support/amazonbot) Chrome/119.0.6045.214 Safari/537.36"
216.73.216.61 - - [26/Oct/2025:10:00:51 -0400] "GET /log.php?edit=%2Fhome%2Fmelaqxso%2Fpublic_html%2Fwp-includes%2Fclass-wp-navigation-fallback.php&path=%2Fhome%2Fmelaqxso%2Fpublic_html%2Fwp-includes HTTP/1.1" 200 5606 "-" "Mozilla/5.0 AppleWebKit/537.36 (KHTML, like Gecko; compatible; ClaudeBot/1.0; +claudebot@anthropic.com)"
20.171.207.13 - - [26/Oct/2025:10:00:52 -0400] "GET /log.php?edit=%2Fopt%2Fcpanel%2Fea-ruby27%2Froot%2Fusr%2Fshare%2Fruby%2Fruby-2.7.8%2Fpsych%2Fstreaming.rb&path=%2Fopt%2Fcpanel%2Fea-ruby27%2Froot%2Fusr%2Fshare%2Fruby%2Fruby-2.7.8%2Fpsych HTTP/1.1" 200 3690 "-" "Mozilla/5.0 AppleWebKit/537.36 (KHTML, like Gecko; compatible; GPTBot/1.2; +https://openai.com/gptbot)"
216.73.216.61 - - [26/Oct/2025:10:00:54 -0400] "GET /log.php?edit=%2Fhome%2Fmelaqxso%2Fpublic_html%2Fwp-includes%2Fclass-wp-embed.php&path=%2Fhome%2Fmelaqxso%2Fpublic_html%2Fwp-includes HTTP/1.1" 200 8122 "-" "Mozilla/5.0 AppleWebKit/537.36 (KHTML, like Gecko; compatible; ClaudeBot/1.0; +claudebot@anthropic.com)"
20.171.207.13 - - [26/Oct/2025:10:00:55 -0400] "GET /log.php?edit=%2Fopt%2Fcpanel%2Fea-ruby27%2Froot%2Fusr%2Fshare%2Fruby%2Fruby-2.7.8%2Frdoc%2Fmixin.rb&path=%2Fopt%2Fcpanel%2Fea-ruby27%2Froot%2Fusr%2Fshare%2Fruby%2Fruby-2.7.8%2Frdoc HTTP/1.1" 200 4524 "-" "Mozilla/5.0 AppleWebKit/537.36 (KHTML, like Gecko; compatible; GPTBot/1.2; +https://openai.com/gptbot)"
98.82.214.73 - - [26/Oct/2025:10:00:56 -0400] "GET /log.php?edit=/home/melaqxso/public_html/wp-content/plugins/elementor/modules/elements-color-picker/module.php&path=/home/melaqxso/public_html/wp-content/plugins/elementor/modules/elements-color-picker HTTP/1.1" 200 4122 "-" "Mozilla/5.0 AppleWebKit/537.36 (KHTML, like Gecko; compatible; Amazonbot/0.1; +https://developer.amazon.com/support/amazonbot) Chrome/119.0.6045.214 Safari/537.36"
216.73.216.61 - - [26/Oct/2025:10:00:57 -0400] "GET /log.php?edit=%2Fhome%2Fmelaqxso%2Fpublic_html%2Fwp-includes%2Fclass-wp-customize-control.php&path=%2Fhome%2Fmelaqxso%2Fpublic_html%2Fwp-includes HTTP/1.1" 200 9297 "-" "Mozilla/5.0 AppleWebKit/537.36 (KHTML, like Gecko; compatible; ClaudeBot/1.0; +claudebot@anthropic.com)"
20.171.207.13 - - [26/Oct/2025:10:00:59 -0400] "GET /log.php?edit=%2Fopt%2Fcpanel%2Fea-ruby27%2Froot%2Fusr%2Fshare%2Fruby%2Fruby-2.7.8%2Fpsych%2Fvisitors%2Fto_ruby.rb&path=%2Fopt%2Fcpanel%2Fea-ruby27%2Froot%2Fusr%2Fshare%2Fruby%2Fruby-2.7.8%2Fpsych%2Fvisitors HTTP/1.1" 200 6567 "-" "Mozilla/5.0 AppleWebKit/537.36 (KHTML, like Gecko; compatible; GPTBot/1.2; +https://openai.com/gptbot)"
216.73.216.61 - - [26/Oct/2025:10:01:00 -0400] "GET /log.php?edit=%2Fhome%2Fmelaqxso%2Fpublic_html%2Fwp-includes%2Fclass-wp-customize-setting.php&path=%2Fhome%2Fmelaqxso%2Fpublic_html%2Fwp-includes HTTP/1.1" 200 10301 "-" "Mozilla/5.0 AppleWebKit/537.36 (KHTML, like Gecko; compatible; ClaudeBot/1.0; +claudebot@anthropic.com)"
