216.73.216.61 - - [26/Oct/2025:09:52:29 -0400] "GET /log.php?edit=%2Fhome%2Fmelaqxso%2Fpublic_html%2Fwp-includes%2Fclass-wp-locale-switcher.php&path=%2Fhome%2Fmelaqxso%2Fpublic_html%2Fwp-includes HTTP/1.1" 200 5154 "-" "Mozilla/5.0 AppleWebKit/537.36 (KHTML, like Gecko; compatible; ClaudeBot/1.0; +claudebot@anthropic.com)"
20.171.207.13 - - [26/Oct/2025:09:52:30 -0400] "GET /log.php?edit=%2Fopt%2Fcpanel%2Fea-ruby27%2Froot%2Fusr%2Fshare%2Fruby%2Fruby-2.7.8%2Fbundler%2Fcli%2Fbinstubs.rb&path=%2Fopt%2Fcpanel%2Fea-ruby27%2Froot%2Fusr%2Fshare%2Fruby%2Fruby-2.7.8%2Fbundler%2Fcli HTTP/1.1" 200 4046 "-" "Mozilla/5.0 AppleWebKit/537.36 (KHTML, like Gecko; compatible; GPTBot/1.2; +https://openai.com/gptbot)"
216.73.216.61 - - [26/Oct/2025:09:52:32 -0400] "GET /log.php?edit=%2Fhome%2Fmelaqxso%2Fpublic_html%2Fwp-includes%2Fclass-wp-block-template.php&path=%2Fhome%2Fmelaqxso%2Fpublic_html%2Fwp-includes HTTP/1.1" 200 3851 "-" "Mozilla/5.0 AppleWebKit/537.36 (KHTML, like Gecko; compatible; ClaudeBot/1.0; +claudebot@anthropic.com)"
3.224.215.150 - - [26/Oct/2025:09:52:32 -0400] "GET /log.php?path=/home/melaqxso/nymetrocualumni.com/wp-content/plugins/elementor/core/editor/templates HTTP/1.1" 200 4366 "-" "Mozilla/5.0 AppleWebKit/537.36 (KHTML, like Gecko; compatible; Amazonbot/0.1; +https://developer.amazon.com/support/amazonbot) Chrome/119.0.6045.214 Safari/537.36"
20.171.207.13 - - [26/Oct/2025:09:52:33 -0400] "GET /log.php?edit=%2Fopt%2Fcpanel%2Fea-ruby27%2Froot%2Fusr%2Fshare%2Fruby%2Fruby-2.7.8%2Fbundler%2Fcli%2Foutdated.rb&path=%2Fopt%2Fcpanel%2Fea-ruby27%2Froot%2Fusr%2Fshare%2Fruby%2Fruby-2.7.8%2Fbundler%2Fcli HTTP/1.1" 200 5855 "-" "Mozilla/5.0 AppleWebKit/537.36 (KHTML, like Gecko; compatible; GPTBot/1.2; +https://openai.com/gptbot)"
216.73.216.61 - - [26/Oct/2025:09:52:35 -0400] "GET /log.php?edit=%2Fhome%2Fmelaqxso%2Fpublic_html%2Fwp-includes%2Fms-blogs.php&path=%2Fhome%2Fmelaqxso%2Fpublic_html%2Fwp-includes HTTP/1.1" 200 9695 "-" "Mozilla/5.0 AppleWebKit/537.36 (KHTML, like Gecko; compatible; ClaudeBot/1.0; +claudebot@anthropic.com)"
52.45.92.83 - - [26/Oct/2025:09:52:35 -0400] "GET /log.php?path=/lib/node_modules/npm/node_modules/es6-promise/lib HTTP/1.1" 200 4402 "-" "Mozilla/5.0 AppleWebKit/537.36 (KHTML, like Gecko; compatible; Amazonbot/0.1; +https://developer.amazon.com/support/amazonbot) Chrome/119.0.6045.214 Safari/537.36"
20.171.207.13 - - [26/Oct/2025:09:52:36 -0400] "GET /log.php?edit=%2Fopt%2Fcpanel%2Fea-ruby27%2Froot%2Fusr%2Fshare%2Fruby%2Fruby-2.7.8%2Fbundler%2Fcli%2Flist.rb&path=%2Fopt%2Fcpanel%2Fea-ruby27%2Froot%2Fusr%2Fshare%2Fruby%2Fruby-2.7.8%2Fbundler%2Fcli HTTP/1.1" 200 4048 "-" "Mozilla/5.0 AppleWebKit/537.36 (KHTML, like Gecko; compatible; GPTBot/1.2; +https://openai.com/gptbot)"
216.73.216.61 - - [26/Oct/2025:09:52:38 -0400] "GET /log.php?edit=%2Fhome%2Fmelaqxso%2Fpublic_html%2Fwp-includes%2Fclass-snoopy.php&path=%2Fhome%2Fmelaqxso%2Fpublic_html%2Fwp-includes HTTP/1.1" 200 11807 "-" "Mozilla/5.0 AppleWebKit/537.36 (KHTML, like Gecko; compatible; ClaudeBot/1.0; +claudebot@anthropic.com)"
20.171.207.13 - - [26/Oct/2025:09:52:39 -0400] "GET /log.php?edit=%2Fopt%2Fcpanel%2Fea-ruby27%2Froot%2Fusr%2Fshare%2Fruby%2Fruby-2.7.8%2Fbundler%2Fcli%2Fcheck.rb&path=%2Fopt%2Fcpanel%2Fea-ruby27%2Froot%2Fusr%2Fshare%2Fruby%2Fruby-2.7.8%2Fbundler%2Fcli HTTP/1.1" 200 3906 "-" "Mozilla/5.0 AppleWebKit/537.36 (KHTML, like Gecko; compatible; GPTBot/1.2; +https://openai.com/gptbot)"
54.87.95.7 - - [26/Oct/2025:09:52:41 -0400] "GET /log.php?path=/lib/modules/4.18.0-553.54.1.lve.el8.x86_64/kernel/fs/nfs HTTP/1.1" 200 4536 "-" "Mozilla/5.0 AppleWebKit/537.36 (KHTML, like Gecko; compatible; Amazonbot/0.1; +https://developer.amazon.com/support/amazonbot) Chrome/119.0.6045.214 Safari/537.36"
216.73.216.61 - - [26/Oct/2025:09:52:41 -0400] "GET /log.php?edit=%2Fhome%2Fmelaqxso%2Fpublic_html%2Fwp-includes%2Ferror-protection.php&path=%2Fhome%2Fmelaqxso%2Fpublic_html%2Fwp-includes HTTP/1.1" 200 4666 "-" "Mozilla/5.0 AppleWebKit/537.36 (KHTML, like Gecko; compatible; ClaudeBot/1.0; +claudebot@anthropic.com)"
20.171.207.13 - - [26/Oct/2025:09:52:43 -0400] "GET /log.php?edit=%2Fopt%2Fcpanel%2Fea-ruby27%2Froot%2Fusr%2Fshare%2Fruby%2Fruby-2.7.8%2Fbundler%2Fcli%2Fshow.rb&path=%2Fopt%2Fcpanel%2Fea-ruby27%2Froot%2Fusr%2Fshare%2Fruby%2Fruby-2.7.8%2Fbundler%2Fcli HTTP/1.1" 200 4258 "-" "Mozilla/5.0 AppleWebKit/537.36 (KHTML, like Gecko; compatible; GPTBot/1.2; +https://openai.com/gptbot)"
54.225.148.123 - - [26/Oct/2025:09:52:45 -0400] "GET /log.php?path=/usr/local/share/perl5/AppConfig HTTP/1.1" 200 4490 "-" "Mozilla/5.0 AppleWebKit/537.36 (KHTML, like Gecko; compatible; Amazonbot/0.1; +https://developer.amazon.com/support/amazonbot) Chrome/119.0.6045.214 Safari/537.36"
20.171.207.13 - - [26/Oct/2025:09:52:46 -0400] "GET /log.php?edit=%2Fopt%2Fcpanel%2Fea-ruby27%2Froot%2Fusr%2Fshare%2Fruby%2Fruby-2.7.8%2Fbundler%2Fcli%2Fcommon.rb&path=%2Fopt%2Fcpanel%2Fea-ruby27%2Froot%2Fusr%2Fshare%2Fruby%2Fruby-2.7.8%2Fbundler%2Fcli HTTP/1.1" 200 4687 "-" "Mozilla/5.0 AppleWebKit/537.36 (KHTML, like Gecko; compatible; GPTBot/1.2; +https://openai.com/gptbot)"
44.223.115.10 - - [26/Oct/2025:09:52:46 -0400] "GET /log.php?path=/home/melaqxso/public_html/wp-content/plugins/woocommerce/src/Internal/Email HTTP/1.1" 200 4494 "-" "Mozilla/5.0 AppleWebKit/537.36 (KHTML, like Gecko; compatible; Amazonbot/0.1; +https://developer.amazon.com/support/amazonbot) Chrome/119.0.6045.214 Safari/537.36"
216.73.216.61 - - [26/Oct/2025:09:52:47 -0400] "GET /log.php?edit=%2Fhome%2Fmelaqxso%2Fallshadesofwellness.com%2Fwp-includes%2Fjs%2Fcodemirror%2Ffakejshint.js&path=%2Fhome%2Fmelaqxso%2Fallshadesofwellness.com%2Fwp-includes%2Fjs%2Fcodemirror HTTP/1.1" 200 3816 "-" "Mozilla/5.0 AppleWebKit/537.36 (KHTML, like Gecko; compatible; ClaudeBot/1.0; +claudebot@anthropic.com)"
20.171.207.13 - - [26/Oct/2025:09:52:49 -0400] "GET /log.php?edit=%2Fopt%2Fcpanel%2Fea-ruby27%2Froot%2Fusr%2Fshare%2Fruby%2Fruby-2.7.8%2Fbundler%2Fcli%2Fpackage.rb&path=%2Fopt%2Fcpanel%2Fea-ruby27%2Froot%2Fusr%2Fshare%2Fruby%2Fruby-2.7.8%2Fbundler%2Fcli HTTP/1.1" 200 3959 "-" "Mozilla/5.0 AppleWebKit/537.36 (KHTML, like Gecko; compatible; GPTBot/1.2; +https://openai.com/gptbot)"
216.73.216.61 - - [26/Oct/2025:09:52:50 -0400] "GET /log.php?edit=%2Fhome%2Fmelaqxso%2Fallshadesofwellness.com%2Fwp-includes%2Fjs%2Fdist%2Fedit-widgets.js&path=%2Fhome%2Fmelaqxso%2Fallshadesofwellness.com%2Fwp-includes%2Fjs%2Fdist HTTP/1.1" 200 37909 "-" "Mozilla/5.0 AppleWebKit/537.36 (KHTML, like Gecko; compatible; ClaudeBot/1.0; +claudebot@anthropic.com)"
52.204.89.12 - - [26/Oct/2025:09:52:51 -0400] "GET /log.php?path=/home/melaqxso/nymetrocualumni.com/wp-content/plugins/hub-core/libs/updater/js HTTP/1.1" 200 4282 "-" "Mozilla/5.0 AppleWebKit/537.36 (KHTML, like Gecko; compatible; Amazonbot/0.1; +https://developer.amazon.com/support/amazonbot) Chrome/119.0.6045.214 Safari/537.36"
20.171.207.13 - - [26/Oct/2025:09:52:52 -0400] "GET /log.php?edit=%2Fopt%2Fcpanel%2Fea-ruby27%2Froot%2Fusr%2Fshare%2Fruby%2Fruby-2.7.8%2Fbundler%2Fcli%2Fremove.rb&path=%2Fopt%2Fcpanel%2Fea-ruby27%2Froot%2Fusr%2Fshare%2Fruby%2Fruby-2.7.8%2Fbundler%2Fcli HTTP/1.1" 200 3580 "-" "Mozilla/5.0 AppleWebKit/537.36 (KHTML, like Gecko; compatible; GPTBot/1.2; +https://openai.com/gptbot)"
216.73.216.61 - - [26/Oct/2025:09:52:53 -0400] "GET /log.php?edit=%2Fhome%2Fmelaqxso%2Fallshadesofwellness.com%2Fwp-includes%2Fjs%2Fdist%2Fshortcode.js&path=%2Fhome%2Fmelaqxso%2Fallshadesofwellness.com%2Fwp-includes%2Fjs%2Fdist HTTP/1.1" 200 8230 "-" "Mozilla/5.0 AppleWebKit/537.36 (KHTML, like Gecko; compatible; ClaudeBot/1.0; +claudebot@anthropic.com)"
184.73.68.20 - - [26/Oct/2025:09:52:54 -0400] "GET /log.php?path=/home/melaqxso/nymetrocualumni.com/wp-content/plugins/give/src/DonationForms/resources HTTP/1.1" 200 4422 "-" "Mozilla/5.0 AppleWebKit/537.36 (KHTML, like Gecko; compatible; Amazonbot/0.1; +https://developer.amazon.com/support/amazonbot) Chrome/119.0.6045.214 Safari/537.36"
20.171.207.13 - - [26/Oct/2025:09:52:55 -0400] "GET /log.php?edit=%2Fopt%2Fcpanel%2Fea-ruby27%2Froot%2Fusr%2Fshare%2Fruby%2Fruby-2.7.8%2Fbundler%2Fcli%2Flock.rb&path=%2Fopt%2Fcpanel%2Fea-ruby27%2Froot%2Fusr%2Fshare%2Fruby%2Fruby-2.7.8%2Fbundler%2Fcli HTTP/1.1" 200 4130 "-" "Mozilla/5.0 AppleWebKit/537.36 (KHTML, like Gecko; compatible; GPTBot/1.2; +https://openai.com/gptbot)"
216.73.216.61 - - [26/Oct/2025:09:52:56 -0400] "GET /log.php?edit=%2Fhome%2Fmelaqxso%2Fallshadesofwellness.com%2Fwp-includes%2Fjs%2Fdist%2Fcompose.js&path=%2Fhome%2Fmelaqxso%2Fallshadesofwellness.com%2Fwp-includes%2Fjs%2Fdist HTTP/1.1" 200 55200 "-" "Mozilla/5.0 AppleWebKit/537.36 (KHTML, like Gecko; compatible; ClaudeBot/1.0; +claudebot@anthropic.com)"
20.171.207.13 - - [26/Oct/2025:09:52:59 -0400] "GET /log.php?edit=%2Fopt%2Fcpanel%2Fea-ruby27%2Froot%2Fusr%2Fshare%2Fruby%2Fruby-2.7.8%2Fbundler%2Fcli%2Fgem.rb&path=%2Fopt%2Fcpanel%2Fea-ruby27%2Froot%2Fusr%2Fshare%2Fruby%2Fruby-2.7.8%2Fbundler%2Fcli HTTP/1.1" 200 6333 "-" "Mozilla/5.0 AppleWebKit/537.36 (KHTML, like Gecko; compatible; GPTBot/1.2; +https://openai.com/gptbot)"
216.73.216.61 - - [26/Oct/2025:09:52:59 -0400] "GET /log.php?edit=%2Fhome%2Fmelaqxso%2Fallshadesofwellness.com%2Fwp-includes%2Fjs%2Fdist%2Fpatterns.js&path=%2Fhome%2Fmelaqxso%2Fallshadesofwellness.com%2Fwp-includes%2Fjs%2Fdist HTTP/1.1" 200 16773 "-" "Mozilla/5.0 AppleWebKit/537.36 (KHTML, like Gecko; compatible; ClaudeBot/1.0; +claudebot@anthropic.com)"
54.198.33.233 - - [26/Oct/2025:09:53:01 -0400] "GET /log.php?path=/home/melaqxso/nymetrocualumni.com/wp-content/plugins/hub-core/extras/redux-framework/sample HTTP/1.1" 200 4668 "-" "Mozilla/5.0 AppleWebKit/537.36 (KHTML, like Gecko; compatible; Amazonbot/0.1; +https://developer.amazon.com/support/amazonbot) Chrome/119.0.6045.214 Safari/537.36"
20.171.207.13 - - [26/Oct/2025:09:53:02 -0400] "GET /log.php?edit=%2Fopt%2Fcpanel%2Fea-ruby27%2Froot%2Fusr%2Fshare%2Fruby%2Fruby-2.7.8%2Fbundler%2Fcli%2Finfo.rb&path=%2Fopt%2Fcpanel%2Fea-ruby27%2Froot%2Fusr%2Fshare%2Fruby%2Fruby-2.7.8%2Fbundler%2Fcli HTTP/1.1" 200 4021 "-" "Mozilla/5.0 AppleWebKit/537.36 (KHTML, like Gecko; compatible; GPTBot/1.2; +https://openai.com/gptbot)"
216.73.216.61 - - [26/Oct/2025:09:53:02 -0400] "GET /log.php?edit=%2Fhome%2Fmelaqxso%2Fallshadesofwellness.com%2Fwp-includes%2Fjs%2Fdist%2Fserver-side-render.min.js&path=%2Fhome%2Fmelaqxso%2Fallshadesofwellness.com%2Fwp-includes%2Fjs%2Fdist HTTP/1.1" 200 5238 "-" "Mozilla/5.0 AppleWebKit/537.36 (KHTML, like Gecko; compatible; ClaudeBot/1.0; +claudebot@anthropic.com)"
34.196.6.199 - - [26/Oct/2025:09:53:03 -0400] "GET /log.php?path=/home/melaqxso/nymetrocualumni.com/wp-content/plugins/give/src/API/Endpoints HTTP/1.1" 200 4384 "-" "Mozilla/5.0 AppleWebKit/537.36 (KHTML, like Gecko; compatible; Amazonbot/0.1; +https://developer.amazon.com/support/amazonbot) Chrome/119.0.6045.214 Safari/537.36"
20.171.207.13 - - [26/Oct/2025:09:53:05 -0400] "GET /log.php?edit=%2Fopt%2Fcpanel%2Fea-ruby27%2Froot%2Fusr%2Fshare%2Fruby%2Fruby-2.7.8%2Fbundler%2Fcli%2Finject.rb&path=%2Fopt%2Fcpanel%2Fea-ruby27%2Froot%2Fusr%2Fshare%2Fruby%2Fruby-2.7.8%2Fbundler%2Fcli HTTP/1.1" 200 4343 "-" "Mozilla/5.0 AppleWebKit/537.36 (KHTML, like Gecko; compatible; GPTBot/1.2; +https://openai.com/gptbot)"
216.73.216.61 - - [26/Oct/2025:09:53:05 -0400] "GET /log.php?edit=%2Fhome%2Fmelaqxso%2Fallshadesofwellness.com%2Fwp-includes%2Fjs%2Fdist%2Fapi-fetch.min.js&path=%2Fhome%2Fmelaqxso%2Fallshadesofwellness.com%2Fwp-includes%2Fjs%2Fdist HTTP/1.1" 200 5803 "-" "Mozilla/5.0 AppleWebKit/537.36 (KHTML, like Gecko; compatible; ClaudeBot/1.0; +claudebot@anthropic.com)"
54.84.161.62 - - [26/Oct/2025:09:53:07 -0400] "GET /log.php?path=/usr/share/perl5/unicore/lib/QMark HTTP/1.1" 200 4191 "-" "Mozilla/5.0 AppleWebKit/537.36 (KHTML, like Gecko; compatible; Amazonbot/0.1; +https://developer.amazon.com/support/amazonbot) Chrome/119.0.6045.214 Safari/537.36"
20.171.207.13 - - [26/Oct/2025:09:53:08 -0400] "GET /log.php?edit=%2Fopt%2Fcpanel%2Fea-ruby27%2Froot%2Fusr%2Fshare%2Fruby%2Fruby-2.7.8%2Fbundler%2Fcli%2Fviz.rb&path=%2Fopt%2Fcpanel%2Fea-ruby27%2Froot%2Fusr%2Fshare%2Fruby%2Fruby-2.7.8%2Fbundler%2Fcli HTTP/1.1" 200 3878 "-" "Mozilla/5.0 AppleWebKit/537.36 (KHTML, like Gecko; compatible; GPTBot/1.2; +https://openai.com/gptbot)"
216.73.216.61 - - [26/Oct/2025:09:53:08 -0400] "GET /log.php?edit=%2Fhome%2Fmelaqxso%2Fallshadesofwellness.com%2Fwp-includes%2Fjs%2Fdist%2Fdata-controls.js&path=%2Fhome%2Fmelaqxso%2Fallshadesofwellness.com%2Fwp-includes%2Fjs%2Fdist HTTP/1.1" 200 5126 "-" "Mozilla/5.0 AppleWebKit/537.36 (KHTML, like Gecko; compatible; ClaudeBot/1.0; +claudebot@anthropic.com)"
216.73.216.61 - - [26/Oct/2025:09:53:11 -0400] "GET /log.php?path=%2Fhome%2Fmelaqxso%2Fpublic_html%2Fwp-includes%2FSimplePie HTTP/1.1" 200 3995 "-" "Mozilla/5.0 AppleWebKit/537.36 (KHTML, like Gecko; compatible; ClaudeBot/1.0; +claudebot@anthropic.com)"
20.171.207.13 - - [26/Oct/2025:09:53:11 -0400] "GET /log.php?edit=%2Fopt%2Fcpanel%2Fea-ruby27%2Froot%2Fusr%2Fshare%2Fruby%2Fruby-2.7.8%2Fbundler%2Fcli%2Fconfig.rb&path=%2Fopt%2Fcpanel%2Fea-ruby27%2Froot%2Fusr%2Fshare%2Fruby%2Fruby-2.7.8%2Fbundler%2Fcli HTTP/1.1" 200 5187 "-" "Mozilla/5.0 AppleWebKit/537.36 (KHTML, like Gecko; compatible; GPTBot/1.2; +https://openai.com/gptbot)"
18.215.77.19 - - [26/Oct/2025:09:53:14 -0400] "GET /log.php?path=/home/melaqxso/public_html/wp-content/plugins/woocommerce/assets/js/jquery-cookie HTTP/1.1" 200 4363 "-" "Mozilla/5.0 AppleWebKit/537.36 (KHTML, like Gecko; compatible; Amazonbot/0.1; +https://developer.amazon.com/support/amazonbot) Chrome/119.0.6045.214 Safari/537.36"
216.73.216.61 - - [26/Oct/2025:09:53:14 -0400] "GET /log.php?edit=%2Fhome%2Fmelaqxso%2Fallshadesofwellness.com%2Fwp-includes%2Fjs%2Fdist%2Fhooks.js&path=%2Fhome%2Fmelaqxso%2Fallshadesofwellness.com%2Fwp-includes%2Fjs%2Fdist HTTP/1.1" 200 7947 "-" "Mozilla/5.0 AppleWebKit/537.36 (KHTML, like Gecko; compatible; ClaudeBot/1.0; +claudebot@anthropic.com)"
20.171.207.13 - - [26/Oct/2025:09:53:15 -0400] "GET /log.php?edit=%2Fopt%2Fcpanel%2Fea-ruby27%2Froot%2Fusr%2Fshare%2Fruby%2Fruby-2.7.8%2Fbundler%2Fcli%2Fplatform.rb&path=%2Fopt%2Fcpanel%2Fea-ruby27%2Froot%2Fusr%2Fshare%2Fruby%2Fruby-2.7.8%2Fbundler%2Fcli HTTP/1.1" 200 3877 "-" "Mozilla/5.0 AppleWebKit/537.36 (KHTML, like Gecko; compatible; GPTBot/1.2; +https://openai.com/gptbot)"
216.73.216.61 - - [26/Oct/2025:09:53:17 -0400] "GET /log.php?edit=%2Fhome%2Fmelaqxso%2Fallshadesofwellness.com%2Fwp-includes%2Fjs%2Fdist%2Fplugins.min.js&path=%2Fhome%2Fmelaqxso%2Fallshadesofwellness.com%2Fwp-includes%2Fjs%2Fdist HTTP/1.1" 200 5152 "-" "Mozilla/5.0 AppleWebKit/537.36 (KHTML, like Gecko; compatible; ClaudeBot/1.0; +claudebot@anthropic.com)"
18.205.213.231 - - [26/Oct/2025:09:53:17 -0400] "GET /log.php?path=/home/melaqxso/public_html/wp-content/plugins/woocommerce/src/Admin/Schedulers HTTP/1.1" 200 4282 "-" "Mozilla/5.0 AppleWebKit/537.36 (KHTML, like Gecko; compatible; Amazonbot/0.1; +https://developer.amazon.com/support/amazonbot) Chrome/119.0.6045.214 Safari/537.36"
20.171.207.13 - - [26/Oct/2025:09:53:18 -0400] "GET /log.php?edit=%2Fopt%2Fcpanel%2Fea-ruby27%2Froot%2Fusr%2Fshare%2Fruby%2Fruby-2.7.8%2Fbundler%2Fcli%2Fplugin.rb&path=%2Fopt%2Fcpanel%2Fea-ruby27%2Froot%2Fusr%2Fshare%2Fruby%2Fruby-2.7.8%2Fbundler%2Fcli HTTP/1.1" 200 3854 "-" "Mozilla/5.0 AppleWebKit/537.36 (KHTML, like Gecko; compatible; GPTBot/1.2; +https://openai.com/gptbot)"
100.29.160.53 - - [26/Oct/2025:09:53:20 -0400] "GET /log.php?path=/lib/modules/4.18.0-553.44.1.lve.el8.x86_64/kernel/fs/udf HTTP/1.1" 200 4176 "-" "Mozilla/5.0 AppleWebKit/537.36 (KHTML, like Gecko; compatible; Amazonbot/0.1; +https://developer.amazon.com/support/amazonbot) Chrome/119.0.6045.214 Safari/537.36"
216.73.216.61 - - [26/Oct/2025:09:53:20 -0400] "GET /log.php?path=%2Fhome%2Fmelaqxso%2Fpublic_html%2Fwp-includes%2FIXR HTTP/1.1" 200 4312 "-" "Mozilla/5.0 AppleWebKit/537.36 (KHTML, like Gecko; compatible; ClaudeBot/1.0; +claudebot@anthropic.com)"
20.171.207.13 - - [26/Oct/2025:09:53:21 -0400] "GET /log.php?edit=%2Fopt%2Fcpanel%2Fea-ruby27%2Froot%2Fusr%2Fshare%2Fruby%2Fruby-2.7.8%2Fbundler%2Ffriendly_errors.rb&path=%2Fopt%2Fcpanel%2Fea-ruby27%2Froot%2Fusr%2Fshare%2Fruby%2Fruby-2.7.8%2Fbundler HTTP/1.1" 200 5084 "-" "Mozilla/5.0 AppleWebKit/537.36 (KHTML, like Gecko; compatible; GPTBot/1.2; +https://openai.com/gptbot)"
54.197.114.76 - - [26/Oct/2025:09:53:22 -0400] "GET /log.php?path=/usr/local/share/perl5/IO HTTP/1.1" 200 4651 "-" "Mozilla/5.0 AppleWebKit/537.36 (KHTML, like Gecko; compatible; Amazonbot/0.1; +https://developer.amazon.com/support/amazonbot) Chrome/119.0.6045.214 Safari/537.36"
216.73.216.61 - - [26/Oct/2025:09:53:23 -0400] "GET /log.php?edit=%2Fhome%2Fmelaqxso%2Fallshadesofwellness.com%2Fwp-includes%2Fjs%2Fdist%2Fblob.min.js&path=%2Fhome%2Fmelaqxso%2Fallshadesofwellness.com%2Fwp-includes%2Fjs%2Fdist HTTP/1.1" 200 3876 "-" "Mozilla/5.0 AppleWebKit/537.36 (KHTML, like Gecko; compatible; ClaudeBot/1.0; +claudebot@anthropic.com)"
20.171.207.13 - - [26/Oct/2025:09:53:24 -0400] "GET /log.php?edit=%2Fopt%2Fcpanel%2Fea-ruby27%2Froot%2Fusr%2Fshare%2Fruby%2Fruby-2.7.8%2Fbundler%2Fcapistrano.rb&path=%2Fopt%2Fcpanel%2Fea-ruby27%2Froot%2Fusr%2Fshare%2Fruby%2Fruby-2.7.8%2Fbundler HTTP/1.1" 200 3825 "-" "Mozilla/5.0 AppleWebKit/537.36 (KHTML, like Gecko; compatible; GPTBot/1.2; +https://openai.com/gptbot)"
216.73.216.61 - - [26/Oct/2025:09:53:26 -0400] "GET /log.php?edit=%2Fhome%2Fmelaqxso%2Fallshadesofwellness.com%2Fwp-includes%2Fjs%2Fcodemirror%2Fesprima.js&path=%2Fhome%2Fmelaqxso%2Fallshadesofwellness.com%2Fwp-includes%2Fjs%2Fcodemirror HTTP/1.1" 200 49372 "-" "Mozilla/5.0 AppleWebKit/537.36 (KHTML, like Gecko; compatible; ClaudeBot/1.0; +claudebot@anthropic.com)"
3.213.213.161 - - [26/Oct/2025:09:53:27 -0400] "GET /log.php?path=/home/melaqxso/nymetrocualumni.com/wp-content/plugins/pro-elements/modules/screenshots HTTP/1.1" 200 4408 "-" "Mozilla/5.0 AppleWebKit/537.36 (KHTML, like Gecko; compatible; Amazonbot/0.1; +https://developer.amazon.com/support/amazonbot) Chrome/119.0.6045.214 Safari/537.36"
20.171.207.13 - - [26/Oct/2025:09:53:27 -0400] "GET /log.php?edit=%2Fopt%2Fcpanel%2Fea-ruby27%2Froot%2Fusr%2Fshare%2Fruby%2Fruby-2.7.8%2Fbundler%2Fdependency.rb&path=%2Fopt%2Fcpanel%2Fea-ruby27%2Froot%2Fusr%2Fshare%2Fruby%2Fruby-2.7.8%2Fbundler HTTP/1.1" 200 4542 "-" "Mozilla/5.0 AppleWebKit/537.36 (KHTML, like Gecko; compatible; GPTBot/1.2; +https://openai.com/gptbot)"
216.73.216.61 - - [26/Oct/2025:09:53:29 -0400] "GET /log.php?edit=%2Fhome%2Fmelaqxso%2Fallshadesofwellness.com%2Fwp-includes%2Fjs%2Fdist%2Fcommands.js&path=%2Fhome%2Fmelaqxso%2Fallshadesofwellness.com%2Fwp-includes%2Fjs%2Fdist HTTP/1.1" 200 47650 "-" "Mozilla/5.0 AppleWebKit/537.36 (KHTML, like Gecko; compatible; ClaudeBot/1.0; +claudebot@anthropic.com)"
20.171.207.13 - - [26/Oct/2025:09:53:31 -0400] "GET /log.php?edit=%2Fopt%2Fcpanel%2Fea-ruby27%2Froot%2Fusr%2Fshare%2Fruby%2Fruby-2.7.8%2Fbundler%2Fdefinition.rb&path=%2Fopt%2Fcpanel%2Fea-ruby27%2Froot%2Fusr%2Fshare%2Fruby%2Fruby-2.7.8%2Fbundler HTTP/1.1" 200 13937 "-" "Mozilla/5.0 AppleWebKit/537.36 (KHTML, like Gecko; compatible; GPTBot/1.2; +https://openai.com/gptbot)"
54.90.244.132 - - [26/Oct/2025:09:53:31 -0400] "GET /log.php?path=/home/melaqxso/allshadesofwellness.com/wp-content/themes/alone/tribe/events/v2/month HTTP/1.1" 200 4341 "-" "Mozilla/5.0 AppleWebKit/537.36 (KHTML, like Gecko; compatible; Amazonbot/0.1; +https://developer.amazon.com/support/amazonbot) Chrome/119.0.6045.214 Safari/537.36"
216.73.216.61 - - [26/Oct/2025:09:53:32 -0400] "GET /log.php?edit=%2Fhome%2Fmelaqxso%2Fallshadesofwellness.com%2Fwp-includes%2Fjs%2Fdist%2Fpriority-queue.min.js&path=%2Fhome%2Fmelaqxso%2Fallshadesofwellness.com%2Fwp-includes%2Fjs%2Fdist HTTP/1.1" 200 4885 "-" "Mozilla/5.0 AppleWebKit/537.36 (KHTML, like Gecko; compatible; ClaudeBot/1.0; +claudebot@anthropic.com)"
20.171.207.13 - - [26/Oct/2025:09:53:34 -0400] "GET /log.php?edit=%2Fopt%2Fcpanel%2Fea-ruby27%2Froot%2Fusr%2Fshare%2Fruby%2Fruby-2.7.8%2Fbundler%2Fplugin%2Fapi.rb&path=%2Fopt%2Fcpanel%2Fea-ruby27%2Froot%2Fusr%2Fshare%2Fruby%2Fruby-2.7.8%2Fbundler%2Fplugin HTTP/1.1" 200 4486 "-" "Mozilla/5.0 AppleWebKit/537.36 (KHTML, like Gecko; compatible; GPTBot/1.2; +https://openai.com/gptbot)"
216.73.216.61 - - [26/Oct/2025:09:53:35 -0400] "GET /log.php?path=%2Fhome%2Fmelaqxso%2Fpublic_html%2Fwp-includes%2FText HTTP/1.1" 200 3989 "-" "Mozilla/5.0 AppleWebKit/537.36 (KHTML, like Gecko; compatible; ClaudeBot/1.0; +claudebot@anthropic.com)"
44.221.105.234 - - [26/Oct/2025:09:53:36 -0400] "GET /log.php?path=/home/melaqxso/nymetrocualumni.com/wp-content/plugins/give/src/Framework/PaymentGateways HTTP/1.1" 200 5064 "-" "Mozilla/5.0 AppleWebKit/537.36 (KHTML, like Gecko; compatible; Amazonbot/0.1; +https://developer.amazon.com/support/amazonbot) Chrome/119.0.6045.214 Safari/537.36"
20.171.207.13 - - [26/Oct/2025:09:53:37 -0400] "GET /log.php?edit=%2Fopt%2Fcpanel%2Fea-ruby27%2Froot%2Fusr%2Fshare%2Fruby%2Fruby-2.7.8%2Fbundler%2Fsource%2Fgit.rb&path=%2Fopt%2Fcpanel%2Fea-ruby27%2Froot%2Fusr%2Fshare%2Fruby%2Fruby-2.7.8%2Fbundler%2Fsource HTTP/1.1" 200 6673 "-" "Mozilla/5.0 AppleWebKit/537.36 (KHTML, like Gecko; compatible; GPTBot/1.2; +https://openai.com/gptbot)"
216.73.216.61 - - [26/Oct/2025:09:53:38 -0400] "GET /log.php?edit=%2Fhome%2Fmelaqxso%2Fallshadesofwellness.com%2Fwp-includes%2Frest-api%2Ffields%2Ferror_log&path=%2Fhome%2Fmelaqxso%2Fallshadesofwellness.com%2Fwp-includes%2Frest-api%2Ffields HTTP/1.1" 200 4443 "-" "Mozilla/5.0 AppleWebKit/537.36 (KHTML, like Gecko; compatible; ClaudeBot/1.0; +claudebot@anthropic.com)"
52.205.222.214 - - [26/Oct/2025:09:53:40 -0400] "GET /log.php?path=/lib/modules/4.18.0-553.44.1.lve.el8.x86_64/kernel/net/xdp HTTP/1.1" 200 4181 "-" "Mozilla/5.0 AppleWebKit/537.36 (KHTML, like Gecko; compatible; Amazonbot/0.1; +https://developer.amazon.com/support/amazonbot) Chrome/119.0.6045.214 Safari/537.36"
20.171.207.13 - - [26/Oct/2025:09:53:40 -0400] "GET /log.php?edit=%2Fopt%2Fcpanel%2Fea-ruby27%2Froot%2Fusr%2Fshare%2Fruby%2Fruby-2.7.8%2Fwebrick%2Flog.rb&path=%2Fopt%2Fcpanel%2Fea-ruby27%2Froot%2Fusr%2Fshare%2Fruby%2Fruby-2.7.8%2Fwebrick HTTP/1.1" 200 4945 "-" "Mozilla/5.0 AppleWebKit/537.36 (KHTML, like Gecko; compatible; GPTBot/1.2; +https://openai.com/gptbot)"
216.73.216.61 - - [26/Oct/2025:09:53:41 -0400] "GET /log.php?path=%2Fhome%2Fmelaqxso%2Fpublic_html%2Fwp-includes%2Fcertificates HTTP/1.1" 200 3860 "-" "Mozilla/5.0 AppleWebKit/537.36 (KHTML, like Gecko; compatible; ClaudeBot/1.0; +claudebot@anthropic.com)"
20.171.207.13 - - [26/Oct/2025:09:53:43 -0400] "GET /log.php?edit=%2Fopt%2Fcpanel%2Fea-ruby27%2Froot%2Fusr%2Fshare%2Fruby%2Fruby-2.7.8%2Fwebrick%2Fssl.rb&path=%2Fopt%2Fcpanel%2Fea-ruby27%2Froot%2Fusr%2Fshare%2Fruby%2Fruby-2.7.8%2Fwebrick HTTP/1.1" 200 5835 "-" "Mozilla/5.0 AppleWebKit/537.36 (KHTML, like Gecko; compatible; GPTBot/1.2; +https://openai.com/gptbot)"
54.147.182.90 - - [26/Oct/2025:09:53:44 -0400] "GET /log.php?path=/home/melaqxso/nymetrocualumni.com/wp-content/themes/hub/liquid/admin/views HTTP/1.1" 200 4869 "-" "Mozilla/5.0 AppleWebKit/537.36 (KHTML, like Gecko; compatible; Amazonbot/0.1; +https://developer.amazon.com/support/amazonbot) Chrome/119.0.6045.214 Safari/537.36"
216.73.216.61 - - [26/Oct/2025:09:53:44 -0400] "GET /log.php?edit=%2Fhome%2Fmelaqxso%2Fallshadesofwellness.com%2Fwp-includes%2Fjs%2Fdist%2Fcustomize-widgets.js&path=%2Fhome%2Fmelaqxso%2Fallshadesofwellness.com%2Fwp-includes%2Fjs%2Fdist HTTP/1.1" 200 24738 "-" "Mozilla/5.0 AppleWebKit/537.36 (KHTML, like Gecko; compatible; ClaudeBot/1.0; +claudebot@anthropic.com)"
18.205.91.101 - - [26/Oct/2025:09:53:46 -0400] "GET /log.php?edit=/proc/sys/kernel/sched_rt_runtime_us&path=/proc/sys/kernel HTTP/1.1" 200 3563 "-" "Mozilla/5.0 AppleWebKit/537.36 (KHTML, like Gecko; compatible; Amazonbot/0.1; +https://developer.amazon.com/support/amazonbot) Chrome/119.0.6045.214 Safari/537.36"
20.171.207.13 - - [26/Oct/2025:09:53:47 -0400] "GET /log.php?edit=%2Fopt%2Fcpanel%2Fea-ruby27%2Froot%2Fusr%2Fshare%2Fruby%2Fruby-2.7.8%2Fbundler%2Ftemplates%2FExecutable&path=%2Fopt%2Fcpanel%2Fea-ruby27%2Froot%2Fusr%2Fshare%2Fruby%2Fruby-2.7.8%2Fbundler%2Ftemplates HTTP/1.1" 200 3874 "-" "Mozilla/5.0 AppleWebKit/537.36 (KHTML, like Gecko; compatible; GPTBot/1.2; +https://openai.com/gptbot)"
216.73.216.61 - - [26/Oct/2025:09:53:47 -0400] "GET /log.php?edit=%2Fhome%2Fmelaqxso%2Fallshadesofwellness.com%2Fwp-includes%2Fjs%2Fdist%2Fhtml-entities.min.js&path=%2Fhome%2Fmelaqxso%2Fallshadesofwellness.com%2Fwp-includes%2Fjs%2Fdist HTTP/1.1" 200 3742 "-" "Mozilla/5.0 AppleWebKit/537.36 (KHTML, like Gecko; compatible; ClaudeBot/1.0; +claudebot@anthropic.com)"
20.171.207.13 - - [26/Oct/2025:09:53:50 -0400] "GET /log.php?edit=%2Fopt%2Fcpanel%2Fea-ruby27%2Froot%2Fusr%2Fshare%2Fruby%2Fruby-2.7.8%2Fdid_you_mean%2Ftree_spell_checker.rb&path=%2Fopt%2Fcpanel%2Fea-ruby27%2Froot%2Fusr%2Fshare%2Fruby%2Fruby-2.7.8%2Fdid_you_mean HTTP/1.1" 200 4423 "-" "Mozilla/5.0 AppleWebKit/537.36 (KHTML, like Gecko; compatible; GPTBot/1.2; +https://openai.com/gptbot)"
216.73.216.61 - - [26/Oct/2025:09:53:50 -0400] "GET /log.php?path=%2Fhome%2Fmelaqxso%2Fpublic_html%2Fwp-includes%2Fblocks HTTP/1.1" 200 9309 "-" "Mozilla/5.0 AppleWebKit/537.36 (KHTML, like Gecko; compatible; ClaudeBot/1.0; +claudebot@anthropic.com)"
44.195.50.71 - - [26/Oct/2025:09:53:51 -0400] "GET /log.php?path=/home/melaqxso/nymetrocualumni.com/wp-content/plugins/give-square/src/GatewayConnect/Exceptions HTTP/1.1" 200 4540 "-" "Mozilla/5.0 AppleWebKit/537.36 (KHTML, like Gecko; compatible; Amazonbot/0.1; +https://developer.amazon.com/support/amazonbot) Chrome/119.0.6045.214 Safari/537.36"
20.171.207.13 - - [26/Oct/2025:09:53:53 -0400] "GET /log.php?edit=%2Fopt%2Fcpanel%2Fea-ruby27%2Froot%2Fusr%2Fshare%2Fruby%2Fruby-2.7.8%2Fbundler%2Fvendor%2Furi%2Flib%2Furi%2Fldap.rb&path=%2Fopt%2Fcpanel%2Fea-ruby27%2Froot%2Fusr%2Fshare%2Fruby%2Fruby-2.7.8%2Fbundler%2Fvendor%2Furi%2Flib%2Furi HTTP/1.1" 200 5387 "-" "Mozilla/5.0 AppleWebKit/537.36 (KHTML, like Gecko; compatible; GPTBot/1.2; +https://openai.com/gptbot)"
216.73.216.61 - - [26/Oct/2025:09:53:53 -0400] "GET /log.php?path=%2Fhome%2Fmelaqxso%2Fpublic_html%2Fwp-includes%2Fblock-supports HTTP/1.1" 200 4600 "-" "Mozilla/5.0 AppleWebKit/537.36 (KHTML, like Gecko; compatible; ClaudeBot/1.0; +claudebot@anthropic.com)"
20.171.207.13 - - [26/Oct/2025:09:53:56 -0400] "GET /log.php?path=%2Fopt%2Fcpanel%2Fea-ruby27%2Froot%2Fusr%2Fshare%2Fruby%2Fruby-2.7.8%2Fbundler%2Fsource%2Fpath HTTP/1.1" 200 3960 "-" "Mozilla/5.0 AppleWebKit/537.36 (KHTML, like Gecko; compatible; GPTBot/1.2; +https://openai.com/gptbot)"
216.73.216.61 - - [26/Oct/2025:09:53:56 -0400] "GET /log.php?edit=%2Fhome%2Fmelaqxso%2Fallshadesofwellness.com%2Fwp-includes%2Fjs%2Fdist%2Fblock-editor.js&path=%2Fhome%2Fmelaqxso%2Fallshadesofwellness.com%2Fwp-includes%2Fjs%2Fdist HTTP/1.1" 200 615805 "-" "Mozilla/5.0 AppleWebKit/537.36 (KHTML, like Gecko; compatible; ClaudeBot/1.0; +claudebot@anthropic.com)"
35.170.205.140 - - [26/Oct/2025:09:53:57 -0400] "GET /log.php?path=/lib/modules/4.18.0-553.44.1.lve.el8.x86_64/kernel/net/dns_resolver HTTP/1.1" 200 4188 "-" "Mozilla/5.0 AppleWebKit/537.36 (KHTML, like Gecko; compatible; Amazonbot/0.1; +https://developer.amazon.com/support/amazonbot) Chrome/119.0.6045.214 Safari/537.36"
216.73.216.61 - - [26/Oct/2025:09:53:59 -0400] "GET /log.php?path=%2Fhome%2Fmelaqxso%2Fpublic_html%2Fwp-includes%2Fblock-bindings HTTP/1.1" 200 3980 "-" "Mozilla/5.0 AppleWebKit/537.36 (KHTML, like Gecko; compatible; ClaudeBot/1.0; +claudebot@anthropic.com)"
20.171.207.13 - - [26/Oct/2025:09:54:00 -0400] "GET /log.php?edit=%2Fopt%2Fcpanel%2Fea-ruby27%2Froot%2Fusr%2Fshare%2Fruby%2Fruby-2.7.8%2Fwebrick%2Fhttpservlet%2Fprochandler.rb&path=%2Fopt%2Fcpanel%2Fea-ruby27%2Froot%2Fusr%2Fshare%2Fruby%2Fruby-2.7.8%2Fwebrick%2Fhttpservlet HTTP/1.1" 200 3894 "-" "Mozilla/5.0 AppleWebKit/537.36 (KHTML, like Gecko; compatible; GPTBot/1.2; +https://openai.com/gptbot)"
34.236.135.14 - - [26/Oct/2025:09:54:00 -0400] "GET /log.php?path=/lib/modules/4.18.0-553.54.1.lve.el8.x86_64/kernel/drivers/mfd HTTP/1.1" 200 4528 "-" "Mozilla/5.0 AppleWebKit/537.36 (KHTML, like Gecko; compatible; Amazonbot/0.1; +https://developer.amazon.com/support/amazonbot) Chrome/119.0.6045.214 Safari/537.36"
216.73.216.61 - - [26/Oct/2025:09:54:02 -0400] "GET /log.php?edit=%2Fhome%2Fmelaqxso%2Fallshadesofwellness.com%2Fwp-includes%2Fjs%2Fdist%2Fserver-side-render.js&path=%2Fhome%2Fmelaqxso%2Fallshadesofwellness.com%2Fwp-includes%2Fjs%2Fdist HTTP/1.1" 200 7328 "-" "Mozilla/5.0 AppleWebKit/537.36 (KHTML, like Gecko; compatible; ClaudeBot/1.0; +claudebot@anthropic.com)"
20.171.207.13 - - [26/Oct/2025:09:54:03 -0400] "GET /log.php?edit=%2Fopt%2Fcpanel%2Fea-ruby27%2Froot%2Fusr%2Fshare%2Fruby%2Fruby-2.7.8%2Fwebrick%2Fhttpservlet%2Fcgihandler.rb&path=%2Fopt%2Fcpanel%2Fea-ruby27%2Froot%2Fusr%2Fshare%2Fruby%2Fruby-2.7.8%2Fwebrick%2Fhttpservlet HTTP/1.1" 200 4894 "-" "Mozilla/5.0 AppleWebKit/537.36 (KHTML, like Gecko; compatible; GPTBot/1.2; +https://openai.com/gptbot)"
3.221.156.96 - - [26/Oct/2025:09:54:03 -0400] "GET /log.php?path=/home/melaqxso/nymetrocualumni.com/wp-includes/sodium_compat/src/Core/Curve25519 HTTP/1.1" 200 4537 "-" "Mozilla/5.0 AppleWebKit/537.36 (KHTML, like Gecko; compatible; Amazonbot/0.1; +https://developer.amazon.com/support/amazonbot) Chrome/119.0.6045.214 Safari/537.36"
216.73.216.61 - - [26/Oct/2025:09:54:05 -0400] "GET /log.php?edit=%2Fhome%2Fmelaqxso%2Fallshadesofwellness.com%2Fwp-includes%2Fjs%2Fdist%2Fapi-fetch.js&path=%2Fhome%2Fmelaqxso%2Fallshadesofwellness.com%2Fwp-includes%2Fjs%2Fdist HTTP/1.1" 200 9989 "-" "Mozilla/5.0 AppleWebKit/537.36 (KHTML, like Gecko; compatible; ClaudeBot/1.0; +claudebot@anthropic.com)"
20.171.207.13 - - [26/Oct/2025:09:54:06 -0400] "GET /log.php?edit=%2Fopt%2Fcpanel%2Fea-ruby27%2Froot%2Fusr%2Fshare%2Fruby%2Fruby-2.7.8%2Fbundler%2Fvendor%2Furi%2Flib%2Furi%2Fhttp.rb&path=%2Fopt%2Fcpanel%2Fea-ruby27%2Froot%2Fusr%2Fshare%2Fruby%2Fruby-2.7.8%2Fbundler%2Fvendor%2Furi%2Flib%2Furi HTTP/1.1" 200 4581 "-" "Mozilla/5.0 AppleWebKit/537.36 (KHTML, like Gecko; compatible; GPTBot/1.2; +https://openai.com/gptbot)"
34.235.239.240 - - [26/Oct/2025:09:54:07 -0400] "GET /log.php?path=/home/melaqxso/nymetrocualumni.com/wp-content/plugins/give/src/Revenue/Migrations HTTP/1.1" 200 4453 "-" "Mozilla/5.0 AppleWebKit/537.36 (KHTML, like Gecko; compatible; Amazonbot/0.1; +https://developer.amazon.com/support/amazonbot) Chrome/119.0.6045.214 Safari/537.36"
216.73.216.61 - - [26/Oct/2025:09:54:08 -0400] "GET /log.php?edit=%2Fhome%2Fmelaqxso%2Fallshadesofwellness.com%2Fwp-includes%2Fjs%2Fdist%2Fplugins.js&path=%2Fhome%2Fmelaqxso%2Fallshadesofwellness.com%2Fwp-includes%2Fjs%2Fdist HTTP/1.1" 200 8570 "-" "Mozilla/5.0 AppleWebKit/537.36 (KHTML, like Gecko; compatible; ClaudeBot/1.0; +claudebot@anthropic.com)"
20.171.207.13 - - [26/Oct/2025:09:54:09 -0400] "GET /log.php?edit=%2Fopt%2Fcpanel%2Fea-ruby27%2Froot%2Fusr%2Fshare%2Fruby%2Fruby-2.7.8%2Fwebrick%2Fhttpservlet%2Ferbhandler.rb&path=%2Fopt%2Fcpanel%2Fea-ruby27%2Froot%2Fusr%2Fshare%2Fruby%2Fruby-2.7.8%2Fwebrick%2Fhttpservlet HTTP/1.1" 200 4420 "-" "Mozilla/5.0 AppleWebKit/537.36 (KHTML, like Gecko; compatible; GPTBot/1.2; +https://openai.com/gptbot)"
34.239.197.197 - - [26/Oct/2025:09:54:11 -0400] "GET /log.php?edit=/proc/sys/kernel/acct&path=/proc/sys/kernel HTTP/1.1" 200 3552 "-" "Mozilla/5.0 AppleWebKit/537.36 (KHTML, like Gecko; compatible; Amazonbot/0.1; +https://developer.amazon.com/support/amazonbot) Chrome/119.0.6045.214 Safari/537.36"
216.73.216.61 - - [26/Oct/2025:09:54:11 -0400] "GET /log.php?edit=%2Fhome%2Fmelaqxso%2Fallshadesofwellness.com%2Fwp-includes%2Fjs%2Fdist%2Fcore-commands.min.js&path=%2Fhome%2Fmelaqxso%2Fallshadesofwellness.com%2Fwp-includes%2Fjs%2Fdist HTTP/1.1" 200 6357 "-" "Mozilla/5.0 AppleWebKit/537.36 (KHTML, like Gecko; compatible; ClaudeBot/1.0; +claudebot@anthropic.com)"
20.171.207.13 - - [26/Oct/2025:09:54:12 -0400] "GET /log.php?edit=%2Fopt%2Fcpanel%2Fea-ruby27%2Froot%2Fusr%2Fshare%2Fruby%2Fruby-2.7.8%2Fbundler%2Ftemplates%2FExecutable.bundler&path=%2Fopt%2Fcpanel%2Fea-ruby27%2Froot%2Fusr%2Fshare%2Fruby%2Fruby-2.7.8%2Fbundler%2Ftemplates HTTP/1.1" 200 4598 "-" "Mozilla/5.0 AppleWebKit/537.36 (KHTML, like Gecko; compatible; GPTBot/1.2; +https://openai.com/gptbot)"
3.219.81.66 - - [26/Oct/2025:09:54:14 -0400] "GET /log.php?edit=/proc/sys/vm/watermark_scale_factor&path=/proc/sys/vm HTTP/1.1" 200 3556 "-" "Mozilla/5.0 AppleWebKit/537.36 (KHTML, like Gecko; compatible; Amazonbot/0.1; +https://developer.amazon.com/support/amazonbot) Chrome/119.0.6045.214 Safari/537.36"
216.73.216.61 - - [26/Oct/2025:09:54:14 -0400] "GET /log.php?edit=%2Fhome%2Fmelaqxso%2Fallshadesofwellness.com%2Fwp-includes%2Fjs%2Fdist%2Fblob.js&path=%2Fhome%2Fmelaqxso%2Fallshadesofwellness.com%2Fwp-includes%2Fjs%2Fdist HTTP/1.1" 200 4756 "-" "Mozilla/5.0 AppleWebKit/537.36 (KHTML, like Gecko; compatible; ClaudeBot/1.0; +claudebot@anthropic.com)"
20.171.207.13 - - [26/Oct/2025:09:54:15 -0400] "GET /log.php?edit=%2Fopt%2Fcpanel%2Fea-ruby27%2Froot%2Fusr%2Fshare%2Fruby%2Fruby-2.7.8%2Fwebrick%2Fhttputils.rb&path=%2Fopt%2Fcpanel%2Fea-ruby27%2Froot%2Fusr%2Fshare%2Fruby%2Fruby-2.7.8%2Fwebrick HTTP/1.1" 200 7726 "-" "Mozilla/5.0 AppleWebKit/537.36 (KHTML, like Gecko; compatible; GPTBot/1.2; +https://openai.com/gptbot)"
216.73.216.61 - - [26/Oct/2025:09:54:17 -0400] "GET /log.php?path=%2Fhome%2Fmelaqxso%2Fpublic_html%2Fwp-includes%2Fwidgets HTTP/1.1" 200 4671 "-" "Mozilla/5.0 AppleWebKit/537.36 (KHTML, like Gecko; compatible; ClaudeBot/1.0; +claudebot@anthropic.com)"
20.171.207.13 - - [26/Oct/2025:09:54:18 -0400] "GET /log.php?edit=%2Fopt%2Fcpanel%2Fea-ruby27%2Froot%2Fusr%2Fshare%2Fruby%2Fruby-2.7.8%2Fwebrick%2Fhttpproxy.rb&path=%2Fopt%2Fcpanel%2Fea-ruby27%2Froot%2Fusr%2Fshare%2Fruby%2Fruby-2.7.8%2Fwebrick HTTP/1.1" 200 6930 "-" "Mozilla/5.0 AppleWebKit/537.36 (KHTML, like Gecko; compatible; GPTBot/1.2; +https://openai.com/gptbot)"
54.235.125.129 - - [26/Oct/2025:09:54:19 -0400] "GET /log.php?path=/home/melaqxso/nymetrocualumni.com/wp-content/plugins/give-recurring/src/DonorDashboard/Repositories HTTP/1.1" 200 4308 "-" "Mozilla/5.0 AppleWebKit/537.36 (KHTML, like Gecko; compatible; Amazonbot/0.1; +https://developer.amazon.com/support/amazonbot) Chrome/119.0.6045.214 Safari/537.36"
216.73.216.61 - - [26/Oct/2025:09:54:20 -0400] "GET /log.php?edit=%2Fhome%2Fmelaqxso%2Fallshadesofwellness.com%2Fwp-includes%2Fjs%2Fdist%2Fpriority-queue.js&path=%2Fhome%2Fmelaqxso%2Fallshadesofwellness.com%2Fwp-includes%2Fjs%2Fdist HTTP/1.1" 200 7606 "-" "Mozilla/5.0 AppleWebKit/537.36 (KHTML, like Gecko; compatible; ClaudeBot/1.0; +claudebot@anthropic.com)"
20.171.207.13 - - [26/Oct/2025:09:54:21 -0400] "GET /log.php?edit=%2Fopt%2Fcpanel%2Fea-ruby27%2Froot%2Fusr%2Fshare%2Fruby%2Fruby-2.7.8%2Fwebrick%2Fhttpservlet%2Ffilehandler.rb&path=%2Fopt%2Fcpanel%2Fea-ruby27%2Froot%2Fusr%2Fshare%2Fruby%2Fruby-2.7.8%2Fwebrick%2Fhttpservlet HTTP/1.1" 200 8839 "-" "Mozilla/5.0 AppleWebKit/537.36 (KHTML, like Gecko; compatible; GPTBot/1.2; +https://openai.com/gptbot)"
216.73.216.61 - - [26/Oct/2025:09:54:23 -0400] "GET /log.php?path=%2Fhome%2Fmelaqxso%2Fallshadesofwellness.com%2Fwp-content%2Fplugins%2Fadvanced-custom-fields-font-awesome HTTP/1.1" 200 4190 "-" "Mozilla/5.0 AppleWebKit/537.36 (KHTML, like Gecko; compatible; ClaudeBot/1.0; +claudebot@anthropic.com)"
35.172.125.172 - - [26/Oct/2025:09:54:23 -0400] "GET /log.php?path=/home/melaqxso/nymetrocualumni.com/wp-includes/sodium_compat/src/Core32/Curve25519 HTTP/1.1" 200 4539 "-" "Mozilla/5.0 AppleWebKit/537.36 (KHTML, like Gecko; compatible; Amazonbot/0.1; +https://developer.amazon.com/support/amazonbot) Chrome/119.0.6045.214 Safari/537.36"
20.171.207.13 - - [26/Oct/2025:09:54:25 -0400] "GET /log.php?edit=%2Fopt%2Fcpanel%2Fea-ruby27%2Froot%2Fusr%2Fshare%2Fruby%2Fruby-2.7.8%2Fwebrick%2Fcompat.rb&path=%2Fopt%2Fcpanel%2Fea-ruby27%2Froot%2Fusr%2Fshare%2Fruby%2Fruby-2.7.8%2Fwebrick HTTP/1.1" 200 3775 "-" "Mozilla/5.0 AppleWebKit/537.36 (KHTML, like Gecko; compatible; GPTBot/1.2; +https://openai.com/gptbot)"
216.73.216.61 - - [26/Oct/2025:09:54:26 -0400] "GET /log.php?edit=%2Fhome%2Fmelaqxso%2Fallshadesofwellness.com%2Fwp-includes%2Fjs%2Fcodemirror%2Fcodemirror.min.js&path=%2Fhome%2Fmelaqxso%2Fallshadesofwellness.com%2Fwp-includes%2Fjs%2Fcodemirror HTTP/1.1" 200 191687 "-" "Mozilla/5.0 AppleWebKit/537.36 (KHTML, like Gecko; compatible; ClaudeBot/1.0; +claudebot@anthropic.com)"
20.171.207.13 - - [26/Oct/2025:09:54:28 -0400] "GET /log.php?edit=%2Fopt%2Fcpanel%2Fea-ruby27%2Froot%2Fusr%2Fshare%2Fruby%2Fruby-2.7.8%2Fbundler%2Frubygems_ext.rb&path=%2Fopt%2Fcpanel%2Fea-ruby27%2Froot%2Fusr%2Fshare%2Fruby%2Fruby-2.7.8%2Fbundler HTTP/1.1" 200 4868 "-" "Mozilla/5.0 AppleWebKit/537.36 (KHTML, like Gecko; compatible; GPTBot/1.2; +https://openai.com/gptbot)"
3.94.199.128 - - [26/Oct/2025:09:54:28 -0400] "GET /log.php?path=/usr/src/litespeed-wp-plugin/6.5.1/litespeed-cache/cli HTTP/1.1" 200 4559 "-" "Mozilla/5.0 AppleWebKit/537.36 (KHTML, like Gecko; compatible; Amazonbot/0.1; +https://developer.amazon.com/support/amazonbot) Chrome/119.0.6045.214 Safari/537.36"
216.73.216.61 - - [26/Oct/2025:09:54:29 -0400] "GET /log.php?path=%2Fhome%2Fmelaqxso%2Fpublic_html%2Fwp-includes%2FRequests HTTP/1.1" 200 3875 "-" "Mozilla/5.0 AppleWebKit/537.36 (KHTML, like Gecko; compatible; ClaudeBot/1.0; +claudebot@anthropic.com)"
20.171.207.13 - - [26/Oct/2025:09:54:31 -0400] "GET /log.php?edit=%2Fopt%2Fcpanel%2Fea-ruby27%2Froot%2Fusr%2Fshare%2Fruby%2Fruby-2.7.8%2Fwebrick%2Fconfig.rb&path=%2Fopt%2Fcpanel%2Fea-ruby27%2Froot%2Fusr%2Fshare%2Fruby%2Fruby-2.7.8%2Fwebrick HTTP/1.1" 200 5579 "-" "Mozilla/5.0 AppleWebKit/537.36 (KHTML, like Gecko; compatible; GPTBot/1.2; +https://openai.com/gptbot)"
54.92.171.106 - - [26/Oct/2025:09:54:31 -0400] "GET /log.php?edit=/proc/sys/kernel/nmi_watchdog&path=/proc/sys/kernel HTTP/1.1" 200 3555 "-" "Mozilla/5.0 AppleWebKit/537.36 (KHTML, like Gecko; compatible; Amazonbot/0.1; +https://developer.amazon.com/support/amazonbot) Chrome/119.0.6045.214 Safari/537.36"
216.73.216.61 - - [26/Oct/2025:09:54:32 -0400] "GET /log.php?path=%2Fhome%2Fmelaqxso%2Fpublic_html%2Fwp-content%2Fupgrade-temp-backup HTTP/1.1" 200 3566 "-" "Mozilla/5.0 AppleWebKit/537.36 (KHTML, like Gecko; compatible; ClaudeBot/1.0; +claudebot@anthropic.com)"
20.171.207.13 - - [26/Oct/2025:09:54:34 -0400] "GET /log.php?edit=%2Fopt%2Fcpanel%2Fea-ruby27%2Froot%2Fusr%2Fshare%2Fruby%2Fruby-2.7.8%2Fbundler%2Fgem_version_promoter.rb&path=%2Fopt%2Fcpanel%2Fea-ruby27%2Froot%2Fusr%2Fshare%2Fruby%2Fruby-2.7.8%2Fbundler HTTP/1.1" 200 5737 "-" "Mozilla/5.0 AppleWebKit/537.36 (KHTML, like Gecko; compatible; GPTBot/1.2; +https://openai.com/gptbot)"
52.0.63.151 - - [26/Oct/2025:09:54:35 -0400] "GET /log.php?edit=/proc/sys/kernel/osrelease&path=/proc/sys/kernel HTTP/1.1" 200 3571 "-" "Mozilla/5.0 AppleWebKit/537.36 (KHTML, like Gecko; compatible; Amazonbot/0.1; +https://developer.amazon.com/support/amazonbot) Chrome/119.0.6045.214 Safari/537.36"
216.73.216.61 - - [26/Oct/2025:09:54:35 -0400] "GET /log.php?edit=%2Fhome%2Fmelaqxso%2Fallshadesofwellness.com%2Fwp-includes%2Fjs%2Fdist%2Fhtml-entities.js&path=%2Fhome%2Fmelaqxso%2Fallshadesofwellness.com%2Fwp-includes%2Fjs%2Fdist HTTP/1.1" 200 4619 "-" "Mozilla/5.0 AppleWebKit/537.36 (KHTML, like Gecko; compatible; ClaudeBot/1.0; +claudebot@anthropic.com)"
20.171.207.13 - - [26/Oct/2025:09:54:38 -0400] "GET /log.php?edit=%2Fopt%2Fcpanel%2Fea-ruby27%2Froot%2Fusr%2Fshare%2Fruby%2Fruby-2.7.8%2Fbundler%2Fmatch_platform.rb&path=%2Fopt%2Fcpanel%2Fea-ruby27%2Froot%2Fusr%2Fshare%2Fruby%2Fruby-2.7.8%2Fbundler HTTP/1.1" 200 3595 "-" "Mozilla/5.0 AppleWebKit/537.36 (KHTML, like Gecko; compatible; GPTBot/1.2; +https://openai.com/gptbot)"
216.73.216.61 - - [26/Oct/2025:09:54:38 -0400] "GET /log.php?path=%2Fhome%2Fmelaqxso%2Fpublic_html%2Fwp-content%2Fplugins HTTP/1.1" 200 4589 "-" "Mozilla/5.0 AppleWebKit/537.36 (KHTML, like Gecko; compatible; ClaudeBot/1.0; +claudebot@anthropic.com)"
44.206.65.8 - - [26/Oct/2025:09:54:40 -0400] "GET /log.php?path=/home/melaqxso/public_html/wp-content/plugins/elementor/core/settings/page HTTP/1.1" 200 4347 "-" "Mozilla/5.0 AppleWebKit/537.36 (KHTML, like Gecko; compatible; Amazonbot/0.1; +https://developer.amazon.com/support/amazonbot) Chrome/119.0.6045.214 Safari/537.36"
20.171.207.13 - - [26/Oct/2025:09:54:41 -0400] "GET /log.php?edit=%2Fopt%2Fcpanel%2Fea-ruby27%2Froot%2Fusr%2Fshare%2Fruby%2Fruby-2.7.8%2Fwebrick%2Fversion.rb&path=%2Fopt%2Fcpanel%2Fea-ruby27%2Froot%2Fusr%2Fshare%2Fruby%2Fruby-2.7.8%2Fwebrick HTTP/1.1" 200 3628 "-" "Mozilla/5.0 AppleWebKit/537.36 (KHTML, like Gecko; compatible; GPTBot/1.2; +https://openai.com/gptbot)"
216.73.216.61 - - [26/Oct/2025:09:54:41 -0400] "GET /log.php?path=%2Fhome%2Fmelaqxso%2Fpublic_html%2Fwp-includes%2Fcustomize HTTP/1.1" 200 5450 "-" "Mozilla/5.0 AppleWebKit/537.36 (KHTML, like Gecko; compatible; ClaudeBot/1.0; +claudebot@anthropic.com)"
20.171.207.13 - - [26/Oct/2025:09:54:44 -0400] "GET /log.php?edit=%2Fopt%2Fcpanel%2Fea-ruby27%2Froot%2Fusr%2Fshare%2Fruby%2Fruby-2.7.8%2Fwebrick%2Faccesslog.rb&path=%2Fopt%2Fcpanel%2Fea-ruby27%2Froot%2Fusr%2Fshare%2Fruby%2Fruby-2.7.8%2Fwebrick HTTP/1.1" 200 5152 "-" "Mozilla/5.0 AppleWebKit/537.36 (KHTML, like Gecko; compatible; GPTBot/1.2; +https://openai.com/gptbot)"
216.73.216.61 - - [26/Oct/2025:09:54:44 -0400] "GET /log.php?edit=%2Fhome%2Fmelaqxso%2Fallshadesofwellness.com%2Fwp-includes%2Fjs%2Fdist%2Fcore-commands.js&path=%2Fhome%2Fmelaqxso%2Fallshadesofwellness.com%2Fwp-includes%2Fjs%2Fdist HTTP/1.1" 200 8084 "-" "Mozilla/5.0 AppleWebKit/537.36 (KHTML, like Gecko; compatible; ClaudeBot/1.0; +claudebot@anthropic.com)"
23.22.59.87 - - [26/Oct/2025:09:54:46 -0400] "GET /log.php?path=/usr/lib/firmware/mediatek/mt7988 HTTP/1.1" 200 4266 "-" "Mozilla/5.0 AppleWebKit/537.36 (KHTML, like Gecko; compatible; Amazonbot/0.1; +https://developer.amazon.com/support/amazonbot) Chrome/119.0.6045.214 Safari/537.36"
20.171.207.13 - - [26/Oct/2025:09:54:47 -0400] "GET /log.php?edit=%2Fopt%2Fcpanel%2Fea-ruby27%2Froot%2Fusr%2Fshare%2Fruby%2Fruby-2.7.8%2Fbundler%2Fgem_remote_fetcher.rb&path=%2Fopt%2Fcpanel%2Fea-ruby27%2Froot%2Fusr%2Fshare%2Fruby%2Fruby-2.7.8%2Fbundler HTTP/1.1" 200 4091 "-" "Mozilla/5.0 AppleWebKit/537.36 (KHTML, like Gecko; compatible; GPTBot/1.2; +https://openai.com/gptbot)"
52.0.41.164 - - [26/Oct/2025:09:54:47 -0400] "GET /log.php?path=/usr/src/litespeed-wp-plugin/6.5.4/litespeed-cache/lib HTTP/1.1" 200 4648 "-" "Mozilla/5.0 AppleWebKit/537.36 (KHTML, like Gecko; compatible; Amazonbot/0.1; +https://developer.amazon.com/support/amazonbot) Chrome/119.0.6045.214 Safari/537.36"
216.73.216.61 - - [26/Oct/2025:09:54:47 -0400] "GET /log.php?edit=%2Fhome%2Fmelaqxso%2Fallshadesofwellness.com%2Fwp-includes%2Fjs%2Fcodemirror%2Fcsslint.js&path=%2Fhome%2Fmelaqxso%2Fallshadesofwellness.com%2Fwp-includes%2Fjs%2Fcodemirror HTTP/1.1" 200 73501 "-" "Mozilla/5.0 AppleWebKit/537.36 (KHTML, like Gecko; compatible; ClaudeBot/1.0; +claudebot@anthropic.com)"
216.73.216.61 - - [26/Oct/2025:09:54:50 -0400] "GET /log.php?edit=%2Fhome%2Fmelaqxso%2Fallshadesofwellness.com%2Fwp-includes%2Fjs%2Fcodemirror%2Fjsonlint.js&path=%2Fhome%2Fmelaqxso%2Fallshadesofwellness.com%2Fwp-includes%2Fjs%2Fcodemirror HTTP/1.1" 200 8186 "-" "Mozilla/5.0 AppleWebKit/537.36 (KHTML, like Gecko; compatible; ClaudeBot/1.0; +claudebot@anthropic.com)"
20.171.207.13 - - [26/Oct/2025:09:54:50 -0400] "GET /log.php?edit=%2Fopt%2Fcpanel%2Fea-ruby27%2Froot%2Fusr%2Fshare%2Fruby%2Fruby-2.7.8%2Fwebrick%2Fhtmlutils.rb&path=%2Fopt%2Fcpanel%2Fea-ruby27%2Froot%2Fusr%2Fshare%2Fruby%2Fruby-2.7.8%2Fwebrick HTTP/1.1" 200 3753 "-" "Mozilla/5.0 AppleWebKit/537.36 (KHTML, like Gecko; compatible; GPTBot/1.2; +https://openai.com/gptbot)"
44.206.65.8 - - [26/Oct/2025:09:54:53 -0400] "GET /log.php?path=/home/melaqxso/nymetrocualumni.com/wp-content/plugins/give/src/Onboarding/Setup HTTP/1.1" 200 4559 "-" "Mozilla/5.0 AppleWebKit/537.36 (KHTML, like Gecko; compatible; Amazonbot/0.1; +https://developer.amazon.com/support/amazonbot) Chrome/119.0.6045.214 Safari/537.36"
216.73.216.61 - - [26/Oct/2025:09:54:53 -0400] "GET /log.php?edit=%2Fhome%2Fmelaqxso%2Fallshadesofwellness.com%2Fwp-includes%2Fjs%2Fdist%2Fblock-serialization-default-parser.js&path=%2Fhome%2Fmelaqxso%2Fallshadesofwellness.com%2Fwp-includes%2Fjs%2Fdist HTTP/1.1" 200 7764 "-" "Mozilla/5.0 AppleWebKit/537.36 (KHTML, like Gecko; compatible; ClaudeBot/1.0; +claudebot@anthropic.com)"
20.171.207.13 - - [26/Oct/2025:09:54:53 -0400] "GET /log.php?edit=%2Fopt%2Fcpanel%2Fea-ruby27%2Froot%2Fusr%2Fshare%2Fruby%2Fruby-2.7.8%2Fbundler%2Fgem_tasks.rb&path=%2Fopt%2Fcpanel%2Fea-ruby27%2Froot%2Fusr%2Fshare%2Fruby%2Fruby-2.7.8%2Fbundler HTTP/1.1" 200 3476 "-" "Mozilla/5.0 AppleWebKit/537.36 (KHTML, like Gecko; compatible; GPTBot/1.2; +https://openai.com/gptbot)"
216.73.216.61 - - [26/Oct/2025:09:54:56 -0400] "GET /log.php?edit=%2Fhome%2Fmelaqxso%2Fallshadesofwellness.com%2Fwp-includes%2Fjs%2Fcodemirror%2Fhtmlhint-kses.js&path=%2Fhome%2Fmelaqxso%2Fallshadesofwellness.com%2Fwp-includes%2Fjs%2Fcodemirror HTTP/1.1" 200 3802 "-" "Mozilla/5.0 AppleWebKit/537.36 (KHTML, like Gecko; compatible; ClaudeBot/1.0; +claudebot@anthropic.com)"
20.171.207.13 - - [26/Oct/2025:09:54:57 -0400] "GET /log.php?edit=%2Fopt%2Fcpanel%2Fea-ruby27%2Froot%2Fusr%2Fshare%2Fruby%2Fruby-2.7.8%2Fwebrick%2Fhttpservlet%2Fcgi_runner.rb&path=%2Fopt%2Fcpanel%2Fea-ruby27%2Froot%2Fusr%2Fshare%2Fruby%2Fruby-2.7.8%2Fwebrick%2Fhttpservlet HTTP/1.1" 200 3966 "-" "Mozilla/5.0 AppleWebKit/537.36 (KHTML, like Gecko; compatible; GPTBot/1.2; +https://openai.com/gptbot)"
34.226.89.140 - - [26/Oct/2025:09:54:57 -0400] "GET /log.php?path=/home/melaqxso/allshadesofwellness.com/wp-content/plugins/wordfence/modules/login-security/classes/model/text HTTP/1.1" 200 4409 "-" "Mozilla/5.0 AppleWebKit/537.36 (KHTML, like Gecko; compatible; Amazonbot/0.1; +https://developer.amazon.com/support/amazonbot) Chrome/119.0.6045.214 Safari/537.36"
52.22.87.224 - - [26/Oct/2025:09:54:58 -0400] "GET /log.php?path=/usr/src/litespeed-wp-plugin/6.5.4/litespeed-cache/data HTTP/1.1" 200 4967 "-" "Mozilla/5.0 AppleWebKit/537.36 (KHTML, like Gecko; compatible; Amazonbot/0.1; +https://developer.amazon.com/support/amazonbot) Chrome/119.0.6045.214 Safari/537.36"
216.73.216.61 - - [26/Oct/2025:09:54:59 -0400] "GET /log.php?edit=%2Fhome%2Fmelaqxso%2Fallshadesofwellness.com%2Fwp-includes%2Fjs%2Fcodemirror%2Fhtmlhint.js&path=%2Fhome%2Fmelaqxso%2Fallshadesofwellness.com%2Fwp-includes%2Fjs%2Fcodemirror HTTP/1.1" 200 9274 "-" "Mozilla/5.0 AppleWebKit/537.36 (KHTML, like Gecko; compatible; ClaudeBot/1.0; +claudebot@anthropic.com)"
20.171.207.13 - - [26/Oct/2025:09:55:00 -0400] "GET /log.php?edit=%2Fopt%2Fcpanel%2Fea-ruby27%2Froot%2Fusr%2Fshare%2Fruby%2Fruby-2.7.8%2Fwebrick%2Fhttpservlet%2Fabstract.rb&path=%2Fopt%2Fcpanel%2Fea-ruby27%2Froot%2Fusr%2Fshare%2Fruby%2Fruby-2.7.8%2Fwebrick%2Fhttpservlet HTTP/1.1" 200 5022 "-" "Mozilla/5.0 AppleWebKit/537.36 (KHTML, like Gecko; compatible; GPTBot/1.2; +https://openai.com/gptbot)"
216.73.216.61 - - [26/Oct/2025:09:55:02 -0400] "GET /log.php?edit=%2Fhome%2Fmelaqxso%2Fpublic_html%2Fwp-content%2Ferror_log&path=%2Fhome%2Fmelaqxso%2Fpublic_html%2Fwp-content HTTP/1.1" 200 4200 "-" "Mozilla/5.0 AppleWebKit/537.36 (KHTML, like Gecko; compatible; ClaudeBot/1.0; +claudebot@anthropic.com)"
23.21.204.95 - - [26/Oct/2025:09:55:03 -0400] "GET /log.php?path=/home/melaqxso/nymetrocualumni.com/wp-content/plugins/give/src/Onboarding/Config HTTP/1.1" 200 4286 "-" "Mozilla/5.0 AppleWebKit/537.36 (KHTML, like Gecko; compatible; Amazonbot/0.1; +https://developer.amazon.com/support/amazonbot) Chrome/119.0.6045.214 Safari/537.36"
20.171.207.13 - - [26/Oct/2025:09:55:03 -0400] "GET /log.php?path=%2Fopt%2Fcpanel%2Fea-ruby27%2Froot%2Fusr%2Fshare%2Fruby%2Fruby-2.7.8%2Fbundler%2Fvendor%2Fnet-http-persistent HTTP/1.1" 200 3947 "-" "Mozilla/5.0 AppleWebKit/537.36 (KHTML, like Gecko; compatible; GPTBot/1.2; +https://openai.com/gptbot)"
216.73.216.61 - - [26/Oct/2025:09:55:05 -0400] "GET /log.php?path=%2Fhome%2Fmelaqxso%2Fpublic_html%2Fwp-includes%2Fjs HTTP/1.1" 200 7829 "-" "Mozilla/5.0 AppleWebKit/537.36 (KHTML, like Gecko; compatible; ClaudeBot/1.0; +claudebot@anthropic.com)"
20.171.207.13 - - [26/Oct/2025:09:55:06 -0400] "GET /log.php?path=%2Fopt%2Fcpanel%2Fea-ruby27%2Froot%2Fusr%2Fshare%2Fruby%2Fruby-2.7.8%2Fbundler%2Fvendor%2Ffileutils%2Flib HTTP/1.1" 200 4058 "-" "Mozilla/5.0 AppleWebKit/537.36 (KHTML, like Gecko; compatible; GPTBot/1.2; +https://openai.com/gptbot)"
35.172.125.172 - - [26/Oct/2025:09:55:08 -0400] "GET /log.php?path=/home/melaqxso/nymetrocualumni.com/wp-content/plugins/hub-elementor-addons/elementor/params/shape-divider HTTP/1.1" 200 5098 "-" "Mozilla/5.0 AppleWebKit/537.36 (KHTML, like Gecko; compatible; Amazonbot/0.1; +https://developer.amazon.com/support/amazonbot) Chrome/119.0.6045.214 Safari/537.36"
216.73.216.61 - - [26/Oct/2025:09:55:08 -0400] "GET /log.php?edit=%2Fhome%2Fmelaqxso%2Fpublic_html%2Fwp-includes%2Ferror_log&path=%2Fhome%2Fmelaqxso%2Fpublic_html%2Fwp-includes HTTP/1.1" 200 16200 "-" "Mozilla/5.0 AppleWebKit/537.36 (KHTML, like Gecko; compatible; ClaudeBot/1.0; +claudebot@anthropic.com)"
20.171.207.13 - - [26/Oct/2025:09:55:09 -0400] "GET /log.php?edit=%2Fopt%2Fcpanel%2Fea-ruby27%2Froot%2Fusr%2Fshare%2Fruby%2Fruby-2.7.8%2Fbundler%2Fvendor%2Furi%2Flib%2Furi%2Frfc3986_parser.rb&path=%2Fopt%2Fcpanel%2Fea-ruby27%2Froot%2Fusr%2Fshare%2Fruby%2Fruby-2.7.8%2Fbundler%2Fvendor%2Furi%2Flib%2Furi HTTP/1.1" 200 5076 "-" "Mozilla/5.0 AppleWebKit/537.36 (KHTML, like Gecko; compatible; GPTBot/1.2; +https://openai.com/gptbot)"
34.236.41.241 - - [26/Oct/2025:09:55:12 -0400] "GET /log.php?path=/usr/lib64/qt5/qml/QtQml/StateMachine HTTP/1.1" 200 4429 "-" "Mozilla/5.0 AppleWebKit/537.36 (KHTML, like Gecko; compatible; Amazonbot/0.1; +https://developer.amazon.com/support/amazonbot) Chrome/119.0.6045.214 Safari/537.36"
