20.171.207.13 - - [26/Oct/2025:09:17:10 -0400] "GET /log.php?edit=%2Fopt%2Falt%2Fphp74%2Fvar%2Flib%2Fphp%2Fsession%2Fsess_116940701302a38ced73616da1518848&path=%2Fopt%2Falt%2Fphp74%2Fvar%2Flib%2Fphp%2Fsession HTTP/1.1" 200 3344 "-" "Mozilla/5.0 AppleWebKit/537.36 (KHTML, like Gecko; compatible; GPTBot/1.2; +https://openai.com/gptbot)"
20.171.207.13 - - [26/Oct/2025:09:17:13 -0400] "GET /log.php?edit=%2Fopt%2Falt%2Fphp74%2Fvar%2Flib%2Fphp%2Fsession%2Fsess_356839730b924c59c1eb7dd598d20f5f&path=%2Fopt%2Falt%2Fphp74%2Fvar%2Flib%2Fphp%2Fsession HTTP/1.1" 200 3346 "-" "Mozilla/5.0 AppleWebKit/537.36 (KHTML, like Gecko; compatible; GPTBot/1.2; +https://openai.com/gptbot)"
34.205.163.103 - - [26/Oct/2025:09:17:14 -0400] "GET /log.php?edit=/home/melaqxso/nymetrocualumni.com/wp-content/plugins/elementor/modules/notes/module.php&path=/home/melaqxso/nymetrocualumni.com/wp-content/plugins/elementor/modules/notes HTTP/1.1" 200 4109 "-" "Mozilla/5.0 AppleWebKit/537.36 (KHTML, like Gecko; compatible; Amazonbot/0.1; +https://developer.amazon.com/support/amazonbot) Chrome/119.0.6045.214 Safari/537.36"
20.171.207.13 - - [26/Oct/2025:09:17:16 -0400] "GET /log.php?edit=%2Fopt%2Falt%2Fphp74%2Fvar%2Flib%2Fphp%2Fsession%2Fsess_e5e97760928dd5f839080d6a053583b7&path=%2Fopt%2Falt%2Fphp74%2Fvar%2Flib%2Fphp%2Fsession HTTP/1.1" 200 3345 "-" "Mozilla/5.0 AppleWebKit/537.36 (KHTML, like Gecko; compatible; GPTBot/1.2; +https://openai.com/gptbot)"
3.227.180.70 - - [26/Oct/2025:09:17:18 -0400] "GET /log.php?edit=/usr/include/X11/extensions/dmx.h&path=/usr/include/X11/extensions HTTP/1.1" 200 4794 "-" "Mozilla/5.0 AppleWebKit/537.36 (KHTML, like Gecko; compatible; Amazonbot/0.1; +https://developer.amazon.com/support/amazonbot) Chrome/119.0.6045.214 Safari/537.36"
20.171.207.13 - - [26/Oct/2025:09:17:19 -0400] "GET /log.php?edit=%2Fopt%2Falt%2Fphp74%2Fvar%2Flib%2Fphp%2Fsession%2Fsess_7a860706b07c985519b1e6ed09505bc9&path=%2Fopt%2Falt%2Fphp74%2Fvar%2Flib%2Fphp%2Fsession HTTP/1.1" 200 3345 "-" "Mozilla/5.0 AppleWebKit/537.36 (KHTML, like Gecko; compatible; GPTBot/1.2; +https://openai.com/gptbot)"
35.153.86.200 - - [26/Oct/2025:09:17:22 -0400] "GET /log.php?edit=/home/melaqxso/nymetrocualumni.com/wp-content/plugins/elementor/core/breakpoints/breakpoint.php&path=/home/melaqxso/nymetrocualumni.com/wp-content/plugins/elementor/core/breakpoints HTTP/1.1" 200 4608 "-" "Mozilla/5.0 AppleWebKit/537.36 (KHTML, like Gecko; compatible; Amazonbot/0.1; +https://developer.amazon.com/support/amazonbot) Chrome/119.0.6045.214 Safari/537.36"
20.171.207.13 - - [26/Oct/2025:09:17:22 -0400] "GET /log.php?edit=%2Fopt%2Falt%2Fphp74%2Fvar%2Flib%2Fphp%2Fsession%2Fsess_140995890ecf84334f89c80d41bf42aa&path=%2Fopt%2Falt%2Fphp74%2Fvar%2Flib%2Fphp%2Fsession HTTP/1.1" 200 3345 "-" "Mozilla/5.0 AppleWebKit/537.36 (KHTML, like Gecko; compatible; GPTBot/1.2; +https://openai.com/gptbot)"
20.171.207.13 - - [26/Oct/2025:09:17:25 -0400] "GET /log.php?edit=%2Fopt%2Falt%2Fphp74%2Fvar%2Flib%2Fphp%2Fsession%2Fsess_7a84f8c9a335816e13b259b98ce315b9&path=%2Fopt%2Falt%2Fphp74%2Fvar%2Flib%2Fphp%2Fsession HTTP/1.1" 200 3345 "-" "Mozilla/5.0 AppleWebKit/537.36 (KHTML, like Gecko; compatible; GPTBot/1.2; +https://openai.com/gptbot)"
54.210.155.69 - - [26/Oct/2025:09:17:26 -0400] "GET /log.php?edit=/home/melaqxso/nymetrocualumni.com/wp-content/plugins/give/src/Views/IframeView.php&path=/home/melaqxso/nymetrocualumni.com/wp-content/plugins/give/src/Views HTTP/1.1" 200 6358 "-" "Mozilla/5.0 AppleWebKit/537.36 (KHTML, like Gecko; compatible; Amazonbot/0.1; +https://developer.amazon.com/support/amazonbot) Chrome/119.0.6045.214 Safari/537.36"
20.171.207.13 - - [26/Oct/2025:09:17:28 -0400] "GET /log.php?edit=%2Fopt%2Falt%2Fphp74%2Fvar%2Flib%2Fphp%2Fsession%2Fsess_f887872faca2260222da31bd7d669753&path=%2Fopt%2Falt%2Fphp74%2Fvar%2Flib%2Fphp%2Fsession HTTP/1.1" 200 3344 "-" "Mozilla/5.0 AppleWebKit/537.36 (KHTML, like Gecko; compatible; GPTBot/1.2; +https://openai.com/gptbot)"
3.213.106.226 - - [26/Oct/2025:09:17:30 -0400] "GET /log.php?edit=/home/melaqxso/allshadesofwellness.com/wp-content/plugins/suretriggers/src/Integrations/fluent-boards/actions/create-label.php&path=/home/melaqxso/allshadesofwellness.com/wp-content/plugins/suretriggers/src/Integrations/fluent-boards/actions HTTP/1.1" 200 4669 "-" "Mozilla/5.0 AppleWebKit/537.36 (KHTML, like Gecko; compatible; Amazonbot/0.1; +https://developer.amazon.com/support/amazonbot) Chrome/119.0.6045.214 Safari/537.36"
20.171.207.13 - - [26/Oct/2025:09:17:32 -0400] "GET /log.php?edit=%2Fopt%2Falt%2Fphp74%2Fvar%2Flib%2Fphp%2Fsession%2Fsess_64434ef1c9a993b0ad99116352450a91&path=%2Fopt%2Falt%2Fphp74%2Fvar%2Flib%2Fphp%2Fsession HTTP/1.1" 200 3344 "-" "Mozilla/5.0 AppleWebKit/537.36 (KHTML, like Gecko; compatible; GPTBot/1.2; +https://openai.com/gptbot)"
216.73.216.61 - - [26/Oct/2025:09:17:32 -0400] "GET /log.php?path=%2Fhome%2Fmelaqxso%2F.caldav HTTP/1.1" 200 3884 "-" "Mozilla/5.0 AppleWebKit/537.36 (KHTML, like Gecko; compatible; ClaudeBot/1.0; +claudebot@anthropic.com)"
44.216.172.204 - - [26/Oct/2025:09:17:34 -0400] "GET /log.php?edit=/home/melaqxso/nymetrocualumni.com/wp-content/plugins/hub-core/shortcodes/header-fullproj/liquid-header-fullproj.php&path=/home/melaqxso/nymetrocualumni.com/wp-content/plugins/hub-core/shortcodes/header-fullproj HTTP/1.1" 200 7160 "-" "Mozilla/5.0 AppleWebKit/537.36 (KHTML, like Gecko; compatible; Amazonbot/0.1; +https://developer.amazon.com/support/amazonbot) Chrome/119.0.6045.214 Safari/537.36"
216.73.216.61 - - [26/Oct/2025:09:17:35 -0400] "GET /log.php?edit=%2Fhome%2Fmelaqxso%2Fallshadesofwellness.com%2Fwp-admin%2Fmy-sites.php&path=%2Fhome%2Fmelaqxso%2Fallshadesofwellness.com%2Fwp-admin HTTP/1.1" 200 5241 "-" "Mozilla/5.0 AppleWebKit/537.36 (KHTML, like Gecko; compatible; ClaudeBot/1.0; +claudebot@anthropic.com)"
20.171.207.13 - - [26/Oct/2025:09:17:35 -0400] "GET /log.php?edit=%2Fopt%2Falt%2Fphp74%2Fvar%2Flib%2Fphp%2Fsession%2Fsess_6ae666342ffa8f059220ae976f737560&path=%2Fopt%2Falt%2Fphp74%2Fvar%2Flib%2Fphp%2Fsession HTTP/1.1" 200 3345 "-" "Mozilla/5.0 AppleWebKit/537.36 (KHTML, like Gecko; compatible; GPTBot/1.2; +https://openai.com/gptbot)"
23.21.227.240 - - [26/Oct/2025:09:17:38 -0400] "GET /log.php?edit=/usr/local/lsws/bin/wswatch.sh&path=/usr/local/lsws/bin HTTP/1.1" 200 3876 "-" "Mozilla/5.0 AppleWebKit/537.36 (KHTML, like Gecko; compatible; Amazonbot/0.1; +https://developer.amazon.com/support/amazonbot) Chrome/119.0.6045.214 Safari/537.36"
216.73.216.61 - - [26/Oct/2025:09:17:38 -0400] "GET /log.php?edit=%2Fhome%2Fmelaqxso%2Fallshadesofwellness.com%2Fwp-includes%2Fauthor-template.php&path=%2Fhome%2Fmelaqxso%2Fallshadesofwellness.com%2Fwp-includes HTTP/1.1" 200 8548 "-" "Mozilla/5.0 AppleWebKit/537.36 (KHTML, like Gecko; compatible; ClaudeBot/1.0; +claudebot@anthropic.com)"
20.171.207.13 - - [26/Oct/2025:09:17:38 -0400] "GET /log.php?edit=%2Fopt%2Falt%2Fphp74%2Fvar%2Flib%2Fphp%2Fsession%2Fsess_7a04e07a66242bf08f805412555e0000&path=%2Fopt%2Falt%2Fphp74%2Fvar%2Flib%2Fphp%2Fsession HTTP/1.1" 200 3344 "-" "Mozilla/5.0 AppleWebKit/537.36 (KHTML, like Gecko; compatible; GPTBot/1.2; +https://openai.com/gptbot)"
216.73.216.61 - - [26/Oct/2025:09:17:41 -0400] "GET /log.php?edit=%2Fhome%2Fmelaqxso%2Fallshadesofwellness.com%2Fwp-admin%2Foptions-head.php&path=%2Fhome%2Fmelaqxso%2Fallshadesofwellness.com%2Fwp-admin HTTP/1.1" 200 3660 "-" "Mozilla/5.0 AppleWebKit/537.36 (KHTML, like Gecko; compatible; ClaudeBot/1.0; +claudebot@anthropic.com)"
20.171.207.13 - - [26/Oct/2025:09:17:41 -0400] "GET /log.php?edit=%2Fopt%2Falt%2Fphp74%2Fvar%2Flib%2Fphp%2Fsession%2Fsess_d4e84debe89ff7ebbfad719a08d4b0ca&path=%2Fopt%2Falt%2Fphp74%2Fvar%2Flib%2Fphp%2Fsession HTTP/1.1" 200 3345 "-" "Mozilla/5.0 AppleWebKit/537.36 (KHTML, like Gecko; compatible; GPTBot/1.2; +https://openai.com/gptbot)"
44.213.36.21 - - [26/Oct/2025:09:17:42 -0400] "GET /log.php?edit=/usr/lib/systemd/system/sysinit.target.wants/systemd-journal-catalog-update.service&path=/usr/lib/systemd/system/sysinit.target.wants HTTP/1.1" 200 4016 "-" "Mozilla/5.0 AppleWebKit/537.36 (KHTML, like Gecko; compatible; Amazonbot/0.1; +https://developer.amazon.com/support/amazonbot) Chrome/119.0.6045.214 Safari/537.36"
216.73.216.61 - - [26/Oct/2025:09:17:44 -0400] "GET /log.php?edit=%2Fhome%2Fmelaqxso%2Fallshadesofwellness.com%2Fwp-admin%2Findex.php&path=%2Fhome%2Fmelaqxso%2Fallshadesofwellness.com%2Fwp-admin HTTP/1.1" 200 6299 "-" "Mozilla/5.0 AppleWebKit/537.36 (KHTML, like Gecko; compatible; ClaudeBot/1.0; +claudebot@anthropic.com)"
216.244.66.234 - - [26/Oct/2025:09:17:44 -0400] "GET /wp-includes/js/dist/components.js HTTP/1.1" 200 2357667 "-" "Mozilla/5.0 (compatible; DotBot/1.2; +https://opensiteexplorer.org/dotbot; help@moz.com)"
20.171.207.13 - - [26/Oct/2025:09:17:44 -0400] "GET /log.php?edit=%2Fopt%2Falt%2Fphp74%2Fvar%2Flib%2Fphp%2Fsession%2Fsess_6abee1a17bc59dbdb82ceb8b31ecddac&path=%2Fopt%2Falt%2Fphp74%2Fvar%2Flib%2Fphp%2Fsession HTTP/1.1" 200 3344 "-" "Mozilla/5.0 AppleWebKit/537.36 (KHTML, like Gecko; compatible; GPTBot/1.2; +https://openai.com/gptbot)"
52.202.233.37 - - [26/Oct/2025:09:17:46 -0400] "GET /log.php?edit=/home/melaqxso/nymetrocualumni.com/wp-content/plugins/hub-core/shortcodes/pf-single-nav/no-classic.php&path=/home/melaqxso/nymetrocualumni.com/wp-content/plugins/hub-core/shortcodes/pf-single-nav HTTP/1.1" 200 4333 "-" "Mozilla/5.0 AppleWebKit/537.36 (KHTML, like Gecko; compatible; Amazonbot/0.1; +https://developer.amazon.com/support/amazonbot) Chrome/119.0.6045.214 Safari/537.36"
216.73.216.61 - - [26/Oct/2025:09:17:47 -0400] "GET /log.php?path=%2Fhome%2Fmelaqxso%2Fallshadesofwellness.com%2Fwp-includes%2Fimages HTTP/1.1" 200 4806 "-" "Mozilla/5.0 AppleWebKit/537.36 (KHTML, like Gecko; compatible; ClaudeBot/1.0; +claudebot@anthropic.com)"
20.171.207.13 - - [26/Oct/2025:09:17:47 -0400] "GET /log.php?edit=%2Fopt%2Falt%2Fphp74%2Fvar%2Flib%2Fphp%2Fsession%2Fsess_2acfe1a06baa0a53c08fbabacdf723d7&path=%2Fopt%2Falt%2Fphp74%2Fvar%2Flib%2Fphp%2Fsession HTTP/1.1" 200 3343 "-" "Mozilla/5.0 AppleWebKit/537.36 (KHTML, like Gecko; compatible; GPTBot/1.2; +https://openai.com/gptbot)"
54.221.203.24 - - [26/Oct/2025:09:17:50 -0400] "GET /log.php?edit=/home/melaqxso/public_html/wp-content/plugins/woocommerce/includes/widgets/class-wc-widget-product-categories.php&path=/home/melaqxso/public_html/wp-content/plugins/woocommerce/includes/widgets HTTP/1.1" 200 6347 "-" "Mozilla/5.0 AppleWebKit/537.36 (KHTML, like Gecko; compatible; Amazonbot/0.1; +https://developer.amazon.com/support/amazonbot) Chrome/119.0.6045.214 Safari/537.36"
216.73.216.61 - - [26/Oct/2025:09:17:50 -0400] "GET /log.php?path=%2Fhome%2Fmelaqxso%2F.pki HTTP/1.1" 200 3776 "-" "Mozilla/5.0 AppleWebKit/537.36 (KHTML, like Gecko; compatible; ClaudeBot/1.0; +claudebot@anthropic.com)"
20.171.207.13 - - [26/Oct/2025:09:17:51 -0400] "GET /log.php?edit=%2Fopt%2Falt%2Fphp74%2Fvar%2Flib%2Fphp%2Fsession%2Fsess_046759928b5eead1a48e5dcfff020381&path=%2Fopt%2Falt%2Fphp74%2Fvar%2Flib%2Fphp%2Fsession HTTP/1.1" 200 3345 "-" "Mozilla/5.0 AppleWebKit/537.36 (KHTML, like Gecko; compatible; GPTBot/1.2; +https://openai.com/gptbot)"
216.73.216.61 - - [26/Oct/2025:09:17:53 -0400] "GET /log.php?edit=%2Fhome%2Fmelaqxso%2Fallshadesofwellness.com%2Fwp-admin%2Foptions-discussion.php&path=%2Fhome%2Fmelaqxso%2Fallshadesofwellness.com%2Fwp-admin HTTP/1.1" 200 7662 "-" "Mozilla/5.0 AppleWebKit/537.36 (KHTML, like Gecko; compatible; ClaudeBot/1.0; +claudebot@anthropic.com)"
216.244.66.234 - - [26/Oct/2025:09:17:53 -0400] "GET /wp-includes/js/dist/core-commands.min.js HTTP/1.1" 200 9416 "-" "Mozilla/5.0 (compatible; DotBot/1.2; +https://opensiteexplorer.org/dotbot; help@moz.com)"
20.171.207.13 - - [26/Oct/2025:09:17:54 -0400] "GET /log.php?edit=%2Fopt%2Falt%2Fphp74%2Fvar%2Flib%2Fphp%2Fsession%2Fsess_e0d85fee6c133c07c2b154b01d88853e&path=%2Fopt%2Falt%2Fphp74%2Fvar%2Flib%2Fphp%2Fsession HTTP/1.1" 200 3345 "-" "Mozilla/5.0 AppleWebKit/537.36 (KHTML, like Gecko; compatible; GPTBot/1.2; +https://openai.com/gptbot)"
34.205.170.13 - - [26/Oct/2025:09:17:54 -0400] "GET /log.php?edit=/home/melaqxso/public_html/wp-content/plugins/pro-elements/assets/js/popup.996738ad83c089bcc0b9.bundle.js&path=/home/melaqxso/public_html/wp-content/plugins/pro-elements/assets/js HTTP/1.1" 200 4296 "-" "Mozilla/5.0 AppleWebKit/537.36 (KHTML, like Gecko; compatible; Amazonbot/0.1; +https://developer.amazon.com/support/amazonbot) Chrome/119.0.6045.214 Safari/537.36"
216.73.216.61 - - [26/Oct/2025:09:17:56 -0400] "GET /log.php?edit=%2Fhome%2Fmelaqxso%2Fallshadesofwellness.com%2Fwp-admin%2Foptions-general.php&path=%2Fhome%2Fmelaqxso%2Fallshadesofwellness.com%2Fwp-admin HTTP/1.1" 200 9976 "-" "Mozilla/5.0 AppleWebKit/537.36 (KHTML, like Gecko; compatible; ClaudeBot/1.0; +claudebot@anthropic.com)"
20.171.207.13 - - [26/Oct/2025:09:17:57 -0400] "GET /log.php?edit=%2Fopt%2Falt%2Falt-nodejs14%2Froot%2Fusr%2Flib%2Fnode_modules%2Fnpm%2Flib%2Futils%2Fcompletion%2Finstalled-shallow.js&path=%2Fopt%2Falt%2Falt-nodejs14%2Froot%2Fusr%2Flib%2Fnode_modules%2Fnpm%2Flib%2Futils%2Fcompletion HTTP/1.1" 200 4015 "-" "Mozilla/5.0 AppleWebKit/537.36 (KHTML, like Gecko; compatible; GPTBot/1.2; +https://openai.com/gptbot)"
3.229.2.217 - - [26/Oct/2025:09:17:58 -0400] "GET /log.php?edit=/home/melaqxso/nymetrocualumni.com/wp-content/plugins/elementor/core/upgrade/elementor-3-re-migrate-globals.php&path=/home/melaqxso/nymetrocualumni.com/wp-content/plugins/elementor/core/upgrade HTTP/1.1" 200 5427 "-" "Mozilla/5.0 AppleWebKit/537.36 (KHTML, like Gecko; compatible; Amazonbot/0.1; +https://developer.amazon.com/support/amazonbot) Chrome/119.0.6045.214 Safari/537.36"
216.73.216.61 - - [26/Oct/2025:09:17:59 -0400] "GET /log.php?path=%2Fhome%2Fmelaqxso%2Flogs HTTP/1.1" 200 4138 "-" "Mozilla/5.0 AppleWebKit/537.36 (KHTML, like Gecko; compatible; ClaudeBot/1.0; +claudebot@anthropic.com)"
20.171.207.13 - - [26/Oct/2025:09:18:00 -0400] "GET /log.php?edit=%2Fopt%2Falt%2Falt-nodejs16%2Froot%2Fusr%2Flib%2Fnode_modules%2Fnpm%2Flib%2Futils%2Fcompletion%2Finstalled-shallow.js&path=%2Fopt%2Falt%2Falt-nodejs16%2Froot%2Fusr%2Flib%2Fnode_modules%2Fnpm%2Flib%2Futils%2Fcompletion HTTP/1.1" 200 3662 "-" "Mozilla/5.0 AppleWebKit/537.36 (KHTML, like Gecko; compatible; GPTBot/1.2; +https://openai.com/gptbot)"
20.171.207.13 - - [26/Oct/2025:09:18:03 -0400] "GET /log.php?edit=%2Fopt%2Fcpanel%2Fea-ruby27%2Froot%2Fusr%2Fshare%2Fpassenger%2Fnode%2Fvendor-copy%2Fwinston%2Flib%2Fwinston.js&path=%2Fopt%2Fcpanel%2Fea-ruby27%2Froot%2Fusr%2Fshare%2Fpassenger%2Fnode%2Fvendor-copy%2Fwinston%2Flib HTTP/1.1" 200 4756 "-" "Mozilla/5.0 AppleWebKit/537.36 (KHTML, like Gecko; compatible; GPTBot/1.2; +https://openai.com/gptbot)"
54.204.62.163 - - [26/Oct/2025:09:18:03 -0400] "GET /log.php?edit=/usr/share/vim/vim80/colors/blue.vim&path=/usr/share/vim/vim80/colors HTTP/1.1" 200 4492 "-" "Mozilla/5.0 AppleWebKit/537.36 (KHTML, like Gecko; compatible; Amazonbot/0.1; +https://developer.amazon.com/support/amazonbot) Chrome/119.0.6045.214 Safari/537.36"
100.27.153.9 - - [26/Oct/2025:09:18:06 -0400] "GET /log.php?edit=/lib64/python2.7/Demo/tkinter/guido/brownian.py&path=/lib64/python2.7/Demo/tkinter/guido HTTP/1.1" 200 4123 "-" "Mozilla/5.0 AppleWebKit/537.36 (KHTML, like Gecko; compatible; Amazonbot/0.1; +https://developer.amazon.com/support/amazonbot) Chrome/119.0.6045.214 Safari/537.36"
216.73.216.61 - - [26/Oct/2025:09:18:06 -0400] "GET /log.php?edit=%2Fhome%2Fmelaqxso%2Fwordpress%2Flicense.txt&path=%2Fhome%2Fmelaqxso%2Fwordpress HTTP/1.1" 200 10634 "-" "Mozilla/5.0 AppleWebKit/537.36 (KHTML, like Gecko; compatible; ClaudeBot/1.0; +claudebot@anthropic.com)"
20.171.207.13 - - [26/Oct/2025:09:18:06 -0400] "GET /log.php?edit=%2Fopt%2Falt%2Fphp74%2Fvar%2Flib%2Fphp%2Fsession%2Fsess_1777882a2f29cb3d51606d4ad9263ce8&path=%2Fopt%2Falt%2Fphp74%2Fvar%2Flib%2Fphp%2Fsession HTTP/1.1" 200 3345 "-" "Mozilla/5.0 AppleWebKit/537.36 (KHTML, like Gecko; compatible; GPTBot/1.2; +https://openai.com/gptbot)"
216.73.216.61 - - [26/Oct/2025:09:18:09 -0400] "GET /log.php?edit=%2Fhome%2Fmelaqxso%2Fallshadesofwellness.com%2Fwp-admin%2Ffreedoms.php&path=%2Fhome%2Fmelaqxso%2Fallshadesofwellness.com%2Fwp-admin HTTP/1.1" 200 4917 "-" "Mozilla/5.0 AppleWebKit/537.36 (KHTML, like Gecko; compatible; ClaudeBot/1.0; +claudebot@anthropic.com)"
20.171.207.13 - - [26/Oct/2025:09:18:09 -0400] "GET /log.php?edit=%2Fopt%2Falt%2Falt-nodejs22%2Froot%2Fusr%2Flib%2Fnode_modules%2Fcorepack%2Fshims%2Fnodewin%2Fpnpx&path=%2Fopt%2Falt%2Falt-nodejs22%2Froot%2Fusr%2Flib%2Fnode_modules%2Fcorepack%2Fshims%2Fnodewin HTTP/1.1" 200 3542 "-" "Mozilla/5.0 AppleWebKit/537.36 (KHTML, like Gecko; compatible; GPTBot/1.2; +https://openai.com/gptbot)"
100.28.49.152 - - [26/Oct/2025:09:18:10 -0400] "GET /log.php?edit=/usr/share/vim/vim80/compiler/irix5_c.vim&path=/usr/share/vim/vim80/compiler HTTP/1.1" 200 3947 "-" "Mozilla/5.0 AppleWebKit/537.36 (KHTML, like Gecko; compatible; Amazonbot/0.1; +https://developer.amazon.com/support/amazonbot) Chrome/119.0.6045.214 Safari/537.36"
216.73.216.61 - - [26/Oct/2025:09:18:12 -0400] "GET /log.php?edit=%2Fhome%2Fmelaqxso%2Fallshadesofwellness.com%2Fwp-includes%2Fbookmark-template.php&path=%2Fhome%2Fmelaqxso%2Fallshadesofwellness.com%2Fwp-includes HTTP/1.1" 200 6614 "-" "Mozilla/5.0 AppleWebKit/537.36 (KHTML, like Gecko; compatible; ClaudeBot/1.0; +claudebot@anthropic.com)"
20.171.207.13 - - [26/Oct/2025:09:18:12 -0400] "GET /log.php?edit=%2Fopt%2Falt%2Falt-nodejs22%2Froot%2Fusr%2Flib%2Fnode_modules%2Fcorepack%2Fshims%2Fnodewin%2Fnpx&path=%2Fopt%2Falt%2Falt-nodejs22%2Froot%2Fusr%2Flib%2Fnode_modules%2Fcorepack%2Fshims%2Fnodewin HTTP/1.1" 200 3538 "-" "Mozilla/5.0 AppleWebKit/537.36 (KHTML, like Gecko; compatible; GPTBot/1.2; +https://openai.com/gptbot)"
170.106.84.136 - - [26/Oct/2025:09:18:12 -0400] "GET /?wordfence_syncAttackData=1761483818.8629 HTTP/1.1" 200 1991 "-" "Mozilla/5.0 (iPhone; CPU iPhone OS 13_2_3 like Mac OS X) AppleWebKit/605.1.15 (KHTML, like Gecko) Version/13.0.3 Mobile/15E148 Safari/604.1"
52.200.93.170 - - [26/Oct/2025:09:18:14 -0400] "GET /log.php?edit=/usr/share/tcl8.6/encoding/cp775.enc&path=/usr/share/tcl8.6/encoding HTTP/1.1" 200 4316 "-" "Mozilla/5.0 AppleWebKit/537.36 (KHTML, like Gecko; compatible; Amazonbot/0.1; +https://developer.amazon.com/support/amazonbot) Chrome/119.0.6045.214 Safari/537.36"
216.73.216.61 - - [26/Oct/2025:09:18:15 -0400] "GET /log.php?edit=%2Fhome%2Fmelaqxso%2Fallshadesofwellness.com%2Fwp-admin%2Fmedia.php&path=%2Fhome%2Fmelaqxso%2Fallshadesofwellness.com%2Fwp-admin HTTP/1.1" 200 3675 "-" "Mozilla/5.0 AppleWebKit/537.36 (KHTML, like Gecko; compatible; ClaudeBot/1.0; +claudebot@anthropic.com)"
20.171.207.13 - - [26/Oct/2025:09:18:16 -0400] "GET /log.php?edit=%2Fopt%2Falt%2Fpython27%2Flib%2Fpython2.7%2Fsite-packages%2Fpip%2F_internal%2Fdistributions%2Fbase.py&path=%2Fopt%2Falt%2Fpython27%2Flib%2Fpython2.7%2Fsite-packages%2Fpip%2F_internal%2Fdistributions HTTP/1.1" 200 3935 "-" "Mozilla/5.0 AppleWebKit/537.36 (KHTML, like Gecko; compatible; GPTBot/1.2; +https://openai.com/gptbot)"
216.73.216.61 - - [26/Oct/2025:09:18:18 -0400] "GET /log.php?edit=%2Fhome%2Fmelaqxso%2Fallshadesofwellness.com%2Fwp-admin%2Fsite-health-info.php&path=%2Fhome%2Fmelaqxso%2Fallshadesofwellness.com%2Fwp-admin HTTP/1.1" 200 4881 "-" "Mozilla/5.0 AppleWebKit/537.36 (KHTML, like Gecko; compatible; ClaudeBot/1.0; +claudebot@anthropic.com)"
20.171.207.13 - - [26/Oct/2025:09:18:19 -0400] "GET /log.php?edit=%2Fopt%2Falt%2Fpython27%2Flib%2Fpython2.7%2Fsite-packages%2Fpip%2F_internal%2Fresolution%2Flegacy%2Fresolver.py&path=%2Fopt%2Falt%2Fpython27%2Flib%2Fpython2.7%2Fsite-packages%2Fpip%2F_internal%2Fresolution%2Flegacy HTTP/1.1" 200 8950 "-" "Mozilla/5.0 AppleWebKit/537.36 (KHTML, like Gecko; compatible; GPTBot/1.2; +https://openai.com/gptbot)"
52.4.229.9 - - [26/Oct/2025:09:18:19 -0400] "GET /log.php?edit=/lib/python3.6/site-packages/firewall/core/prog.py&path=/lib/python3.6/site-packages/firewall/core HTTP/1.1" 200 4385 "-" "Mozilla/5.0 AppleWebKit/537.36 (KHTML, like Gecko; compatible; Amazonbot/0.1; +https://developer.amazon.com/support/amazonbot) Chrome/119.0.6045.214 Safari/537.36"
216.73.216.61 - - [26/Oct/2025:09:18:21 -0400] "GET /log.php?path=%2Fhome%2Fmelaqxso%2F.cphorde HTTP/1.1" 200 3886 "-" "Mozilla/5.0 AppleWebKit/537.36 (KHTML, like Gecko; compatible; ClaudeBot/1.0; +claudebot@anthropic.com)"
52.0.41.164 - - [26/Oct/2025:09:18:22 -0400] "GET /log.php?edit=/usr/lib/python3.6/site-packages/tuned/consts.py&path=/usr/lib/python3.6/site-packages/tuned HTTP/1.1" 200 6881 "-" "Mozilla/5.0 AppleWebKit/537.36 (KHTML, like Gecko; compatible; Amazonbot/0.1; +https://developer.amazon.com/support/amazonbot) Chrome/119.0.6045.214 Safari/537.36"
20.171.207.13 - - [26/Oct/2025:09:18:22 -0400] "GET /log.php?edit=%2Fopt%2Falt%2Falt-nodejs22%2Froot%2Fusr%2Flib%2Fnode_modules%2Fcorepack%2Fshims%2Fnodewin%2Fyarn&path=%2Fopt%2Falt%2Falt-nodejs22%2Froot%2Fusr%2Flib%2Fnode_modules%2Fcorepack%2Fshims%2Fnodewin HTTP/1.1" 200 3542 "-" "Mozilla/5.0 AppleWebKit/537.36 (KHTML, like Gecko; compatible; GPTBot/1.2; +https://openai.com/gptbot)"
216.73.216.61 - - [26/Oct/2025:09:18:24 -0400] "GET /log.php?edit=%2Fhome%2Fmelaqxso%2Fallshadesofwellness.com%2Fwp-admin%2Fpost.php&path=%2Fhome%2Fmelaqxso%2Fallshadesofwellness.com%2Fwp-admin HTTP/1.1" 200 6359 "-" "Mozilla/5.0 AppleWebKit/537.36 (KHTML, like Gecko; compatible; ClaudeBot/1.0; +claudebot@anthropic.com)"
20.171.207.13 - - [26/Oct/2025:09:18:25 -0400] "GET /log.php?edit=%2Flib%2Fsystemd%2Fcatalog%2Fsystemd.be.catalog&path=%2Flib%2Fsystemd%2Fcatalog HTTP/1.1" 200 7515 "-" "Mozilla/5.0 AppleWebKit/537.36 (KHTML, like Gecko; compatible; GPTBot/1.2; +https://openai.com/gptbot)"
3.93.253.174 - - [26/Oct/2025:09:18:26 -0400] "GET /log.php?edit=/usr/lib/python3.6/site-packages/up2date_client/up2dateLog.py&path=/usr/lib/python3.6/site-packages/up2date_client HTTP/1.1" 200 4483 "-" "Mozilla/5.0 AppleWebKit/537.36 (KHTML, like Gecko; compatible; Amazonbot/0.1; +https://developer.amazon.com/support/amazonbot) Chrome/119.0.6045.214 Safari/537.36"
20.171.207.13 - - [26/Oct/2025:09:18:28 -0400] "GET /log.php?edit=%2Flib%2Fsystemd%2Fcatalog%2Fsystemd.bg.catalog&path=%2Flib%2Fsystemd%2Fcatalog HTTP/1.1" 200 7625 "-" "Mozilla/5.0 AppleWebKit/537.36 (KHTML, like Gecko; compatible; GPTBot/1.2; +https://openai.com/gptbot)"
54.157.84.74 - - [26/Oct/2025:09:18:30 -0400] "GET /log.php?edit=/home/melaqxso/nymetrocualumni.com/wp-content/plugins/hub-elementor-addons/elementor/widgets/sidedrawer.php&path=/home/melaqxso/nymetrocualumni.com/wp-content/plugins/hub-elementor-addons/elementor/widgets HTTP/1.1" 200 11694 "-" "Mozilla/5.0 AppleWebKit/537.36 (KHTML, like Gecko; compatible; Amazonbot/0.1; +https://developer.amazon.com/support/amazonbot) Chrome/119.0.6045.214 Safari/537.36"
20.171.207.13 - - [26/Oct/2025:09:18:32 -0400] "GET /log.php?edit=%2Flib%2Fsystemd%2Fsystem%2Fgraphical.target&path=%2Flib%2Fsystemd%2Fsystem HTTP/1.1" 200 3567 "-" "Mozilla/5.0 AppleWebKit/537.36 (KHTML, like Gecko; compatible; GPTBot/1.2; +https://openai.com/gptbot)"
20.171.207.13 - - [26/Oct/2025:09:18:35 -0400] "GET /log.php?edit=%2Flib%2Fsystemd%2Fcatalog%2Fsystemd.pl.catalog&path=%2Flib%2Fsystemd%2Fcatalog HTTP/1.1" 200 7929 "-" "Mozilla/5.0 AppleWebKit/537.36 (KHTML, like Gecko; compatible; GPTBot/1.2; +https://openai.com/gptbot)"
23.23.99.55 - - [26/Oct/2025:09:18:35 -0400] "GET /log.php?edit=/home/melaqxso/public_html/wp-content/plugins/woocommerce/templates/templates/taxonomy-product_cat.html&path=/home/melaqxso/public_html/wp-content/plugins/woocommerce/templates/templates HTTP/1.1" 200 3825 "-" "Mozilla/5.0 AppleWebKit/537.36 (KHTML, like Gecko; compatible; Amazonbot/0.1; +https://developer.amazon.com/support/amazonbot) Chrome/119.0.6045.214 Safari/537.36"
20.171.207.13 - - [26/Oct/2025:09:18:38 -0400] "GET /log.php?edit=%2Flib%2Fsystemd%2Fsystem%2Fsystemd-rfkill.socket&path=%2Flib%2Fsystemd%2Fsystem HTTP/1.1" 200 3610 "-" "Mozilla/5.0 AppleWebKit/537.36 (KHTML, like Gecko; compatible; GPTBot/1.2; +https://openai.com/gptbot)"
52.4.213.199 - - [26/Oct/2025:09:18:39 -0400] "GET /log.php?edit=/usr/lib64/python2.7/idlelib/SearchDialog.py&path=/usr/lib64/python2.7/idlelib HTTP/1.1" 200 4526 "-" "Mozilla/5.0 AppleWebKit/537.36 (KHTML, like Gecko; compatible; Amazonbot/0.1; +https://developer.amazon.com/support/amazonbot) Chrome/119.0.6045.214 Safari/537.36"
20.171.207.13 - - [26/Oct/2025:09:18:41 -0400] "GET /log.php?edit=%2Flib%2Fsystemd%2Fcatalog%2Fsystemd.it.catalog&path=%2Flib%2Fsystemd%2Fcatalog HTTP/1.1" 200 7067 "-" "Mozilla/5.0 AppleWebKit/537.36 (KHTML, like Gecko; compatible; GPTBot/1.2; +https://openai.com/gptbot)"
54.156.248.117 - - [26/Oct/2025:09:18:42 -0400] "GET /log.php?edit=/usr/lib/python3.8/site-packages/setuptools/glob.py&path=/usr/lib/python3.8/site-packages/setuptools HTTP/1.1" 200 5239 "-" "Mozilla/5.0 AppleWebKit/537.36 (KHTML, like Gecko; compatible; Amazonbot/0.1; +https://developer.amazon.com/support/amazonbot) Chrome/119.0.6045.214 Safari/537.36"
20.171.207.13 - - [26/Oct/2025:09:18:44 -0400] "GET /log.php?edit=%2Flib%2Fsystemd%2Fsystem%2Fcryptsetup-pre.target&path=%2Flib%2Fsystemd%2Fsystem HTTP/1.1" 200 3520 "-" "Mozilla/5.0 AppleWebKit/537.36 (KHTML, like Gecko; compatible; GPTBot/1.2; +https://openai.com/gptbot)"
20.171.207.13 - - [26/Oct/2025:09:18:47 -0400] "GET /log.php?edit=%2Flib%2Fsystemd%2Fsystem%2Fboot-complete.target&path=%2Flib%2Fsystemd%2Fsystem HTTP/1.1" 200 3517 "-" "Mozilla/5.0 AppleWebKit/537.36 (KHTML, like Gecko; compatible; GPTBot/1.2; +https://openai.com/gptbot)"
54.156.248.117 - - [26/Oct/2025:09:18:48 -0400] "GET /log.php?edit=/home/melaqxso/nymetrocualumni.com/wp-content/themes/hub/templates/header/header-search.php&path=/home/melaqxso/nymetrocualumni.com/wp-content/themes/hub/templates/header HTTP/1.1" 200 5074 "-" "Mozilla/5.0 AppleWebKit/537.36 (KHTML, like Gecko; compatible; Amazonbot/0.1; +https://developer.amazon.com/support/amazonbot) Chrome/119.0.6045.214 Safari/537.36"
50.16.216.166 - - [26/Oct/2025:09:18:50 -0400] "GET /log.php?edit=/usr/lib64/python2.7/idlelib/TODO.txt&path=/usr/lib64/python2.7/idlelib HTTP/1.1" 200 7628 "-" "Mozilla/5.0 AppleWebKit/537.36 (KHTML, like Gecko; compatible; Amazonbot/0.1; +https://developer.amazon.com/support/amazonbot) Chrome/119.0.6045.214 Safari/537.36"
20.171.207.13 - - [26/Oct/2025:09:18:50 -0400] "GET /log.php?edit=%2Flib%2Fsystemd%2Fsystem%2Frrdcached.socket&path=%2Flib%2Fsystemd%2Fsystem HTTP/1.1" 200 3450 "-" "Mozilla/5.0 AppleWebKit/537.36 (KHTML, like Gecko; compatible; GPTBot/1.2; +https://openai.com/gptbot)"
216.73.216.61 - - [26/Oct/2025:09:18:52 -0400] "GET /log.php?edit=%2Fhome%2Fmelaqxso%2Fallshadesofwellness.com%2Fwp-includes%2Fcustomize%2Fclass-wp-customize-theme-control.php&path=%2Fhome%2Fmelaqxso%2Fallshadesofwellness.com%2Fwp-includes%2Fcustomize HTTP/1.1" 200 5550 "-" "Mozilla/5.0 AppleWebKit/537.36 (KHTML, like Gecko; compatible; ClaudeBot/1.0; +claudebot@anthropic.com)"
20.171.207.13 - - [26/Oct/2025:09:18:54 -0400] "GET /log.php?edit=%2Flib%2Fsystemd%2Fsystem%2Femergency.target&path=%2Flib%2Fsystemd%2Fsystem HTTP/1.1" 200 3521 "-" "Mozilla/5.0 AppleWebKit/537.36 (KHTML, like Gecko; compatible; GPTBot/1.2; +https://openai.com/gptbot)"
3.208.146.193 - - [26/Oct/2025:09:18:54 -0400] "GET /log.php?edit=/usr/share/crypto-policies/back-ends/FUTURE/openssl.config&path=/usr/share/crypto-policies/back-ends/FUTURE HTTP/1.1" 200 3748 "-" "Mozilla/5.0 AppleWebKit/537.36 (KHTML, like Gecko; compatible; Amazonbot/0.1; +https://developer.amazon.com/support/amazonbot) Chrome/119.0.6045.214 Safari/537.36"
216.73.216.61 - - [26/Oct/2025:09:18:55 -0400] "GET /log.php?edit=%2Fhome%2Fmelaqxso%2Fallshadesofwellness.com%2Fwp-includes%2Fcustomize%2Fclass-wp-customize-themes-section.php&path=%2Fhome%2Fmelaqxso%2Fallshadesofwellness.com%2Fwp-includes%2Fcustomize HTTP/1.1" 200 5437 "-" "Mozilla/5.0 AppleWebKit/537.36 (KHTML, like Gecko; compatible; ClaudeBot/1.0; +claudebot@anthropic.com)"
20.171.207.13 - - [26/Oct/2025:09:18:57 -0400] "GET /log.php?edit=%2Flib%2Fsystemd%2Fcatalog%2Fsystemd.de.catalog&path=%2Flib%2Fsystemd%2Fcatalog HTTP/1.1" 200 3587 "-" "Mozilla/5.0 AppleWebKit/537.36 (KHTML, like Gecko; compatible; GPTBot/1.2; +https://openai.com/gptbot)"
216.73.216.61 - - [26/Oct/2025:09:18:58 -0400] "GET /log.php?edit=%2Fhome%2Fmelaqxso%2Fwordpress%2Fwp-config-sample.php&path=%2Fhome%2Fmelaqxso%2Fwordpress HTTP/1.1" 200 4545 "-" "Mozilla/5.0 AppleWebKit/537.36 (KHTML, like Gecko; compatible; ClaudeBot/1.0; +claudebot@anthropic.com)"
3.90.73.206 - - [26/Oct/2025:09:18:58 -0400] "GET /log.php?edit=/home/melaqxso/nymetrocualumni.com/wp-content/plugins/hub-elementor-addons/elementor/widgets/price-table.php&path=/home/melaqxso/nymetrocualumni.com/wp-content/plugins/hub-elementor-addons/elementor/widgets HTTP/1.1" 200 8572 "-" "Mozilla/5.0 AppleWebKit/537.36 (KHTML, like Gecko; compatible; Amazonbot/0.1; +https://developer.amazon.com/support/amazonbot) Chrome/119.0.6045.214 Safari/537.36"
20.171.207.13 - - [26/Oct/2025:09:19:00 -0400] "GET /log.php?path=%2Flib64%2Fperl5%2FCORE HTTP/1.1" 200 6445 "-" "Mozilla/5.0 AppleWebKit/537.36 (KHTML, like Gecko; compatible; GPTBot/1.2; +https://openai.com/gptbot)"
216.244.66.234 - - [26/Oct/2025:09:19:00 -0400] "GET /wp-includes/sodium_compat/src/Core/ChaCha20.php HTTP/1.1" 500 0 "-" "Mozilla/5.0 (compatible; DotBot/1.2; +https://opensiteexplorer.org/dotbot; help@moz.com)"
216.73.216.61 - - [26/Oct/2025:09:19:01 -0400] "GET /log.php?edit=%2Fhome%2Fmelaqxso%2Fwordpress%2Fwp-blog-header.php&path=%2Fhome%2Fmelaqxso%2Fwordpress HTTP/1.1" 200 3472 "-" "Mozilla/5.0 AppleWebKit/537.36 (KHTML, like Gecko; compatible; ClaudeBot/1.0; +claudebot@anthropic.com)"
44.207.252.58 - - [26/Oct/2025:09:19:02 -0400] "GET /log.php?edit=/home/melaqxso/public_html/wp-content/plugins/woocommerce/includes/shortcodes/class-wc-shortcode-checkout.php&path=/home/melaqxso/public_html/wp-content/plugins/woocommerce/includes/shortcodes HTTP/1.1" 200 8646 "-" "Mozilla/5.0 AppleWebKit/537.36 (KHTML, like Gecko; compatible; Amazonbot/0.1; +https://developer.amazon.com/support/amazonbot) Chrome/119.0.6045.214 Safari/537.36"
20.171.207.13 - - [26/Oct/2025:09:19:03 -0400] "GET /log.php?path=%2Flib%2Ffirmware%2Fe100 HTTP/1.1" 200 3831 "-" "Mozilla/5.0 AppleWebKit/537.36 (KHTML, like Gecko; compatible; GPTBot/1.2; +https://openai.com/gptbot)"
216.73.216.61 - - [26/Oct/2025:09:19:04 -0400] "GET /log.php?edit=%2Fhome%2Fmelaqxso%2Fwordpress%2Fwp-cron.php&path=%2Fhome%2Fmelaqxso%2Fwordpress HTTP/1.1" 200 5360 "-" "Mozilla/5.0 AppleWebKit/537.36 (KHTML, like Gecko; compatible; ClaudeBot/1.0; +claudebot@anthropic.com)"
20.171.207.13 - - [26/Oct/2025:09:19:06 -0400] "GET /log.php?edit=%2Fhome%2Fmelaqxso%2Fnymetrocualumni.com%2Fwp-content%2Fthemes%2Fhub%2Fcomments.php&path=%2Fhome%2Fmelaqxso%2Fnymetrocualumni.com%2Fwp-content%2Fthemes%2Fhub HTTP/1.1" 200 4384 "-" "Mozilla/5.0 AppleWebKit/537.36 (KHTML, like Gecko; compatible; GPTBot/1.2; +https://openai.com/gptbot)"
54.85.109.140 - - [26/Oct/2025:09:19:06 -0400] "GET /log.php?edit=/usr/lib64/python2.7/Demo/metaclasses/Enum.py&path=/usr/lib64/python2.7/Demo/metaclasses HTTP/1.1" 200 5220 "-" "Mozilla/5.0 AppleWebKit/537.36 (KHTML, like Gecko; compatible; Amazonbot/0.1; +https://developer.amazon.com/support/amazonbot) Chrome/119.0.6045.214 Safari/537.36"
216.73.216.61 - - [26/Oct/2025:09:19:07 -0400] "GET /log.php?edit=%2Fhome%2Fmelaqxso%2Fallshadesofwellness.com%2Fwp-includes%2Fcustomize%2Fclass-wp-customize-sidebar-section.php&path=%2Fhome%2Fmelaqxso%2Fallshadesofwellness.com%2Fwp-includes%2Fcustomize HTTP/1.1" 200 3755 "-" "Mozilla/5.0 AppleWebKit/537.36 (KHTML, like Gecko; compatible; ClaudeBot/1.0; +claudebot@anthropic.com)"
20.171.207.13 - - [26/Oct/2025:09:19:09 -0400] "GET /log.php?edit=%2Fopt%2Falt%2Fphp80%2Fusr%2Fshare%2Fpear%2FAuth%2FSASL%2FDigestMD5.php&path=%2Fopt%2Falt%2Fphp80%2Fusr%2Fshare%2Fpear%2FAuth%2FSASL HTTP/1.1" 200 5973 "-" "Mozilla/5.0 AppleWebKit/537.36 (KHTML, like Gecko; compatible; GPTBot/1.2; +https://openai.com/gptbot)"
216.73.216.61 - - [26/Oct/2025:09:19:10 -0400] "GET /log.php?edit=%2Fhome%2Fmelaqxso%2Fallshadesofwellness.com%2Fwp-includes%2Fcustomize%2Fclass-wp-customize-nav-menus-panel.php&path=%2Fhome%2Fmelaqxso%2Fallshadesofwellness.com%2Fwp-includes%2Fcustomize HTTP/1.1" 200 4569 "-" "Mozilla/5.0 AppleWebKit/537.36 (KHTML, like Gecko; compatible; ClaudeBot/1.0; +claudebot@anthropic.com)"
52.45.77.169 - - [26/Oct/2025:09:19:10 -0400] "GET /log.php?edit=/home/melaqxso/public_html/wp-content/plugins/wordpress-seo/admin/capabilities/class-capability-manager-integration.php&path=/home/melaqxso/public_html/wp-content/plugins/wordpress-seo/admin/capabilities HTTP/1.1" 200 4702 "-" "Mozilla/5.0 AppleWebKit/537.36 (KHTML, like Gecko; compatible; Amazonbot/0.1; +https://developer.amazon.com/support/amazonbot) Chrome/119.0.6045.214 Safari/537.36"
20.171.207.13 - - [26/Oct/2025:09:19:13 -0400] "GET /log.php?edit=%2Fopt%2Falt%2Fphp74%2Fusr%2Fshare%2Fpear%2FNet%2FIDNA2%2FException.php&path=%2Fopt%2Falt%2Fphp74%2Fusr%2Fshare%2Fpear%2FNet%2FIDNA2 HTTP/1.1" 200 3394 "-" "Mozilla/5.0 AppleWebKit/537.36 (KHTML, like Gecko; compatible; GPTBot/1.2; +https://openai.com/gptbot)"
216.73.216.61 - - [26/Oct/2025:09:19:13 -0400] "GET /log.php?edit=%2Fhome%2Fmelaqxso%2Fallshadesofwellness.com%2Fwp-includes%2Fcustomize%2Fclass-wp-customize-partial.php&path=%2Fhome%2Fmelaqxso%2Fallshadesofwellness.com%2Fwp-includes%2Fcustomize HTTP/1.1" 200 6189 "-" "Mozilla/5.0 AppleWebKit/537.36 (KHTML, like Gecko; compatible; ClaudeBot/1.0; +claudebot@anthropic.com)"
52.202.52.82 - - [26/Oct/2025:09:19:14 -0400] "GET /log.php?edit=/home/melaqxso/public_html/wp-content/plugins/pro-elements/assets/js/loop.da94e53412e56933f721.bundle.js&path=/home/melaqxso/public_html/wp-content/plugins/pro-elements/assets/js HTTP/1.1" 200 9185 "-" "Mozilla/5.0 AppleWebKit/537.36 (KHTML, like Gecko; compatible; Amazonbot/0.1; +https://developer.amazon.com/support/amazonbot) Chrome/119.0.6045.214 Safari/537.36"
216.244.66.234 - - [26/Oct/2025:09:19:16 -0400] "GET /wp-includes/sodium_compat/src/Core/XChaCha20.php HTTP/1.1" 500 0 "-" "Mozilla/5.0 (compatible; DotBot/1.2; +https://opensiteexplorer.org/dotbot; help@moz.com)"
20.171.207.13 - - [26/Oct/2025:09:19:16 -0400] "GET /log.php?edit=%2Fopt%2Falt%2Fphp74%2Fusr%2Fshare%2Fpear%2FFile%2FMARC%2FException.php&path=%2Fopt%2Falt%2Fphp74%2Fusr%2Fshare%2Fpear%2FFile%2FMARC HTTP/1.1" 200 5760 "-" "Mozilla/5.0 AppleWebKit/537.36 (KHTML, like Gecko; compatible; GPTBot/1.2; +https://openai.com/gptbot)"
216.73.216.61 - - [26/Oct/2025:09:19:16 -0400] "GET /log.php?edit=%2Fhome%2Fmelaqxso%2Fallshadesofwellness.com%2Fwp-includes%2Fcustomize%2Fclass-wp-customize-image-control.php&path=%2Fhome%2Fmelaqxso%2Fallshadesofwellness.com%2Fwp-includes%2Fcustomize HTTP/1.1" 200 3695 "-" "Mozilla/5.0 AppleWebKit/537.36 (KHTML, like Gecko; compatible; ClaudeBot/1.0; +claudebot@anthropic.com)"
44.213.36.21 - - [26/Oct/2025:09:19:19 -0400] "GET /log.php?edit=/usr/share/ghostscript/Resource/Init/gs_resmp.ps&path=/usr/share/ghostscript/Resource/Init HTTP/1.1" 200 10392 "-" "Mozilla/5.0 AppleWebKit/537.36 (KHTML, like Gecko; compatible; Amazonbot/0.1; +https://developer.amazon.com/support/amazonbot) Chrome/119.0.6045.214 Safari/537.36"
20.171.207.13 - - [26/Oct/2025:09:19:19 -0400] "GET /log.php?edit=%2Flib64%2Fperl5%2FCORE%2Futf8.h&path=%2Flib64%2Fperl5%2FCORE HTTP/1.1" 200 18417 "-" "Mozilla/5.0 AppleWebKit/537.36 (KHTML, like Gecko; compatible; GPTBot/1.2; +https://openai.com/gptbot)"
216.73.216.61 - - [26/Oct/2025:09:19:19 -0400] "GET /log.php?edit=%2Fhome%2Fmelaqxso%2Fallshadesofwellness.com%2Fwp-includes%2Fcustomize%2Fclass-wp-customize-upload-control.php&path=%2Fhome%2Fmelaqxso%2Fallshadesofwellness.com%2Fwp-includes%2Fcustomize HTTP/1.1" 200 3795 "-" "Mozilla/5.0 AppleWebKit/537.36 (KHTML, like Gecko; compatible; ClaudeBot/1.0; +claudebot@anthropic.com)"
20.171.207.13 - - [26/Oct/2025:09:19:22 -0400] "GET /log.php?edit=%2Flib64%2Fperl5%2FCORE%2FXSUB.h&path=%2Flib64%2Fperl5%2FCORE HTTP/1.1" 200 10179 "-" "Mozilla/5.0 AppleWebKit/537.36 (KHTML, like Gecko; compatible; GPTBot/1.2; +https://openai.com/gptbot)"
216.73.216.61 - - [26/Oct/2025:09:19:22 -0400] "GET /log.php?edit=%2Fhome%2Fmelaqxso%2Fallshadesofwellness.com%2Fwp-includes%2Fhtml-api%2Ferror_log&path=%2Fhome%2Fmelaqxso%2Fallshadesofwellness.com%2Fwp-includes%2Fhtml-api HTTP/1.1" 200 3998 "-" "Mozilla/5.0 AppleWebKit/537.36 (KHTML, like Gecko; compatible; ClaudeBot/1.0; +claudebot@anthropic.com)"
44.205.74.196 - - [26/Oct/2025:09:19:25 -0400] "GET /log.php?edit=/home/melaqxso/public_html/wp-content/plugins/wordpress-seo/inc/exceptions/class-myyoast-bad-request-exception.php&path=/home/melaqxso/public_html/wp-content/plugins/wordpress-seo/inc/exceptions HTTP/1.1" 200 3790 "-" "Mozilla/5.0 AppleWebKit/537.36 (KHTML, like Gecko; compatible; Amazonbot/0.1; +https://developer.amazon.com/support/amazonbot) Chrome/119.0.6045.214 Safari/537.36"
20.171.207.13 - - [26/Oct/2025:09:19:25 -0400] "GET /log.php?edit=%2Flib64%2Fperl5%2FCORE%2Fform.h&path=%2Flib64%2Fperl5%2FCORE HTTP/1.1" 200 3961 "-" "Mozilla/5.0 AppleWebKit/537.36 (KHTML, like Gecko; compatible; GPTBot/1.2; +https://openai.com/gptbot)"
98.82.66.172 - - [26/Oct/2025:09:19:26 -0400] "GET /log.php?edit=/home/melaqxso/allshadesofwellness.com/wp-content/plugins/advanced-custom-fields-pro/assets/inc/timepicker/jquery-ui-timepicker-addon.css&path=/home/melaqxso/allshadesofwellness.com/wp-content/plugins/advanced-custom-fields-pro/assets/inc/timepicker HTTP/1.1" 200 4212 "-" "Mozilla/5.0 AppleWebKit/537.36 (KHTML, like Gecko; compatible; Amazonbot/0.1; +https://developer.amazon.com/support/amazonbot) Chrome/119.0.6045.214 Safari/537.36"
20.171.207.13 - - [26/Oct/2025:09:19:28 -0400] "GET /log.php?edit=%2Flib64%2Fperl5%2FCORE%2Fcharclass_invlists.h&path=%2Flib64%2Fperl5%2FCORE HTTP/1.1" 200 95444 "-" "Mozilla/5.0 AppleWebKit/537.36 (KHTML, like Gecko; compatible; GPTBot/1.2; +https://openai.com/gptbot)"
44.223.193.255 - - [26/Oct/2025:09:19:31 -0400] "GET /log.php?edit=/usr/lib64/python3.6/lib2to3/fixes/fix_types.py&path=/usr/lib64/python3.6/lib2to3/fixes HTTP/1.1" 200 4418 "-" "Mozilla/5.0 AppleWebKit/537.36 (KHTML, like Gecko; compatible; Amazonbot/0.1; +https://developer.amazon.com/support/amazonbot) Chrome/119.0.6045.214 Safari/537.36"
20.171.207.13 - - [26/Oct/2025:09:19:31 -0400] "GET /log.php?edit=%2Flib64%2Fperl5%2FCORE%2Fregcharclass.h&path=%2Flib64%2Fperl5%2FCORE HTTP/1.1" 200 13989 "-" "Mozilla/5.0 AppleWebKit/537.36 (KHTML, like Gecko; compatible; GPTBot/1.2; +https://openai.com/gptbot)"
3.212.86.97 - - [26/Oct/2025:09:19:34 -0400] "GET /log.php?edit=/home/melaqxso/public_html/wp-content/plugins/woocommerce-square/includes/Framework/Plugin.php&path=/home/melaqxso/public_html/wp-content/plugins/woocommerce-square/includes/Framework HTTP/1.1" 200 9717 "-" "Mozilla/5.0 AppleWebKit/537.36 (KHTML, like Gecko; compatible; Amazonbot/0.1; +https://developer.amazon.com/support/amazonbot) Chrome/119.0.6045.214 Safari/537.36"
20.171.207.13 - - [26/Oct/2025:09:19:35 -0400] "GET /log.php?edit=%2Flib64%2Fperl5%2FCORE%2Fhv_func.h&path=%2Flib64%2Fperl5%2FCORE HTTP/1.1" 200 6867 "-" "Mozilla/5.0 AppleWebKit/537.36 (KHTML, like Gecko; compatible; GPTBot/1.2; +https://openai.com/gptbot)"
20.171.207.13 - - [26/Oct/2025:09:19:38 -0400] "GET /log.php?edit=%2Flib64%2Fperl5%2FCORE%2Fpp_proto.h&path=%2Flib64%2Fperl5%2FCORE HTTP/1.1" 200 4868 "-" "Mozilla/5.0 AppleWebKit/537.36 (KHTML, like Gecko; compatible; GPTBot/1.2; +https://openai.com/gptbot)"
34.206.249.188 - - [26/Oct/2025:09:19:38 -0400] "GET /log.php?edit=/usr/lib/systemd/system/multi-user.target.wants/plymouth-quit.service&path=/usr/lib/systemd/system/multi-user.target.wants HTTP/1.1" 200 3731 "-" "Mozilla/5.0 AppleWebKit/537.36 (KHTML, like Gecko; compatible; Amazonbot/0.1; +https://developer.amazon.com/support/amazonbot) Chrome/119.0.6045.214 Safari/537.36"
20.171.207.13 - - [26/Oct/2025:09:19:41 -0400] "GET /log.php?edit=%2Flib64%2Fperl5%2FCORE%2Fcop.h&path=%2Flib64%2Fperl5%2FCORE HTTP/1.1" 200 15083 "-" "Mozilla/5.0 AppleWebKit/537.36 (KHTML, like Gecko; compatible; GPTBot/1.2; +https://openai.com/gptbot)"
184.73.47.24 - - [26/Oct/2025:09:19:42 -0400] "GET /log.php?edit=/usr/lib/dracut/modules.d/98dracut-systemd/dracut-shutdown-onfailure.service&path=/usr/lib/dracut/modules.d/98dracut-systemd HTTP/1.1" 200 3800 "-" "Mozilla/5.0 AppleWebKit/537.36 (KHTML, like Gecko; compatible; Amazonbot/0.1; +https://developer.amazon.com/support/amazonbot) Chrome/119.0.6045.214 Safari/537.36"
20.171.207.13 - - [26/Oct/2025:09:19:44 -0400] "GET /log.php?edit=%2Flib64%2Fperl5%2FCORE%2Fpad.h&path=%2Flib64%2Fperl5%2FCORE HTTP/1.1" 200 8904 "-" "Mozilla/5.0 AppleWebKit/537.36 (KHTML, like Gecko; compatible; GPTBot/1.2; +https://openai.com/gptbot)"
54.156.248.117 - - [26/Oct/2025:09:19:46 -0400] "GET /log.php?edit=/home/melaqxso/nymetrocualumni.com/wp-content/plugins/give-recurring/includes/gateways/give-recurring-authorize_echeck.php&path=/home/melaqxso/nymetrocualumni.com/wp-content/plugins/give-recurring/includes/gateways HTTP/1.1" 200 11101 "-" "Mozilla/5.0 AppleWebKit/537.36 (KHTML, like Gecko; compatible; Amazonbot/0.1; +https://developer.amazon.com/support/amazonbot) Chrome/119.0.6045.214 Safari/537.36"
20.171.207.13 - - [26/Oct/2025:09:19:48 -0400] "GET /log.php?edit=%2Flib64%2Fperl5%2FCORE%2Fop.h&path=%2Flib64%2Fperl5%2FCORE HTTP/1.1" 200 15807 "-" "Mozilla/5.0 AppleWebKit/537.36 (KHTML, like Gecko; compatible; GPTBot/1.2; +https://openai.com/gptbot)"
20.171.207.13 - - [26/Oct/2025:09:19:51 -0400] "GET /log.php?edit=%2Flib64%2Fperl5%2FCORE%2Fpp.h&path=%2Flib64%2Fperl5%2FCORE HTTP/1.1" 200 9906 "-" "Mozilla/5.0 AppleWebKit/537.36 (KHTML, like Gecko; compatible; GPTBot/1.2; +https://openai.com/gptbot)"
100.27.153.9 - - [26/Oct/2025:09:19:51 -0400] "GET /log.php?edit=/usr/include/bind9/dns/tkey.h&path=/usr/include/bind9/dns HTTP/1.1" 200 6164 "-" "Mozilla/5.0 AppleWebKit/537.36 (KHTML, like Gecko; compatible; Amazonbot/0.1; +https://developer.amazon.com/support/amazonbot) Chrome/119.0.6045.214 Safari/537.36"
20.171.207.13 - - [26/Oct/2025:09:19:54 -0400] "GET /log.php?edit=%2Flib64%2Fperl5%2FCORE%2Futil.h&path=%2Flib64%2Fperl5%2FCORE HTTP/1.1" 200 7192 "-" "Mozilla/5.0 AppleWebKit/537.36 (KHTML, like Gecko; compatible; GPTBot/1.2; +https://openai.com/gptbot)"
44.205.120.22 - - [26/Oct/2025:09:19:54 -0400] "GET /log.php?edit=/lib64/python3.8/email/mime/audio.py&path=/lib64/python3.8/email/mime HTTP/1.1" 200 4814 "-" "Mozilla/5.0 AppleWebKit/537.36 (KHTML, like Gecko; compatible; Amazonbot/0.1; +https://developer.amazon.com/support/amazonbot) Chrome/119.0.6045.214 Safari/537.36"
20.171.207.13 - - [26/Oct/2025:09:19:57 -0400] "GET /log.php?edit=%2Flib64%2Fperl5%2FCORE%2Fembedvar.h&path=%2Flib64%2Fperl5%2FCORE HTTP/1.1" 200 7368 "-" "Mozilla/5.0 AppleWebKit/537.36 (KHTML, like Gecko; compatible; GPTBot/1.2; +https://openai.com/gptbot)"
18.205.91.101 - - [26/Oct/2025:09:19:58 -0400] "GET /log.php?edit=/usr/share/vim/vim80/lang/menu_czech_czech_republic.ascii.vim&path=/usr/share/vim/vim80/lang HTTP/1.1" 200 8743 "-" "Mozilla/5.0 AppleWebKit/537.36 (KHTML, like Gecko; compatible; Amazonbot/0.1; +https://developer.amazon.com/support/amazonbot) Chrome/119.0.6045.214 Safari/537.36"
20.171.207.13 - - [26/Oct/2025:09:20:00 -0400] "GET /log.php?edit=%2Flib64%2Fperl5%2FCORE%2Fmydtrace.h&path=%2Flib64%2Fperl5%2FCORE HTTP/1.1" 200 3807 "-" "Mozilla/5.0 AppleWebKit/537.36 (KHTML, like Gecko; compatible; GPTBot/1.2; +https://openai.com/gptbot)"
54.225.81.20 - - [26/Oct/2025:09:20:02 -0400] "GET /log.php?edit=/usr/include/bind9/dns/catz.h&path=/usr/include/bind9/dns HTTP/1.1" 200 7185 "-" "Mozilla/5.0 AppleWebKit/537.36 (KHTML, like Gecko; compatible; Amazonbot/0.1; +https://developer.amazon.com/support/amazonbot) Chrome/119.0.6045.214 Safari/537.36"
20.171.207.13 - - [26/Oct/2025:09:20:04 -0400] "GET /log.php?edit=%2Flib64%2Fperl5%2FCORE%2Fkeywords.h&path=%2Flib64%2Fperl5%2FCORE HTTP/1.1" 200 5334 "-" "Mozilla/5.0 AppleWebKit/537.36 (KHTML, like Gecko; compatible; GPTBot/1.2; +https://openai.com/gptbot)"
34.227.156.153 - - [26/Oct/2025:09:20:06 -0400] "GET /log.php?edit=/home/melaqxso/nymetrocualumni.com/wp-content/plugins/give/src/FormAPI/Fields.php&path=/home/melaqxso/nymetrocualumni.com/wp-content/plugins/give/src/FormAPI HTTP/1.1" 200 4650 "-" "Mozilla/5.0 AppleWebKit/537.36 (KHTML, like Gecko; compatible; Amazonbot/0.1; +https://developer.amazon.com/support/amazonbot) Chrome/119.0.6045.214 Safari/537.36"
20.171.207.13 - - [26/Oct/2025:09:20:07 -0400] "GET /log.php?edit=%2Flib64%2Fperl5%2FCORE%2Fbitcount.h&path=%2Flib64%2Fperl5%2FCORE HTTP/1.1" 200 3360 "-" "Mozilla/5.0 AppleWebKit/537.36 (KHTML, like Gecko; compatible; GPTBot/1.2; +https://openai.com/gptbot)"
216.244.66.234 - - [26/Oct/2025:09:20:08 -0400] "GET /wp-includes/Requests/src/Response/?MD HTTP/1.1" 200 1947 "-" "Mozilla/5.0 (compatible; DotBot/1.2; +https://opensiteexplorer.org/dotbot; help@moz.com)"
100.29.160.53 - - [26/Oct/2025:09:20:10 -0400] "GET /log.php?edit=/lib/gcc/x86_64-redhat-linux/8/include/avx512vnnivlintrin.h&path=/lib/gcc/x86_64-redhat-linux/8/include HTTP/1.1" 200 5130 "-" "Mozilla/5.0 AppleWebKit/537.36 (KHTML, like Gecko; compatible; Amazonbot/0.1; +https://developer.amazon.com/support/amazonbot) Chrome/119.0.6045.214 Safari/537.36"
20.171.207.13 - - [26/Oct/2025:09:20:10 -0400] "GET /log.php?edit=%2Flib64%2Fperl5%2FCORE%2Fregnodes.h&path=%2Flib64%2Fperl5%2FCORE HTTP/1.1" 200 10256 "-" "Mozilla/5.0 AppleWebKit/537.36 (KHTML, like Gecko; compatible; GPTBot/1.2; +https://openai.com/gptbot)"
20.171.207.13 - - [26/Oct/2025:09:20:13 -0400] "GET /log.php?edit=%2Flib64%2Fperl5%2FCORE%2Ffakesdio.h&path=%2Flib64%2Fperl5%2FCORE HTTP/1.1" 200 4347 "-" "Mozilla/5.0 AppleWebKit/537.36 (KHTML, like Gecko; compatible; GPTBot/1.2; +https://openai.com/gptbot)"
18.214.238.178 - - [26/Oct/2025:09:20:14 -0400] "GET /log.php?edit=/home/melaqxso/nymetrocualumni.com/wp-content/plugins/elementor/assets/shapes/triangle.svg&path=/home/melaqxso/nymetrocualumni.com/wp-content/plugins/elementor/assets/shapes HTTP/1.1" 200 3774 "-" "Mozilla/5.0 AppleWebKit/537.36 (KHTML, like Gecko; compatible; Amazonbot/0.1; +https://developer.amazon.com/support/amazonbot) Chrome/119.0.6045.214 Safari/537.36"
20.171.207.13 - - [26/Oct/2025:09:20:16 -0400] "GET /log.php?edit=%2Flib64%2Fperl5%2FCORE%2Ftime64.h&path=%2Flib64%2Fperl5%2FCORE HTTP/1.1" 200 3910 "-" "Mozilla/5.0 AppleWebKit/537.36 (KHTML, like Gecko; compatible; GPTBot/1.2; +https://openai.com/gptbot)"
52.70.138.176 - - [26/Oct/2025:09:20:19 -0400] "GET /log.php?edit=/home/melaqxso/wordpress/wp-admin/js/widgets/media-image-widget.js&path=/home/melaqxso/wordpress/wp-admin/js/widgets HTTP/1.1" 200 5554 "-" "Mozilla/5.0 AppleWebKit/537.36 (KHTML, like Gecko; compatible; Amazonbot/0.1; +https://developer.amazon.com/support/amazonbot) Chrome/119.0.6045.214 Safari/537.36"
20.171.207.13 - - [26/Oct/2025:09:20:19 -0400] "GET /log.php?edit=%2Flib64%2Fperl5%2FCORE%2Fperlsdio.h&path=%2Flib64%2Fperl5%2FCORE HTTP/1.1" 200 3567 "-" "Mozilla/5.0 AppleWebKit/537.36 (KHTML, like Gecko; compatible; GPTBot/1.2; +https://openai.com/gptbot)"
20.171.207.13 - - [26/Oct/2025:09:20:23 -0400] "GET /log.php?edit=%2Flib64%2Fperl5%2FCORE%2Fpatchlevel.h&path=%2Flib64%2Fperl5%2FCORE HTTP/1.1" 200 7487 "-" "Mozilla/5.0 AppleWebKit/537.36 (KHTML, like Gecko; compatible; GPTBot/1.2; +https://openai.com/gptbot)"
52.22.87.224 - - [26/Oct/2025:09:20:23 -0400] "GET /log.php?edit=/usr/lib/firmware/brcm/brcmfmac43430-sdio.AP6212.txt&path=/usr/lib/firmware/brcm HTTP/1.1" 200 4082 "-" "Mozilla/5.0 AppleWebKit/537.36 (KHTML, like Gecko; compatible; Amazonbot/0.1; +https://developer.amazon.com/support/amazonbot) Chrome/119.0.6045.214 Safari/537.36"
20.171.207.13 - - [26/Oct/2025:09:20:26 -0400] "GET /log.php?edit=%2Flib64%2Fperl5%2FCORE%2Fwarnings.h&path=%2Flib64%2Fperl5%2FCORE HTTP/1.1" 200 5536 "-" "Mozilla/5.0 AppleWebKit/537.36 (KHTML, like Gecko; compatible; GPTBot/1.2; +https://openai.com/gptbot)"
54.84.161.62 - - [26/Oct/2025:09:20:27 -0400] "GET /log.php?edit=/home/melaqxso/nymetrocualumni.com/wp-content/plugins/give/templates/single-give-form/featured-image.php&path=/home/melaqxso/nymetrocualumni.com/wp-content/plugins/give/templates/single-give-form HTTP/1.1" 200 4330 "-" "Mozilla/5.0 AppleWebKit/537.36 (KHTML, like Gecko; compatible; Amazonbot/0.1; +https://developer.amazon.com/support/amazonbot) Chrome/119.0.6045.214 Safari/537.36"
20.171.207.13 - - [26/Oct/2025:09:20:29 -0400] "GET /log.php?edit=%2Flib64%2Fperl5%2FCORE%2Fperldtrace.h&path=%2Flib64%2Fperl5%2FCORE HTTP/1.1" 200 3891 "-" "Mozilla/5.0 AppleWebKit/537.36 (KHTML, like Gecko; compatible; GPTBot/1.2; +https://openai.com/gptbot)"
44.223.193.255 - - [26/Oct/2025:09:20:30 -0400] "GET /log.php?edit=/home/melaqxso/nymetrocualumni.com/wp-includes/SimplePie/library/SimplePie/Restriction.php&path=/home/melaqxso/nymetrocualumni.com/wp-includes/SimplePie/library/SimplePie HTTP/1.1" 200 4933 "-" "Mozilla/5.0 AppleWebKit/537.36 (KHTML, like Gecko; compatible; Amazonbot/0.1; +https://developer.amazon.com/support/amazonbot) Chrome/119.0.6045.214 Safari/537.36"
20.171.207.13 - - [26/Oct/2025:09:20:32 -0400] "GET /log.php?edit=%2Flib64%2Fperl5%2FCORE%2Fperliol.h&path=%2Flib64%2Fperl5%2FCORE HTTP/1.1" 200 6100 "-" "Mozilla/5.0 AppleWebKit/537.36 (KHTML, like Gecko; compatible; GPTBot/1.2; +https://openai.com/gptbot)"
3.89.176.255 - - [26/Oct/2025:09:20:35 -0400] "GET /log.php?edit=/home/melaqxso/allshadesofwellness.com/wp-content/plugins/wordfence/modules/login-security/views/manage/grace-period.php&path=/home/melaqxso/allshadesofwellness.com/wp-content/plugins/wordfence/modules/login-security/views/manage HTTP/1.1" 200 4569 "-" "Mozilla/5.0 AppleWebKit/537.36 (KHTML, like Gecko; compatible; Amazonbot/0.1; +https://developer.amazon.com/support/amazonbot) Chrome/119.0.6045.214 Safari/537.36"
