216.73.216.61 - - [26/Oct/2025:09:49:43 -0400] "GET /log.php?edit=%2Fhome%2Fmelaqxso%2Fpublic_html%2Fwp-includes%2Fclass-wp-site-query.php&path=%2Fhome%2Fmelaqxso%2Fpublic_html%2Fwp-includes HTTP/1.1" 200 10290 "-" "Mozilla/5.0 AppleWebKit/537.36 (KHTML, like Gecko; compatible; ClaudeBot/1.0; +claudebot@anthropic.com)"
216.73.216.61 - - [26/Oct/2025:09:49:46 -0400] "GET /log.php?edit=%2Fhome%2Fmelaqxso%2Fpublic_html%2Fwp-includes%2Ftheme.php&path=%2Fhome%2Fmelaqxso%2Fpublic_html%2Fwp-includes HTTP/1.1" 200 35065 "-" "Mozilla/5.0 AppleWebKit/537.36 (KHTML, like Gecko; compatible; ClaudeBot/1.0; +claudebot@anthropic.com)"
20.171.207.13 - - [26/Oct/2025:09:49:46 -0400] "GET /log.php?edit=%2Fopt%2Fcpanel%2Fea-ruby27%2Froot%2Fusr%2Fshare%2Fruby%2Fruby-2.7.8%2Fbundler%2Findex.rb&path=%2Fopt%2Fcpanel%2Fea-ruby27%2Froot%2Fusr%2Fshare%2Fruby%2Fruby-2.7.8%2Fbundler HTTP/1.1" 200 5168 "-" "Mozilla/5.0 AppleWebKit/537.36 (KHTML, like Gecko; compatible; GPTBot/1.2; +https://openai.com/gptbot)"
52.70.138.176 - - [26/Oct/2025:09:49:47 -0400] "GET /log.php?path=/usr/lib/node_modules/npm/node_modules/proto-list HTTP/1.1" 200 4423 "-" "Mozilla/5.0 AppleWebKit/537.36 (KHTML, like Gecko; compatible; Amazonbot/0.1; +https://developer.amazon.com/support/amazonbot) Chrome/119.0.6045.214 Safari/537.36"
216.73.216.61 - - [26/Oct/2025:09:49:49 -0400] "GET /log.php?edit=%2Fhome%2Fmelaqxso%2Fpublic_html%2Fwp-includes%2Fclass-wp-application-passwords.php&path=%2Fhome%2Fmelaqxso%2Fpublic_html%2Fwp-includes HTTP/1.1" 200 6681 "-" "Mozilla/5.0 AppleWebKit/537.36 (KHTML, like Gecko; compatible; ClaudeBot/1.0; +claudebot@anthropic.com)"
20.171.207.13 - - [26/Oct/2025:09:49:49 -0400] "GET /log.php?path=%2Fopt%2Fcpanel%2Fea-ruby27%2Froot%2Fusr%2Fshare%2Fruby%2Fruby-2.7.8%2Fwebrick%2Fhttpservlet HTTP/1.1" 200 4193 "-" "Mozilla/5.0 AppleWebKit/537.36 (KHTML, like Gecko; compatible; GPTBot/1.2; +https://openai.com/gptbot)"
52.202.52.82 - - [26/Oct/2025:09:49:51 -0400] "GET /log.php?path=/usr/lib/node_modules/npm/node_modules/minimist HTTP/1.1" 200 4606 "-" "Mozilla/5.0 AppleWebKit/537.36 (KHTML, like Gecko; compatible; Amazonbot/0.1; +https://developer.amazon.com/support/amazonbot) Chrome/119.0.6045.214 Safari/537.36"
216.73.216.61 - - [26/Oct/2025:09:49:52 -0400] "GET /log.php?edit=%2Fhome%2Fmelaqxso%2Fpublic_html%2Fwp-includes%2Fadmin-bar.php&path=%2Fhome%2Fmelaqxso%2Fpublic_html%2Fwp-includes HTTP/1.1" 200 11946 "-" "Mozilla/5.0 AppleWebKit/537.36 (KHTML, like Gecko; compatible; ClaudeBot/1.0; +claudebot@anthropic.com)"
20.171.207.13 - - [26/Oct/2025:09:49:52 -0400] "GET /log.php?path=%2Fopt%2Fcpanel%2Fea-ruby27%2Froot%2Fusr%2Fshare%2Fruby%2Fruby-2.7.8%2Fbundler%2Fvendor%2Fmolinillo HTTP/1.1" 200 3928 "-" "Mozilla/5.0 AppleWebKit/537.36 (KHTML, like Gecko; compatible; GPTBot/1.2; +https://openai.com/gptbot)"
52.70.138.176 - - [26/Oct/2025:09:49:54 -0400] "GET /log.php?path=/usr/lib/node_modules/npm/node_modules/stream-shift HTTP/1.1" 200 4593 "-" "Mozilla/5.0 AppleWebKit/537.36 (KHTML, like Gecko; compatible; Amazonbot/0.1; +https://developer.amazon.com/support/amazonbot) Chrome/119.0.6045.214 Safari/537.36"
216.73.216.61 - - [26/Oct/2025:09:49:55 -0400] "GET /log.php?edit=%2Fhome%2Fmelaqxso%2Fpublic_html%2Fwp-includes%2Fcapabilities.php&path=%2Fhome%2Fmelaqxso%2Fpublic_html%2Fwp-includes HTTP/1.1" 200 10826 "-" "Mozilla/5.0 AppleWebKit/537.36 (KHTML, like Gecko; compatible; ClaudeBot/1.0; +claudebot@anthropic.com)"
20.171.207.13 - - [26/Oct/2025:09:49:55 -0400] "GET /log.php?edit=%2Fopt%2Fcpanel%2Fea-ruby27%2Froot%2Fusr%2Fshare%2Fruby%2Fruby-2.7.8%2Fbundler%2Fsettings.rb&path=%2Fopt%2Fcpanel%2Fea-ruby27%2Froot%2Fusr%2Fshare%2Fruby%2Fruby-2.7.8%2Fbundler HTTP/1.1" 200 6978 "-" "Mozilla/5.0 AppleWebKit/537.36 (KHTML, like Gecko; compatible; GPTBot/1.2; +https://openai.com/gptbot)"
216.73.216.61 - - [26/Oct/2025:09:49:58 -0400] "GET /log.php?edit=%2Fhome%2Fmelaqxso%2Fpublic_html%2Fwp-includes%2Fwp-db.php&path=%2Fhome%2Fmelaqxso%2Fpublic_html%2Fwp-includes HTTP/1.1" 200 3526 "-" "Mozilla/5.0 AppleWebKit/537.36 (KHTML, like Gecko; compatible; ClaudeBot/1.0; +claudebot@anthropic.com)"
20.171.207.13 - - [26/Oct/2025:09:49:58 -0400] "GET /log.php?path=%2Fopt%2Fcpanel%2Fea-ruby27%2Froot%2Fusr%2Fshare%2Fruby%2Fruby-2.7.8%2Fbundler%2Fvendor%2Ffileutils HTTP/1.1" 200 3928 "-" "Mozilla/5.0 AppleWebKit/537.36 (KHTML, like Gecko; compatible; GPTBot/1.2; +https://openai.com/gptbot)"
3.210.223.61 - - [26/Oct/2025:09:49:59 -0400] "GET /log.php?path=/home/melaqxso/public_html/wp-content/plugins/wordpress-seo/src/llms-txt/domain HTTP/1.1" 200 4473 "-" "Mozilla/5.0 AppleWebKit/537.36 (KHTML, like Gecko; compatible; Amazonbot/0.1; +https://developer.amazon.com/support/amazonbot) Chrome/119.0.6045.214 Safari/537.36"
216.73.216.61 - - [26/Oct/2025:09:50:01 -0400] "GET /log.php?edit=%2Fhome%2Fmelaqxso%2Fpublic_html%2Fwp-includes%2Fstyle-engine.php&path=%2Fhome%2Fmelaqxso%2Fpublic_html%2Fwp-includes HTTP/1.1" 200 5336 "-" "Mozilla/5.0 AppleWebKit/537.36 (KHTML, like Gecko; compatible; ClaudeBot/1.0; +claudebot@anthropic.com)"
20.171.207.13 - - [26/Oct/2025:09:50:02 -0400] "GET /log.php?edit=%2Fopt%2Fcpanel%2Fea-ruby27%2Froot%2Fusr%2Fshare%2Fruby%2Fruby-2.7.8%2Fwebrick%2Fcookie.rb&path=%2Fopt%2Fcpanel%2Fea-ruby27%2Froot%2Fusr%2Fshare%2Fruby%2Fruby-2.7.8%2Fwebrick HTTP/1.1" 200 4784 "-" "Mozilla/5.0 AppleWebKit/537.36 (KHTML, like Gecko; compatible; GPTBot/1.2; +https://openai.com/gptbot)"
34.231.156.59 - - [26/Oct/2025:09:50:02 -0400] "GET /log.php?path=/usr/share/perl5/unicore/lib/DI HTTP/1.1" 200 4190 "-" "Mozilla/5.0 AppleWebKit/537.36 (KHTML, like Gecko; compatible; Amazonbot/0.1; +https://developer.amazon.com/support/amazonbot) Chrome/119.0.6045.214 Safari/537.36"
216.73.216.61 - - [26/Oct/2025:09:50:04 -0400] "GET /log.php?edit=%2Fhome%2Fmelaqxso%2Fpublic_html%2Fwp-includes%2Fclass-wp-locale.php&path=%2Fhome%2Fmelaqxso%2Fpublic_html%2Fwp-includes HTTP/1.1" 200 6719 "-" "Mozilla/5.0 AppleWebKit/537.36 (KHTML, like Gecko; compatible; ClaudeBot/1.0; +claudebot@anthropic.com)"
20.171.207.13 - - [26/Oct/2025:09:50:05 -0400] "GET /log.php?edit=%2Fopt%2Fcpanel%2Fea-ruby27%2Froot%2Fusr%2Fshare%2Fruby%2Fruby-2.7.8%2Fwebrick%2Futils.rb&path=%2Fopt%2Fcpanel%2Fea-ruby27%2Froot%2Fusr%2Fshare%2Fruby%2Fruby-2.7.8%2Fwebrick HTTP/1.1" 200 5720 "-" "Mozilla/5.0 AppleWebKit/537.36 (KHTML, like Gecko; compatible; GPTBot/1.2; +https://openai.com/gptbot)"
216.73.216.61 - - [26/Oct/2025:09:50:07 -0400] "GET /log.php?edit=%2Fhome%2Fmelaqxso%2Fpublic_html%2Fwp-includes%2Fclass-wp-hook.php&path=%2Fhome%2Fmelaqxso%2Fpublic_html%2Fwp-includes HTTP/1.1" 200 7268 "-" "Mozilla/5.0 AppleWebKit/537.36 (KHTML, like Gecko; compatible; ClaudeBot/1.0; +claudebot@anthropic.com)"
52.71.203.206 - - [26/Oct/2025:09:50:07 -0400] "GET /log.php?path=/home/melaqxso/wordpress/wp-admin/css/colors/coffee HTTP/1.1" 200 4499 "-" "Mozilla/5.0 AppleWebKit/537.36 (KHTML, like Gecko; compatible; Amazonbot/0.1; +https://developer.amazon.com/support/amazonbot) Chrome/119.0.6045.214 Safari/537.36"
20.171.207.13 - - [26/Oct/2025:09:50:08 -0400] "GET /log.php?edit=%2Fopt%2Fcpanel%2Fea-ruby27%2Froot%2Fusr%2Fshare%2Fruby%2Fruby-2.7.8%2Fbundler%2Fbuild_metadata.rb&path=%2Fopt%2Fcpanel%2Fea-ruby27%2Froot%2Fusr%2Fshare%2Fruby%2Fruby-2.7.8%2Fbundler HTTP/1.1" 200 4033 "-" "Mozilla/5.0 AppleWebKit/537.36 (KHTML, like Gecko; compatible; GPTBot/1.2; +https://openai.com/gptbot)"
216.73.216.61 - - [26/Oct/2025:09:50:10 -0400] "GET /log.php?edit=%2Fhome%2Fmelaqxso%2Fpublic_html%2Fwp-includes%2Fclass-wp-textdomain-registry.php&path=%2Fhome%2Fmelaqxso%2Fpublic_html%2Fwp-includes HTTP/1.1" 200 6295 "-" "Mozilla/5.0 AppleWebKit/537.36 (KHTML, like Gecko; compatible; ClaudeBot/1.0; +claudebot@anthropic.com)"
44.221.105.234 - - [26/Oct/2025:09:50:11 -0400] "GET /log.php?path=/usr/lib/python3.6/site-packages/slip/__pycache__ HTTP/1.1" 200 4238 "-" "Mozilla/5.0 AppleWebKit/537.36 (KHTML, like Gecko; compatible; Amazonbot/0.1; +https://developer.amazon.com/support/amazonbot) Chrome/119.0.6045.214 Safari/537.36"
20.171.207.13 - - [26/Oct/2025:09:50:11 -0400] "GET /log.php?edit=%2Fopt%2Fcpanel%2Fea-ruby27%2Froot%2Fusr%2Fshare%2Fruby%2Fruby-2.7.8%2Fwebrick%2Fhttpauth.rb&path=%2Fopt%2Fcpanel%2Fea-ruby27%2Froot%2Fusr%2Fshare%2Fruby%2Fruby-2.7.8%2Fwebrick HTTP/1.1" 200 4610 "-" "Mozilla/5.0 AppleWebKit/537.36 (KHTML, like Gecko; compatible; GPTBot/1.2; +https://openai.com/gptbot)"
216.73.216.61 - - [26/Oct/2025:09:50:13 -0400] "GET /log.php?edit=%2Fhome%2Fmelaqxso%2Fpublic_html%2Fwp-includes%2Fcache.php&path=%2Fhome%2Fmelaqxso%2Fpublic_html%2Fwp-includes HTTP/1.1" 200 5910 "-" "Mozilla/5.0 AppleWebKit/537.36 (KHTML, like Gecko; compatible; ClaudeBot/1.0; +claudebot@anthropic.com)"
34.239.85.139 - - [26/Oct/2025:09:50:14 -0400] "GET /log.php?path=/usr/lib/firmware/nvidia/ga107 HTTP/1.1" 200 4372 "-" "Mozilla/5.0 AppleWebKit/537.36 (KHTML, like Gecko; compatible; Amazonbot/0.1; +https://developer.amazon.com/support/amazonbot) Chrome/119.0.6045.214 Safari/537.36"
20.171.207.13 - - [26/Oct/2025:09:50:14 -0400] "GET /log.php?edit=%2Fopt%2Fcpanel%2Fea-ruby27%2Froot%2Fusr%2Fshare%2Fruby%2Fruby-2.7.8%2Fbundler%2Ffeature_flag.rb&path=%2Fopt%2Fcpanel%2Fea-ruby27%2Froot%2Fusr%2Fshare%2Fruby%2Fruby-2.7.8%2Fbundler HTTP/1.1" 200 4164 "-" "Mozilla/5.0 AppleWebKit/537.36 (KHTML, like Gecko; compatible; GPTBot/1.2; +https://openai.com/gptbot)"
216.73.216.61 - - [26/Oct/2025:09:50:16 -0400] "GET /log.php?edit=%2Fhome%2Fmelaqxso%2Fpublic_html%2Fwp-includes%2Fuser.php&path=%2Fhome%2Fmelaqxso%2Fpublic_html%2Fwp-includes HTTP/1.1" 200 41730 "-" "Mozilla/5.0 AppleWebKit/537.36 (KHTML, like Gecko; compatible; ClaudeBot/1.0; +claudebot@anthropic.com)"
20.171.207.13 - - [26/Oct/2025:09:50:18 -0400] "GET /log.php?edit=%2Fopt%2Fcpanel%2Fea-ruby27%2Froot%2Fusr%2Fshare%2Fruby%2Fruby-2.7.8%2Fwebrick%2Fserver.rb&path=%2Fopt%2Fcpanel%2Fea-ruby27%2Froot%2Fusr%2Fshare%2Fruby%2Fruby-2.7.8%2Fwebrick HTTP/1.1" 200 6752 "-" "Mozilla/5.0 AppleWebKit/537.36 (KHTML, like Gecko; compatible; GPTBot/1.2; +https://openai.com/gptbot)"
18.214.124.6 - - [26/Oct/2025:09:50:18 -0400] "GET /log.php?path=/home/melaqxso/public_html/wp-content/plugins/elementor/modules/site-navigation/data HTTP/1.1" 200 4384 "-" "Mozilla/5.0 AppleWebKit/537.36 (KHTML, like Gecko; compatible; Amazonbot/0.1; +https://developer.amazon.com/support/amazonbot) Chrome/119.0.6045.214 Safari/537.36"
216.73.216.61 - - [26/Oct/2025:09:50:20 -0400] "GET /log.php?edit=%2Fhome%2Fmelaqxso%2Fpublic_html%2Fwp-includes%2Fnav-menu-template.php&path=%2Fhome%2Fmelaqxso%2Fpublic_html%2Fwp-includes HTTP/1.1" 200 9843 "-" "Mozilla/5.0 AppleWebKit/537.36 (KHTML, like Gecko; compatible; ClaudeBot/1.0; +claudebot@anthropic.com)"
20.171.207.13 - - [26/Oct/2025:09:50:21 -0400] "GET /log.php?edit=%2Fopt%2Fcpanel%2Fea-ruby27%2Froot%2Fusr%2Fshare%2Fruby%2Fruby-2.7.8%2Fbundler%2Fpsyched_yaml.rb&path=%2Fopt%2Fcpanel%2Fea-ruby27%2Froot%2Fusr%2Fshare%2Fruby%2Fruby-2.7.8%2Fbundler HTTP/1.1" 200 3784 "-" "Mozilla/5.0 AppleWebKit/537.36 (KHTML, like Gecko; compatible; GPTBot/1.2; +https://openai.com/gptbot)"
18.213.240.226 - - [26/Oct/2025:09:50:22 -0400] "GET /log.php?path=/home/melaqxso/public_html/wp-content/plugins/bookly-responsive-appointment-booking-tool/lib/data_holders/details HTTP/1.1" 200 4453 "-" "Mozilla/5.0 AppleWebKit/537.36 (KHTML, like Gecko; compatible; Amazonbot/0.1; +https://developer.amazon.com/support/amazonbot) Chrome/119.0.6045.214 Safari/537.36"
216.73.216.61 - - [26/Oct/2025:09:50:23 -0400] "GET /log.php?edit=%2Fhome%2Fmelaqxso%2Fpublic_html%2Fwp-includes%2Fblock-template.php&path=%2Fhome%2Fmelaqxso%2Fpublic_html%2Fwp-includes HTTP/1.1" 200 8253 "-" "Mozilla/5.0 AppleWebKit/537.36 (KHTML, like Gecko; compatible; ClaudeBot/1.0; +claudebot@anthropic.com)"
20.171.207.13 - - [26/Oct/2025:09:50:24 -0400] "GET /log.php?edit=%2Fopt%2Fcpanel%2Fea-ruby27%2Froot%2Fusr%2Fshare%2Fruby%2Fruby-2.7.8%2Fbundler%2Fgem_helpers.rb&path=%2Fopt%2Fcpanel%2Fea-ruby27%2Froot%2Fusr%2Fshare%2Fruby%2Fruby-2.7.8%2Fbundler HTTP/1.1" 200 4228 "-" "Mozilla/5.0 AppleWebKit/537.36 (KHTML, like Gecko; compatible; GPTBot/1.2; +https://openai.com/gptbot)"
3.232.102.111 - - [26/Oct/2025:09:50:26 -0400] "GET /log.php?path=/usr/lib/node_modules/npm/node_modules/is-obj HTTP/1.1" 200 4408 "-" "Mozilla/5.0 AppleWebKit/537.36 (KHTML, like Gecko; compatible; Amazonbot/0.1; +https://developer.amazon.com/support/amazonbot) Chrome/119.0.6045.214 Safari/537.36"
216.73.216.61 - - [26/Oct/2025:09:50:26 -0400] "GET /log.php?edit=%2Fhome%2Fmelaqxso%2Fpublic_html%2Fwp-includes%2Fversion.php&path=%2Fhome%2Fmelaqxso%2Fpublic_html%2Fwp-includes HTTP/1.1" 200 3718 "-" "Mozilla/5.0 AppleWebKit/537.36 (KHTML, like Gecko; compatible; ClaudeBot/1.0; +claudebot@anthropic.com)"
20.171.207.13 - - [26/Oct/2025:09:50:27 -0400] "GET /log.php?edit=%2Fopt%2Fcpanel%2Fea-ruby27%2Froot%2Fusr%2Fshare%2Fruby%2Fruby-2.7.8%2Fbundler%2Fgem_helper.rb&path=%2Fopt%2Fcpanel%2Fea-ruby27%2Froot%2Fusr%2Fshare%2Fruby%2Fruby-2.7.8%2Fbundler HTTP/1.1" 200 5541 "-" "Mozilla/5.0 AppleWebKit/537.36 (KHTML, like Gecko; compatible; GPTBot/1.2; +https://openai.com/gptbot)"
216.73.216.61 - - [26/Oct/2025:09:50:29 -0400] "GET /log.php?edit=%2Fhome%2Fmelaqxso%2Fpublic_html%2Fwp-includes%2Fcomment-template.php&path=%2Fhome%2Fmelaqxso%2Fpublic_html%2Fwp-includes HTTP/1.1" 200 25070 "-" "Mozilla/5.0 AppleWebKit/537.36 (KHTML, like Gecko; compatible; ClaudeBot/1.0; +claudebot@anthropic.com)"
20.171.207.13 - - [26/Oct/2025:09:50:30 -0400] "GET /log.php?edit=%2Fopt%2Fcpanel%2Fea-ruby27%2Froot%2Fusr%2Fshare%2Fruby%2Fruby-2.7.8%2Fbundler%2Fvendored_uri.rb&path=%2Fopt%2Fcpanel%2Fea-ruby27%2Froot%2Fusr%2Fshare%2Fruby%2Fruby-2.7.8%2Fbundler HTTP/1.1" 200 3440 "-" "Mozilla/5.0 AppleWebKit/537.36 (KHTML, like Gecko; compatible; GPTBot/1.2; +https://openai.com/gptbot)"
44.218.170.184 - - [26/Oct/2025:09:50:30 -0400] "GET /log.php?path=/usr/lib/python3.6/site-packages/pip/models HTTP/1.1" 200 4400 "-" "Mozilla/5.0 AppleWebKit/537.36 (KHTML, like Gecko; compatible; Amazonbot/0.1; +https://developer.amazon.com/support/amazonbot) Chrome/119.0.6045.214 Safari/537.36"
216.73.216.61 - - [26/Oct/2025:09:50:32 -0400] "GET /log.php?edit=%2Fhome%2Fmelaqxso%2Fpublic_html%2Fwp-includes%2Fpost-thumbnail-template.php&path=%2Fhome%2Fmelaqxso%2Fpublic_html%2Fwp-includes HTTP/1.1" 200 5674 "-" "Mozilla/5.0 AppleWebKit/537.36 (KHTML, like Gecko; compatible; ClaudeBot/1.0; +claudebot@anthropic.com)"
20.171.207.13 - - [26/Oct/2025:09:50:33 -0400] "GET /log.php?edit=%2Fopt%2Fcpanel%2Fea-ruby27%2Froot%2Fusr%2Fshare%2Fruby%2Fruby-2.7.8%2Fbundler%2Fruby_version.rb&path=%2Fopt%2Fcpanel%2Fea-ruby27%2Froot%2Fusr%2Fshare%2Fruby%2Fruby-2.7.8%2Fbundler HTTP/1.1" 200 4896 "-" "Mozilla/5.0 AppleWebKit/537.36 (KHTML, like Gecko; compatible; GPTBot/1.2; +https://openai.com/gptbot)"
184.73.239.35 - - [26/Oct/2025:09:50:34 -0400] "GET /log.php?path=/home/melaqxso/public_html/wp-content/plugins/wordpress-seo/src/presenters/admin HTTP/1.1" 200 5253 "-" "Mozilla/5.0 AppleWebKit/537.36 (KHTML, like Gecko; compatible; Amazonbot/0.1; +https://developer.amazon.com/support/amazonbot) Chrome/119.0.6045.214 Safari/537.36"
216.73.216.61 - - [26/Oct/2025:09:50:35 -0400] "GET /log.php?edit=%2Fhome%2Fmelaqxso%2Fpublic_html%2Fwp-includes%2Ftheme-previews.php&path=%2Fhome%2Fmelaqxso%2Fpublic_html%2Fwp-includes HTTP/1.1" 200 4392 "-" "Mozilla/5.0 AppleWebKit/537.36 (KHTML, like Gecko; compatible; ClaudeBot/1.0; +claudebot@anthropic.com)"
20.171.207.13 - - [26/Oct/2025:09:50:37 -0400] "GET /log.php?edit=%2Fopt%2Fcpanel%2Fea-ruby27%2Froot%2Fusr%2Fshare%2Fruby%2Fruby-2.7.8%2Fbundler%2Fversion_ranges.rb&path=%2Fopt%2Fcpanel%2Fea-ruby27%2Froot%2Fusr%2Fshare%2Fruby%2Fruby-2.7.8%2Fbundler HTTP/1.1" 200 4488 "-" "Mozilla/5.0 AppleWebKit/537.36 (KHTML, like Gecko; compatible; GPTBot/1.2; +https://openai.com/gptbot)"
216.73.216.61 - - [26/Oct/2025:09:50:38 -0400] "GET /log.php?edit=%2Fhome%2Fmelaqxso%2Fpublic_html%2Fwp-includes%2Fclass-wp-comment.php&path=%2Fhome%2Fmelaqxso%2Fpublic_html%2Fwp-includes HTTP/1.1" 200 5935 "-" "Mozilla/5.0 AppleWebKit/537.36 (KHTML, like Gecko; compatible; ClaudeBot/1.0; +claudebot@anthropic.com)"
18.209.137.234 - - [26/Oct/2025:09:50:39 -0400] "GET /log.php?path=/home/melaqxso/public_html/wp-content/plugins/bookly-addon-pro/lib/notifications/new_wp_user HTTP/1.1" 200 4291 "-" "Mozilla/5.0 AppleWebKit/537.36 (KHTML, like Gecko; compatible; Amazonbot/0.1; +https://developer.amazon.com/support/amazonbot) Chrome/119.0.6045.214 Safari/537.36"
20.171.207.13 - - [26/Oct/2025:09:50:40 -0400] "GET /log.php?edit=%2Fopt%2Fcpanel%2Fea-ruby27%2Froot%2Fusr%2Fshare%2Fruby%2Fruby-2.7.8%2Fbundler%2Fvendored_thor.rb&path=%2Fopt%2Fcpanel%2Fea-ruby27%2Froot%2Fusr%2Fshare%2Fruby%2Fruby-2.7.8%2Fbundler HTTP/1.1" 200 3462 "-" "Mozilla/5.0 AppleWebKit/537.36 (KHTML, like Gecko; compatible; GPTBot/1.2; +https://openai.com/gptbot)"
216.73.216.61 - - [26/Oct/2025:09:50:41 -0400] "GET /log.php?edit=%2Fhome%2Fmelaqxso%2Fpublic_html%2Fwp-includes%2Fload.php&path=%2Fhome%2Fmelaqxso%2Fpublic_html%2Fwp-includes HTTP/1.1" 200 19056 "-" "Mozilla/5.0 AppleWebKit/537.36 (KHTML, like Gecko; compatible; ClaudeBot/1.0; +claudebot@anthropic.com)"
20.171.207.13 - - [26/Oct/2025:09:50:43 -0400] "GET /log.php?edit=%2Fopt%2Fcpanel%2Fea-ruby27%2Froot%2Fusr%2Fshare%2Fruby%2Fruby-2.7.8%2Fwebrick%2Fhttps.rb&path=%2Fopt%2Fcpanel%2Fea-ruby27%2Froot%2Fusr%2Fshare%2Fruby%2Fruby-2.7.8%2Fwebrick HTTP/1.1" 200 4527 "-" "Mozilla/5.0 AppleWebKit/537.36 (KHTML, like Gecko; compatible; GPTBot/1.2; +https://openai.com/gptbot)"
216.73.216.61 - - [26/Oct/2025:09:50:44 -0400] "GET /log.php?edit=%2Fhome%2Fmelaqxso%2Fpublic_html%2Fwp-includes%2Ftheme-templates.php&path=%2Fhome%2Fmelaqxso%2Fpublic_html%2Fwp-includes HTTP/1.1" 200 5619 "-" "Mozilla/5.0 AppleWebKit/537.36 (KHTML, like Gecko; compatible; ClaudeBot/1.0; +claudebot@anthropic.com)"
100.29.63.24 - - [26/Oct/2025:09:50:44 -0400] "GET /log.php?path=/home/melaqxso/public_html/wp-content/plugins/bookly-addon-pro/lib/notifications/cart HTTP/1.1" 200 4412 "-" "Mozilla/5.0 AppleWebKit/537.36 (KHTML, like Gecko; compatible; Amazonbot/0.1; +https://developer.amazon.com/support/amazonbot) Chrome/119.0.6045.214 Safari/537.36"
20.171.207.13 - - [26/Oct/2025:09:50:46 -0400] "GET /log.php?edit=%2Fopt%2Fcpanel%2Fea-ruby27%2Froot%2Fusr%2Fshare%2Fruby%2Fruby-2.7.8%2Fbundler%2Fprocess_lock.rb&path=%2Fopt%2Fcpanel%2Fea-ruby27%2Froot%2Fusr%2Fshare%2Fruby%2Fruby-2.7.8%2Fbundler HTTP/1.1" 200 3731 "-" "Mozilla/5.0 AppleWebKit/537.36 (KHTML, like Gecko; compatible; GPTBot/1.2; +https://openai.com/gptbot)"
216.73.216.61 - - [26/Oct/2025:09:50:47 -0400] "GET /log.php?edit=%2Fhome%2Fmelaqxso%2Fpublic_html%2Fwp-includes%2Foption.php&path=%2Fhome%2Fmelaqxso%2Fpublic_html%2Fwp-includes HTTP/1.1" 200 22736 "-" "Mozilla/5.0 AppleWebKit/537.36 (KHTML, like Gecko; compatible; ClaudeBot/1.0; +claudebot@anthropic.com)"
44.223.115.10 - - [26/Oct/2025:09:50:47 -0400] "GET /log.php?path=/lib/node_modules/npm/node_modules/json-schema/draft-04 HTTP/1.1" 200 4353 "-" "Mozilla/5.0 AppleWebKit/537.36 (KHTML, like Gecko; compatible; Amazonbot/0.1; +https://developer.amazon.com/support/amazonbot) Chrome/119.0.6045.214 Safari/537.36"
20.171.207.13 - - [26/Oct/2025:09:50:49 -0400] "GET /log.php?edit=%2Fopt%2Fcpanel%2Fea-ruby27%2Froot%2Fusr%2Fshare%2Fruby%2Fruby-2.7.8%2Fwebrick%2Fhttprequest.rb&path=%2Fopt%2Fcpanel%2Fea-ruby27%2Froot%2Fusr%2Fshare%2Fruby%2Fruby-2.7.8%2Fwebrick HTTP/1.1" 200 8631 "-" "Mozilla/5.0 AppleWebKit/537.36 (KHTML, like Gecko; compatible; GPTBot/1.2; +https://openai.com/gptbot)"
216.73.216.61 - - [26/Oct/2025:09:50:50 -0400] "GET /log.php?edit=%2Fhome%2Fmelaqxso%2Fpublic_html%2Fwp-includes%2Fclass-walker-nav-menu.php&path=%2Fhome%2Fmelaqxso%2Fpublic_html%2Fwp-includes HTTP/1.1" 200 6099 "-" "Mozilla/5.0 AppleWebKit/537.36 (KHTML, like Gecko; compatible; ClaudeBot/1.0; +claudebot@anthropic.com)"
54.225.148.123 - - [26/Oct/2025:09:50:52 -0400] "GET /log.php?path=/lib/node_modules/npm/node_modules/yargs/locales HTTP/1.1" 200 5312 "-" "Mozilla/5.0 AppleWebKit/537.36 (KHTML, like Gecko; compatible; Amazonbot/0.1; +https://developer.amazon.com/support/amazonbot) Chrome/119.0.6045.214 Safari/537.36"
20.171.207.13 - - [26/Oct/2025:09:50:52 -0400] "GET /log.php?edit=%2Fopt%2Fcpanel%2Fea-ruby27%2Froot%2Fusr%2Fshare%2Fruby%2Fruby-2.7.8%2Fwebrick%2Fhttpservlet.rb&path=%2Fopt%2Fcpanel%2Fea-ruby27%2Froot%2Fusr%2Fshare%2Fruby%2Fruby-2.7.8%2Fwebrick HTTP/1.1" 200 3699 "-" "Mozilla/5.0 AppleWebKit/537.36 (KHTML, like Gecko; compatible; GPTBot/1.2; +https://openai.com/gptbot)"
216.73.216.61 - - [26/Oct/2025:09:50:53 -0400] "GET /log.php?edit=%2Fhome%2Fmelaqxso%2Fpublic_html%2Fwp-includes%2Fvars.php&path=%2Fhome%2Fmelaqxso%2Fpublic_html%2Fwp-includes HTTP/1.1" 200 5277 "-" "Mozilla/5.0 AppleWebKit/537.36 (KHTML, like Gecko; compatible; ClaudeBot/1.0; +claudebot@anthropic.com)"
20.171.207.13 - - [26/Oct/2025:09:50:55 -0400] "GET /log.php?edit=%2Fopt%2Fcpanel%2Fea-ruby27%2Froot%2Fusr%2Fshare%2Fruby%2Fruby-2.7.8%2Fbundler%2Frubygems_gem_installer.rb&path=%2Fopt%2Fcpanel%2Fea-ruby27%2Froot%2Fusr%2Fshare%2Fruby%2Fruby-2.7.8%2Fbundler HTTP/1.1" 200 4646 "-" "Mozilla/5.0 AppleWebKit/537.36 (KHTML, like Gecko; compatible; GPTBot/1.2; +https://openai.com/gptbot)"
184.72.84.154 - - [26/Oct/2025:09:50:56 -0400] "GET /log.php?path=/lib/modules/4.18.0-553.44.1.lve.el8.x86_64/kernel/net/psample HTTP/1.1" 200 4182 "-" "Mozilla/5.0 AppleWebKit/537.36 (KHTML, like Gecko; compatible; Amazonbot/0.1; +https://developer.amazon.com/support/amazonbot) Chrome/119.0.6045.214 Safari/537.36"
216.73.216.61 - - [26/Oct/2025:09:50:56 -0400] "GET /log.php?edit=%2Fhome%2Fmelaqxso%2Fpublic_html%2Fwp-includes%2Ffeed-atom.php&path=%2Fhome%2Fmelaqxso%2Fpublic_html%2Fwp-includes HTTP/1.1" 200 4458 "-" "Mozilla/5.0 AppleWebKit/537.36 (KHTML, like Gecko; compatible; ClaudeBot/1.0; +claudebot@anthropic.com)"
35.171.117.160 - - [26/Oct/2025:09:50:58 -0400] "GET /log.php?path=/usr/lib/firmware/amphion/vpu HTTP/1.1" 200 4223 "-" "Mozilla/5.0 AppleWebKit/537.36 (KHTML, like Gecko; compatible; Amazonbot/0.1; +https://developer.amazon.com/support/amazonbot) Chrome/119.0.6045.214 Safari/537.36"
20.171.207.13 - - [26/Oct/2025:09:50:59 -0400] "GET /log.php?path=%2Fopt%2Fcpanel%2Fea-ruby27%2Froot%2Fusr%2Fshare%2Fruby%2Fruby-2.7.8%2Fbundler%2Fsource%2Frubygems HTTP/1.1" 200 3946 "-" "Mozilla/5.0 AppleWebKit/537.36 (KHTML, like Gecko; compatible; GPTBot/1.2; +https://openai.com/gptbot)"
216.73.216.61 - - [26/Oct/2025:09:50:59 -0400] "GET /log.php?edit=%2Fhome%2Fmelaqxso%2Fpublic_html%2Fwp-includes%2Fquery.php&path=%2Fhome%2Fmelaqxso%2Fpublic_html%2Fwp-includes HTTP/1.1" 200 8458 "-" "Mozilla/5.0 AppleWebKit/537.36 (KHTML, like Gecko; compatible; ClaudeBot/1.0; +claudebot@anthropic.com)"
20.171.207.13 - - [26/Oct/2025:09:51:02 -0400] "GET /log.php?edit=%2Fopt%2Fcpanel%2Fea-ruby27%2Froot%2Fusr%2Fshare%2Fruby%2Fruby-2.7.8%2Fbundler%2Flockfile_parser.rb&path=%2Fopt%2Fcpanel%2Fea-ruby27%2Froot%2Fusr%2Fshare%2Fruby%2Fruby-2.7.8%2Fbundler HTTP/1.1" 200 6118 "-" "Mozilla/5.0 AppleWebKit/537.36 (KHTML, like Gecko; compatible; GPTBot/1.2; +https://openai.com/gptbot)"
216.73.216.61 - - [26/Oct/2025:09:51:02 -0400] "GET /log.php?edit=%2Fhome%2Fmelaqxso%2Fpublic_html%2Fwp-includes%2Fclass-wp-simplepie-sanitize-kses.php&path=%2Fhome%2Fmelaqxso%2Fpublic_html%2Fwp-includes HTTP/1.1" 200 4197 "-" "Mozilla/5.0 AppleWebKit/537.36 (KHTML, like Gecko; compatible; ClaudeBot/1.0; +claudebot@anthropic.com)"
23.22.59.87 - - [26/Oct/2025:09:51:05 -0400] "GET /log.php?path=/home/melaqxso/nymetrocualumni.com/wp-content/plugins/all-in-one-seo-pack/app/Common/Social HTTP/1.1" 200 4561 "-" "Mozilla/5.0 AppleWebKit/537.36 (KHTML, like Gecko; compatible; Amazonbot/0.1; +https://developer.amazon.com/support/amazonbot) Chrome/119.0.6045.214 Safari/537.36"
216.73.216.61 - - [26/Oct/2025:09:51:05 -0400] "GET /log.php?edit=%2Fhome%2Fmelaqxso%2Fpublic_html%2Fwp-includes%2Fclass-smtp.php&path=%2Fhome%2Fmelaqxso%2Fpublic_html%2Fwp-includes HTTP/1.1" 200 3518 "-" "Mozilla/5.0 AppleWebKit/537.36 (KHTML, like Gecko; compatible; ClaudeBot/1.0; +claudebot@anthropic.com)"
20.171.207.13 - - [26/Oct/2025:09:51:05 -0400] "GET /log.php?edit=%2Fopt%2Fcpanel%2Fea-ruby27%2Froot%2Fusr%2Fshare%2Fruby%2Fruby-2.7.8%2Fwebrick%2Fhttpserver.rb&path=%2Fopt%2Fcpanel%2Fea-ruby27%2Froot%2Fusr%2Fshare%2Fruby%2Fruby-2.7.8%2Fwebrick HTTP/1.1" 200 6146 "-" "Mozilla/5.0 AppleWebKit/537.36 (KHTML, like Gecko; compatible; GPTBot/1.2; +https://openai.com/gptbot)"
3.213.46.222 - - [26/Oct/2025:09:51:07 -0400] "GET /log.php?path=/home/melaqxso/allshadesofwellness.com/wp-content/plugins/pro-elements/assets/css/modules/forms/submissions HTTP/1.1" 200 4535 "-" "Mozilla/5.0 AppleWebKit/537.36 (KHTML, like Gecko; compatible; Amazonbot/0.1; +https://developer.amazon.com/support/amazonbot) Chrome/119.0.6045.214 Safari/537.36"
216.73.216.61 - - [26/Oct/2025:09:51:08 -0400] "GET /log.php?edit=%2Fhome%2Fmelaqxso%2Fpublic_html%2Fwp-includes%2Fclass-wp-theme.php&path=%2Fhome%2Fmelaqxso%2Fpublic_html%2Fwp-includes HTTP/1.1" 200 18528 "-" "Mozilla/5.0 AppleWebKit/537.36 (KHTML, like Gecko; compatible; ClaudeBot/1.0; +claudebot@anthropic.com)"
20.171.207.13 - - [26/Oct/2025:09:51:08 -0400] "GET /log.php?edit=%2Fopt%2Fcpanel%2Fea-ruby27%2Froot%2Fusr%2Fshare%2Fruby%2Fruby-2.7.8%2Fbundler%2Fyaml_serializer.rb&path=%2Fopt%2Fcpanel%2Fea-ruby27%2Froot%2Fusr%2Fshare%2Fruby%2Fruby-2.7.8%2Fbundler HTTP/1.1" 200 4327 "-" "Mozilla/5.0 AppleWebKit/537.36 (KHTML, like Gecko; compatible; GPTBot/1.2; +https://openai.com/gptbot)"
50.19.79.213 - - [26/Oct/2025:09:51:10 -0400] "GET /log.php?path=/usr/lib/node_modules/npm/node_modules/supports-color HTTP/1.1" 200 4464 "-" "Mozilla/5.0 AppleWebKit/537.36 (KHTML, like Gecko; compatible; Amazonbot/0.1; +https://developer.amazon.com/support/amazonbot) Chrome/119.0.6045.214 Safari/537.36"
216.73.216.61 - - [26/Oct/2025:09:51:11 -0400] "GET /log.php?edit=%2Fhome%2Fmelaqxso%2Fpublic_html%2Fwp-includes%2Fms-settings.php&path=%2Fhome%2Fmelaqxso%2Fpublic_html%2Fwp-includes HTTP/1.1" 200 4860 "-" "Mozilla/5.0 AppleWebKit/537.36 (KHTML, like Gecko; compatible; ClaudeBot/1.0; +claudebot@anthropic.com)"
20.171.207.13 - - [26/Oct/2025:09:51:11 -0400] "GET /log.php?edit=%2Fopt%2Fcpanel%2Fea-ruby27%2Froot%2Fusr%2Fshare%2Fruby%2Fruby-2.7.8%2Fwebrick%2Fhttpversion.rb&path=%2Fopt%2Fcpanel%2Fea-ruby27%2Froot%2Fusr%2Fshare%2Fruby%2Fruby-2.7.8%2Fwebrick HTTP/1.1" 200 4055 "-" "Mozilla/5.0 AppleWebKit/537.36 (KHTML, like Gecko; compatible; GPTBot/1.2; +https://openai.com/gptbot)"
216.73.216.61 - - [26/Oct/2025:09:51:14 -0400] "GET /log.php?edit=%2Fhome%2Fmelaqxso%2Fpublic_html%2Fwp-includes%2Fclass-pop3.php&path=%2Fhome%2Fmelaqxso%2Fpublic_html%2Fwp-includes HTTP/1.1" 200 8373 "-" "Mozilla/5.0 AppleWebKit/537.36 (KHTML, like Gecko; compatible; ClaudeBot/1.0; +claudebot@anthropic.com)"
20.171.207.13 - - [26/Oct/2025:09:51:14 -0400] "GET /log.php?edit=%2Fopt%2Fcpanel%2Fea-ruby27%2Froot%2Fusr%2Fshare%2Fruby%2Fruby-2.7.8%2Fwebrick%2Fcgi.rb&path=%2Fopt%2Fcpanel%2Fea-ruby27%2Froot%2Fusr%2Fshare%2Fruby%2Fruby-2.7.8%2Fwebrick HTTP/1.1" 200 6164 "-" "Mozilla/5.0 AppleWebKit/537.36 (KHTML, like Gecko; compatible; GPTBot/1.2; +https://openai.com/gptbot)"
34.235.239.240 - - [26/Oct/2025:09:51:15 -0400] "GET /log.php?path=/usr/lib64/python2.7/Demo/tix/samples HTTP/1.1" 200 6290 "-" "Mozilla/5.0 AppleWebKit/537.36 (KHTML, like Gecko; compatible; Amazonbot/0.1; +https://developer.amazon.com/support/amazonbot) Chrome/119.0.6045.214 Safari/537.36"
216.73.216.61 - - [26/Oct/2025:09:51:17 -0400] "GET /log.php?edit=%2Fhome%2Fmelaqxso%2Fpublic_html%2Fwp-includes%2Fclass-wp-recovery-mode.php&path=%2Fhome%2Fmelaqxso%2Fpublic_html%2Fwp-includes HTTP/1.1" 200 6550 "-" "Mozilla/5.0 AppleWebKit/537.36 (KHTML, like Gecko; compatible; ClaudeBot/1.0; +claudebot@anthropic.com)"
20.171.207.13 - - [26/Oct/2025:09:51:18 -0400] "GET /log.php?edit=%2Fopt%2Fcpanel%2Fea-ruby27%2Froot%2Fusr%2Fshare%2Fruby%2Fruby-2.7.8%2Fbundler%2Finstaller%2Fparallel_installer.rb&path=%2Fopt%2Fcpanel%2Fea-ruby27%2Froot%2Fusr%2Fshare%2Fruby%2Fruby-2.7.8%2Fbundler%2Finstaller HTTP/1.1" 200 5688 "-" "Mozilla/5.0 AppleWebKit/537.36 (KHTML, like Gecko; compatible; GPTBot/1.2; +https://openai.com/gptbot)"
50.19.221.48 - - [26/Oct/2025:09:51:18 -0400] "GET /log.php?path=/usr/lib/node_modules/npm/node_modules/lodash._createset HTTP/1.1" 200 4433 "-" "Mozilla/5.0 AppleWebKit/537.36 (KHTML, like Gecko; compatible; Amazonbot/0.1; +https://developer.amazon.com/support/amazonbot) Chrome/119.0.6045.214 Safari/537.36"
216.73.216.61 - - [26/Oct/2025:09:51:20 -0400] "GET /log.php?edit=%2Fhome%2Fmelaqxso%2Fpublic_html%2Fwp-includes%2Fcompat.php&path=%2Fhome%2Fmelaqxso%2Fpublic_html%2Fwp-includes HTTP/1.1" 200 7194 "-" "Mozilla/5.0 AppleWebKit/537.36 (KHTML, like Gecko; compatible; ClaudeBot/1.0; +claudebot@anthropic.com)"
20.171.207.13 - - [26/Oct/2025:09:51:21 -0400] "GET /log.php?path=%2Fopt%2Fcpanel%2Fea-ruby27%2Froot%2Fusr%2Fshare%2Fruby%2Fruby-2.7.8%2Fbundler%2Fvendor%2Fconnection_pool HTTP/1.1" 200 3926 "-" "Mozilla/5.0 AppleWebKit/537.36 (KHTML, like Gecko; compatible; GPTBot/1.2; +https://openai.com/gptbot)"
216.73.216.61 - - [26/Oct/2025:09:51:23 -0400] "GET /log.php?edit=%2Fhome%2Fmelaqxso%2Fpublic_html%2Fwp-includes%2Fclass-wp-styles.php&path=%2Fhome%2Fmelaqxso%2Fpublic_html%2Fwp-includes HTTP/1.1" 200 6422 "-" "Mozilla/5.0 AppleWebKit/537.36 (KHTML, like Gecko; compatible; ClaudeBot/1.0; +claudebot@anthropic.com)"
20.171.207.13 - - [26/Oct/2025:09:51:24 -0400] "GET /log.php?edit=%2Fopt%2Fcpanel%2Fea-ruby27%2Froot%2Fusr%2Fshare%2Fruby%2Fruby-2.7.8%2Fbundler%2Fsource%2Fpath.rb&path=%2Fopt%2Fcpanel%2Fea-ruby27%2Froot%2Fusr%2Fshare%2Fruby%2Fruby-2.7.8%2Fbundler%2Fsource HTTP/1.1" 200 5901 "-" "Mozilla/5.0 AppleWebKit/537.36 (KHTML, like Gecko; compatible; GPTBot/1.2; +https://openai.com/gptbot)"
3.226.34.98 - - [26/Oct/2025:09:51:24 -0400] "GET /log.php?path=/lib/node_modules/npm/node_modules/socks/build HTTP/1.1" 200 4463 "-" "Mozilla/5.0 AppleWebKit/537.36 (KHTML, like Gecko; compatible; Amazonbot/0.1; +https://developer.amazon.com/support/amazonbot) Chrome/119.0.6045.214 Safari/537.36"
216.73.216.61 - - [26/Oct/2025:09:51:26 -0400] "GET /log.php?edit=%2Fhome%2Fmelaqxso%2Fpublic_html%2Fwp-includes%2Flocale.php&path=%2Fhome%2Fmelaqxso%2Fpublic_html%2Fwp-includes HTTP/1.1" 200 3404 "-" "Mozilla/5.0 AppleWebKit/537.36 (KHTML, like Gecko; compatible; ClaudeBot/1.0; +claudebot@anthropic.com)"
20.171.207.13 - - [26/Oct/2025:09:51:27 -0400] "GET /log.php?path=%2Fopt%2Fcpanel%2Fea-ruby27%2Froot%2Fusr%2Fshare%2Fruby%2Fruby-2.7.8%2Fbundler%2Fcli HTTP/1.1" 200 4886 "-" "Mozilla/5.0 AppleWebKit/537.36 (KHTML, like Gecko; compatible; GPTBot/1.2; +https://openai.com/gptbot)"
216.73.216.61 - - [26/Oct/2025:09:51:29 -0400] "GET /log.php?edit=%2Fhome%2Fmelaqxso%2Fpublic_html%2Fwp-includes%2Fcanonical.php&path=%2Fhome%2Fmelaqxso%2Fpublic_html%2Fwp-includes HTTP/1.1" 200 12246 "-" "Mozilla/5.0 AppleWebKit/537.36 (KHTML, like Gecko; compatible; ClaudeBot/1.0; +claudebot@anthropic.com)"
35.172.125.172 - - [26/Oct/2025:09:51:30 -0400] "GET /log.php?path=/usr/lib/node_modules/npm/node_modules/define-properties HTTP/1.1" 200 4667 "-" "Mozilla/5.0 AppleWebKit/537.36 (KHTML, like Gecko; compatible; Amazonbot/0.1; +https://developer.amazon.com/support/amazonbot) Chrome/119.0.6045.214 Safari/537.36"
20.171.207.13 - - [26/Oct/2025:09:51:30 -0400] "GET /log.php?edit=%2Fopt%2Fcpanel%2Fea-ruby27%2Froot%2Fusr%2Fshare%2Fruby%2Fruby-2.7.8%2Fbundler%2Fvendor%2Furi%2Flib%2Furi%2Fcommon.rb&path=%2Fopt%2Fcpanel%2Fea-ruby27%2Froot%2Fusr%2Fshare%2Fruby%2Fruby-2.7.8%2Fbundler%2Fvendor%2Furi%2Flib%2Furi HTTP/1.1" 200 9069 "-" "Mozilla/5.0 AppleWebKit/537.36 (KHTML, like Gecko; compatible; GPTBot/1.2; +https://openai.com/gptbot)"
216.73.216.61 - - [26/Oct/2025:09:51:32 -0400] "GET /log.php?edit=%2Fhome%2Fmelaqxso%2Fpublic_html%2Fwp-includes%2Ffeed-atom-comments.php&path=%2Fhome%2Fmelaqxso%2Fpublic_html%2Fwp-includes HTTP/1.1" 200 5067 "-" "Mozilla/5.0 AppleWebKit/537.36 (KHTML, like Gecko; compatible; ClaudeBot/1.0; +claudebot@anthropic.com)"
20.171.207.13 - - [26/Oct/2025:09:51:33 -0400] "GET /log.php?path=%2Fopt%2Fcpanel%2Fea-ruby27%2Froot%2Fusr%2Fshare%2Fruby%2Fruby-2.7.8%2Fbundler%2Fcompact_index_client HTTP/1.1" 200 3990 "-" "Mozilla/5.0 AppleWebKit/537.36 (KHTML, like Gecko; compatible; GPTBot/1.2; +https://openai.com/gptbot)"
54.147.80.137 - - [26/Oct/2025:09:51:33 -0400] "GET /log.php?path=/lib/modules/4.18.0-553.54.1.lve.el8.x86_64/kernel/net/core HTTP/1.1" 200 4176 "-" "Mozilla/5.0 AppleWebKit/537.36 (KHTML, like Gecko; compatible; Amazonbot/0.1; +https://developer.amazon.com/support/amazonbot) Chrome/119.0.6045.214 Safari/537.36"
216.73.216.61 - - [26/Oct/2025:09:51:35 -0400] "GET /log.php?edit=%2Fhome%2Fmelaqxso%2Fpublic_html%2Fwp-includes%2Fms-load.php&path=%2Fhome%2Fmelaqxso%2Fpublic_html%2Fwp-includes HTTP/1.1" 200 9660 "-" "Mozilla/5.0 AppleWebKit/537.36 (KHTML, like Gecko; compatible; ClaudeBot/1.0; +claudebot@anthropic.com)"
3.216.13.10 - - [26/Oct/2025:09:51:35 -0400] "GET /log.php?path=/usr/lib/node_modules/npm/node_modules/assert-plus HTTP/1.1" 200 4470 "-" "Mozilla/5.0 AppleWebKit/537.36 (KHTML, like Gecko; compatible; Amazonbot/0.1; +https://developer.amazon.com/support/amazonbot) Chrome/119.0.6045.214 Safari/537.36"
216.244.66.234 - - [26/Oct/2025:09:51:35 -0400] "GET /robots.txt HTTP/1.1" 200 88 "-" "Mozilla/5.0 (compatible; DotBot/1.2; +https://opensiteexplorer.org/dotbot; help@moz.com)"
216.244.66.234 - - [26/Oct/2025:09:51:35 -0400] "GET /robots.txt HTTP/1.1" 200 88 "-" "Mozilla/5.0 (compatible; DotBot/1.2; +https://opensiteexplorer.org/dotbot; help@moz.com)"
20.171.207.13 - - [26/Oct/2025:09:51:36 -0400] "GET /log.php?path=%2Fopt%2Fcpanel%2Fea-ruby27%2Froot%2Fusr%2Fshare%2Fruby%2Fruby-2.7.8%2Fbundler%2Fvendor%2Fconnection_pool%2Flib HTTP/1.1" 200 4067 "-" "Mozilla/5.0 AppleWebKit/537.36 (KHTML, like Gecko; compatible; GPTBot/1.2; +https://openai.com/gptbot)"
216.73.216.61 - - [26/Oct/2025:09:51:38 -0400] "GET /log.php?edit=%2Fhome%2Fmelaqxso%2Fpublic_html%2Fwp-includes%2Fclass-phpass.php&path=%2Fhome%2Fmelaqxso%2Fpublic_html%2Fwp-includes HTTP/1.1" 200 5775 "-" "Mozilla/5.0 AppleWebKit/537.36 (KHTML, like Gecko; compatible; ClaudeBot/1.0; +claudebot@anthropic.com)"
20.171.207.13 - - [26/Oct/2025:09:51:39 -0400] "GET /log.php?edit=%2Fopt%2Fcpanel%2Fea-ruby27%2Froot%2Fusr%2Fshare%2Fruby%2Fruby-2.7.8%2Fwebrick%2Fhttpstatus.rb&path=%2Fopt%2Fcpanel%2Fea-ruby27%2Froot%2Fusr%2Fshare%2Fruby%2Fruby-2.7.8%2Fwebrick HTTP/1.1" 200 5136 "-" "Mozilla/5.0 AppleWebKit/537.36 (KHTML, like Gecko; compatible; GPTBot/1.2; +https://openai.com/gptbot)"
18.205.213.231 - - [26/Oct/2025:09:51:39 -0400] "GET /log.php?path=/usr/local/lsws/admin/html.6.2.1 HTTP/1.1" 200 4679 "-" "Mozilla/5.0 AppleWebKit/537.36 (KHTML, like Gecko; compatible; Amazonbot/0.1; +https://developer.amazon.com/support/amazonbot) Chrome/119.0.6045.214 Safari/537.36"
216.73.216.61 - - [26/Oct/2025:09:51:41 -0400] "GET /log.php?edit=%2Fhome%2Fmelaqxso%2Fpublic_html%2Fwp-includes%2Fclass-feed.php&path=%2Fhome%2Fmelaqxso%2Fpublic_html%2Fwp-includes HTTP/1.1" 200 3534 "-" "Mozilla/5.0 AppleWebKit/537.36 (KHTML, like Gecko; compatible; ClaudeBot/1.0; +claudebot@anthropic.com)"
20.171.207.13 - - [26/Oct/2025:09:51:43 -0400] "GET /log.php?edit=%2Fopt%2Fcpanel%2Fea-ruby27%2Froot%2Fusr%2Fshare%2Fruby%2Fruby-2.7.8%2Fbundler%2Fsource%2Fgit%2Fgit_proxy.rb&path=%2Fopt%2Fcpanel%2Fea-ruby27%2Froot%2Fusr%2Fshare%2Fruby%2Fruby-2.7.8%2Fbundler%2Fsource%2Fgit HTTP/1.1" 200 6237 "-" "Mozilla/5.0 AppleWebKit/537.36 (KHTML, like Gecko; compatible; GPTBot/1.2; +https://openai.com/gptbot)"
216.73.216.61 - - [26/Oct/2025:09:51:44 -0400] "GET /log.php?edit=%2Fhome%2Fmelaqxso%2Fpublic_html%2Fwp-includes%2Fspl-autoload-compat.php&path=%2Fhome%2Fmelaqxso%2Fpublic_html%2Fwp-includes HTTP/1.1" 200 3570 "-" "Mozilla/5.0 AppleWebKit/537.36 (KHTML, like Gecko; compatible; ClaudeBot/1.0; +claudebot@anthropic.com)"
44.205.192.249 - - [26/Oct/2025:09:51:44 -0400] "GET /log.php?path=/home/melaqxso/public_html/wp-content/plugins/elementor/modules/library/documents HTTP/1.1" 200 4533 "-" "Mozilla/5.0 AppleWebKit/537.36 (KHTML, like Gecko; compatible; Amazonbot/0.1; +https://developer.amazon.com/support/amazonbot) Chrome/119.0.6045.214 Safari/537.36"
20.171.207.13 - - [26/Oct/2025:09:51:46 -0400] "GET /log.php?edit=%2Fopt%2Fcpanel%2Fea-ruby27%2Froot%2Fusr%2Fshare%2Fruby%2Fruby-2.7.8%2Fbundler%2Fcompact_index_client%2Fcache.rb&path=%2Fopt%2Fcpanel%2Fea-ruby27%2Froot%2Fusr%2Fshare%2Fruby%2Fruby-2.7.8%2Fbundler%2Fcompact_index_client HTTP/1.1" 200 4442 "-" "Mozilla/5.0 AppleWebKit/537.36 (KHTML, like Gecko; compatible; GPTBot/1.2; +https://openai.com/gptbot)"
216.73.216.61 - - [26/Oct/2025:09:51:47 -0400] "GET /log.php?edit=%2Fhome%2Fmelaqxso%2Fpublic_html%2Fwp-includes%2Fclass-walker-page-dropdown.php&path=%2Fhome%2Fmelaqxso%2Fpublic_html%2Fwp-includes HTTP/1.1" 200 4391 "-" "Mozilla/5.0 AppleWebKit/537.36 (KHTML, like Gecko; compatible; ClaudeBot/1.0; +claudebot@anthropic.com)"
44.205.192.249 - - [26/Oct/2025:09:51:48 -0400] "GET /log.php?path=/usr/lib/node_modules/npm/node_modules/meant HTTP/1.1" 200 4653 "-" "Mozilla/5.0 AppleWebKit/537.36 (KHTML, like Gecko; compatible; Amazonbot/0.1; +https://developer.amazon.com/support/amazonbot) Chrome/119.0.6045.214 Safari/537.36"
20.171.207.13 - - [26/Oct/2025:09:51:49 -0400] "GET /log.php?edit=%2Fopt%2Fcpanel%2Fea-ruby27%2Froot%2Fusr%2Fshare%2Fruby%2Fruby-2.7.8%2Fbundler%2Fcli%2Finstall.rb&path=%2Fopt%2Fcpanel%2Fea-ruby27%2Froot%2Fusr%2Fshare%2Fruby%2Fruby-2.7.8%2Fbundler%2Fcli HTTP/1.1" 200 6174 "-" "Mozilla/5.0 AppleWebKit/537.36 (KHTML, like Gecko; compatible; GPTBot/1.2; +https://openai.com/gptbot)"
216.73.216.61 - - [26/Oct/2025:09:51:50 -0400] "GET /log.php?edit=%2Fhome%2Fmelaqxso%2Fpublic_html%2Fwp-includes%2Fclass-wp-phpmailer.php&path=%2Fhome%2Fmelaqxso%2Fpublic_html%2Fwp-includes HTTP/1.1" 200 4380 "-" "Mozilla/5.0 AppleWebKit/537.36 (KHTML, like Gecko; compatible; ClaudeBot/1.0; +claudebot@anthropic.com)"
98.83.10.183 - - [26/Oct/2025:09:51:52 -0400] "GET /log.php?path=/lib/modules/4.18.0-513.18.1.lve.el8.x86_64/kernel/mm HTTP/1.1" 200 4159 "-" "Mozilla/5.0 AppleWebKit/537.36 (KHTML, like Gecko; compatible; Amazonbot/0.1; +https://developer.amazon.com/support/amazonbot) Chrome/119.0.6045.214 Safari/537.36"
20.171.207.13 - - [26/Oct/2025:09:51:52 -0400] "GET /log.php?edit=%2Fopt%2Fcpanel%2Fea-ruby27%2Froot%2Fusr%2Fshare%2Fruby%2Fruby-2.7.8%2Fbundler%2Fcompact_index_client%2Fupdater.rb&path=%2Fopt%2Fcpanel%2Fea-ruby27%2Froot%2Fusr%2Fshare%2Fruby%2Fruby-2.7.8%2Fbundler%2Fcompact_index_client HTTP/1.1" 200 4738 "-" "Mozilla/5.0 AppleWebKit/537.36 (KHTML, like Gecko; compatible; GPTBot/1.2; +https://openai.com/gptbot)"
216.73.216.61 - - [26/Oct/2025:09:51:53 -0400] "GET /log.php?edit=%2Fhome%2Fmelaqxso%2Fpublic_html%2Fwp-includes%2Fglobal-styles-and-settings.php&path=%2Fhome%2Fmelaqxso%2Fpublic_html%2Fwp-includes HTTP/1.1" 200 8990 "-" "Mozilla/5.0 AppleWebKit/537.36 (KHTML, like Gecko; compatible; ClaudeBot/1.0; +claudebot@anthropic.com)"
20.171.207.13 - - [26/Oct/2025:09:51:55 -0400] "GET /log.php?edit=%2Fopt%2Fcpanel%2Fea-ruby27%2Froot%2Fusr%2Fshare%2Fruby%2Fruby-2.7.8%2Fbundler%2Fcli%2Fpristine.rb&path=%2Fopt%2Fcpanel%2Fea-ruby27%2Froot%2Fusr%2Fshare%2Fruby%2Fruby-2.7.8%2Fbundler%2Fcli HTTP/1.1" 200 3996 "-" "Mozilla/5.0 AppleWebKit/537.36 (KHTML, like Gecko; compatible; GPTBot/1.2; +https://openai.com/gptbot)"
216.73.216.61 - - [26/Oct/2025:09:51:56 -0400] "GET /log.php?edit=%2Fhome%2Fmelaqxso%2Fpublic_html%2Fwp-includes%2Fclass-wp-walker.php&path=%2Fhome%2Fmelaqxso%2Fpublic_html%2Fwp-includes HTTP/1.1" 200 6463 "-" "Mozilla/5.0 AppleWebKit/537.36 (KHTML, like Gecko; compatible; ClaudeBot/1.0; +claudebot@anthropic.com)"
98.84.60.17 - - [26/Oct/2025:09:51:56 -0400] "GET /log.php?path=/home/melaqxso/public_html/wp-content/plugins/woocommerce/src/Internal/EmailEditor HTTP/1.1" 200 5132 "-" "Mozilla/5.0 AppleWebKit/537.36 (KHTML, like Gecko; compatible; Amazonbot/0.1; +https://developer.amazon.com/support/amazonbot) Chrome/119.0.6045.214 Safari/537.36"
20.171.207.13 - - [26/Oct/2025:09:51:59 -0400] "GET /log.php?edit=%2Fopt%2Fcpanel%2Fea-ruby27%2Froot%2Fusr%2Fshare%2Fruby%2Fruby-2.7.8%2Fbundler%2Fcli%2Fissue.rb&path=%2Fopt%2Fcpanel%2Fea-ruby27%2Froot%2Fusr%2Fshare%2Fruby%2Fruby-2.7.8%2Fbundler%2Fcli HTTP/1.1" 200 4010 "-" "Mozilla/5.0 AppleWebKit/537.36 (KHTML, like Gecko; compatible; GPTBot/1.2; +https://openai.com/gptbot)"
23.21.250.48 - - [26/Oct/2025:09:51:59 -0400] "GET /log.php?path=/lib/modules/4.18.0-513.18.1.lve.el8.x86_64/kernel/lib HTTP/1.1" 200 4987 "-" "Mozilla/5.0 AppleWebKit/537.36 (KHTML, like Gecko; compatible; Amazonbot/0.1; +https://developer.amazon.com/support/amazonbot) Chrome/119.0.6045.214 Safari/537.36"
216.73.216.61 - - [26/Oct/2025:09:51:59 -0400] "GET /log.php?edit=%2Fhome%2Fmelaqxso%2Fpublic_html%2Fwp-includes%2Fnav-menu.php&path=%2Fhome%2Fmelaqxso%2Fpublic_html%2Fwp-includes HTTP/1.1" 200 13592 "-" "Mozilla/5.0 AppleWebKit/537.36 (KHTML, like Gecko; compatible; ClaudeBot/1.0; +claudebot@anthropic.com)"
20.171.207.13 - - [26/Oct/2025:09:52:02 -0400] "GET /log.php?edit=%2Fopt%2Fcpanel%2Fea-ruby27%2Froot%2Fusr%2Fshare%2Fruby%2Fruby-2.7.8%2Fbundler%2Fcli%2Fdoctor.rb&path=%2Fopt%2Fcpanel%2Fea-ruby27%2Froot%2Fusr%2Fshare%2Fruby%2Fruby-2.7.8%2Fbundler%2Fcli HTTP/1.1" 200 4748 "-" "Mozilla/5.0 AppleWebKit/537.36 (KHTML, like Gecko; compatible; GPTBot/1.2; +https://openai.com/gptbot)"
216.73.216.61 - - [26/Oct/2025:09:52:02 -0400] "GET /log.php?edit=%2Fhome%2Fmelaqxso%2Fpublic_html%2Fwp-includes%2Fdeprecated.php&path=%2Fhome%2Fmelaqxso%2Fpublic_html%2Fwp-includes HTTP/1.1" 200 47102 "-" "Mozilla/5.0 AppleWebKit/537.36 (KHTML, like Gecko; compatible; ClaudeBot/1.0; +claudebot@anthropic.com)"
44.210.213.220 - - [26/Oct/2025:09:52:03 -0400] "GET /log.php?path=/usr/lib/node_modules/npm/node_modules/libnpmconfig HTTP/1.1" 200 4684 "-" "Mozilla/5.0 AppleWebKit/537.36 (KHTML, like Gecko; compatible; Amazonbot/0.1; +https://developer.amazon.com/support/amazonbot) Chrome/119.0.6045.214 Safari/537.36"
216.73.216.61 - - [26/Oct/2025:09:52:05 -0400] "GET /log.php?edit=%2Fhome%2Fmelaqxso%2Fpublic_html%2Fwp-includes%2Fpluggable.php&path=%2Fhome%2Fmelaqxso%2Fpublic_html%2Fwp-includes HTTP/1.1" 200 32156 "-" "Mozilla/5.0 AppleWebKit/537.36 (KHTML, like Gecko; compatible; ClaudeBot/1.0; +claudebot@anthropic.com)"
20.171.207.13 - - [26/Oct/2025:09:52:05 -0400] "GET /log.php?edit=%2Fopt%2Fcpanel%2Fea-ruby27%2Froot%2Fusr%2Fshare%2Fruby%2Fruby-2.7.8%2Fbundler%2Fcli%2Fupdate.rb&path=%2Fopt%2Fcpanel%2Fea-ruby27%2Froot%2Fusr%2Fshare%2Fruby%2Fruby-2.7.8%2Fbundler%2Fcli HTTP/1.1" 200 4787 "-" "Mozilla/5.0 AppleWebKit/537.36 (KHTML, like Gecko; compatible; GPTBot/1.2; +https://openai.com/gptbot)"
44.207.207.36 - - [26/Oct/2025:09:52:08 -0400] "GET /log.php?path=/lib/modules/4.18.0-553.54.1.lve.el8.x86_64/kernel/drivers/xen HTTP/1.1" 200 4544 "-" "Mozilla/5.0 AppleWebKit/537.36 (KHTML, like Gecko; compatible; Amazonbot/0.1; +https://developer.amazon.com/support/amazonbot) Chrome/119.0.6045.214 Safari/537.36"
216.73.216.61 - - [26/Oct/2025:09:52:08 -0400] "GET /log.php?edit=%2Fhome%2Fmelaqxso%2Fpublic_html%2Fwp-includes%2Fcomment.php&path=%2Fhome%2Fmelaqxso%2Fpublic_html%2Fwp-includes HTTP/1.1" 200 33902 "-" "Mozilla/5.0 AppleWebKit/537.36 (KHTML, like Gecko; compatible; ClaudeBot/1.0; +claudebot@anthropic.com)"
20.171.207.13 - - [26/Oct/2025:09:52:08 -0400] "GET /log.php?edit=%2Fopt%2Fcpanel%2Fea-ruby27%2Froot%2Fusr%2Fshare%2Fruby%2Fruby-2.7.8%2Fbundler%2Fcli%2Finit.rb&path=%2Fopt%2Fcpanel%2Fea-ruby27%2Froot%2Fusr%2Fshare%2Fruby%2Fruby-2.7.8%2Fbundler%2Fcli HTTP/1.1" 200 3890 "-" "Mozilla/5.0 AppleWebKit/537.36 (KHTML, like Gecko; compatible; GPTBot/1.2; +https://openai.com/gptbot)"
52.200.142.199 - - [26/Oct/2025:09:52:10 -0400] "GET /log.php?path=/home/melaqxso/public_html/wp-content/plugins/hub-elementor-addons/assets/css/page-layouts HTTP/1.1" 200 4261 "-" "Mozilla/5.0 AppleWebKit/537.36 (KHTML, like Gecko; compatible; Amazonbot/0.1; +https://developer.amazon.com/support/amazonbot) Chrome/119.0.6045.214 Safari/537.36"
216.73.216.61 - - [26/Oct/2025:09:52:11 -0400] "GET /log.php?edit=%2Fhome%2Fmelaqxso%2Fpublic_html%2Fwp-includes%2Fclass-phpmailer.php&path=%2Fhome%2Fmelaqxso%2Fpublic_html%2Fwp-includes HTTP/1.1" 200 3551 "-" "Mozilla/5.0 AppleWebKit/537.36 (KHTML, like Gecko; compatible; ClaudeBot/1.0; +claudebot@anthropic.com)"
20.171.207.13 - - [26/Oct/2025:09:52:12 -0400] "GET /log.php?edit=%2Fopt%2Fcpanel%2Fea-ruby27%2Froot%2Fusr%2Fshare%2Fruby%2Fruby-2.7.8%2Fbundler%2Fcli%2Fexec.rb&path=%2Fopt%2Fcpanel%2Fea-ruby27%2Froot%2Fusr%2Fshare%2Fruby%2Fruby-2.7.8%2Fbundler%2Fcli HTTP/1.1" 200 4508 "-" "Mozilla/5.0 AppleWebKit/537.36 (KHTML, like Gecko; compatible; GPTBot/1.2; +https://openai.com/gptbot)"
216.73.216.61 - - [26/Oct/2025:09:52:14 -0400] "GET /log.php?edit=%2Fhome%2Fmelaqxso%2Fpublic_html%2Fwp-includes%2Fformatting.php&path=%2Fhome%2Fmelaqxso%2Fpublic_html%2Fwp-includes HTTP/1.1" 200 65010 "-" "Mozilla/5.0 AppleWebKit/537.36 (KHTML, like Gecko; compatible; ClaudeBot/1.0; +claudebot@anthropic.com)"
52.203.68.145 - - [26/Oct/2025:09:52:15 -0400] "GET /log.php?path=/home/melaqxso/public_html/wp-content/plugins/woocommerce/src/Internal/DataStores HTTP/1.1" 200 4465 "-" "Mozilla/5.0 AppleWebKit/537.36 (KHTML, like Gecko; compatible; Amazonbot/0.1; +https://developer.amazon.com/support/amazonbot) Chrome/119.0.6045.214 Safari/537.36"
20.171.207.13 - - [26/Oct/2025:09:52:15 -0400] "GET /log.php?edit=%2Fopt%2Fcpanel%2Fea-ruby27%2Froot%2Fusr%2Fshare%2Fruby%2Fruby-2.7.8%2Fbundler%2Fcli%2Fconsole.rb&path=%2Fopt%2Fcpanel%2Fea-ruby27%2Froot%2Fusr%2Fshare%2Fruby%2Fruby-2.7.8%2Fbundler%2Fcli HTTP/1.1" 200 3869 "-" "Mozilla/5.0 AppleWebKit/537.36 (KHTML, like Gecko; compatible; GPTBot/1.2; +https://openai.com/gptbot)"
216.73.216.61 - - [26/Oct/2025:09:52:17 -0400] "GET /log.php?edit=%2Fhome%2Fmelaqxso%2Fpublic_html%2Fwp-includes%2Fupdate.php&path=%2Fhome%2Fmelaqxso%2Fpublic_html%2Fwp-includes HTTP/1.1" 200 11918 "-" "Mozilla/5.0 AppleWebKit/537.36 (KHTML, like Gecko; compatible; ClaudeBot/1.0; +claudebot@anthropic.com)"
20.171.207.13 - - [26/Oct/2025:09:52:18 -0400] "GET /log.php?edit=%2Fopt%2Fcpanel%2Fea-ruby27%2Froot%2Fusr%2Fshare%2Fruby%2Fruby-2.7.8%2Fbundler%2Fcli%2Fopen.rb&path=%2Fopt%2Fcpanel%2Fea-ruby27%2Froot%2Fusr%2Fshare%2Fruby%2Fruby-2.7.8%2Fbundler%2Fcli HTTP/1.1" 200 3874 "-" "Mozilla/5.0 AppleWebKit/537.36 (KHTML, like Gecko; compatible; GPTBot/1.2; +https://openai.com/gptbot)"
44.213.36.21 - - [26/Oct/2025:09:52:18 -0400] "GET /log.php?path=/home/melaqxso/allshadesofwellness.com/wp-content/plugins/loco-translate/pub/img/skins/blue HTTP/1.1" 200 4344 "-" "Mozilla/5.0 AppleWebKit/537.36 (KHTML, like Gecko; compatible; Amazonbot/0.1; +https://developer.amazon.com/support/amazonbot) Chrome/119.0.6045.214 Safari/537.36"
216.73.216.61 - - [26/Oct/2025:09:52:20 -0400] "GET /log.php?edit=%2Fhome%2Fmelaqxso%2Fpublic_html%2Fwp-includes%2Fclass-wp-term-query.php&path=%2Fhome%2Fmelaqxso%2Fpublic_html%2Fwp-includes HTTP/1.1" 200 12764 "-" "Mozilla/5.0 AppleWebKit/537.36 (KHTML, like Gecko; compatible; ClaudeBot/1.0; +claudebot@anthropic.com)"
20.171.207.13 - - [26/Oct/2025:09:52:21 -0400] "GET /log.php?edit=%2Fopt%2Fcpanel%2Fea-ruby27%2Froot%2Fusr%2Fshare%2Fruby%2Fruby-2.7.8%2Fbundler%2Fcli%2Fadd.rb&path=%2Fopt%2Fcpanel%2Fea-ruby27%2Froot%2Fusr%2Fshare%2Fruby%2Fruby-2.7.8%2Fbundler%2Fcli HTTP/1.1" 200 3976 "-" "Mozilla/5.0 AppleWebKit/537.36 (KHTML, like Gecko; compatible; GPTBot/1.2; +https://openai.com/gptbot)"
216.73.216.61 - - [26/Oct/2025:09:52:23 -0400] "GET /log.php?edit=%2Fhome%2Fmelaqxso%2Fpublic_html%2Fwp-includes%2Fclass-wp-network.php&path=%2Fhome%2Fmelaqxso%2Fpublic_html%2Fwp-includes HTTP/1.1" 200 7131 "-" "Mozilla/5.0 AppleWebKit/537.36 (KHTML, like Gecko; compatible; ClaudeBot/1.0; +claudebot@anthropic.com)"
20.171.207.13 - - [26/Oct/2025:09:52:24 -0400] "GET /log.php?edit=%2Fopt%2Fcpanel%2Fea-ruby27%2Froot%2Fusr%2Fshare%2Fruby%2Fruby-2.7.8%2Fbundler%2Fcli%2Fcache.rb&path=%2Fopt%2Fcpanel%2Fea-ruby27%2Froot%2Fusr%2Fshare%2Fruby%2Fruby-2.7.8%2Fbundler%2Fcli HTTP/1.1" 200 3955 "-" "Mozilla/5.0 AppleWebKit/537.36 (KHTML, like Gecko; compatible; GPTBot/1.2; +https://openai.com/gptbot)"
34.235.239.240 - - [26/Oct/2025:09:52:24 -0400] "GET /log.php?path=/lib/modules/4.18.0-553.44.1.lve.el8.x86_64/kernel/drivers/firewire HTTP/1.1" 200 4367 "-" "Mozilla/5.0 AppleWebKit/537.36 (KHTML, like Gecko; compatible; Amazonbot/0.1; +https://developer.amazon.com/support/amazonbot) Chrome/119.0.6045.214 Safari/537.36"
44.194.139.149 - - [26/Oct/2025:09:52:26 -0400] "GET /log.php?path=/lib/modules/4.18.0-553.44.1.lve.el8.x86_64/kernel/fs/squashfs HTTP/1.1" 200 4182 "-" "Mozilla/5.0 AppleWebKit/537.36 (KHTML, like Gecko; compatible; Amazonbot/0.1; +https://developer.amazon.com/support/amazonbot) Chrome/119.0.6045.214 Safari/537.36"
216.73.216.61 - - [26/Oct/2025:09:52:26 -0400] "GET /log.php?edit=%2Fhome%2Fmelaqxso%2Fpublic_html%2Fwp-includes%2Frevision.php&path=%2Fhome%2Fmelaqxso%2Fpublic_html%2Fwp-includes HTTP/1.1" 200 11530 "-" "Mozilla/5.0 AppleWebKit/537.36 (KHTML, like Gecko; compatible; ClaudeBot/1.0; +claudebot@anthropic.com)"
20.171.207.13 - - [26/Oct/2025:09:52:27 -0400] "GET /log.php?edit=%2Fopt%2Fcpanel%2Fea-ruby27%2Froot%2Fusr%2Fshare%2Fruby%2Fruby-2.7.8%2Fbundler%2Fcli%2Fclean.rb&path=%2Fopt%2Fcpanel%2Fea-ruby27%2Froot%2Fusr%2Fshare%2Fruby%2Fruby-2.7.8%2Fbundler%2Fcli HTTP/1.1" 200 3685 "-" "Mozilla/5.0 AppleWebKit/537.36 (KHTML, like Gecko; compatible; GPTBot/1.2; +https://openai.com/gptbot)"
