216.73.216.61 - - [26/Oct/2025:09:13:50 -0400] "GET /log.php?path=%2Fhome%2Fmelaqxso%2Fallshadesofwellness.com%2Fwp-includes%2Fsodium_compat HTTP/1.1" 200 4197 "-" "Mozilla/5.0 AppleWebKit/537.36 (KHTML, like Gecko; compatible; ClaudeBot/1.0; +claudebot@anthropic.com)"
20.171.207.13 - - [26/Oct/2025:09:13:52 -0400] "GET /log.php?edit=%2Fopt%2Falt%2Fphp74%2Fvar%2Flib%2Fphp%2Fsession%2Fsess_3d91e02d911b2db170ceed9fba9d61d9&path=%2Fopt%2Falt%2Fphp74%2Fvar%2Flib%2Fphp%2Fsession HTTP/1.1" 200 3345 "-" "Mozilla/5.0 AppleWebKit/537.36 (KHTML, like Gecko; compatible; GPTBot/1.2; +https://openai.com/gptbot)"
216.73.216.61 - - [26/Oct/2025:09:13:53 -0400] "GET /log.php?path=%2Fhome%2Fmelaqxso%2Fallshadesofwellness.com%2Fwp-content%2Fwebp-express%2Fwa HTTP/1.1" 200 3958 "-" "Mozilla/5.0 AppleWebKit/537.36 (KHTML, like Gecko; compatible; ClaudeBot/1.0; +claudebot@anthropic.com)"
3.212.205.90 - - [26/Oct/2025:09:13:54 -0400] "GET /log.php?edit=/usr/share/vim/vim80/compiler/gcc.vim&path=/usr/share/vim/vim80/compiler HTTP/1.1" 200 4121 "-" "Mozilla/5.0 AppleWebKit/537.36 (KHTML, like Gecko; compatible; Amazonbot/0.1; +https://developer.amazon.com/support/amazonbot) Chrome/119.0.6045.214 Safari/537.36"
20.171.207.13 - - [26/Oct/2025:09:13:55 -0400] "GET /log.php?edit=%2Fopt%2Falt%2Fphp74%2Fvar%2Flib%2Fphp%2Fsession%2Fsess_bf22d9106569339b6451fedcab390d4e&path=%2Fopt%2Falt%2Fphp74%2Fvar%2Flib%2Fphp%2Fsession HTTP/1.1" 200 3345 "-" "Mozilla/5.0 AppleWebKit/537.36 (KHTML, like Gecko; compatible; GPTBot/1.2; +https://openai.com/gptbot)"
216.73.216.61 - - [26/Oct/2025:09:13:56 -0400] "GET /log.php?path=%2Fhome%2Fmelaqxso%2Fallshadesofwellness.com%2Fwp-content%2Fwebp-express%2Fconfig HTTP/1.1" 200 3936 "-" "Mozilla/5.0 AppleWebKit/537.36 (KHTML, like Gecko; compatible; ClaudeBot/1.0; +claudebot@anthropic.com)"
34.224.9.144 - - [26/Oct/2025:09:13:58 -0400] "GET /log.php?edit=/usr/share/vim/vim80/syntax/lpc.vim&path=/usr/share/vim/vim80/syntax HTTP/1.1" 200 11812 "-" "Mozilla/5.0 AppleWebKit/537.36 (KHTML, like Gecko; compatible; Amazonbot/0.1; +https://developer.amazon.com/support/amazonbot) Chrome/119.0.6045.214 Safari/537.36"
20.171.207.13 - - [26/Oct/2025:09:13:58 -0400] "GET /log.php?edit=%2Fopt%2Falt%2Fphp74%2Fvar%2Flib%2Fphp%2Fsession%2Fsess_b88d58ee0768f9d8b250f0c9bce94656&path=%2Fopt%2Falt%2Fphp74%2Fvar%2Flib%2Fphp%2Fsession HTTP/1.1" 200 3346 "-" "Mozilla/5.0 AppleWebKit/537.36 (KHTML, like Gecko; compatible; GPTBot/1.2; +https://openai.com/gptbot)"
216.73.216.61 - - [26/Oct/2025:09:13:59 -0400] "GET /log.php?path=%2Fhome%2Fmelaqxso%2Fwordpress%2Fwp-admin HTTP/1.1" 200 8294 "-" "Mozilla/5.0 AppleWebKit/537.36 (KHTML, like Gecko; compatible; ClaudeBot/1.0; +claudebot@anthropic.com)"
20.171.207.13 - - [26/Oct/2025:09:14:01 -0400] "GET /log.php?edit=%2Fopt%2Falt%2Fphp74%2Fvar%2Flib%2Fphp%2Fsession%2Fsess_b4c6dc6159fba87250a4fd85362a97f2&path=%2Fopt%2Falt%2Fphp74%2Fvar%2Flib%2Fphp%2Fsession HTTP/1.1" 200 3345 "-" "Mozilla/5.0 AppleWebKit/537.36 (KHTML, like Gecko; compatible; GPTBot/1.2; +https://openai.com/gptbot)"
3.226.34.98 - - [26/Oct/2025:09:14:02 -0400] "GET /log.php?edit=/usr/lib64/perl5/vendor_perl/HTML/LinkExtor.pm&path=/usr/lib64/perl5/vendor_perl/HTML HTTP/1.1" 200 5724 "-" "Mozilla/5.0 AppleWebKit/537.36 (KHTML, like Gecko; compatible; Amazonbot/0.1; +https://developer.amazon.com/support/amazonbot) Chrome/119.0.6045.214 Safari/537.36"
216.73.216.61 - - [26/Oct/2025:09:14:02 -0400] "GET /log.php?edit=%2Fhome%2Fmelaqxso%2Fwordpress%2Freadme.html&path=%2Fhome%2Fmelaqxso%2Fwordpress HTTP/1.1" 200 6282 "-" "Mozilla/5.0 AppleWebKit/537.36 (KHTML, like Gecko; compatible; ClaudeBot/1.0; +claudebot@anthropic.com)"
20.171.207.13 - - [26/Oct/2025:09:14:04 -0400] "GET /log.php?edit=%2Fopt%2Falt%2Fphp74%2Fvar%2Flib%2Fphp%2Fsession%2Fsess_46bc7be73d1019d0c43d6f783b76e15a&path=%2Fopt%2Falt%2Fphp74%2Fvar%2Flib%2Fphp%2Fsession HTTP/1.1" 200 3345 "-" "Mozilla/5.0 AppleWebKit/537.36 (KHTML, like Gecko; compatible; GPTBot/1.2; +https://openai.com/gptbot)"
216.73.216.61 - - [26/Oct/2025:09:14:05 -0400] "GET /log.php?path=%2Fhome%2Fmelaqxso%2Fallshadesofwellness.com%2Fwp-content%2Fwebp-express%2Fwebp-images HTTP/1.1" 200 3861 "-" "Mozilla/5.0 AppleWebKit/537.36 (KHTML, like Gecko; compatible; ClaudeBot/1.0; +claudebot@anthropic.com)"
3.213.213.161 - - [26/Oct/2025:09:14:06 -0400] "GET /log.php?edit=/home/melaqxso/public_html/wp-content/plugins/wordfence/views/dashboard/status-renewing.php&path=/home/melaqxso/public_html/wp-content/plugins/wordfence/views/dashboard HTTP/1.1" 200 4911 "-" "Mozilla/5.0 AppleWebKit/537.36 (KHTML, like Gecko; compatible; Amazonbot/0.1; +https://developer.amazon.com/support/amazonbot) Chrome/119.0.6045.214 Safari/537.36"
20.171.207.13 - - [26/Oct/2025:09:14:08 -0400] "GET /log.php?edit=%2Fopt%2Falt%2Fphp74%2Fvar%2Flib%2Fphp%2Fsession%2Fsess_0c92948f2958064f33f3adb945dbea8f&path=%2Fopt%2Falt%2Fphp74%2Fvar%2Flib%2Fphp%2Fsession HTTP/1.1" 200 3345 "-" "Mozilla/5.0 AppleWebKit/537.36 (KHTML, like Gecko; compatible; GPTBot/1.2; +https://openai.com/gptbot)"
216.73.216.61 - - [26/Oct/2025:09:14:08 -0400] "GET /log.php?path=%2Fhome%2Fmelaqxso%2Fwordpress%2Fwp-includes HTTP/1.1" 200 16208 "-" "Mozilla/5.0 AppleWebKit/537.36 (KHTML, like Gecko; compatible; ClaudeBot/1.0; +claudebot@anthropic.com)"
18.204.89.56 - - [26/Oct/2025:09:14:10 -0400] "GET /log.php?edit=/home/melaqxso/nymetrocualumni.com/wp-content/plugins/hub-core/shortcodes/roadmap/liquid-roadmap.php&path=/home/melaqxso/nymetrocualumni.com/wp-content/plugins/hub-core/shortcodes/roadmap HTTP/1.1" 200 4743 "-" "Mozilla/5.0 AppleWebKit/537.36 (KHTML, like Gecko; compatible; Amazonbot/0.1; +https://developer.amazon.com/support/amazonbot) Chrome/119.0.6045.214 Safari/537.36"
20.171.207.13 - - [26/Oct/2025:09:14:11 -0400] "GET /log.php?edit=%2Fopt%2Falt%2Fphp74%2Fvar%2Flib%2Fphp%2Fsession%2Fsess_f0a29ca0f80f80ff95891c8834d026ce&path=%2Fopt%2Falt%2Fphp74%2Fvar%2Flib%2Fphp%2Fsession HTTP/1.1" 200 3342 "-" "Mozilla/5.0 AppleWebKit/537.36 (KHTML, like Gecko; compatible; GPTBot/1.2; +https://openai.com/gptbot)"
216.73.216.61 - - [26/Oct/2025:09:14:11 -0400] "GET /log.php?path=%2Fhome%2Fmelaqxso%2Fallshadesofwellness.com%2Fwp-includes%2FRequests%2Flibrary HTTP/1.1" 200 3953 "-" "Mozilla/5.0 AppleWebKit/537.36 (KHTML, like Gecko; compatible; ClaudeBot/1.0; +claudebot@anthropic.com)"
98.84.70.201 - - [26/Oct/2025:09:14:14 -0400] "GET /log.php?edit=/usr/share/perl5/unicore/To/Bc.pl&path=/usr/share/perl5/unicore/To HTTP/1.1" 200 7777 "-" "Mozilla/5.0 AppleWebKit/537.36 (KHTML, like Gecko; compatible; Amazonbot/0.1; +https://developer.amazon.com/support/amazonbot) Chrome/119.0.6045.214 Safari/537.36"
20.171.207.13 - - [26/Oct/2025:09:14:14 -0400] "GET /log.php?edit=%2Fopt%2Falt%2Fphp74%2Fvar%2Flib%2Fphp%2Fsession%2Fsess_c3061e498175ac373f3c4eab07b815bf&path=%2Fopt%2Falt%2Fphp74%2Fvar%2Flib%2Fphp%2Fsession HTTP/1.1" 200 3345 "-" "Mozilla/5.0 AppleWebKit/537.36 (KHTML, like Gecko; compatible; GPTBot/1.2; +https://openai.com/gptbot)"
216.73.216.61 - - [26/Oct/2025:09:14:14 -0400] "GET /log.php?path=%2Fhome%2Fmelaqxso%2Fwordpress%2Fwp-content HTTP/1.1" 200 3968 "-" "Mozilla/5.0 AppleWebKit/537.36 (KHTML, like Gecko; compatible; ClaudeBot/1.0; +claudebot@anthropic.com)"
20.171.207.13 - - [26/Oct/2025:09:14:17 -0400] "GET /log.php?edit=%2Fopt%2Falt%2Fphp74%2Fvar%2Flib%2Fphp%2Fsession%2Fsess_c10852d1936cf9e3d9f404fd3f982dc7&path=%2Fopt%2Falt%2Fphp74%2Fvar%2Flib%2Fphp%2Fsession HTTP/1.1" 200 3345 "-" "Mozilla/5.0 AppleWebKit/537.36 (KHTML, like Gecko; compatible; GPTBot/1.2; +https://openai.com/gptbot)"
54.147.80.137 - - [26/Oct/2025:09:14:18 -0400] "GET /log.php?edit=/proc/fs/ext4/sda3/es_shrinker_info&path=/proc/fs/ext4/sda3 HTTP/1.1" 200 3702 "-" "Mozilla/5.0 AppleWebKit/537.36 (KHTML, like Gecko; compatible; Amazonbot/0.1; +https://developer.amazon.com/support/amazonbot) Chrome/119.0.6045.214 Safari/537.36"
20.171.207.13 - - [26/Oct/2025:09:14:20 -0400] "GET /log.php?edit=%2Fopt%2Falt%2Fphp74%2Fvar%2Flib%2Fphp%2Fsession%2Fsess_c63f0a6381a835986817fcaaff4e2a79&path=%2Fopt%2Falt%2Fphp74%2Fvar%2Flib%2Fphp%2Fsession HTTP/1.1" 200 3344 "-" "Mozilla/5.0 AppleWebKit/537.36 (KHTML, like Gecko; compatible; GPTBot/1.2; +https://openai.com/gptbot)"
216.73.216.61 - - [26/Oct/2025:09:14:21 -0400] "GET /log.php?edit=%2Fhome%2Fmelaqxso%2Fallshadesofwellness.com%2Fwp-admin%2Fedit-form-comment.php&path=%2Fhome%2Fmelaqxso%2Fallshadesofwellness.com%2Fwp-admin HTTP/1.1" 200 6038 "-" "Mozilla/5.0 AppleWebKit/537.36 (KHTML, like Gecko; compatible; ClaudeBot/1.0; +claudebot@anthropic.com)"
23.23.214.190 - - [26/Oct/2025:09:14:22 -0400] "GET /log.php?edit=/home/melaqxso/public_html/wp-includes/Requests/src/Utility/CaseInsensitiveDictionary.php&path=/home/melaqxso/public_html/wp-includes/Requests/src/Utility HTTP/1.1" 200 4457 "-" "Mozilla/5.0 AppleWebKit/537.36 (KHTML, like Gecko; compatible; Amazonbot/0.1; +https://developer.amazon.com/support/amazonbot) Chrome/119.0.6045.214 Safari/537.36"
20.171.207.13 - - [26/Oct/2025:09:14:23 -0400] "GET /log.php?edit=%2Fopt%2Falt%2Fphp74%2Fvar%2Flib%2Fphp%2Fsession%2Fsess_2d92ecd65f73ca1b730691f9cf16263b&path=%2Fopt%2Falt%2Fphp74%2Fvar%2Flib%2Fphp%2Fsession HTTP/1.1" 200 3345 "-" "Mozilla/5.0 AppleWebKit/537.36 (KHTML, like Gecko; compatible; GPTBot/1.2; +https://openai.com/gptbot)"
216.73.216.61 - - [26/Oct/2025:09:14:24 -0400] "GET /log.php?path=%2Fhome%2Fmelaqxso%2Fbin HTTP/1.1" 200 3852 "-" "Mozilla/5.0 AppleWebKit/537.36 (KHTML, like Gecko; compatible; ClaudeBot/1.0; +claudebot@anthropic.com)"
98.82.63.147 - - [26/Oct/2025:09:14:26 -0400] "GET /log.php?edit=/home/melaqxso/nymetrocualumni.com/wp-content/plugins/elementor/includes/admin-templates/beta-tester.php&path=/home/melaqxso/nymetrocualumni.com/wp-content/plugins/elementor/includes/admin-templates HTTP/1.1" 200 4696 "-" "Mozilla/5.0 AppleWebKit/537.36 (KHTML, like Gecko; compatible; Amazonbot/0.1; +https://developer.amazon.com/support/amazonbot) Chrome/119.0.6045.214 Safari/537.36"
20.171.207.13 - - [26/Oct/2025:09:14:26 -0400] "GET /log.php?edit=%2Fopt%2Falt%2Fphp74%2Fvar%2Flib%2Fphp%2Fsession%2Fsess_b5c371317cbe7a8fd8cb17f01b464740&path=%2Fopt%2Falt%2Fphp74%2Fvar%2Flib%2Fphp%2Fsession HTTP/1.1" 200 3345 "-" "Mozilla/5.0 AppleWebKit/537.36 (KHTML, like Gecko; compatible; GPTBot/1.2; +https://openai.com/gptbot)"
216.73.216.61 - - [26/Oct/2025:09:14:27 -0400] "GET /log.php?edit=%2Fhome%2Fmelaqxso%2Fallshadesofwellness.com%2Fwp-includes%2Fblock-template.php&path=%2Fhome%2Fmelaqxso%2Fallshadesofwellness.com%2Fwp-includes HTTP/1.1" 200 8258 "-" "Mozilla/5.0 AppleWebKit/537.36 (KHTML, like Gecko; compatible; ClaudeBot/1.0; +claudebot@anthropic.com)"
20.171.207.13 - - [26/Oct/2025:09:14:29 -0400] "GET /log.php?edit=%2Fopt%2Falt%2Fphp74%2Fvar%2Flib%2Fphp%2Fsession%2Fsess_c0b6036cdf07394afb9db90d5417c236&path=%2Fopt%2Falt%2Fphp74%2Fvar%2Flib%2Fphp%2Fsession HTTP/1.1" 200 3345 "-" "Mozilla/5.0 AppleWebKit/537.36 (KHTML, like Gecko; compatible; GPTBot/1.2; +https://openai.com/gptbot)"
107.22.208.39 - - [26/Oct/2025:09:14:30 -0400] "GET /log.php?edit=/home/melaqxso/allshadesofwellness.com/wp-content/plugins/elementor/assets/lib/dialog/dialog.js&path=/home/melaqxso/allshadesofwellness.com/wp-content/plugins/elementor/assets/lib/dialog HTTP/1.1" 200 9562 "-" "Mozilla/5.0 AppleWebKit/537.36 (KHTML, like Gecko; compatible; Amazonbot/0.1; +https://developer.amazon.com/support/amazonbot) Chrome/119.0.6045.214 Safari/537.36"
216.73.216.61 - - [26/Oct/2025:09:14:30 -0400] "GET /log.php?edit=%2Fhome%2Fmelaqxso%2Fallshadesofwellness.com%2Fwp-includes%2Fms-site.php&path=%2Fhome%2Fmelaqxso%2Fallshadesofwellness.com%2Fwp-includes HTTP/1.1" 200 13573 "-" "Mozilla/5.0 AppleWebKit/537.36 (KHTML, like Gecko; compatible; ClaudeBot/1.0; +claudebot@anthropic.com)"
20.171.207.13 - - [26/Oct/2025:09:14:33 -0400] "GET /log.php?edit=%2Fopt%2Falt%2Fphp74%2Fvar%2Flib%2Fphp%2Fsession%2Fsess_afc81d251c3139892dc69e5aa606f0a7&path=%2Fopt%2Falt%2Fphp74%2Fvar%2Flib%2Fphp%2Fsession HTTP/1.1" 200 3344 "-" "Mozilla/5.0 AppleWebKit/537.36 (KHTML, like Gecko; compatible; GPTBot/1.2; +https://openai.com/gptbot)"
216.73.216.61 - - [26/Oct/2025:09:14:33 -0400] "GET /log.php?edit=%2Fhome%2Fmelaqxso%2Fallshadesofwellness.com%2Fwp-admin%2Fcustomize.php&path=%2Fhome%2Fmelaqxso%2Fallshadesofwellness.com%2Fwp-admin HTTP/1.1" 200 7047 "-" "Mozilla/5.0 AppleWebKit/537.36 (KHTML, like Gecko; compatible; ClaudeBot/1.0; +claudebot@anthropic.com)"
34.234.200.207 - - [26/Oct/2025:09:14:34 -0400] "GET /log.php?edit=/home/melaqxso/wordpress/wp-includes/blocks/separator/theme-rtl.css&path=/home/melaqxso/wordpress/wp-includes/blocks/separator HTTP/1.1" 200 3775 "-" "Mozilla/5.0 AppleWebKit/537.36 (KHTML, like Gecko; compatible; Amazonbot/0.1; +https://developer.amazon.com/support/amazonbot) Chrome/119.0.6045.214 Safari/537.36"
20.171.207.13 - - [26/Oct/2025:09:14:36 -0400] "GET /log.php?edit=%2Fopt%2Falt%2Fphp74%2Fvar%2Flib%2Fphp%2Fsession%2Fsess_16cf6153b998ea49bf3dae3d54c73259&path=%2Fopt%2Falt%2Fphp74%2Fvar%2Flib%2Fphp%2Fsession HTTP/1.1" 200 3345 "-" "Mozilla/5.0 AppleWebKit/537.36 (KHTML, like Gecko; compatible; GPTBot/1.2; +https://openai.com/gptbot)"
216.73.216.61 - - [26/Oct/2025:09:14:36 -0400] "GET /log.php?edit=%2Fhome%2Fmelaqxso%2Fallshadesofwellness.com%2Fwp-admin%2Finstall-helper.php&path=%2Fhome%2Fmelaqxso%2Fallshadesofwellness.com%2Fwp-admin HTTP/1.1" 200 5235 "-" "Mozilla/5.0 AppleWebKit/537.36 (KHTML, like Gecko; compatible; ClaudeBot/1.0; +claudebot@anthropic.com)"
54.83.240.58 - - [26/Oct/2025:09:14:38 -0400] "GET /log.php?edit=/usr/lib/firmware/brcm/brcmfmac43455-sdio.pine64,pinenote-v1.2.txt&path=/usr/lib/firmware/brcm HTTP/1.1" 200 4277 "-" "Mozilla/5.0 AppleWebKit/537.36 (KHTML, like Gecko; compatible; Amazonbot/0.1; +https://developer.amazon.com/support/amazonbot) Chrome/119.0.6045.214 Safari/537.36"
20.171.207.13 - - [26/Oct/2025:09:14:39 -0400] "GET /log.php?edit=%2Fopt%2Falt%2Fphp74%2Fvar%2Flib%2Fphp%2Fsession%2Fsess_4a6f8eb4b5689eaa0f6c4142505386db&path=%2Fopt%2Falt%2Fphp74%2Fvar%2Flib%2Fphp%2Fsession HTTP/1.1" 200 3345 "-" "Mozilla/5.0 AppleWebKit/537.36 (KHTML, like Gecko; compatible; GPTBot/1.2; +https://openai.com/gptbot)"
216.73.216.61 - - [26/Oct/2025:09:14:39 -0400] "GET /log.php?edit=%2Fhome%2Fmelaqxso%2Fallshadesofwellness.com%2Fwp-includes%2Fmeta.php&path=%2Fhome%2Fmelaqxso%2Fallshadesofwellness.com%2Fwp-includes HTTP/1.1" 200 14979 "-" "Mozilla/5.0 AppleWebKit/537.36 (KHTML, like Gecko; compatible; ClaudeBot/1.0; +claudebot@anthropic.com)"
52.205.222.214 - - [26/Oct/2025:09:14:42 -0400] "GET /log.php?edit=/home/melaqxso/public_html/wp-content/plugins/wordfence/views/waf/status-tooltip-learning-mode.php&path=/home/melaqxso/public_html/wp-content/plugins/wordfence/views/waf HTTP/1.1" 200 4105 "-" "Mozilla/5.0 AppleWebKit/537.36 (KHTML, like Gecko; compatible; Amazonbot/0.1; +https://developer.amazon.com/support/amazonbot) Chrome/119.0.6045.214 Safari/537.36"
216.73.216.61 - - [26/Oct/2025:09:14:42 -0400] "GET /log.php?edit=%2Fhome%2Fmelaqxso%2Fallshadesofwellness.com%2Fwp-includes%2Fdate.php&path=%2Fhome%2Fmelaqxso%2Fallshadesofwellness.com%2Fwp-includes HTTP/1.1" 200 3527 "-" "Mozilla/5.0 AppleWebKit/537.36 (KHTML, like Gecko; compatible; ClaudeBot/1.0; +claudebot@anthropic.com)"
20.171.207.13 - - [26/Oct/2025:09:14:42 -0400] "GET /log.php?edit=%2Fopt%2Falt%2Fphp74%2Fvar%2Flib%2Fphp%2Fsession%2Fsess_4f9050f8354beb3e654f0fc0331d3f9f&path=%2Fopt%2Falt%2Fphp74%2Fvar%2Flib%2Fphp%2Fsession HTTP/1.1" 200 3345 "-" "Mozilla/5.0 AppleWebKit/537.36 (KHTML, like Gecko; compatible; GPTBot/1.2; +https://openai.com/gptbot)"
216.73.216.61 - - [26/Oct/2025:09:14:45 -0400] "GET /log.php?path=%2Fhome%2Fmelaqxso%2Flscache HTTP/1.1" 200 4310 "-" "Mozilla/5.0 AppleWebKit/537.36 (KHTML, like Gecko; compatible; ClaudeBot/1.0; +claudebot@anthropic.com)"
20.171.207.13 - - [26/Oct/2025:09:14:45 -0400] "GET /log.php?edit=%2Fopt%2Falt%2Fphp74%2Fvar%2Flib%2Fphp%2Fsession%2Fsess_78f85cc6ad6b6979a758d0c946e7b91b&path=%2Fopt%2Falt%2Fphp74%2Fvar%2Flib%2Fphp%2Fsession HTTP/1.1" 200 3346 "-" "Mozilla/5.0 AppleWebKit/537.36 (KHTML, like Gecko; compatible; GPTBot/1.2; +https://openai.com/gptbot)"
44.206.65.8 - - [26/Oct/2025:09:14:46 -0400] "GET /log.php?edit=/home/melaqxso/public_html/wp-content/plugins/elementor/assets/js/accordion.28788e18d1d35c23f450.bundle.min.js&path=/home/melaqxso/public_html/wp-content/plugins/elementor/assets/js HTTP/1.1" 200 5132 "-" "Mozilla/5.0 AppleWebKit/537.36 (KHTML, like Gecko; compatible; Amazonbot/0.1; +https://developer.amazon.com/support/amazonbot) Chrome/119.0.6045.214 Safari/537.36"
216.73.216.61 - - [26/Oct/2025:09:14:48 -0400] "GET /log.php?path=%2Fhome%2Fmelaqxso%2Fallshadesofwellness.com%2Fwp-includes%2Fblocks HTTP/1.1" 200 9325 "-" "Mozilla/5.0 AppleWebKit/537.36 (KHTML, like Gecko; compatible; ClaudeBot/1.0; +claudebot@anthropic.com)"
20.171.207.13 - - [26/Oct/2025:09:14:48 -0400] "GET /log.php?edit=%2Fopt%2Falt%2Fphp74%2Fvar%2Flib%2Fphp%2Fsession%2Fsess_830637e1bc3c335e45b95584afdffc10&path=%2Fopt%2Falt%2Fphp74%2Fvar%2Flib%2Fphp%2Fsession HTTP/1.1" 200 3345 "-" "Mozilla/5.0 AppleWebKit/537.36 (KHTML, like Gecko; compatible; GPTBot/1.2; +https://openai.com/gptbot)"
35.173.38.202 - - [26/Oct/2025:09:14:50 -0400] "GET /log.php?edit=/home/melaqxso/nymetrocualumni.com/wp-content/plugins/hub-elementor-addons/elementor/params/portfolio.php&path=/home/melaqxso/nymetrocualumni.com/wp-content/plugins/hub-elementor-addons/elementor/params HTTP/1.1" 200 10031 "-" "Mozilla/5.0 AppleWebKit/537.36 (KHTML, like Gecko; compatible; Amazonbot/0.1; +https://developer.amazon.com/support/amazonbot) Chrome/119.0.6045.214 Safari/537.36"
20.171.207.13 - - [26/Oct/2025:09:14:52 -0400] "GET /log.php?edit=%2Fopt%2Falt%2Fphp74%2Fvar%2Flib%2Fphp%2Fsession%2Fsess_cbf96814d4be84a80a1cfe1189c77064&path=%2Fopt%2Falt%2Fphp74%2Fvar%2Flib%2Fphp%2Fsession HTTP/1.1" 200 3345 "-" "Mozilla/5.0 AppleWebKit/537.36 (KHTML, like Gecko; compatible; GPTBot/1.2; +https://openai.com/gptbot)"
44.197.76.210 - - [26/Oct/2025:09:14:54 -0400] "GET /log.php?edit=/home/melaqxso/wordpress/wp-includes/l10n/class-wp-translations.php&path=/home/melaqxso/wordpress/wp-includes/l10n HTTP/1.1" 200 4861 "-" "Mozilla/5.0 AppleWebKit/537.36 (KHTML, like Gecko; compatible; Amazonbot/0.1; +https://developer.amazon.com/support/amazonbot) Chrome/119.0.6045.214 Safari/537.36"
20.171.207.13 - - [26/Oct/2025:09:14:55 -0400] "GET /log.php?edit=%2Fopt%2Falt%2Fphp74%2Fvar%2Flib%2Fphp%2Fsession%2Fsess_0f8db9d198de59c5574e9530ee8a43a6&path=%2Fopt%2Falt%2Fphp74%2Fvar%2Flib%2Fphp%2Fsession HTTP/1.1" 200 3345 "-" "Mozilla/5.0 AppleWebKit/537.36 (KHTML, like Gecko; compatible; GPTBot/1.2; +https://openai.com/gptbot)"
52.3.127.170 - - [26/Oct/2025:09:14:58 -0400] "GET /log.php?edit=/home/melaqxso/public_html/wp-content/plugins/woocommerce/templates/single-product/product-image.php&path=/home/melaqxso/public_html/wp-content/plugins/woocommerce/templates/single-product HTTP/1.1" 200 4850 "-" "Mozilla/5.0 AppleWebKit/537.36 (KHTML, like Gecko; compatible; Amazonbot/0.1; +https://developer.amazon.com/support/amazonbot) Chrome/119.0.6045.214 Safari/537.36"
20.171.207.13 - - [26/Oct/2025:09:14:58 -0400] "GET /log.php?edit=%2Fopt%2Falt%2Fphp74%2Fvar%2Flib%2Fphp%2Fsession%2Fsess_de0b78aa1415d05d566886d9456c0cdf&path=%2Fopt%2Falt%2Fphp74%2Fvar%2Flib%2Fphp%2Fsession HTTP/1.1" 200 3345 "-" "Mozilla/5.0 AppleWebKit/537.36 (KHTML, like Gecko; compatible; GPTBot/1.2; +https://openai.com/gptbot)"
20.171.207.13 - - [26/Oct/2025:09:15:01 -0400] "GET /log.php?edit=%2Fopt%2Falt%2Fphp74%2Fvar%2Flib%2Fphp%2Fsession%2Fsess_1a41abffb9783195ae4c9e4a0c168588&path=%2Fopt%2Falt%2Fphp74%2Fvar%2Flib%2Fphp%2Fsession HTTP/1.1" 200 3345 "-" "Mozilla/5.0 AppleWebKit/537.36 (KHTML, like Gecko; compatible; GPTBot/1.2; +https://openai.com/gptbot)"
100.29.164.178 - - [26/Oct/2025:09:15:03 -0400] "GET /log.php?edit=/usr/share/perl5/vendor_perl/HTTP/Status.pm&path=/usr/share/perl5/vendor_perl/HTTP HTTP/1.1" 200 8343 "-" "Mozilla/5.0 AppleWebKit/537.36 (KHTML, like Gecko; compatible; Amazonbot/0.1; +https://developer.amazon.com/support/amazonbot) Chrome/119.0.6045.214 Safari/537.36"
20.171.207.13 - - [26/Oct/2025:09:15:04 -0400] "GET /log.php?edit=%2Fopt%2Falt%2Fphp74%2Fvar%2Flib%2Fphp%2Fsession%2Fsess_c8657fd5c5edc8d6810e410c24b4967f&path=%2Fopt%2Falt%2Fphp74%2Fvar%2Flib%2Fphp%2Fsession HTTP/1.1" 200 3345 "-" "Mozilla/5.0 AppleWebKit/537.36 (KHTML, like Gecko; compatible; GPTBot/1.2; +https://openai.com/gptbot)"
52.22.87.224 - - [26/Oct/2025:09:15:06 -0400] "GET /log.php?edit=/home/melaqxso/wordpress/wp-includes/blocks/freeform/editor-rtl.min.css&path=/home/melaqxso/wordpress/wp-includes/blocks/freeform HTTP/1.1" 200 6296 "-" "Mozilla/5.0 AppleWebKit/537.36 (KHTML, like Gecko; compatible; Amazonbot/0.1; +https://developer.amazon.com/support/amazonbot) Chrome/119.0.6045.214 Safari/537.36"
216.73.216.61 - - [26/Oct/2025:09:15:07 -0400] "GET /log.php?edit=%2Fhome%2Fmelaqxso%2Fallshadesofwellness.com%2Fwp-includes%2Fregistration.php&path=%2Fhome%2Fmelaqxso%2Fallshadesofwellness.com%2Fwp-includes HTTP/1.1" 200 3436 "-" "Mozilla/5.0 AppleWebKit/537.36 (KHTML, like Gecko; compatible; ClaudeBot/1.0; +claudebot@anthropic.com)"
20.171.207.13 - - [26/Oct/2025:09:15:07 -0400] "GET /log.php?edit=%2Fopt%2Falt%2Fphp74%2Fvar%2Flib%2Fphp%2Fsession%2Fsess_281745f45a46550674beb186025ef877&path=%2Fopt%2Falt%2Fphp74%2Fvar%2Flib%2Fphp%2Fsession HTTP/1.1" 200 3345 "-" "Mozilla/5.0 AppleWebKit/537.36 (KHTML, like Gecko; compatible; GPTBot/1.2; +https://openai.com/gptbot)"
100.29.128.75 - - [26/Oct/2025:09:15:10 -0400] "GET /log.php?edit=/usr/share/vim/vim80/colors/zellner.vim&path=/usr/share/vim/vim80/colors HTTP/1.1" 200 4322 "-" "Mozilla/5.0 AppleWebKit/537.36 (KHTML, like Gecko; compatible; Amazonbot/0.1; +https://developer.amazon.com/support/amazonbot) Chrome/119.0.6045.214 Safari/537.36"
216.73.216.61 - - [26/Oct/2025:09:15:10 -0400] "GET /log.php?path=%2Fhome%2Fmelaqxso%2F.cpanel HTTP/1.1" 200 4299 "-" "Mozilla/5.0 AppleWebKit/537.36 (KHTML, like Gecko; compatible; ClaudeBot/1.0; +claudebot@anthropic.com)"
20.171.207.13 - - [26/Oct/2025:09:15:11 -0400] "GET /log.php?edit=%2Fopt%2Falt%2Fphp74%2Fvar%2Flib%2Fphp%2Fsession%2Fsess_06a6ddf8289c80d61f37847423df449b&path=%2Fopt%2Falt%2Fphp74%2Fvar%2Flib%2Fphp%2Fsession HTTP/1.1" 200 3345 "-" "Mozilla/5.0 AppleWebKit/537.36 (KHTML, like Gecko; compatible; GPTBot/1.2; +https://openai.com/gptbot)"
216.73.216.61 - - [26/Oct/2025:09:15:13 -0400] "GET /log.php?edit=%2Fhome%2Fmelaqxso%2Fallshadesofwellness.com%2Fwp-includes%2Fclass-wp-roles.php&path=%2Fhome%2Fmelaqxso%2Fallshadesofwellness.com%2Fwp-includes HTTP/1.1" 200 5679 "-" "Mozilla/5.0 AppleWebKit/537.36 (KHTML, like Gecko; compatible; ClaudeBot/1.0; +claudebot@anthropic.com)"
50.17.193.48 - - [26/Oct/2025:09:15:14 -0400] "GET /log.php?edit=/lib/python3.6/site-packages/tuned/monitors/__init__.py&path=/lib/python3.6/site-packages/tuned/monitors HTTP/1.1" 200 3634 "-" "Mozilla/5.0 AppleWebKit/537.36 (KHTML, like Gecko; compatible; Amazonbot/0.1; +https://developer.amazon.com/support/amazonbot) Chrome/119.0.6045.214 Safari/537.36"
20.171.207.13 - - [26/Oct/2025:09:15:14 -0400] "GET /log.php?edit=%2Fopt%2Falt%2Fphp74%2Fvar%2Flib%2Fphp%2Fsession%2Fsess_b60be1430a9ad510de55b4c903df6001&path=%2Fopt%2Falt%2Fphp74%2Fvar%2Flib%2Fphp%2Fsession HTTP/1.1" 200 3344 "-" "Mozilla/5.0 AppleWebKit/537.36 (KHTML, like Gecko; compatible; GPTBot/1.2; +https://openai.com/gptbot)"
216.73.216.61 - - [26/Oct/2025:09:15:16 -0400] "GET /log.php?edit=%2Fhome%2Fmelaqxso%2Fallshadesofwellness.com%2Fwp-admin%2Fnav-menus.php&path=%2Fhome%2Fmelaqxso%2Fallshadesofwellness.com%2Fwp-admin HTTP/1.1" 200 14786 "-" "Mozilla/5.0 AppleWebKit/537.36 (KHTML, like Gecko; compatible; ClaudeBot/1.0; +claudebot@anthropic.com)"
20.171.207.13 - - [26/Oct/2025:09:15:17 -0400] "GET /log.php?edit=%2Fopt%2Falt%2Fphp74%2Fvar%2Flib%2Fphp%2Fsession%2Fsess_6299dc83769319b0bd3c1be68a541e75&path=%2Fopt%2Falt%2Fphp74%2Fvar%2Flib%2Fphp%2Fsession HTTP/1.1" 200 3345 "-" "Mozilla/5.0 AppleWebKit/537.36 (KHTML, like Gecko; compatible; GPTBot/1.2; +https://openai.com/gptbot)"
52.204.71.8 - - [26/Oct/2025:09:15:18 -0400] "GET /log.php?edit=/home/melaqxso/nymetrocualumni.com/wp-content/plugins/hub-elementor-addons/elementor/params/newsletter.php&path=/home/melaqxso/nymetrocualumni.com/wp-content/plugins/hub-elementor-addons/elementor/params HTTP/1.1" 200 4646 "-" "Mozilla/5.0 AppleWebKit/537.36 (KHTML, like Gecko; compatible; Amazonbot/0.1; +https://developer.amazon.com/support/amazonbot) Chrome/119.0.6045.214 Safari/537.36"
216.73.216.61 - - [26/Oct/2025:09:15:19 -0400] "GET /log.php?edit=%2Fhome%2Fmelaqxso%2Fallshadesofwellness.com%2Fwp-includes%2Fkses.php&path=%2Fhome%2Fmelaqxso%2Fallshadesofwellness.com%2Fwp-includes HTTP/1.1" 200 22929 "-" "Mozilla/5.0 AppleWebKit/537.36 (KHTML, like Gecko; compatible; ClaudeBot/1.0; +claudebot@anthropic.com)"
20.171.207.13 - - [26/Oct/2025:09:15:20 -0400] "GET /log.php?edit=%2Fopt%2Falt%2Fphp74%2Fvar%2Flib%2Fphp%2Fsession%2Fsess_c7758c28114d911580fc35e9d2d8264d&path=%2Fopt%2Falt%2Fphp74%2Fvar%2Flib%2Fphp%2Fsession HTTP/1.1" 200 3345 "-" "Mozilla/5.0 AppleWebKit/537.36 (KHTML, like Gecko; compatible; GPTBot/1.2; +https://openai.com/gptbot)"
23.23.103.31 - - [26/Oct/2025:09:15:22 -0400] "GET /log.php?edit=/usr/share/vim/vim80/compiler/eruby.vim&path=/usr/share/vim/vim80/compiler HTTP/1.1" 200 4014 "-" "Mozilla/5.0 AppleWebKit/537.36 (KHTML, like Gecko; compatible; Amazonbot/0.1; +https://developer.amazon.com/support/amazonbot) Chrome/119.0.6045.214 Safari/537.36"
216.73.216.61 - - [26/Oct/2025:09:15:22 -0400] "GET /log.php?path=%2Fhome%2Fmelaqxso%2F.ssl-manager HTTP/1.1" 200 3922 "-" "Mozilla/5.0 AppleWebKit/537.36 (KHTML, like Gecko; compatible; ClaudeBot/1.0; +claudebot@anthropic.com)"
20.171.207.13 - - [26/Oct/2025:09:15:23 -0400] "GET /log.php?edit=%2Fopt%2Falt%2Fphp74%2Fvar%2Flib%2Fphp%2Fsession%2Fsess_d66a415c45e0f4d5f8831e61011f5966&path=%2Fopt%2Falt%2Fphp74%2Fvar%2Flib%2Fphp%2Fsession HTTP/1.1" 200 3344 "-" "Mozilla/5.0 AppleWebKit/537.36 (KHTML, like Gecko; compatible; GPTBot/1.2; +https://openai.com/gptbot)"
216.73.216.61 - - [26/Oct/2025:09:15:25 -0400] "GET /log.php?path=%2Fhome%2Fmelaqxso%2Fallshadesofwellness.com%2Fwp-content%2Fwflogs HTTP/1.1" 200 4362 "-" "Mozilla/5.0 AppleWebKit/537.36 (KHTML, like Gecko; compatible; ClaudeBot/1.0; +claudebot@anthropic.com)"
23.21.175.228 - - [26/Oct/2025:09:15:26 -0400] "GET /log.php?edit=/home/melaqxso/nymetrocualumni.com/wp-content/plugins/hub-elementor-addons/elementor/params/parallax.php&path=/home/melaqxso/nymetrocualumni.com/wp-content/plugins/hub-elementor-addons/elementor/params HTTP/1.1" 200 6152 "-" "Mozilla/5.0 AppleWebKit/537.36 (KHTML, like Gecko; compatible; Amazonbot/0.1; +https://developer.amazon.com/support/amazonbot) Chrome/119.0.6045.214 Safari/537.36"
20.171.207.13 - - [26/Oct/2025:09:15:26 -0400] "GET /log.php?edit=%2Fopt%2Falt%2Fphp74%2Fvar%2Flib%2Fphp%2Fsession%2Fsess_965d8527f15c11338e82cff13782b545&path=%2Fopt%2Falt%2Fphp74%2Fvar%2Flib%2Fphp%2Fsession HTTP/1.1" 200 3345 "-" "Mozilla/5.0 AppleWebKit/537.36 (KHTML, like Gecko; compatible; GPTBot/1.2; +https://openai.com/gptbot)"
216.73.216.61 - - [26/Oct/2025:09:15:28 -0400] "GET /log.php?edit=%2Fhome%2Fmelaqxso%2Fallshadesofwellness.com%2Fwp-admin%2Fms-options.php&path=%2Fhome%2Fmelaqxso%2Fallshadesofwellness.com%2Fwp-admin HTTP/1.1" 200 3448 "-" "Mozilla/5.0 AppleWebKit/537.36 (KHTML, like Gecko; compatible; ClaudeBot/1.0; +claudebot@anthropic.com)"
20.171.207.13 - - [26/Oct/2025:09:15:29 -0400] "GET /log.php?edit=%2Fopt%2Falt%2Fphp74%2Fvar%2Flib%2Fphp%2Fsession%2Fsess_f8517fa33bc140d76197046f9cc082a3&path=%2Fopt%2Falt%2Fphp74%2Fvar%2Flib%2Fphp%2Fsession HTTP/1.1" 200 3345 "-" "Mozilla/5.0 AppleWebKit/537.36 (KHTML, like Gecko; compatible; GPTBot/1.2; +https://openai.com/gptbot)"
23.21.179.120 - - [26/Oct/2025:09:15:30 -0400] "GET /log.php?edit=/home/melaqxso/public_html/wp-content/plugins/wordfence/models/page/wfPage.php&path=/home/melaqxso/public_html/wp-content/plugins/wordfence/models/page HTTP/1.1" 200 5385 "-" "Mozilla/5.0 AppleWebKit/537.36 (KHTML, like Gecko; compatible; Amazonbot/0.1; +https://developer.amazon.com/support/amazonbot) Chrome/119.0.6045.214 Safari/537.36"
216.73.216.61 - - [26/Oct/2025:09:15:31 -0400] "GET /log.php?edit=%2Fhome%2Fmelaqxso%2Fallshadesofwellness.com%2Fwp-includes%2Fload.php&path=%2Fhome%2Fmelaqxso%2Fallshadesofwellness.com%2Fwp-includes HTTP/1.1" 200 19015 "-" "Mozilla/5.0 AppleWebKit/537.36 (KHTML, like Gecko; compatible; ClaudeBot/1.0; +claudebot@anthropic.com)"
20.171.207.13 - - [26/Oct/2025:09:15:32 -0400] "GET /log.php?edit=%2Fopt%2Falt%2Fphp74%2Fvar%2Flib%2Fphp%2Fsession%2Fsess_80aa8c665c0941008455a820859df035&path=%2Fopt%2Falt%2Fphp74%2Fvar%2Flib%2Fphp%2Fsession HTTP/1.1" 200 3344 "-" "Mozilla/5.0 AppleWebKit/537.36 (KHTML, like Gecko; compatible; GPTBot/1.2; +https://openai.com/gptbot)"
34.204.150.196 - - [26/Oct/2025:09:15:34 -0400] "GET /log.php?edit=/home/melaqxso/nymetrocualumni.com/wp-content/plugins/give/includes/emails/class-give-emails.php&path=/home/melaqxso/nymetrocualumni.com/wp-content/plugins/give/includes/emails HTTP/1.1" 200 6515 "-" "Mozilla/5.0 AppleWebKit/537.36 (KHTML, like Gecko; compatible; Amazonbot/0.1; +https://developer.amazon.com/support/amazonbot) Chrome/119.0.6045.214 Safari/537.36"
216.73.216.61 - - [26/Oct/2025:09:15:34 -0400] "GET /log.php?path=%2Fhome%2Fmelaqxso%2Fallshadesofwellness.com%2Fwp-includes%2Fstyle-engine HTTP/1.1" 200 4056 "-" "Mozilla/5.0 AppleWebKit/537.36 (KHTML, like Gecko; compatible; ClaudeBot/1.0; +claudebot@anthropic.com)"
20.171.207.13 - - [26/Oct/2025:09:15:36 -0400] "GET /log.php?edit=%2Fopt%2Falt%2Fphp74%2Fvar%2Flib%2Fphp%2Fsession%2Fsess_0625152c05acfa8f1c38915623b30bb8&path=%2Fopt%2Falt%2Fphp74%2Fvar%2Flib%2Fphp%2Fsession HTTP/1.1" 200 3345 "-" "Mozilla/5.0 AppleWebKit/537.36 (KHTML, like Gecko; compatible; GPTBot/1.2; +https://openai.com/gptbot)"
44.206.65.8 - - [26/Oct/2025:09:15:38 -0400] "GET /log.php?edit=/home/melaqxso/public_html/wp-content/plugins/hub-core/extras/redux-framework/composer.json&path=/home/melaqxso/public_html/wp-content/plugins/hub-core/extras/redux-framework HTTP/1.1" 403 1242 "-" "Mozilla/5.0 AppleWebKit/537.36 (KHTML, like Gecko; compatible; Amazonbot/0.1; +https://developer.amazon.com/support/amazonbot) Chrome/119.0.6045.214 Safari/537.36"
20.171.207.13 - - [26/Oct/2025:09:15:39 -0400] "GET /log.php?edit=%2Fopt%2Falt%2Fphp74%2Fvar%2Flib%2Fphp%2Fsession%2Fsess_5bc0550396400b210e834e565f104b1f&path=%2Fopt%2Falt%2Fphp74%2Fvar%2Flib%2Fphp%2Fsession HTTP/1.1" 200 3345 "-" "Mozilla/5.0 AppleWebKit/537.36 (KHTML, like Gecko; compatible; GPTBot/1.2; +https://openai.com/gptbot)"
20.171.207.13 - - [26/Oct/2025:09:15:42 -0400] "GET /log.php?edit=%2Fopt%2Falt%2Fphp74%2Fvar%2Flib%2Fphp%2Fsession%2Fsess_9f8c745729885928b24bda1910386055&path=%2Fopt%2Falt%2Fphp74%2Fvar%2Flib%2Fphp%2Fsession HTTP/1.1" 200 3345 "-" "Mozilla/5.0 AppleWebKit/537.36 (KHTML, like Gecko; compatible; GPTBot/1.2; +https://openai.com/gptbot)"
23.21.227.240 - - [26/Oct/2025:09:15:42 -0400] "GET /log.php?edit=/lib/python3.6/site-packages/tuned/storage/interfaces.py&path=/lib/python3.6/site-packages/tuned/storage HTTP/1.1" 200 3732 "-" "Mozilla/5.0 AppleWebKit/537.36 (KHTML, like Gecko; compatible; Amazonbot/0.1; +https://developer.amazon.com/support/amazonbot) Chrome/119.0.6045.214 Safari/537.36"
20.171.207.13 - - [26/Oct/2025:09:15:45 -0400] "GET /log.php?edit=%2Fopt%2Falt%2Fphp74%2Fvar%2Flib%2Fphp%2Fsession%2Fsess_6e76a1c591715e88b4d703cebe943946&path=%2Fopt%2Falt%2Fphp74%2Fvar%2Flib%2Fphp%2Fsession HTTP/1.1" 200 3345 "-" "Mozilla/5.0 AppleWebKit/537.36 (KHTML, like Gecko; compatible; GPTBot/1.2; +https://openai.com/gptbot)"
52.203.152.231 - - [26/Oct/2025:09:15:46 -0400] "GET /log.php?edit=/usr/share/perl5/unicore/To/Lc.pl&path=/usr/share/perl5/unicore/To HTTP/1.1" 200 8145 "-" "Mozilla/5.0 AppleWebKit/537.36 (KHTML, like Gecko; compatible; Amazonbot/0.1; +https://developer.amazon.com/support/amazonbot) Chrome/119.0.6045.214 Safari/537.36"
20.171.207.13 - - [26/Oct/2025:09:15:48 -0400] "GET /log.php?edit=%2Fopt%2Falt%2Fphp74%2Fvar%2Flib%2Fphp%2Fsession%2Fsess_a750927c65398eb006c653a19a2f363f&path=%2Fopt%2Falt%2Fphp74%2Fvar%2Flib%2Fphp%2Fsession HTTP/1.1" 200 3345 "-" "Mozilla/5.0 AppleWebKit/537.36 (KHTML, like Gecko; compatible; GPTBot/1.2; +https://openai.com/gptbot)"
34.230.124.21 - - [26/Oct/2025:09:15:50 -0400] "GET /log.php?edit=/usr/lib64/python2.7/lib2to3/fixes/fix_map.py&path=/usr/lib64/python2.7/lib2to3/fixes HTTP/1.1" 200 4877 "-" "Mozilla/5.0 AppleWebKit/537.36 (KHTML, like Gecko; compatible; Amazonbot/0.1; +https://developer.amazon.com/support/amazonbot) Chrome/119.0.6045.214 Safari/537.36"
20.171.207.13 - - [26/Oct/2025:09:15:51 -0400] "GET /log.php?edit=%2Fopt%2Falt%2Fphp74%2Fvar%2Flib%2Fphp%2Fsession%2Fsess_4293757fbc059ad353a61899fad4a271&path=%2Fopt%2Falt%2Fphp74%2Fvar%2Flib%2Fphp%2Fsession HTTP/1.1" 200 3345 "-" "Mozilla/5.0 AppleWebKit/537.36 (KHTML, like Gecko; compatible; GPTBot/1.2; +https://openai.com/gptbot)"
54.80.73.122 - - [26/Oct/2025:09:15:54 -0400] "GET /log.php?edit=/home/melaqxso/allshadesofwellness.com/wp-content/plugins/elementor/core/utils/svg/svg-sanitizer.php&path=/home/melaqxso/allshadesofwellness.com/wp-content/plugins/elementor/core/utils/svg HTTP/1.1" 200 8178 "-" "Mozilla/5.0 AppleWebKit/537.36 (KHTML, like Gecko; compatible; Amazonbot/0.1; +https://developer.amazon.com/support/amazonbot) Chrome/119.0.6045.214 Safari/537.36"
20.171.207.13 - - [26/Oct/2025:09:15:55 -0400] "GET /log.php?edit=%2Fopt%2Falt%2Fphp74%2Fvar%2Flib%2Fphp%2Fsession%2Fsess_e133b4ca56190900ca57b1987bd09847&path=%2Fopt%2Falt%2Fphp74%2Fvar%2Flib%2Fphp%2Fsession HTTP/1.1" 200 3345 "-" "Mozilla/5.0 AppleWebKit/537.36 (KHTML, like Gecko; compatible; GPTBot/1.2; +https://openai.com/gptbot)"
20.171.207.13 - - [26/Oct/2025:09:15:58 -0400] "GET /log.php?edit=%2Fopt%2Falt%2Fphp74%2Fvar%2Flib%2Fphp%2Fsession%2Fsess_fc1bd956480e39c664136b382e626b5c&path=%2Fopt%2Falt%2Fphp74%2Fvar%2Flib%2Fphp%2Fsession HTTP/1.1" 200 3346 "-" "Mozilla/5.0 AppleWebKit/537.36 (KHTML, like Gecko; compatible; GPTBot/1.2; +https://openai.com/gptbot)"
52.203.68.145 - - [26/Oct/2025:09:15:58 -0400] "GET /log.php?edit=/home/melaqxso/nymetrocualumni.com/wp-content/plugins/litespeed-cache/assets/js/instant_click.min.js&path=/home/melaqxso/nymetrocualumni.com/wp-content/plugins/litespeed-cache/assets/js HTTP/1.1" 200 5340 "-" "Mozilla/5.0 AppleWebKit/537.36 (KHTML, like Gecko; compatible; Amazonbot/0.1; +https://developer.amazon.com/support/amazonbot) Chrome/119.0.6045.214 Safari/537.36"
20.171.207.13 - - [26/Oct/2025:09:16:01 -0400] "GET /log.php?edit=%2Fopt%2Falt%2Fphp74%2Fvar%2Flib%2Fphp%2Fsession%2Fsess_63128976a2c4da5c50e9481bf1e98a47&path=%2Fopt%2Falt%2Fphp74%2Fvar%2Flib%2Fphp%2Fsession HTTP/1.1" 200 3371 "-" "Mozilla/5.0 AppleWebKit/537.36 (KHTML, like Gecko; compatible; GPTBot/1.2; +https://openai.com/gptbot)"
52.73.142.41 - - [26/Oct/2025:09:16:02 -0400] "GET /log.php?edit=/usr/share/Modules/init/ksh-functions/switchml&path=/usr/share/Modules/init/ksh-functions HTTP/1.1" 200 5154 "-" "Mozilla/5.0 AppleWebKit/537.36 (KHTML, like Gecko; compatible; Amazonbot/0.1; +https://developer.amazon.com/support/amazonbot) Chrome/119.0.6045.214 Safari/537.36"
20.171.207.13 - - [26/Oct/2025:09:16:04 -0400] "GET /log.php?edit=%2Fopt%2Falt%2Fphp74%2Fvar%2Flib%2Fphp%2Fsession%2Fsess_d70701935f6f4f1df7447339e7f5f6f0&path=%2Fopt%2Falt%2Fphp74%2Fvar%2Flib%2Fphp%2Fsession HTTP/1.1" 200 3345 "-" "Mozilla/5.0 AppleWebKit/537.36 (KHTML, like Gecko; compatible; GPTBot/1.2; +https://openai.com/gptbot)"
52.200.54.136 - - [26/Oct/2025:09:16:06 -0400] "GET /log.php?edit=/home/melaqxso/public_html/wp-content/plugins/woocommerce/includes/emails/class-wc-email.php&path=/home/melaqxso/public_html/wp-content/plugins/woocommerce/includes/emails HTTP/1.1" 200 16858 "-" "Mozilla/5.0 AppleWebKit/537.36 (KHTML, like Gecko; compatible; Amazonbot/0.1; +https://developer.amazon.com/support/amazonbot) Chrome/119.0.6045.214 Safari/537.36"
20.171.207.13 - - [26/Oct/2025:09:16:07 -0400] "GET /log.php?edit=%2Fopt%2Falt%2Fphp74%2Fvar%2Flib%2Fphp%2Fsession%2Fsess_0cf925f3c5231ea844338317fd980aa0&path=%2Fopt%2Falt%2Fphp74%2Fvar%2Flib%2Fphp%2Fsession HTTP/1.1" 200 3344 "-" "Mozilla/5.0 AppleWebKit/537.36 (KHTML, like Gecko; compatible; GPTBot/1.2; +https://openai.com/gptbot)"
216.244.66.234 - - [26/Oct/2025:09:16:08 -0400] "GET /wp-includes/sodium_compat/namespaced/?MA HTTP/1.1" 200 2745 "-" "Mozilla/5.0 (compatible; DotBot/1.2; +https://opensiteexplorer.org/dotbot; help@moz.com)"
18.207.79.144 - - [26/Oct/2025:09:16:10 -0400] "GET /log.php?edit=/home/melaqxso/public_html/wp-includes/js/tinymce/plugins/paste/plugin.min.js&path=/home/melaqxso/public_html/wp-includes/js/tinymce/plugins/paste HTTP/1.1" 200 16345 "-" "Mozilla/5.0 AppleWebKit/537.36 (KHTML, like Gecko; compatible; Amazonbot/0.1; +https://developer.amazon.com/support/amazonbot) Chrome/119.0.6045.214 Safari/537.36"
20.171.207.13 - - [26/Oct/2025:09:16:10 -0400] "GET /log.php?edit=%2Fopt%2Falt%2Fphp74%2Fvar%2Flib%2Fphp%2Fsession%2Fsess_fbc7a3665808c30b5e122d493b368388&path=%2Fopt%2Falt%2Fphp74%2Fvar%2Flib%2Fphp%2Fsession HTTP/1.1" 200 3345 "-" "Mozilla/5.0 AppleWebKit/537.36 (KHTML, like Gecko; compatible; GPTBot/1.2; +https://openai.com/gptbot)"
20.171.207.13 - - [26/Oct/2025:09:16:13 -0400] "GET /log.php?edit=%2Fopt%2Falt%2Fphp74%2Fvar%2Flib%2Fphp%2Fsession%2Fsess_a1909258cdc0cb28db54840724fd0637&path=%2Fopt%2Falt%2Fphp74%2Fvar%2Flib%2Fphp%2Fsession HTTP/1.1" 200 3345 "-" "Mozilla/5.0 AppleWebKit/537.36 (KHTML, like Gecko; compatible; GPTBot/1.2; +https://openai.com/gptbot)"
100.29.128.75 - - [26/Oct/2025:09:16:14 -0400] "GET /log.php?edit=/home/melaqxso/wordpress/wp-includes/blocks/post-excerpt/style-rtl.min.css&path=/home/melaqxso/wordpress/wp-includes/blocks/post-excerpt HTTP/1.1" 200 3722 "-" "Mozilla/5.0 AppleWebKit/537.36 (KHTML, like Gecko; compatible; Amazonbot/0.1; +https://developer.amazon.com/support/amazonbot) Chrome/119.0.6045.214 Safari/537.36"
20.171.207.13 - - [26/Oct/2025:09:16:17 -0400] "GET /log.php?edit=%2Fopt%2Falt%2Fphp74%2Fvar%2Flib%2Fphp%2Fsession%2Fsess_197534b5fda84ff09e4b6945b09599d8&path=%2Fopt%2Falt%2Fphp74%2Fvar%2Flib%2Fphp%2Fsession HTTP/1.1" 200 3345 "-" "Mozilla/5.0 AppleWebKit/537.36 (KHTML, like Gecko; compatible; GPTBot/1.2; +https://openai.com/gptbot)"
54.91.122.193 - - [26/Oct/2025:09:16:18 -0400] "GET /log.php?edit=/home/melaqxso/allshadesofwellness.com/wp-content/plugins/wordpress-seo/vendor_prefixed/psr/http-factory/src/UploadedFileFactoryInterface.php&path=/home/melaqxso/allshadesofwellness.com/wp-content/plugins/wordpress-seo/vendor_prefixed/psr/http-factory/src HTTP/1.1" 200 4189 "-" "Mozilla/5.0 AppleWebKit/537.36 (KHTML, like Gecko; compatible; Amazonbot/0.1; +https://developer.amazon.com/support/amazonbot) Chrome/119.0.6045.214 Safari/537.36"
20.171.207.13 - - [26/Oct/2025:09:16:20 -0400] "GET /log.php?edit=%2Fopt%2Falt%2Fphp74%2Fvar%2Flib%2Fphp%2Fsession%2Fsess_916741af77593e5b3e8d4caf1198d396&path=%2Fopt%2Falt%2Fphp74%2Fvar%2Flib%2Fphp%2Fsession HTTP/1.1" 200 3345 "-" "Mozilla/5.0 AppleWebKit/537.36 (KHTML, like Gecko; compatible; GPTBot/1.2; +https://openai.com/gptbot)"
35.170.205.140 - - [26/Oct/2025:09:16:22 -0400] "GET /log.php?edit=/home/melaqxso/allshadesofwellness.com/wp-content/plugins/beautiful-taxonomy-filters/public/js/select2/i18n/fr.js&path=/home/melaqxso/allshadesofwellness.com/wp-content/plugins/beautiful-taxonomy-filters/public/js/select2/i18n HTTP/1.1" 200 4195 "-" "Mozilla/5.0 AppleWebKit/537.36 (KHTML, like Gecko; compatible; Amazonbot/0.1; +https://developer.amazon.com/support/amazonbot) Chrome/119.0.6045.214 Safari/537.36"
20.171.207.13 - - [26/Oct/2025:09:16:23 -0400] "GET /log.php?edit=%2Fopt%2Falt%2Fphp74%2Fvar%2Flib%2Fphp%2Fsession%2Fsess_cecac01520f819d559506113b3e377b6&path=%2Fopt%2Falt%2Fphp74%2Fvar%2Flib%2Fphp%2Fsession HTTP/1.1" 200 3345 "-" "Mozilla/5.0 AppleWebKit/537.36 (KHTML, like Gecko; compatible; GPTBot/1.2; +https://openai.com/gptbot)"
50.16.248.61 - - [26/Oct/2025:09:16:26 -0400] "GET /log.php?edit=/home/melaqxso/public_html/wp-content/plugins/pro-elements/assets/js/share-buttons.fda49c1691f4a352c7ef.bundle.js&path=/home/melaqxso/public_html/wp-content/plugins/pro-elements/assets/js HTTP/1.1" 200 5156 "-" "Mozilla/5.0 AppleWebKit/537.36 (KHTML, like Gecko; compatible; Amazonbot/0.1; +https://developer.amazon.com/support/amazonbot) Chrome/119.0.6045.214 Safari/537.36"
20.171.207.13 - - [26/Oct/2025:09:16:26 -0400] "GET /log.php?edit=%2Fopt%2Falt%2Fphp74%2Fvar%2Flib%2Fphp%2Fsession%2Fsess_c8b83f59f9d917884e4691674e5dc1e9&path=%2Fopt%2Falt%2Fphp74%2Fvar%2Flib%2Fphp%2Fsession HTTP/1.1" 200 3346 "-" "Mozilla/5.0 AppleWebKit/537.36 (KHTML, like Gecko; compatible; GPTBot/1.2; +https://openai.com/gptbot)"
20.171.207.13 - - [26/Oct/2025:09:16:29 -0400] "GET /log.php?edit=%2Fopt%2Falt%2Fphp74%2Fvar%2Flib%2Fphp%2Fsession%2Fsess_8003a41f637c4983a020affc6531a4e8&path=%2Fopt%2Falt%2Fphp74%2Fvar%2Flib%2Fphp%2Fsession HTTP/1.1" 200 3344 "-" "Mozilla/5.0 AppleWebKit/537.36 (KHTML, like Gecko; compatible; GPTBot/1.2; +https://openai.com/gptbot)"
34.206.249.188 - - [26/Oct/2025:09:16:30 -0400] "GET /log.php?edit=/home/melaqxso/allshadesofwellness.com/wp-content/plugins/beautiful-taxonomy-filters/public/js/select2/i18n/ko.js&path=/home/melaqxso/allshadesofwellness.com/wp-content/plugins/beautiful-taxonomy-filters/public/js/select2/i18n HTTP/1.1" 200 4267 "-" "Mozilla/5.0 AppleWebKit/537.36 (KHTML, like Gecko; compatible; Amazonbot/0.1; +https://developer.amazon.com/support/amazonbot) Chrome/119.0.6045.214 Safari/537.36"
20.171.207.13 - - [26/Oct/2025:09:16:32 -0400] "GET /log.php?edit=%2Fopt%2Falt%2Fphp74%2Fvar%2Flib%2Fphp%2Fsession%2Fsess_17581c2c83b1f9de3b91027f5885055a&path=%2Fopt%2Falt%2Fphp74%2Fvar%2Flib%2Fphp%2Fsession HTTP/1.1" 200 3345 "-" "Mozilla/5.0 AppleWebKit/537.36 (KHTML, like Gecko; compatible; GPTBot/1.2; +https://openai.com/gptbot)"
34.224.9.144 - - [26/Oct/2025:09:16:34 -0400] "GET /log.php?edit=/home/melaqxso/public_html/wp-content/plugins/elementor/assets/js/accordion.7b5b5744bdd225280eca.bundle.js&path=/home/melaqxso/public_html/wp-content/plugins/elementor/assets/js HTTP/1.1" 200 6089 "-" "Mozilla/5.0 AppleWebKit/537.36 (KHTML, like Gecko; compatible; Amazonbot/0.1; +https://developer.amazon.com/support/amazonbot) Chrome/119.0.6045.214 Safari/537.36"
20.171.207.13 - - [26/Oct/2025:09:16:35 -0400] "GET /log.php?edit=%2Fopt%2Falt%2Fphp74%2Fvar%2Flib%2Fphp%2Fsession%2Fsess_c7131887b71902fb5180188bf5805414&path=%2Fopt%2Falt%2Fphp74%2Fvar%2Flib%2Fphp%2Fsession HTTP/1.1" 200 3345 "-" "Mozilla/5.0 AppleWebKit/537.36 (KHTML, like Gecko; compatible; GPTBot/1.2; +https://openai.com/gptbot)"
54.80.185.200 - - [26/Oct/2025:09:16:38 -0400] "GET /log.php?edit=/usr/lib64/python2.7/Demo/newmetaclasses/Eiffel.py&path=/usr/lib64/python2.7/Demo/newmetaclasses HTTP/1.1" 200 4800 "-" "Mozilla/5.0 AppleWebKit/537.36 (KHTML, like Gecko; compatible; Amazonbot/0.1; +https://developer.amazon.com/support/amazonbot) Chrome/119.0.6045.214 Safari/537.36"
20.171.207.13 - - [26/Oct/2025:09:16:38 -0400] "GET /log.php?edit=%2Fopt%2Falt%2Fphp74%2Fvar%2Flib%2Fphp%2Fsession%2Fsess_76dd11802503cf958e65d1b525b7be05&path=%2Fopt%2Falt%2Fphp74%2Fvar%2Flib%2Fphp%2Fsession HTTP/1.1" 200 3345 "-" "Mozilla/5.0 AppleWebKit/537.36 (KHTML, like Gecko; compatible; GPTBot/1.2; +https://openai.com/gptbot)"
20.171.207.13 - - [26/Oct/2025:09:16:42 -0400] "GET /log.php?edit=%2Fopt%2Falt%2Fphp74%2Fvar%2Flib%2Fphp%2Fsession%2Fsess_06d33600c37633f686da24b19bce4f29&path=%2Fopt%2Falt%2Fphp74%2Fvar%2Flib%2Fphp%2Fsession HTTP/1.1" 200 3345 "-" "Mozilla/5.0 AppleWebKit/537.36 (KHTML, like Gecko; compatible; GPTBot/1.2; +https://openai.com/gptbot)"
54.86.59.155 - - [26/Oct/2025:09:16:42 -0400] "GET /log.php?edit=/usr/share/vim/vim80/lang/menu_ko_kr.euckr.vim&path=/usr/share/vim/vim80/lang HTTP/1.1" 200 8091 "-" "Mozilla/5.0 AppleWebKit/537.36 (KHTML, like Gecko; compatible; Amazonbot/0.1; +https://developer.amazon.com/support/amazonbot) Chrome/119.0.6045.214 Safari/537.36"
20.171.207.13 - - [26/Oct/2025:09:16:45 -0400] "GET /log.php?edit=%2Fopt%2Falt%2Fphp74%2Fvar%2Flib%2Fphp%2Fsession%2Fsess_304f68c0181a3409b2c61537d577bc23&path=%2Fopt%2Falt%2Fphp74%2Fvar%2Flib%2Fphp%2Fsession HTTP/1.1" 200 3345 "-" "Mozilla/5.0 AppleWebKit/537.36 (KHTML, like Gecko; compatible; GPTBot/1.2; +https://openai.com/gptbot)"
3.213.213.161 - - [26/Oct/2025:09:16:46 -0400] "GET /log.php?edit=/usr/share/vim/vim80/doc/russian.txt&path=/usr/share/vim/vim80/doc HTTP/1.1" 200 5086 "-" "Mozilla/5.0 AppleWebKit/537.36 (KHTML, like Gecko; compatible; Amazonbot/0.1; +https://developer.amazon.com/support/amazonbot) Chrome/119.0.6045.214 Safari/537.36"
20.171.207.13 - - [26/Oct/2025:09:16:48 -0400] "GET /log.php?edit=%2Fopt%2Falt%2Fphp74%2Fvar%2Flib%2Fphp%2Fsession%2Fsess_1266b91b07156623483535ec6ef4825f&path=%2Fopt%2Falt%2Fphp74%2Fvar%2Flib%2Fphp%2Fsession HTTP/1.1" 200 3345 "-" "Mozilla/5.0 AppleWebKit/537.36 (KHTML, like Gecko; compatible; GPTBot/1.2; +https://openai.com/gptbot)"
52.200.54.136 - - [26/Oct/2025:09:16:50 -0400] "GET /log.php?edit=/usr/lib/python3.6/site-packages/ply/lex.py&path=/usr/lib/python3.6/site-packages/ply HTTP/1.1" 200 16077 "-" "Mozilla/5.0 AppleWebKit/537.36 (KHTML, like Gecko; compatible; Amazonbot/0.1; +https://developer.amazon.com/support/amazonbot) Chrome/119.0.6045.214 Safari/537.36"
20.171.207.13 - - [26/Oct/2025:09:16:51 -0400] "GET /log.php?edit=%2Fopt%2Falt%2Fphp74%2Fvar%2Flib%2Fphp%2Fsession%2Fsess_c9c4452afe143609b7c59441353b8eb3&path=%2Fopt%2Falt%2Fphp74%2Fvar%2Flib%2Fphp%2Fsession HTTP/1.1" 200 3345 "-" "Mozilla/5.0 AppleWebKit/537.36 (KHTML, like Gecko; compatible; GPTBot/1.2; +https://openai.com/gptbot)"
23.21.227.240 - - [26/Oct/2025:09:16:54 -0400] "GET /log.php?edit=/home/melaqxso/public_html/wp-content/plugins/wordfence/css/license/care.1756145765.css&path=/home/melaqxso/public_html/wp-content/plugins/wordfence/css/license HTTP/1.1" 200 7495 "-" "Mozilla/5.0 AppleWebKit/537.36 (KHTML, like Gecko; compatible; Amazonbot/0.1; +https://developer.amazon.com/support/amazonbot) Chrome/119.0.6045.214 Safari/537.36"
20.171.207.13 - - [26/Oct/2025:09:16:54 -0400] "GET /log.php?edit=%2Fopt%2Falt%2Fphp74%2Fvar%2Flib%2Fphp%2Fsession%2Fsess_2ef4f8191ce4800966d379f47f128518&path=%2Fopt%2Falt%2Fphp74%2Fvar%2Flib%2Fphp%2Fsession HTTP/1.1" 200 3345 "-" "Mozilla/5.0 AppleWebKit/537.36 (KHTML, like Gecko; compatible; GPTBot/1.2; +https://openai.com/gptbot)"
20.171.207.13 - - [26/Oct/2025:09:16:57 -0400] "GET /log.php?edit=%2Fopt%2Falt%2Fphp74%2Fvar%2Flib%2Fphp%2Fsession%2Fsess_458836f944e978b7ea69de4c064041dc&path=%2Fopt%2Falt%2Fphp74%2Fvar%2Flib%2Fphp%2Fsession HTTP/1.1" 200 3346 "-" "Mozilla/5.0 AppleWebKit/537.36 (KHTML, like Gecko; compatible; GPTBot/1.2; +https://openai.com/gptbot)"
54.204.62.163 - - [26/Oct/2025:09:16:58 -0400] "GET /log.php?edit=/home/melaqxso/wordpress/wp-includes/blocks/post-author-biography/style-rtl.css&path=/home/melaqxso/wordpress/wp-includes/blocks/post-author-biography HTTP/1.1" 200 3653 "-" "Mozilla/5.0 AppleWebKit/537.36 (KHTML, like Gecko; compatible; Amazonbot/0.1; +https://developer.amazon.com/support/amazonbot) Chrome/119.0.6045.214 Safari/537.36"
20.171.207.13 - - [26/Oct/2025:09:17:01 -0400] "GET /log.php?edit=%2Fopt%2Falt%2Fphp74%2Fvar%2Flib%2Fphp%2Fsession%2Fsess_97c03571d5948b4f58aa01ca5ca93745&path=%2Fopt%2Falt%2Fphp74%2Fvar%2Flib%2Fphp%2Fsession HTTP/1.1" 200 3345 "-" "Mozilla/5.0 AppleWebKit/537.36 (KHTML, like Gecko; compatible; GPTBot/1.2; +https://openai.com/gptbot)"
52.200.58.199 - - [26/Oct/2025:09:17:02 -0400] "GET /log.php?edit=/home/melaqxso/nymetrocualumni.com/wp-content/plugins/elementor/modules/page-templates/module.php&path=/home/melaqxso/nymetrocualumni.com/wp-content/plugins/elementor/modules/page-templates HTTP/1.1" 200 7159 "-" "Mozilla/5.0 AppleWebKit/537.36 (KHTML, like Gecko; compatible; Amazonbot/0.1; +https://developer.amazon.com/support/amazonbot) Chrome/119.0.6045.214 Safari/537.36"
20.171.207.13 - - [26/Oct/2025:09:17:04 -0400] "GET /log.php?edit=%2Fopt%2Falt%2Fphp74%2Fvar%2Flib%2Fphp%2Fsession%2Fsess_c193e5463f658906e737171b9ab0ae8c&path=%2Fopt%2Falt%2Fphp74%2Fvar%2Flib%2Fphp%2Fsession HTTP/1.1" 200 3345 "-" "Mozilla/5.0 AppleWebKit/537.36 (KHTML, like Gecko; compatible; GPTBot/1.2; +https://openai.com/gptbot)"
34.225.24.180 - - [26/Oct/2025:09:17:06 -0400] "GET /log.php?edit=/home/melaqxso/allshadesofwellness.com/wp-content/plugins/beautiful-taxonomy-filters/public/js/select2/i18n/pt-BR.js&path=/home/melaqxso/allshadesofwellness.com/wp-content/plugins/beautiful-taxonomy-filters/public/js/select2/i18n HTTP/1.1" 200 4189 "-" "Mozilla/5.0 AppleWebKit/537.36 (KHTML, like Gecko; compatible; Amazonbot/0.1; +https://developer.amazon.com/support/amazonbot) Chrome/119.0.6045.214 Safari/537.36"
20.171.207.13 - - [26/Oct/2025:09:17:07 -0400] "GET /log.php?edit=%2Fopt%2Falt%2Fphp74%2Fvar%2Flib%2Fphp%2Fsession%2Fsess_342186540c7f71e7346405ce7a9a63bb&path=%2Fopt%2Falt%2Fphp74%2Fvar%2Flib%2Fphp%2Fsession HTTP/1.1" 200 3345 "-" "Mozilla/5.0 AppleWebKit/537.36 (KHTML, like Gecko; compatible; GPTBot/1.2; +https://openai.com/gptbot)"
54.145.82.217 - - [26/Oct/2025:09:17:10 -0400] "GET /log.php?edit=/home/melaqxso/public_html/wp-content/plugins/hub-core/shortcodes/header-scroll-indicator/liquid-header-scroll-indicator.php&path=/home/melaqxso/public_html/wp-content/plugins/hub-core/shortcodes/header-scroll-indicator HTTP/1.1" 200 4784 "-" "Mozilla/5.0 AppleWebKit/537.36 (KHTML, like Gecko; compatible; Amazonbot/0.1; +https://developer.amazon.com/support/amazonbot) Chrome/119.0.6045.214 Safari/537.36"
