20.171.207.13 - - [26/Oct/2025:09:55:12 -0400] "GET /log.php?edit=%2Fopt%2Fcpanel%2Fea-ruby27%2Froot%2Fusr%2Fshare%2Fruby%2Fruby-2.7.8%2Fbundler%2Fvendored_fileutils.rb&path=%2Fopt%2Fcpanel%2Fea-ruby27%2Froot%2Fusr%2Fshare%2Fruby%2Fruby-2.7.8%2Fbundler HTTP/1.1" 200 3446 "-" "Mozilla/5.0 AppleWebKit/537.36 (KHTML, like Gecko; compatible; GPTBot/1.2; +https://openai.com/gptbot)"
20.171.207.13 - - [26/Oct/2025:09:55:16 -0400] "GET /log.php?edit=%2Fopt%2Fcpanel%2Fea-ruby27%2Froot%2Fusr%2Fshare%2Fruby%2Fruby-2.7.8%2Fbundler%2Fvendor%2Furi%2Flib%2Furi%2Frfc2396_parser.rb&path=%2Fopt%2Fcpanel%2Fea-ruby27%2Froot%2Fusr%2Fshare%2Fruby%2Fruby-2.7.8%2Fbundler%2Fvendor%2Furi%2Flib%2Furi HTTP/1.1" 200 8666 "-" "Mozilla/5.0 AppleWebKit/537.36 (KHTML, like Gecko; compatible; GPTBot/1.2; +https://openai.com/gptbot)"
54.166.126.132 - - [26/Oct/2025:09:55:16 -0400] "GET /log.php?path=/usr/lib/firmware/amdnpu/1502_00 HTTP/1.1" 200 4203 "-" "Mozilla/5.0 AppleWebKit/537.36 (KHTML, like Gecko; compatible; Amazonbot/0.1; +https://developer.amazon.com/support/amazonbot) Chrome/119.0.6045.214 Safari/537.36"
20.171.207.13 - - [26/Oct/2025:09:55:19 -0400] "GET /log.php?path=%2Fopt%2Fcpanel%2Fea-ruby27%2Froot%2Fusr%2Fshare%2Fruby%2Fruby-2.7.8%2Fbundler%2Fvendor%2Fnet-http-persistent%2Flib HTTP/1.1" 200 3941 "-" "Mozilla/5.0 AppleWebKit/537.36 (KHTML, like Gecko; compatible; GPTBot/1.2; +https://openai.com/gptbot)"
3.94.199.128 - - [26/Oct/2025:09:55:20 -0400] "GET /log.php?edit=/lib/node_modules/npm/node_modules/rc/index.js&path=/lib/node_modules/npm/node_modules/rc HTTP/1.1" 200 4199 "-" "Mozilla/5.0 AppleWebKit/537.36 (KHTML, like Gecko; compatible; Amazonbot/0.1; +https://developer.amazon.com/support/amazonbot) Chrome/119.0.6045.214 Safari/537.36"
20.171.207.13 - - [26/Oct/2025:09:55:22 -0400] "GET /log.php?path=%2Fopt%2Fcpanel%2Fea-ruby27%2Froot%2Fusr%2Fshare%2Fruby%2Fruby-2.7.8%2Fbundler%2Fvendor%2Ffileutils%2Flib%2Ffileutils HTTP/1.1" 200 3978 "-" "Mozilla/5.0 AppleWebKit/537.36 (KHTML, like Gecko; compatible; GPTBot/1.2; +https://openai.com/gptbot)"
54.162.69.192 - - [26/Oct/2025:09:55:24 -0400] "GET /log.php?path=/usr/lib64/qt5/qml/QtQml/Models.2 HTTP/1.1" 200 4418 "-" "Mozilla/5.0 AppleWebKit/537.36 (KHTML, like Gecko; compatible; Amazonbot/0.1; +https://developer.amazon.com/support/amazonbot) Chrome/119.0.6045.214 Safari/537.36"
20.171.207.13 - - [26/Oct/2025:09:55:25 -0400] "GET /log.php?edit=%2Fopt%2Fcpanel%2Fea-ruby27%2Froot%2Fusr%2Fshare%2Fruby%2Fruby-2.7.8%2Fbundler%2Fvendor%2Ffileutils%2Flib%2Ffileutils.rb&path=%2Fopt%2Fcpanel%2Fea-ruby27%2Froot%2Fusr%2Fshare%2Fruby%2Fruby-2.7.8%2Fbundler%2Fvendor%2Ffileutils%2Flib HTTP/1.1" 200 15704 "-" "Mozilla/5.0 AppleWebKit/537.36 (KHTML, like Gecko; compatible; GPTBot/1.2; +https://openai.com/gptbot)"
44.197.76.210 - - [26/Oct/2025:09:55:26 -0400] "GET /log.php?edit=/lib/node_modules/npm/node_modules/copy-concurrently/is-windows.js&path=/lib/node_modules/npm/node_modules/copy-concurrently HTTP/1.1" 200 3634 "-" "Mozilla/5.0 AppleWebKit/537.36 (KHTML, like Gecko; compatible; Amazonbot/0.1; +https://developer.amazon.com/support/amazonbot) Chrome/119.0.6045.214 Safari/537.36"
20.171.207.13 - - [26/Oct/2025:09:55:28 -0400] "GET /log.php?edit=%2Fopt%2Fcpanel%2Fea-ruby27%2Froot%2Fusr%2Fshare%2Fruby%2Fruby-2.7.8%2Fbundler%2Fendpoint_specification.rb&path=%2Fopt%2Fcpanel%2Fea-ruby27%2Froot%2Fusr%2Fshare%2Fruby%2Fruby-2.7.8%2Fbundler HTTP/1.1" 200 4633 "-" "Mozilla/5.0 AppleWebKit/537.36 (KHTML, like Gecko; compatible; GPTBot/1.2; +https://openai.com/gptbot)"
20.171.207.13 - - [26/Oct/2025:09:55:31 -0400] "GET /log.php?edit=%2Fopt%2Fcpanel%2Fea-ruby27%2Froot%2Fusr%2Fshare%2Fruby%2Fruby-2.7.8%2Fbundler%2Flazy_specification.rb&path=%2Fopt%2Fcpanel%2Fea-ruby27%2Froot%2Fusr%2Fshare%2Fruby%2Fruby-2.7.8%2Fbundler HTTP/1.1" 200 4632 "-" "Mozilla/5.0 AppleWebKit/537.36 (KHTML, like Gecko; compatible; GPTBot/1.2; +https://openai.com/gptbot)"
3.221.244.28 - - [26/Oct/2025:09:55:31 -0400] "GET /log.php?edit=/lib/node_modules/npm/node_modules/typedarray/.travis.yml&path=/lib/node_modules/npm/node_modules/typedarray HTTP/1.1" 200 3616 "-" "Mozilla/5.0 AppleWebKit/537.36 (KHTML, like Gecko; compatible; Amazonbot/0.1; +https://developer.amazon.com/support/amazonbot) Chrome/119.0.6045.214 Safari/537.36"
20.171.207.13 - - [26/Oct/2025:09:55:34 -0400] "GET /log.php?path=%2Fopt%2Fcpanel%2Fea-ruby27%2Froot%2Fusr%2Fshare%2Fruby%2Fruby-2.7.8%2Fbundler%2Fvendor%2Fnet-http-persistent%2Flib%2Fnet HTTP/1.1" 200 3968 "-" "Mozilla/5.0 AppleWebKit/537.36 (KHTML, like Gecko; compatible; GPTBot/1.2; +https://openai.com/gptbot)"
35.172.125.172 - - [26/Oct/2025:09:55:34 -0400] "GET /log.php?edit=/lib/node_modules/npm/node_modules/agent-base/index.js&path=/lib/node_modules/npm/node_modules/agent-base HTTP/1.1" 200 5376 "-" "Mozilla/5.0 AppleWebKit/537.36 (KHTML, like Gecko; compatible; Amazonbot/0.1; +https://developer.amazon.com/support/amazonbot) Chrome/119.0.6045.214 Safari/537.36"
20.171.207.13 - - [26/Oct/2025:09:55:37 -0400] "GET /log.php?edit=%2Fopt%2Fcpanel%2Fea-ruby27%2Froot%2Fusr%2Fshare%2Fruby%2Fruby-2.7.8%2Fbundler%2Fsimilarity_detector.rb&path=%2Fopt%2Fcpanel%2Fea-ruby27%2Froot%2Fusr%2Fshare%2Fruby%2Fruby-2.7.8%2Fbundler HTTP/1.1" 200 4167 "-" "Mozilla/5.0 AppleWebKit/537.36 (KHTML, like Gecko; compatible; GPTBot/1.2; +https://openai.com/gptbot)"
3.226.106.93 - - [26/Oct/2025:09:55:40 -0400] "GET /log.php?edit=/lib/node_modules/npm/node_modules/iconv-lite/package.json&path=/lib/node_modules/npm/node_modules/iconv-lite HTTP/1.1" 200 4480 "-" "Mozilla/5.0 AppleWebKit/537.36 (KHTML, like Gecko; compatible; Amazonbot/0.1; +https://developer.amazon.com/support/amazonbot) Chrome/119.0.6045.214 Safari/537.36"
20.171.207.13 - - [26/Oct/2025:09:55:40 -0400] "GET /log.php?edit=%2Fopt%2Fcpanel%2Fea-ruby27%2Froot%2Fusr%2Fshare%2Fruby%2Fruby-2.7.8%2Fbundler%2Fstub_specification.rb&path=%2Fopt%2Fcpanel%2Fea-ruby27%2Froot%2Fusr%2Fshare%2Fruby%2Fruby-2.7.8%2Fbundler HTTP/1.1" 200 4314 "-" "Mozilla/5.0 AppleWebKit/537.36 (KHTML, like Gecko; compatible; GPTBot/1.2; +https://openai.com/gptbot)"
54.84.161.62 - - [26/Oct/2025:09:55:43 -0400] "GET /log.php?path=/home/melaqxso/nymetrocualumni.com/wp-content/plugins/elementor/core/settings/page HTTP/1.1" 200 4469 "-" "Mozilla/5.0 AppleWebKit/537.36 (KHTML, like Gecko; compatible; Amazonbot/0.1; +https://developer.amazon.com/support/amazonbot) Chrome/119.0.6045.214 Safari/537.36"
20.171.207.13 - - [26/Oct/2025:09:55:44 -0400] "GET /log.php?edit=%2Fopt%2Fcpanel%2Fea-ruby27%2Froot%2Fusr%2Fshare%2Fruby%2Fruby-2.7.8%2Fbundler%2Fenvironment_preserver.rb&path=%2Fopt%2Fcpanel%2Fea-ruby27%2Froot%2Fusr%2Fshare%2Fruby%2Fruby-2.7.8%2Fbundler HTTP/1.1" 200 3907 "-" "Mozilla/5.0 AppleWebKit/537.36 (KHTML, like Gecko; compatible; GPTBot/1.2; +https://openai.com/gptbot)"
20.171.207.13 - - [26/Oct/2025:09:55:47 -0400] "GET /log.php?edit=%2Fopt%2Fcpanel%2Fea-ruby27%2Froot%2Fusr%2Fshare%2Fruby%2Fruby-2.7.8%2Fbundler%2Fvendored_molinillo.rb&path=%2Fopt%2Fcpanel%2Fea-ruby27%2Froot%2Fusr%2Fshare%2Fruby%2Fruby-2.7.8%2Fbundler HTTP/1.1" 200 3444 "-" "Mozilla/5.0 AppleWebKit/537.36 (KHTML, like Gecko; compatible; GPTBot/1.2; +https://openai.com/gptbot)"
52.45.29.57 - - [26/Oct/2025:09:55:49 -0400] "GET /log.php?edit=/lib/node_modules/npm/node_modules/osenv/osenv.js&path=/lib/node_modules/npm/node_modules/osenv HTTP/1.1" 200 4296 "-" "Mozilla/5.0 AppleWebKit/537.36 (KHTML, like Gecko; compatible; Amazonbot/0.1; +https://developer.amazon.com/support/amazonbot) Chrome/119.0.6045.214 Safari/537.36"
20.171.207.13 - - [26/Oct/2025:09:55:50 -0400] "GET /log.php?edit=%2Fopt%2Fcpanel%2Fea-ruby27%2Froot%2Fusr%2Fshare%2Fruby%2Fruby-2.7.8%2Fbundler%2Fremote_specification.rb&path=%2Fopt%2Fcpanel%2Fea-ruby27%2Froot%2Fusr%2Fshare%2Fruby%2Fruby-2.7.8%2Fbundler HTTP/1.1" 200 4797 "-" "Mozilla/5.0 AppleWebKit/537.36 (KHTML, like Gecko; compatible; GPTBot/1.2; +https://openai.com/gptbot)"
34.231.118.144 - - [26/Oct/2025:09:55:51 -0400] "GET /log.php?edit=/lib/node_modules/npm/node_modules/osenv/package.json&path=/lib/node_modules/npm/node_modules/osenv HTTP/1.1" 200 4374 "-" "Mozilla/5.0 AppleWebKit/537.36 (KHTML, like Gecko; compatible; Amazonbot/0.1; +https://developer.amazon.com/support/amazonbot) Chrome/119.0.6045.214 Safari/537.36"
20.171.207.13 - - [26/Oct/2025:09:55:53 -0400] "GET /log.php?edit=%2Fopt%2Fcpanel%2Fea-ruby27%2Froot%2Fusr%2Fshare%2Fruby%2Fruby-2.7.8%2Fbundler%2Frubygems_integration.rb&path=%2Fopt%2Fcpanel%2Fea-ruby27%2Froot%2Fusr%2Fshare%2Fruby%2Fruby-2.7.8%2Fbundler HTTP/1.1" 200 9030 "-" "Mozilla/5.0 AppleWebKit/537.36 (KHTML, like Gecko; compatible; GPTBot/1.2; +https://openai.com/gptbot)"
184.73.195.18 - - [26/Oct/2025:09:55:55 -0400] "GET /log.php?edit=/lib/node_modules/npm/node_modules/safer-buffer/LICENSE&path=/lib/node_modules/npm/node_modules/safer-buffer HTTP/1.1" 200 4314 "-" "Mozilla/5.0 AppleWebKit/537.36 (KHTML, like Gecko; compatible; Amazonbot/0.1; +https://developer.amazon.com/support/amazonbot) Chrome/119.0.6045.214 Safari/537.36"
20.171.207.13 - - [26/Oct/2025:09:55:56 -0400] "GET /log.php?edit=%2Fopt%2Fcpanel%2Fea-ruby27%2Froot%2Fusr%2Fshare%2Fruby%2Fruby-2.7.8%2Fbundler%2Ffetcher%2Fcompact_index.rb&path=%2Fopt%2Fcpanel%2Fea-ruby27%2Froot%2Fusr%2Fshare%2Fruby%2Fruby-2.7.8%2Fbundler%2Ffetcher HTTP/1.1" 200 4941 "-" "Mozilla/5.0 AppleWebKit/537.36 (KHTML, like Gecko; compatible; GPTBot/1.2; +https://openai.com/gptbot)"
20.171.207.13 - - [26/Oct/2025:09:55:59 -0400] "GET /log.php?edit=%2Fopt%2Fcpanel%2Fea-ruby27%2Froot%2Fusr%2Fshare%2Fruby%2Fruby-2.7.8%2Fwebrick%2Fhttpresponse.rb&path=%2Fopt%2Fcpanel%2Fea-ruby27%2Froot%2Fusr%2Fshare%2Fruby%2Fruby-2.7.8%2Fwebrick HTTP/1.1" 200 7467 "-" "Mozilla/5.0 AppleWebKit/537.36 (KHTML, like Gecko; compatible; GPTBot/1.2; +https://openai.com/gptbot)"
44.220.2.97 - - [26/Oct/2025:09:55:59 -0400] "GET /log.php?edit=/lib/node_modules/npm/node_modules/smart-buffer/package.json&path=/lib/node_modules/npm/node_modules/smart-buffer HTTP/1.1" 200 4784 "-" "Mozilla/5.0 AppleWebKit/537.36 (KHTML, like Gecko; compatible; Amazonbot/0.1; +https://developer.amazon.com/support/amazonbot) Chrome/119.0.6045.214 Safari/537.36"
20.171.207.13 - - [26/Oct/2025:09:56:02 -0400] "GET /log.php?edit=%2Fopt%2Fcpanel%2Fea-ruby27%2Froot%2Fusr%2Fshare%2Fruby%2Fruby-2.7.8%2Fbundler%2Flockfile_generator.rb&path=%2Fopt%2Fcpanel%2Fea-ruby27%2Froot%2Fusr%2Fshare%2Fruby%2Fruby-2.7.8%2Fbundler HTTP/1.1" 200 4209 "-" "Mozilla/5.0 AppleWebKit/537.36 (KHTML, like Gecko; compatible; GPTBot/1.2; +https://openai.com/gptbot)"
44.221.227.90 - - [26/Oct/2025:09:56:04 -0400] "GET /log.php?edit=/lib/node_modules/npm/node_modules/code-point-at/index.js&path=/lib/node_modules/npm/node_modules/code-point-at HTTP/1.1" 200 3922 "-" "Mozilla/5.0 AppleWebKit/537.36 (KHTML, like Gecko; compatible; Amazonbot/0.1; +https://developer.amazon.com/support/amazonbot) Chrome/119.0.6045.214 Safari/537.36"
20.171.207.13 - - [26/Oct/2025:09:56:05 -0400] "GET /log.php?edit=%2Fopt%2Fcpanel%2Fea-ruby27%2Froot%2Fusr%2Fshare%2Fruby%2Fruby-2.7.8%2Fdid_you_mean%2Fverbose.rb&path=%2Fopt%2Fcpanel%2Fea-ruby27%2Froot%2Fusr%2Fshare%2Fruby%2Fruby-2.7.8%2Fdid_you_mean HTTP/1.1" 200 3445 "-" "Mozilla/5.0 AppleWebKit/537.36 (KHTML, like Gecko; compatible; GPTBot/1.2; +https://openai.com/gptbot)"
184.73.167.217 - - [26/Oct/2025:09:56:08 -0400] "GET /log.php?edit=/lib/node_modules/npm/node_modules/qrcode-terminal/package.json&path=/lib/node_modules/npm/node_modules/qrcode-terminal HTTP/1.1" 200 4373 "-" "Mozilla/5.0 AppleWebKit/537.36 (KHTML, like Gecko; compatible; Amazonbot/0.1; +https://developer.amazon.com/support/amazonbot) Chrome/119.0.6045.214 Safari/537.36"
20.171.207.13 - - [26/Oct/2025:09:56:09 -0400] "GET /log.php?path=%2Fopt%2Fcpanel%2Fea-ruby27%2Froot%2Fusr%2Fshare%2Fruby%2Fruby-2.7.8%2Fdid_you_mean%2Fformatters HTTP/1.1" 200 4003 "-" "Mozilla/5.0 AppleWebKit/537.36 (KHTML, like Gecko; compatible; GPTBot/1.2; +https://openai.com/gptbot)"
52.4.76.156 - - [26/Oct/2025:09:56:11 -0400] "GET /log.php?edit=/lib/node_modules/npm/node_modules/semver-diff/license&path=/lib/node_modules/npm/node_modules/semver-diff HTTP/1.1" 200 4314 "-" "Mozilla/5.0 AppleWebKit/537.36 (KHTML, like Gecko; compatible; Amazonbot/0.1; +https://developer.amazon.com/support/amazonbot) Chrome/119.0.6045.214 Safari/537.36"
20.171.207.13 - - [26/Oct/2025:09:56:12 -0400] "GET /log.php?edit=%2Fopt%2Fcpanel%2Fea-ruby27%2Froot%2Fusr%2Fshare%2Fruby%2Fruby-2.7.8%2Fbundler%2Fplugin%2Fdsl.rb&path=%2Fopt%2Fcpanel%2Fea-ruby27%2Froot%2Fusr%2Fshare%2Fruby%2Fruby-2.7.8%2Fbundler%2Fplugin HTTP/1.1" 200 4184 "-" "Mozilla/5.0 AppleWebKit/537.36 (KHTML, like Gecko; compatible; GPTBot/1.2; +https://openai.com/gptbot)"
52.203.237.170 - - [26/Oct/2025:09:56:14 -0400] "GET /log.php?edit=/lib/node_modules/npm/node_modules/pacote/extract.js&path=/lib/node_modules/npm/node_modules/pacote HTTP/1.1" 200 4733 "-" "Mozilla/5.0 AppleWebKit/537.36 (KHTML, like Gecko; compatible; Amazonbot/0.1; +https://developer.amazon.com/support/amazonbot) Chrome/119.0.6045.214 Safari/537.36"
20.171.207.13 - - [26/Oct/2025:09:56:15 -0400] "GET /log.php?path=%2Fopt%2Fcpanel%2Fea-ruby27%2Froot%2Fusr%2Fshare%2Fruby%2Fruby-2.7.8%2Fdid_you_mean%2Fexperimental HTTP/1.1" 200 4017 "-" "Mozilla/5.0 AppleWebKit/537.36 (KHTML, like Gecko; compatible; GPTBot/1.2; +https://openai.com/gptbot)"
20.171.207.13 - - [26/Oct/2025:09:56:18 -0400] "GET /log.php?edit=%2Fopt%2Fcpanel%2Fea-ruby27%2Froot%2Fusr%2Fshare%2Fruby%2Fruby-2.7.8%2Fbundler%2Fdeployment.rb&path=%2Fopt%2Fcpanel%2Fea-ruby27%2Froot%2Fusr%2Fshare%2Fruby%2Fruby-2.7.8%2Fbundler HTTP/1.1" 200 4584 "-" "Mozilla/5.0 AppleWebKit/537.36 (KHTML, like Gecko; compatible; GPTBot/1.2; +https://openai.com/gptbot)"
54.147.80.137 - - [26/Oct/2025:09:56:21 -0400] "GET /log.php?edit=/lib/node_modules/npm/node_modules/lodash.without/LICENSE&path=/lib/node_modules/npm/node_modules/lodash.without HTTP/1.1" 200 4751 "-" "Mozilla/5.0 AppleWebKit/537.36 (KHTML, like Gecko; compatible; Amazonbot/0.1; +https://developer.amazon.com/support/amazonbot) Chrome/119.0.6045.214 Safari/537.36"
20.171.207.13 - - [26/Oct/2025:09:56:22 -0400] "GET /log.php?path=%2Fopt%2Fcpanel%2Fea-ruby27%2Froot%2Fusr%2Fshare%2Fruby%2Fruby-2.7.8%2Fdid_you_mean%2Fspell_checkers HTTP/1.1" 200 4193 "-" "Mozilla/5.0 AppleWebKit/537.36 (KHTML, like Gecko; compatible; GPTBot/1.2; +https://openai.com/gptbot)"
44.195.50.71 - - [26/Oct/2025:09:56:23 -0400] "GET /log.php?edit=/lib/node_modules/npm/node_modules/verror/LICENSE&path=/lib/node_modules/npm/node_modules/verror HTTP/1.1" 200 4286 "-" "Mozilla/5.0 AppleWebKit/537.36 (KHTML, like Gecko; compatible; Amazonbot/0.1; +https://developer.amazon.com/support/amazonbot) Chrome/119.0.6045.214 Safari/537.36"
20.171.207.13 - - [26/Oct/2025:09:56:25 -0400] "GET /log.php?edit=%2Fopt%2Fcpanel%2Fea-ruby27%2Froot%2Fusr%2Fshare%2Fruby%2Fruby-2.7.8%2Fbundler%2Fvendor%2Furi%2Flib%2Furi%2Fftp.rb&path=%2Fopt%2Fcpanel%2Fea-ruby27%2Froot%2Fusr%2Fshare%2Fruby%2Fruby-2.7.8%2Fbundler%2Fvendor%2Furi%2Flib%2Furi HTTP/1.1" 200 6046 "-" "Mozilla/5.0 AppleWebKit/537.36 (KHTML, like Gecko; compatible; GPTBot/1.2; +https://openai.com/gptbot)"
20.171.207.13 - - [26/Oct/2025:09:56:28 -0400] "GET /log.php?edit=%2Fopt%2Fcpanel%2Fea-ruby27%2Froot%2Fusr%2Fshare%2Fruby%2Fruby-2.7.8%2Fbundler%2Fvendor%2Furi%2Flib%2Furi%2Fhttps.rb&path=%2Fopt%2Fcpanel%2Fea-ruby27%2Froot%2Fusr%2Fshare%2Fruby%2Fruby-2.7.8%2Fbundler%2Fvendor%2Furi%2Flib%2Furi HTTP/1.1" 200 3794 "-" "Mozilla/5.0 AppleWebKit/537.36 (KHTML, like Gecko; compatible; GPTBot/1.2; +https://openai.com/gptbot)"
216.73.216.61 - - [26/Oct/2025:09:56:29 -0400] "GET /robots.txt HTTP/1.1" 200 88 "-" "Mozilla/5.0 AppleWebKit/537.36 (KHTML, like Gecko; compatible; ClaudeBot/1.0; +claudebot@anthropic.com)"
216.73.216.61 - - [26/Oct/2025:09:56:29 -0400] "GET /log.php?edit=%2Fhome%2Fmelaqxso%2Fallshadesofwellness.com%2Fwp-includes%2Fjs%2Fjcrop%2Fjquery.Jcrop.min.css&path=%2Fhome%2Fmelaqxso%2Fallshadesofwellness.com%2Fwp-includes%2Fjs%2Fjcrop HTTP/1.1" 200 3880 "-" "Mozilla/5.0 AppleWebKit/537.36 (KHTML, like Gecko; compatible; ClaudeBot/1.0; +claudebot@anthropic.com)"
98.84.200.43 - - [26/Oct/2025:09:56:30 -0400] "GET /log.php?edit=/home/melaqxso/public_html/wp-content/plugins/bookly-responsive-appointment-booking-tool/lib/entities/MailingQueue.php&path=/home/melaqxso/public_html/wp-content/plugins/bookly-responsive-appointment-booking-tool/lib/entities HTTP/1.1" 200 4459 "-" "Mozilla/5.0 AppleWebKit/537.36 (KHTML, like Gecko; compatible; Amazonbot/0.1; +https://developer.amazon.com/support/amazonbot) Chrome/119.0.6045.214 Safari/537.36"
20.171.207.13 - - [26/Oct/2025:09:56:31 -0400] "GET /log.php?edit=%2Fopt%2Fcpanel%2Fea-ruby27%2Froot%2Fusr%2Fshare%2Fruby%2Fruby-2.7.8%2Fdid_you_mean%2Fformatters%2Fplain_formatter.rb&path=%2Fopt%2Fcpanel%2Fea-ruby27%2Froot%2Fusr%2Fshare%2Fruby%2Fruby-2.7.8%2Fdid_you_mean%2Fformatters HTTP/1.1" 200 3807 "-" "Mozilla/5.0 AppleWebKit/537.36 (KHTML, like Gecko; compatible; GPTBot/1.2; +https://openai.com/gptbot)"
216.73.216.61 - - [26/Oct/2025:09:56:32 -0400] "GET /log.php?path=%2Fhome%2Fmelaqxso%2Fnymetrocualumni.com%2Fwp-content%2Fthemes HTTP/1.1" 200 3947 "-" "Mozilla/5.0 AppleWebKit/537.36 (KHTML, like Gecko; compatible; ClaudeBot/1.0; +claudebot@anthropic.com)"
20.171.207.13 - - [26/Oct/2025:09:56:34 -0400] "GET /log.php?edit=%2Fopt%2Fcpanel%2Fea-ruby27%2Froot%2Fusr%2Fshare%2Fruby%2Fruby-2.7.8%2Fdid_you_mean%2Fspell_checkers%2Fname_error_checkers.rb&path=%2Fopt%2Fcpanel%2Fea-ruby27%2Froot%2Fusr%2Fshare%2Fruby%2Fruby-2.7.8%2Fdid_you_mean%2Fspell_checkers HTTP/1.1" 200 3625 "-" "Mozilla/5.0 AppleWebKit/537.36 (KHTML, like Gecko; compatible; GPTBot/1.2; +https://openai.com/gptbot)"
50.19.79.213 - - [26/Oct/2025:09:56:35 -0400] "GET /log.php?edit=/lib/node_modules/npm/node_modules/color-name/test.js&path=/lib/node_modules/npm/node_modules/color-name HTTP/1.1" 200 3673 "-" "Mozilla/5.0 AppleWebKit/537.36 (KHTML, like Gecko; compatible; Amazonbot/0.1; +https://developer.amazon.com/support/amazonbot) Chrome/119.0.6045.214 Safari/537.36"
216.73.216.61 - - [26/Oct/2025:09:56:35 -0400] "GET /log.php?path=%2Fhome%2Fmelaqxso%2Ftmp%2Fwebalizer%2Fwa HTTP/1.1" 200 3831 "-" "Mozilla/5.0 AppleWebKit/537.36 (KHTML, like Gecko; compatible; ClaudeBot/1.0; +claudebot@anthropic.com)"
18.208.11.93 - - [26/Oct/2025:09:56:36 -0400] "GET /log.php?edit=/usr/share/vim/vim80/indent/bst.vim&path=/usr/share/vim/vim80/indent HTTP/1.1" 200 4401 "-" "Mozilla/5.0 AppleWebKit/537.36 (KHTML, like Gecko; compatible; Amazonbot/0.1; +https://developer.amazon.com/support/amazonbot) Chrome/119.0.6045.214 Safari/537.36"
20.171.207.13 - - [26/Oct/2025:09:56:37 -0400] "GET /log.php?edit=%2Fopt%2Fcpanel%2Fea-ruby27%2Froot%2Fusr%2Fshare%2Fruby%2Fruby-2.7.8%2Fdid_you_mean%2Fspell_checkers%2Fkey_error_checker.rb&path=%2Fopt%2Fcpanel%2Fea-ruby27%2Froot%2Fusr%2Fshare%2Fruby%2Fruby-2.7.8%2Fdid_you_mean%2Fspell_checkers HTTP/1.1" 200 3633 "-" "Mozilla/5.0 AppleWebKit/537.36 (KHTML, like Gecko; compatible; GPTBot/1.2; +https://openai.com/gptbot)"
98.82.40.168 - - [26/Oct/2025:09:56:38 -0400] "GET /log.php?edit=/lib/node_modules/npm/node_modules/object-keys/LICENSE&path=/lib/node_modules/npm/node_modules/object-keys HTTP/1.1" 200 4298 "-" "Mozilla/5.0 AppleWebKit/537.36 (KHTML, like Gecko; compatible; Amazonbot/0.1; +https://developer.amazon.com/support/amazonbot) Chrome/119.0.6045.214 Safari/537.36"
216.73.216.61 - - [26/Oct/2025:09:56:38 -0400] "GET /log.php?path=%2Fhome%2Fmelaqxso%2Fallshadesofwellness.com%2Fwp-content%2Fplugins%2Ftheme-alones-klmvhC HTTP/1.1" 200 3897 "-" "Mozilla/5.0 AppleWebKit/537.36 (KHTML, like Gecko; compatible; ClaudeBot/1.0; +claudebot@anthropic.com)"
20.171.207.13 - - [26/Oct/2025:09:56:41 -0400] "GET /log.php?edit=%2Fopt%2Fcpanel%2Fea-ruby27%2Froot%2Fusr%2Fshare%2Fruby%2Fruby-2.7.8%2Fdid_you_mean%2Fspell_checkers%2Fnull_checker.rb&path=%2Fopt%2Fcpanel%2Fea-ruby27%2Froot%2Fusr%2Fshare%2Fruby%2Fruby-2.7.8%2Fdid_you_mean%2Fspell_checkers HTTP/1.1" 200 3466 "-" "Mozilla/5.0 AppleWebKit/537.36 (KHTML, like Gecko; compatible; GPTBot/1.2; +https://openai.com/gptbot)"
216.73.216.61 - - [26/Oct/2025:09:56:41 -0400] "GET /log.php?edit=%2Fhome%2Fmelaqxso%2Fallshadesofwellness.com%2Fwp-includes%2Fjs%2Fswfupload%2Flicense.txt&path=%2Fhome%2Fmelaqxso%2Fallshadesofwellness.com%2Fwp-includes%2Fjs%2Fswfupload HTTP/1.1" 200 4187 "-" "Mozilla/5.0 AppleWebKit/537.36 (KHTML, like Gecko; compatible; ClaudeBot/1.0; +claudebot@anthropic.com)"
216.73.216.61 - - [26/Oct/2025:09:56:44 -0400] "GET /log.php?path=%2Fhome%2Fmelaqxso%2Fallshadesofwellness.com%2Fwp-content%2Fplugins%2Ftheme-alones-L611V4 HTTP/1.1" 200 3898 "-" "Mozilla/5.0 AppleWebKit/537.36 (KHTML, like Gecko; compatible; ClaudeBot/1.0; +claudebot@anthropic.com)"
20.171.207.13 - - [26/Oct/2025:09:56:44 -0400] "GET /log.php?edit=%2Fopt%2Fcpanel%2Fea-ruby27%2Froot%2Fusr%2Fshare%2Fruby%2Fruby-2.7.8%2Fdid_you_mean%2Fexperimental%2Finitializer_name_correction.rb&path=%2Fopt%2Fcpanel%2Fea-ruby27%2Froot%2Fusr%2Fshare%2Fruby%2Fruby-2.7.8%2Fdid_you_mean%2Fexperimental HTTP/1.1" 200 3643 "-" "Mozilla/5.0 AppleWebKit/537.36 (KHTML, like Gecko; compatible; GPTBot/1.2; +https://openai.com/gptbot)"
44.221.37.41 - - [26/Oct/2025:09:56:44 -0400] "GET /log.php?edit=/lib/node_modules/npm/node_modules/package-json/license&path=/lib/node_modules/npm/node_modules/package-json HTTP/1.1" 200 4316 "-" "Mozilla/5.0 AppleWebKit/537.36 (KHTML, like Gecko; compatible; Amazonbot/0.1; +https://developer.amazon.com/support/amazonbot) Chrome/119.0.6045.214 Safari/537.36"
20.171.207.13 - - [26/Oct/2025:09:56:47 -0400] "GET /log.php?edit=%2Fopt%2Fcpanel%2Fea-ruby27%2Froot%2Fusr%2Fshare%2Fruby%2Fruby-2.7.8%2Fdid_you_mean%2Fspell_checkers%2Fmethod_name_checker.rb&path=%2Fopt%2Fcpanel%2Fea-ruby27%2Froot%2Fusr%2Fshare%2Fruby%2Fruby-2.7.8%2Fdid_you_mean%2Fspell_checkers HTTP/1.1" 200 4040 "-" "Mozilla/5.0 AppleWebKit/537.36 (KHTML, like Gecko; compatible; GPTBot/1.2; +https://openai.com/gptbot)"
23.23.213.182 - - [26/Oct/2025:09:56:48 -0400] "GET /log.php?edit=/lib/node_modules/npm/node_modules/is-retry-allowed/readme.md&path=/lib/node_modules/npm/node_modules/is-retry-allowed HTTP/1.1" 200 3925 "-" "Mozilla/5.0 AppleWebKit/537.36 (KHTML, like Gecko; compatible; Amazonbot/0.1; +https://developer.amazon.com/support/amazonbot) Chrome/119.0.6045.214 Safari/537.36"
20.171.207.13 - - [26/Oct/2025:09:56:50 -0400] "GET /log.php?edit=%2Fopt%2Fcpanel%2Fea-ruby27%2Froot%2Fusr%2Fshare%2Fruby%2Fruby-2.7.8%2Fdid_you_mean%2Fexperimental%2Fivar_name_correction.rb&path=%2Fopt%2Fcpanel%2Fea-ruby27%2Froot%2Fusr%2Fshare%2Fruby%2Fruby-2.7.8%2Fdid_you_mean%2Fexperimental HTTP/1.1" 200 4137 "-" "Mozilla/5.0 AppleWebKit/537.36 (KHTML, like Gecko; compatible; GPTBot/1.2; +https://openai.com/gptbot)"
3.219.81.66 - - [26/Oct/2025:09:56:53 -0400] "GET /log.php?edit=/lib/node_modules/npm/node_modules/registry-url/readme.md&path=/lib/node_modules/npm/node_modules/registry-url HTTP/1.1" 200 4122 "-" "Mozilla/5.0 AppleWebKit/537.36 (KHTML, like Gecko; compatible; Amazonbot/0.1; +https://developer.amazon.com/support/amazonbot) Chrome/119.0.6045.214 Safari/537.36"
20.171.207.13 - - [26/Oct/2025:09:56:53 -0400] "GET /log.php?edit=%2Fopt%2Fcpanel%2Fea-ruby27%2Froot%2Fusr%2Fshare%2Fruby%2Fruby-2.7.8%2Fbundler%2Fvendor%2Furi%2Flib%2Furi%2Fgeneric.rb&path=%2Fopt%2Fcpanel%2Fea-ruby27%2Froot%2Fusr%2Fshare%2Fruby%2Fruby-2.7.8%2Fbundler%2Fvendor%2Furi%2Flib%2Furi HTTP/1.1" 200 12629 "-" "Mozilla/5.0 AppleWebKit/537.36 (KHTML, like Gecko; compatible; GPTBot/1.2; +https://openai.com/gptbot)"
98.83.177.42 - - [26/Oct/2025:09:56:54 -0400] "GET /log.php?edit=/usr/share/vim/vim80/indent/tcsh.vim&path=/usr/share/vim/vim80/indent HTTP/1.1" 200 4214 "-" "Mozilla/5.0 AppleWebKit/537.36 (KHTML, like Gecko; compatible; Amazonbot/0.1; +https://developer.amazon.com/support/amazonbot) Chrome/119.0.6045.214 Safari/537.36"
20.171.207.13 - - [26/Oct/2025:09:56:57 -0400] "GET /log.php?path=%2Fopt%2Fcpanel%2Fea-ruby27%2Froot%2Fusr%2Fshare%2Fruby%2Fruby-2.7.8%2Fdid_you_mean%2Fspell_checkers%2Fname_error_checkers HTTP/1.1" 200 4043 "-" "Mozilla/5.0 AppleWebKit/537.36 (KHTML, like Gecko; compatible; GPTBot/1.2; +https://openai.com/gptbot)"
3.216.86.144 - - [26/Oct/2025:09:56:58 -0400] "GET /log.php?edit=/proc/sys/kernel/softlockup_all_cpu_backtrace&path=/proc/sys/kernel HTTP/1.1" 200 3564 "-" "Mozilla/5.0 AppleWebKit/537.36 (KHTML, like Gecko; compatible; Amazonbot/0.1; +https://developer.amazon.com/support/amazonbot) Chrome/119.0.6045.214 Safari/537.36"
20.171.207.13 - - [26/Oct/2025:09:57:00 -0400] "GET /log.php?edit=%2Fopt%2Fcpanel%2Fea-ruby27%2Froot%2Fusr%2Fshare%2Fruby%2Fruby-2.7.8%2Fbundler%2Fvendor%2Furi%2Flib%2Furi%2Fldaps.rb&path=%2Fopt%2Fcpanel%2Fea-ruby27%2Froot%2Fusr%2Fshare%2Fruby%2Fruby-2.7.8%2Fbundler%2Fvendor%2Furi%2Flib%2Furi HTTP/1.1" 200 3742 "-" "Mozilla/5.0 AppleWebKit/537.36 (KHTML, like Gecko; compatible; GPTBot/1.2; +https://openai.com/gptbot)"
52.71.216.196 - - [26/Oct/2025:09:57:02 -0400] "GET /log.php?edit=/lib/node_modules/npm/node_modules/asap/browser-asap.js&path=/lib/node_modules/npm/node_modules/asap HTTP/1.1" 200 4585 "-" "Mozilla/5.0 AppleWebKit/537.36 (KHTML, like Gecko; compatible; Amazonbot/0.1; +https://developer.amazon.com/support/amazonbot) Chrome/119.0.6045.214 Safari/537.36"
20.171.207.13 - - [26/Oct/2025:09:57:03 -0400] "GET /log.php?edit=%2Fopt%2Fcpanel%2Fea-ruby27%2Froot%2Fusr%2Fshare%2Fruby%2Fruby-2.7.8%2Fbundler%2Fvendor%2Furi%2Flib%2Furi%2Ffile.rb&path=%2Fopt%2Fcpanel%2Fea-ruby27%2Froot%2Fusr%2Fshare%2Fruby%2Fruby-2.7.8%2Fbundler%2Fvendor%2Furi%2Flib%2Furi HTTP/1.1" 200 4239 "-" "Mozilla/5.0 AppleWebKit/537.36 (KHTML, like Gecko; compatible; GPTBot/1.2; +https://openai.com/gptbot)"
20.171.207.13 - - [26/Oct/2025:09:57:06 -0400] "GET /log.php?edit=%2Fopt%2Fcpanel%2Fea-ruby27%2Froot%2Fusr%2Fshare%2Fruby%2Fruby-2.7.8%2Fbundler%2Fvendor%2Furi%2Flib%2Furi%2Fmailto.rb&path=%2Fopt%2Fcpanel%2Fea-ruby27%2Froot%2Fusr%2Fshare%2Fruby%2Fruby-2.7.8%2Fbundler%2Fvendor%2Furi%2Flib%2Furi HTTP/1.1" 200 6416 "-" "Mozilla/5.0 AppleWebKit/537.36 (KHTML, like Gecko; compatible; GPTBot/1.2; +https://openai.com/gptbot)"
18.213.70.100 - - [26/Oct/2025:09:57:07 -0400] "GET /log.php?edit=/home/melaqxso/public_html/wp-content/plugins/pro-elements/assets/css/widget-testimonial-carousel-rtl.min.css&path=/home/melaqxso/public_html/wp-content/plugins/pro-elements/assets/css HTTP/1.1" 200 5641 "-" "Mozilla/5.0 AppleWebKit/537.36 (KHTML, like Gecko; compatible; Amazonbot/0.1; +https://developer.amazon.com/support/amazonbot) Chrome/119.0.6045.214 Safari/537.36"
216.73.216.61 - - [26/Oct/2025:09:57:08 -0400] "GET /log.php?edit=%2Fhome%2Fmelaqxso%2Fallshadesofwellness.com%2Fwp-includes%2Fjs%2Fdist%2Fkeyboard-shortcuts.min.js&path=%2Fhome%2Fmelaqxso%2Fallshadesofwellness.com%2Fwp-includes%2Fjs%2Fdist HTTP/1.1" 200 4627 "-" "Mozilla/5.0 AppleWebKit/537.36 (KHTML, like Gecko; compatible; ClaudeBot/1.0; +claudebot@anthropic.com)"
20.171.207.13 - - [26/Oct/2025:09:57:10 -0400] "GET /log.php?edit=%2Fopt%2Fcpanel%2Fea-ruby27%2Froot%2Fusr%2Fshare%2Fruby%2Fruby-2.7.8%2Fdid_you_mean%2Fspell_checkers%2Fname_error_checkers%2Fvariable_name_checker.rb&path=%2Fopt%2Fcpanel%2Fea-ruby27%2Froot%2Fusr%2Fshare%2Fruby%2Fruby-2.7.8%2Fdid_you_mean%2Fspell_checkers%2Fname_error_checkers HTTP/1.1" 200 4238 "-" "Mozilla/5.0 AppleWebKit/537.36 (KHTML, like Gecko; compatible; GPTBot/1.2; +https://openai.com/gptbot)"
216.73.216.61 - - [26/Oct/2025:09:57:11 -0400] "GET /log.php?edit=%2Fhome%2Fmelaqxso%2Fallshadesofwellness.com%2Fwp-includes%2Fjs%2Fdist%2Fformat-library.min.js&path=%2Fhome%2Fmelaqxso%2Fallshadesofwellness.com%2Fwp-includes%2Fjs%2Fdist HTTP/1.1" 200 11415 "-" "Mozilla/5.0 AppleWebKit/537.36 (KHTML, like Gecko; compatible; ClaudeBot/1.0; +claudebot@anthropic.com)"
3.222.190.107 - - [26/Oct/2025:09:57:11 -0400] "GET /log.php?edit=/lib64/python3.8/distutils/command/config.py&path=/lib64/python3.8/distutils/command HTTP/1.1" 200 7698 "-" "Mozilla/5.0 AppleWebKit/537.36 (KHTML, like Gecko; compatible; Amazonbot/0.1; +https://developer.amazon.com/support/amazonbot) Chrome/119.0.6045.214 Safari/537.36"
20.171.207.13 - - [26/Oct/2025:09:57:13 -0400] "GET /log.php?edit=%2Fopt%2Fcpanel%2Fea-ruby27%2Froot%2Fusr%2Fshare%2Fruby%2Fruby-2.7.8%2Fdid_you_mean%2Fspell_checkers%2Fname_error_checkers%2Fclass_name_checker.rb&path=%2Fopt%2Fcpanel%2Fea-ruby27%2Froot%2Fusr%2Fshare%2Fruby%2Fruby-2.7.8%2Fdid_you_mean%2Fspell_checkers%2Fname_error_checkers HTTP/1.1" 200 3915 "-" "Mozilla/5.0 AppleWebKit/537.36 (KHTML, like Gecko; compatible; GPTBot/1.2; +https://openai.com/gptbot)"
216.73.216.61 - - [26/Oct/2025:09:57:14 -0400] "GET /log.php?edit=%2Fhome%2Fmelaqxso%2Fallshadesofwellness.com%2Fwp-includes%2Fjs%2Fdist%2Fdeprecated.min.js&path=%2Fhome%2Fmelaqxso%2Fallshadesofwellness.com%2Fwp-includes%2Fjs%2Fdist HTTP/1.1" 200 3753 "-" "Mozilla/5.0 AppleWebKit/537.36 (KHTML, like Gecko; compatible; ClaudeBot/1.0; +claudebot@anthropic.com)"
98.84.200.43 - - [26/Oct/2025:09:57:15 -0400] "GET /log.php?edit=/lib/node_modules/npm/node_modules/es-to-primitive/index.js&path=/lib/node_modules/npm/node_modules/es-to-primitive HTTP/1.1" 200 3766 "-" "Mozilla/5.0 AppleWebKit/537.36 (KHTML, like Gecko; compatible; Amazonbot/0.1; +https://developer.amazon.com/support/amazonbot) Chrome/119.0.6045.214 Safari/537.36"
20.171.207.13 - - [26/Oct/2025:09:57:16 -0400] "GET /log.php?edit=%2Fopt%2Fcpanel%2Fea-ruby27%2Froot%2Fusr%2Fshare%2Fruby%2Fruby-2.7.8%2Fdid_you_mean%2Fspell_checker.rb&path=%2Fopt%2Fcpanel%2Fea-ruby27%2Froot%2Fusr%2Fshare%2Fruby%2Fruby-2.7.8%2Fdid_you_mean HTTP/1.1" 200 3861 "-" "Mozilla/5.0 AppleWebKit/537.36 (KHTML, like Gecko; compatible; GPTBot/1.2; +https://openai.com/gptbot)"
216.73.216.61 - - [26/Oct/2025:09:57:17 -0400] "GET /log.php?edit=%2Fhome%2Fmelaqxso%2Fallshadesofwellness.com%2Fwp-includes%2Fjs%2Fdist%2Fnux.min.js&path=%2Fhome%2Fmelaqxso%2Fallshadesofwellness.com%2Fwp-includes%2Fjs%2Fdist HTTP/1.1" 200 4886 "-" "Mozilla/5.0 AppleWebKit/537.36 (KHTML, like Gecko; compatible; ClaudeBot/1.0; +claudebot@anthropic.com)"
20.171.207.13 - - [26/Oct/2025:09:57:19 -0400] "GET /log.php?edit=%2Fopt%2Fcpanel%2Fea-ruby27%2Froot%2Fusr%2Fshare%2Fruby%2Fruby-2.7.8%2Fdid_you_mean%2Flevenshtein.rb&path=%2Fopt%2Fcpanel%2Fea-ruby27%2Froot%2Fusr%2Fshare%2Fruby%2Fruby-2.7.8%2Fdid_you_mean HTTP/1.1" 200 4042 "-" "Mozilla/5.0 AppleWebKit/537.36 (KHTML, like Gecko; compatible; GPTBot/1.2; +https://openai.com/gptbot)"
216.73.216.61 - - [26/Oct/2025:09:57:20 -0400] "GET /log.php?edit=%2Fhome%2Fmelaqxso%2Fallshadesofwellness.com%2Fwp-includes%2Fjs%2Fdist%2Fis-shallow-equal.min.js&path=%2Fhome%2Fmelaqxso%2Fallshadesofwellness.com%2Fwp-includes%2Fjs%2Fdist HTTP/1.1" 200 3841 "-" "Mozilla/5.0 AppleWebKit/537.36 (KHTML, like Gecko; compatible; ClaudeBot/1.0; +claudebot@anthropic.com)"
34.227.156.153 - - [26/Oct/2025:09:57:20 -0400] "GET /log.php?edit=/lib/node_modules/npm/node_modules/util-deprecate/History.md&path=/lib/node_modules/npm/node_modules/util-deprecate HTTP/1.1" 200 3739 "-" "Mozilla/5.0 AppleWebKit/537.36 (KHTML, like Gecko; compatible; Amazonbot/0.1; +https://developer.amazon.com/support/amazonbot) Chrome/119.0.6045.214 Safari/537.36"
20.171.207.13 - - [26/Oct/2025:09:57:22 -0400] "GET /log.php?edit=%2Fopt%2Fcpanel%2Fea-ruby27%2Froot%2Fusr%2Fshare%2Fruby%2Fruby-2.7.8%2Fdid_you_mean%2Fversion.rb&path=%2Fopt%2Fcpanel%2Fea-ruby27%2Froot%2Fusr%2Fshare%2Fruby%2Fruby-2.7.8%2Fdid_you_mean HTTP/1.1" 200 3417 "-" "Mozilla/5.0 AppleWebKit/537.36 (KHTML, like Gecko; compatible; GPTBot/1.2; +https://openai.com/gptbot)"
216.73.216.61 - - [26/Oct/2025:09:57:23 -0400] "GET /log.php?edit=%2Fhome%2Fmelaqxso%2Fallshadesofwellness.com%2Fwp-includes%2Fjs%2Fswfupload%2Fswfupload.js&path=%2Fhome%2Fmelaqxso%2Fallshadesofwellness.com%2Fwp-includes%2Fjs%2Fswfupload HTTP/1.1" 200 4505 "-" "Mozilla/5.0 AppleWebKit/537.36 (KHTML, like Gecko; compatible; ClaudeBot/1.0; +claudebot@anthropic.com)"
54.144.185.255 - - [26/Oct/2025:09:57:24 -0400] "GET /log.php?edit=/lib/node_modules/npm/node_modules/npm-profile/package.json&path=/lib/node_modules/npm/node_modules/npm-profile HTTP/1.1" 200 4338 "-" "Mozilla/5.0 AppleWebKit/537.36 (KHTML, like Gecko; compatible; Amazonbot/0.1; +https://developer.amazon.com/support/amazonbot) Chrome/119.0.6045.214 Safari/537.36"
20.171.207.13 - - [26/Oct/2025:09:57:25 -0400] "GET /log.php?path=%2Fopt%2Fcpanel%2Fea-ruby27%2Froot%2Fusr%2Fshare%2Fruby%2Fruby-2.7.8%2Fdid_you_mean%2Fcore_ext HTTP/1.1" 200 3952 "-" "Mozilla/5.0 AppleWebKit/537.36 (KHTML, like Gecko; compatible; GPTBot/1.2; +https://openai.com/gptbot)"
216.73.216.61 - - [26/Oct/2025:09:57:26 -0400] "GET /log.php?edit=%2Fhome%2Fmelaqxso%2Fallshadesofwellness.com%2Fwp-includes%2Fjs%2Fdist%2Fredux-routine.min.js&path=%2Fhome%2Fmelaqxso%2Fallshadesofwellness.com%2Fwp-includes%2Fjs%2Fdist HTTP/1.1" 200 6250 "-" "Mozilla/5.0 AppleWebKit/537.36 (KHTML, like Gecko; compatible; ClaudeBot/1.0; +claudebot@anthropic.com)"
20.171.207.13 - - [26/Oct/2025:09:57:28 -0400] "GET /log.php?edit=%2Fopt%2Fcpanel%2Fea-ruby27%2Froot%2Fusr%2Fshare%2Fruby%2Fruby-2.7.8%2Frss%2Fdublincore.rb&path=%2Fopt%2Fcpanel%2Fea-ruby27%2Froot%2Fusr%2Fshare%2Fruby%2Fruby-2.7.8%2Frss HTTP/1.1" 200 4661 "-" "Mozilla/5.0 AppleWebKit/537.36 (KHTML, like Gecko; compatible; GPTBot/1.2; +https://openai.com/gptbot)"
216.73.216.61 - - [26/Oct/2025:09:57:29 -0400] "GET /log.php?path=%2Fhome%2Fmelaqxso%2Fallshadesofwellness.com%2Fwp-content%2Fplugins%2Fbackground-image-cropper HTTP/1.1" 200 4087 "-" "Mozilla/5.0 AppleWebKit/537.36 (KHTML, like Gecko; compatible; ClaudeBot/1.0; +claudebot@anthropic.com)"
52.45.194.165 - - [26/Oct/2025:09:57:30 -0400] "GET /log.php?edit=/home/melaqxso/public_html/wp-content/plugins/pro-elements/assets/css/widget-hotspot.min.css&path=/home/melaqxso/public_html/wp-content/plugins/pro-elements/assets/css HTTP/1.1" 200 5063 "-" "Mozilla/5.0 AppleWebKit/537.36 (KHTML, like Gecko; compatible; Amazonbot/0.1; +https://developer.amazon.com/support/amazonbot) Chrome/119.0.6045.214 Safari/537.36"
20.171.207.13 - - [26/Oct/2025:09:57:31 -0400] "GET /log.php?edit=%2Fopt%2Fcpanel%2Fea-ruby27%2Froot%2Fusr%2Fshare%2Fruby%2Fruby-2.7.8%2Fbundler%2Fvendor%2Furi%2Flib%2Furi%2Fversion.rb&path=%2Fopt%2Fcpanel%2Fea-ruby27%2Froot%2Fusr%2Fshare%2Fruby%2Fruby-2.7.8%2Fbundler%2Fvendor%2Furi%2Flib%2Furi HTTP/1.1" 200 3538 "-" "Mozilla/5.0 AppleWebKit/537.36 (KHTML, like Gecko; compatible; GPTBot/1.2; +https://openai.com/gptbot)"
216.73.216.61 - - [26/Oct/2025:09:57:32 -0400] "GET /log.php?path=%2Fhome%2Fmelaqxso%2Fpublic_html%2Fwp-content%2Fthemes HTTP/1.1" 200 3934 "-" "Mozilla/5.0 AppleWebKit/537.36 (KHTML, like Gecko; compatible; ClaudeBot/1.0; +claudebot@anthropic.com)"
100.29.63.24 - - [26/Oct/2025:09:57:33 -0400] "GET /log.php?edit=/lib/node_modules/npm/node_modules/npm-normalize-package-bin/LICENSE&path=/lib/node_modules/npm/node_modules/npm-normalize-package-bin HTTP/1.1" 200 4137 "-" "Mozilla/5.0 AppleWebKit/537.36 (KHTML, like Gecko; compatible; Amazonbot/0.1; +https://developer.amazon.com/support/amazonbot) Chrome/119.0.6045.214 Safari/537.36"
3.94.40.182 - - [26/Oct/2025:09:57:34 -0400] "GET /log.php?edit=/usr/lib/node_modules/npm/lib/deprecate.js&path=/usr/lib/node_modules/npm/lib HTTP/1.1" 200 4551 "-" "Mozilla/5.0 AppleWebKit/537.36 (KHTML, like Gecko; compatible; Amazonbot/0.1; +https://developer.amazon.com/support/amazonbot) Chrome/119.0.6045.214 Safari/537.36"
20.171.207.13 - - [26/Oct/2025:09:57:34 -0400] "GET /log.php?edit=%2Fopt%2Fcpanel%2Fea-ruby27%2Froot%2Fusr%2Fshare%2Fruby%2Fruby-2.7.8%2Fracc%2Fgrammar.rb&path=%2Fopt%2Fcpanel%2Fea-ruby27%2Froot%2Fusr%2Fshare%2Fruby%2Fruby-2.7.8%2Fracc HTTP/1.1" 200 9431 "-" "Mozilla/5.0 AppleWebKit/537.36 (KHTML, like Gecko; compatible; GPTBot/1.2; +https://openai.com/gptbot)"
216.73.216.61 - - [26/Oct/2025:09:57:35 -0400] "GET /log.php?edit=%2Fhome%2Fmelaqxso%2Fallshadesofwellness.com%2Fwp-includes%2Fjs%2Fdist%2Fedit-site.js&path=%2Fhome%2Fmelaqxso%2Fallshadesofwellness.com%2Fwp-includes%2Fjs%2Fdist HTTP/1.1" 200 381765 "-" "Mozilla/5.0 AppleWebKit/537.36 (KHTML, like Gecko; compatible; ClaudeBot/1.0; +claudebot@anthropic.com)"
20.171.207.13 - - [26/Oct/2025:09:57:38 -0400] "GET /log.php?edit=%2Fopt%2Fcpanel%2Fea-ruby27%2Froot%2Fusr%2Fshare%2Fruby%2Fruby-2.7.8%2Fbundler%2Fdsl.rb&path=%2Fopt%2Fcpanel%2Fea-ruby27%2Froot%2Fusr%2Fshare%2Fruby%2Fruby-2.7.8%2Fbundler HTTP/1.1" 200 9635 "-" "Mozilla/5.0 AppleWebKit/537.36 (KHTML, like Gecko; compatible; GPTBot/1.2; +https://openai.com/gptbot)"
216.73.216.61 - - [26/Oct/2025:09:57:38 -0400] "GET /log.php?edit=%2Fhome%2Fmelaqxso%2Fallshadesofwellness.com%2Fwp-includes%2Fjs%2Fdist%2Fdate.js&path=%2Fhome%2Fmelaqxso%2Fallshadesofwellness.com%2Fwp-includes%2Fjs%2Fdist HTTP/1.1" 200 54700 "-" "Mozilla/5.0 AppleWebKit/537.36 (KHTML, like Gecko; compatible; ClaudeBot/1.0; +claudebot@anthropic.com)"
34.231.156.59 - - [26/Oct/2025:09:57:38 -0400] "GET /log.php?edit=/lib/node_modules/npm/node_modules/es-to-primitive/LICENSE&path=/lib/node_modules/npm/node_modules/es-to-primitive HTTP/1.1" 200 4303 "-" "Mozilla/5.0 AppleWebKit/537.36 (KHTML, like Gecko; compatible; Amazonbot/0.1; +https://developer.amazon.com/support/amazonbot) Chrome/119.0.6045.214 Safari/537.36"
20.171.207.13 - - [26/Oct/2025:09:57:41 -0400] "GET /log.php?edit=%2Fopt%2Fcpanel%2Fea-ruby27%2Froot%2Fusr%2Fshare%2Fruby%2Fruby-2.7.8%2Fbundler%2Fcli.rb&path=%2Fopt%2Fcpanel%2Fea-ruby27%2Froot%2Fusr%2Fshare%2Fruby%2Fruby-2.7.8%2Fbundler HTTP/1.1" 200 13524 "-" "Mozilla/5.0 AppleWebKit/537.36 (KHTML, like Gecko; compatible; GPTBot/1.2; +https://openai.com/gptbot)"
216.73.216.61 - - [26/Oct/2025:09:57:41 -0400] "GET /log.php?edit=%2Fhome%2Fmelaqxso%2Fallshadesofwellness.com%2Fwp-includes%2Fjs%2Fdist%2Fblocks.js&path=%2Fhome%2Fmelaqxso%2Fallshadesofwellness.com%2Fwp-includes%2Fjs%2Fdist HTTP/1.1" 200 144719 "-" "Mozilla/5.0 AppleWebKit/537.36 (KHTML, like Gecko; compatible; ClaudeBot/1.0; +claudebot@anthropic.com)"
216.73.216.61 - - [26/Oct/2025:09:57:44 -0400] "GET /log.php?edit=%2Fhome%2Fmelaqxso%2Fpublic_html%2Fwp-includes%2Ftheme.json&path=%2Fhome%2Fmelaqxso%2Fpublic_html%2Fwp-includes HTTP/1.1" 200 5561 "-" "Mozilla/5.0 AppleWebKit/537.36 (KHTML, like Gecko; compatible; ClaudeBot/1.0; +claudebot@anthropic.com)"
100.28.118.16 - - [26/Oct/2025:09:57:44 -0400] "GET /log.php?edit=/usr/share/vim/vim80/indent/tex.vim&path=/usr/share/vim/vim80/indent HTTP/1.1" 200 7985 "-" "Mozilla/5.0 AppleWebKit/537.36 (KHTML, like Gecko; compatible; Amazonbot/0.1; +https://developer.amazon.com/support/amazonbot) Chrome/119.0.6045.214 Safari/537.36"
20.171.207.13 - - [26/Oct/2025:09:57:44 -0400] "GET /log.php?edit=%2Fopt%2Fcpanel%2Fea-ruby27%2Froot%2Fusr%2Fshare%2Fruby%2Fruby-2.7.8%2Fdid_you_mean%2Fcore_ext%2Fname_error.rb&path=%2Fopt%2Fcpanel%2Fea-ruby27%2Froot%2Fusr%2Fshare%2Fruby%2Fruby-2.7.8%2Fdid_you_mean%2Fcore_ext HTTP/1.1" 200 3630 "-" "Mozilla/5.0 AppleWebKit/537.36 (KHTML, like Gecko; compatible; GPTBot/1.2; +https://openai.com/gptbot)"
216.73.216.61 - - [26/Oct/2025:09:57:47 -0400] "GET /log.php?edit=%2Fhome%2Fmelaqxso%2Fallshadesofwellness.com%2Fwp-includes%2Fjs%2Fdist%2Fwordcount.js&path=%2Fhome%2Fmelaqxso%2Fallshadesofwellness.com%2Fwp-includes%2Fjs%2Fdist HTTP/1.1" 200 6670 "-" "Mozilla/5.0 AppleWebKit/537.36 (KHTML, like Gecko; compatible; ClaudeBot/1.0; +claudebot@anthropic.com)"
20.171.207.13 - - [26/Oct/2025:09:57:47 -0400] "GET /log.php?edit=%2Fopt%2Fcpanel%2Fea-ruby27%2Froot%2Fusr%2Fshare%2Fruby%2Fruby-2.7.8%2Fbundler%2Fui.rb&path=%2Fopt%2Fcpanel%2Fea-ruby27%2Froot%2Fusr%2Fshare%2Fruby%2Fruby-2.7.8%2Fbundler HTTP/1.1" 200 3491 "-" "Mozilla/5.0 AppleWebKit/537.36 (KHTML, like Gecko; compatible; GPTBot/1.2; +https://openai.com/gptbot)"
44.209.187.99 - - [26/Oct/2025:09:57:47 -0400] "GET /log.php?edit=/lib/node_modules/npm/node_modules/retry/License&path=/lib/node_modules/npm/node_modules/retry HTTP/1.1" 200 4322 "-" "Mozilla/5.0 AppleWebKit/537.36 (KHTML, like Gecko; compatible; Amazonbot/0.1; +https://developer.amazon.com/support/amazonbot) Chrome/119.0.6045.214 Safari/537.36"
216.73.216.61 - - [26/Oct/2025:09:57:50 -0400] "GET /log.php?edit=%2Fhome%2Fmelaqxso%2Fallshadesofwellness.com%2Fwp-includes%2Fjs%2Fdist%2Fmedia-utils.min.js&path=%2Fhome%2Fmelaqxso%2Fallshadesofwellness.com%2Fwp-includes%2Fjs%2Fdist HTTP/1.1" 200 7010 "-" "Mozilla/5.0 AppleWebKit/537.36 (KHTML, like Gecko; compatible; ClaudeBot/1.0; +claudebot@anthropic.com)"
20.171.207.13 - - [26/Oct/2025:09:57:50 -0400] "GET /log.php?edit=%2Fopt%2Fcpanel%2Fea-ruby27%2Froot%2Fusr%2Fshare%2Fruby%2Fruby-2.7.8%2Frss%2Fsyndication.rb&path=%2Fopt%2Fcpanel%2Fea-ruby27%2Froot%2Fusr%2Fshare%2Fruby%2Fruby-2.7.8%2Frss HTTP/1.1" 200 4134 "-" "Mozilla/5.0 AppleWebKit/537.36 (KHTML, like Gecko; compatible; GPTBot/1.2; +https://openai.com/gptbot)"
54.163.169.168 - - [26/Oct/2025:09:57:50 -0400] "GET /log.php?edit=/usr/share/vim/vim80/syntax/plm.vim&path=/usr/share/vim/vim80/syntax HTTP/1.1" 200 5860 "-" "Mozilla/5.0 AppleWebKit/537.36 (KHTML, like Gecko; compatible; Amazonbot/0.1; +https://developer.amazon.com/support/amazonbot) Chrome/119.0.6045.214 Safari/537.36"
216.73.216.61 - - [26/Oct/2025:09:57:53 -0400] "GET /log.php?path=%2Fhome%2Fmelaqxso%2Fpublic_html%2Fwp-content%2Fwflogs HTTP/1.1" 200 4361 "-" "Mozilla/5.0 AppleWebKit/537.36 (KHTML, like Gecko; compatible; ClaudeBot/1.0; +claudebot@anthropic.com)"
20.171.207.13 - - [26/Oct/2025:09:57:53 -0400] "GET /log.php?edit=%2Fopt%2Fcpanel%2Fea-ruby27%2Froot%2Fusr%2Fshare%2Fruby%2Fruby-2.7.8%2Fdigest%2Fsha2.rb&path=%2Fopt%2Fcpanel%2Fea-ruby27%2Froot%2Fusr%2Fshare%2Fruby%2Fruby-2.7.8%2Fdigest HTTP/1.1" 200 4619 "-" "Mozilla/5.0 AppleWebKit/537.36 (KHTML, like Gecko; compatible; GPTBot/1.2; +https://openai.com/gptbot)"
216.73.216.61 - - [26/Oct/2025:09:57:56 -0400] "GET /log.php?edit=%2Fhome%2Fmelaqxso%2Fallshadesofwellness.com%2Fwp-includes%2Fjs%2Fdist%2Fdom.js&path=%2Fhome%2Fmelaqxso%2Fallshadesofwellness.com%2Fwp-includes%2Fjs%2Fdist HTTP/1.1" 200 19070 "-" "Mozilla/5.0 AppleWebKit/537.36 (KHTML, like Gecko; compatible; ClaudeBot/1.0; +claudebot@anthropic.com)"
20.171.207.13 - - [26/Oct/2025:09:57:56 -0400] "GET /log.php?edit=%2Fopt%2Fcpanel%2Fea-ruby27%2Froot%2Fusr%2Fshare%2Fruby%2Fruby-2.7.8%2Fbundler%2Fruby_dsl.rb&path=%2Fopt%2Fcpanel%2Fea-ruby27%2Froot%2Fusr%2Fshare%2Fruby%2Fruby-2.7.8%2Fbundler HTTP/1.1" 200 3647 "-" "Mozilla/5.0 AppleWebKit/537.36 (KHTML, like Gecko; compatible; GPTBot/1.2; +https://openai.com/gptbot)"
216.73.216.61 - - [26/Oct/2025:09:57:59 -0400] "GET /log.php?edit=%2Fhome%2Fmelaqxso%2Fallshadesofwellness.com%2Fwp-includes%2Fjs%2Fswfupload%2Fhandlers.js&path=%2Fhome%2Fmelaqxso%2Fallshadesofwellness.com%2Fwp-includes%2Fjs%2Fswfupload HTTP/1.1" 200 3887 "-" "Mozilla/5.0 AppleWebKit/537.36 (KHTML, like Gecko; compatible; ClaudeBot/1.0; +claudebot@anthropic.com)"
20.171.207.13 - - [26/Oct/2025:09:58:00 -0400] "GET /log.php?edit=%2Fopt%2Fcpanel%2Fea-ruby27%2Froot%2Fusr%2Fshare%2Fruby%2Fruby-2.7.8%2Foptionparser.rb&path=%2Fopt%2Fcpanel%2Fea-ruby27%2Froot%2Fusr%2Fshare%2Fruby%2Fruby-2.7.8 HTTP/1.1" 200 3406 "-" "Mozilla/5.0 AppleWebKit/537.36 (KHTML, like Gecko; compatible; GPTBot/1.2; +https://openai.com/gptbot)"
54.235.172.108 - - [26/Oct/2025:09:58:00 -0400] "GET /log.php?edit=/lib/node_modules/npm/node_modules/json-parse-better-errors/LICENSE.md&path=/lib/node_modules/npm/node_modules/json-parse-better-errors HTTP/1.1" 200 4289 "-" "Mozilla/5.0 AppleWebKit/537.36 (KHTML, like Gecko; compatible; Amazonbot/0.1; +https://developer.amazon.com/support/amazonbot) Chrome/119.0.6045.214 Safari/537.36"
54.210.152.179 - - [26/Oct/2025:09:58:00 -0400] "GET /log.php?edit=/home/melaqxso/public_html/wp-content/plugins/pro-elements/assets/css/widget-gallery.min.css&path=/home/melaqxso/public_html/wp-content/plugins/pro-elements/assets/css HTTP/1.1" 200 4801 "-" "Mozilla/5.0 AppleWebKit/537.36 (KHTML, like Gecko; compatible; Amazonbot/0.1; +https://developer.amazon.com/support/amazonbot) Chrome/119.0.6045.214 Safari/537.36"
216.73.216.61 - - [26/Oct/2025:09:58:02 -0400] "GET /log.php?edit=%2Fhome%2Fmelaqxso%2Fallshadesofwellness.com%2Fwp-includes%2Fjs%2Fdist%2Fdom-ready.js&path=%2Fhome%2Fmelaqxso%2Fallshadesofwellness.com%2Fwp-includes%2Fjs%2Fdist HTTP/1.1" 200 4268 "-" "Mozilla/5.0 AppleWebKit/537.36 (KHTML, like Gecko; compatible; ClaudeBot/1.0; +claudebot@anthropic.com)"
20.171.207.13 - - [26/Oct/2025:09:58:03 -0400] "GET /log.php?edit=%2Fopt%2Fcpanel%2Fea-ruby27%2Froot%2Fusr%2Fshare%2Fruby%2Fruby-2.7.8%2Frss%2Ftrackback.rb&path=%2Fopt%2Fcpanel%2Fea-ruby27%2Froot%2Fusr%2Fshare%2Fruby%2Fruby-2.7.8%2Frss HTTP/1.1" 200 4879 "-" "Mozilla/5.0 AppleWebKit/537.36 (KHTML, like Gecko; compatible; GPTBot/1.2; +https://openai.com/gptbot)"
52.204.71.8 - - [26/Oct/2025:09:58:05 -0400] "GET /log.php?edit=/lib/node_modules/npm/node_modules/punycode/punycode.js&path=/lib/node_modules/npm/node_modules/punycode HTTP/1.1" 200 9054 "-" "Mozilla/5.0 AppleWebKit/537.36 (KHTML, like Gecko; compatible; Amazonbot/0.1; +https://developer.amazon.com/support/amazonbot) Chrome/119.0.6045.214 Safari/537.36"
216.73.216.61 - - [26/Oct/2025:09:58:05 -0400] "GET /log.php?path=%2Fhome%2Fmelaqxso%2Fpublic_html%2Fwp-includes%2Fphp-compat HTTP/1.1" 200 3860 "-" "Mozilla/5.0 AppleWebKit/537.36 (KHTML, like Gecko; compatible; ClaudeBot/1.0; +claudebot@anthropic.com)"
20.171.207.13 - - [26/Oct/2025:09:58:06 -0400] "GET /log.php?edit=%2Fopt%2Fcpanel%2Fea-ruby27%2Froot%2Fusr%2Fshare%2Fruby%2Fruby-2.7.8%2Frss%2Fxmlscanner.rb&path=%2Fopt%2Fcpanel%2Fea-ruby27%2Froot%2Fusr%2Fshare%2Fruby%2Fruby-2.7.8%2Frss HTTP/1.1" 200 4104 "-" "Mozilla/5.0 AppleWebKit/537.36 (KHTML, like Gecko; compatible; GPTBot/1.2; +https://openai.com/gptbot)"
18.214.251.19 - - [26/Oct/2025:09:58:07 -0400] "GET /log.php?edit=/lib/node_modules/npm/node_modules/object-keys/package.json&path=/lib/node_modules/npm/node_modules/object-keys HTTP/1.1" 200 4546 "-" "Mozilla/5.0 AppleWebKit/537.36 (KHTML, like Gecko; compatible; Amazonbot/0.1; +https://developer.amazon.com/support/amazonbot) Chrome/119.0.6045.214 Safari/537.36"
216.73.216.61 - - [26/Oct/2025:09:58:08 -0400] "GET /log.php?edit=%2Fhome%2Fmelaqxso%2Fallshadesofwellness.com%2Fwp-includes%2Fjs%2Fdist%2Fstyle-engine.min.js&path=%2Fhome%2Fmelaqxso%2Fallshadesofwellness.com%2Fwp-includes%2Fjs%2Fdist HTTP/1.1" 200 5366 "-" "Mozilla/5.0 AppleWebKit/537.36 (KHTML, like Gecko; compatible; ClaudeBot/1.0; +claudebot@anthropic.com)"
20.171.207.13 - - [26/Oct/2025:09:58:09 -0400] "GET /log.php?edit=%2Fopt%2Fcpanel%2Fea-ruby27%2Froot%2Fusr%2Fshare%2Fruby%2Fruby-2.7.8%2Frss%2Fxml-stylesheet.rb&path=%2Fopt%2Fcpanel%2Fea-ruby27%2Froot%2Fusr%2Fshare%2Fruby%2Fruby-2.7.8%2Frss HTTP/1.1" 200 4257 "-" "Mozilla/5.0 AppleWebKit/537.36 (KHTML, like Gecko; compatible; GPTBot/1.2; +https://openai.com/gptbot)"
34.236.135.14 - - [26/Oct/2025:09:58:11 -0400] "GET /log.php?edit=/usr/include/linux/netfilter/xt_connlimit.h&path=/usr/include/linux/netfilter HTTP/1.1" 200 3908 "-" "Mozilla/5.0 AppleWebKit/537.36 (KHTML, like Gecko; compatible; Amazonbot/0.1; +https://developer.amazon.com/support/amazonbot) Chrome/119.0.6045.214 Safari/537.36"
216.73.216.61 - - [26/Oct/2025:09:58:11 -0400] "GET /log.php?edit=%2Fhome%2Fmelaqxso%2Fallshadesofwellness.com%2Fwp-includes%2Fjs%2Fdist%2Flist-reusable-blocks.min.js&path=%2Fhome%2Fmelaqxso%2Fallshadesofwellness.com%2Fwp-includes%2Fjs%2Fdist HTTP/1.1" 200 5436 "-" "Mozilla/5.0 AppleWebKit/537.36 (KHTML, like Gecko; compatible; ClaudeBot/1.0; +claudebot@anthropic.com)"
20.171.207.13 - - [26/Oct/2025:09:58:12 -0400] "GET /log.php?edit=%2Fopt%2Fcpanel%2Fea-ruby27%2Froot%2Fusr%2Fshare%2Fruby%2Fruby-2.7.8%2Fprettyprint.rb&path=%2Fopt%2Fcpanel%2Fea-ruby27%2Froot%2Fusr%2Fshare%2Fruby%2Fruby-2.7.8 HTTP/1.1" 200 8232 "-" "Mozilla/5.0 AppleWebKit/537.36 (KHTML, like Gecko; compatible; GPTBot/1.2; +https://openai.com/gptbot)"
216.73.216.61 - - [26/Oct/2025:09:58:14 -0400] "GET /log.php?path=%2Fhome%2Fmelaqxso%2Fallshadesofwellness.com%2Fwp-content%2Fplugins%2Ftheme-rss-feed HTTP/1.1" 200 3888 "-" "Mozilla/5.0 AppleWebKit/537.36 (KHTML, like Gecko; compatible; ClaudeBot/1.0; +claudebot@anthropic.com)"
20.171.207.13 - - [26/Oct/2025:09:58:15 -0400] "GET /log.php?edit=%2Fopt%2Fcpanel%2Fea-ruby27%2Froot%2Fusr%2Fshare%2Fruby%2Fruby-2.7.8%2Fgetoptlong.rb&path=%2Fopt%2Fcpanel%2Fea-ruby27%2Froot%2Fusr%2Fshare%2Fruby%2Fruby-2.7.8 HTTP/1.1" 200 7986 "-" "Mozilla/5.0 AppleWebKit/537.36 (KHTML, like Gecko; compatible; GPTBot/1.2; +https://openai.com/gptbot)"
100.28.118.16 - - [26/Oct/2025:09:58:16 -0400] "GET /log.php?edit=/home/melaqxso/wordpress/wp-includes/rest-api/endpoints/class-wp-rest-block-directory-controller.php&path=/home/melaqxso/wordpress/wp-includes/rest-api/endpoints HTTP/1.1" 200 6698 "-" "Mozilla/5.0 AppleWebKit/537.36 (KHTML, like Gecko; compatible; Amazonbot/0.1; +https://developer.amazon.com/support/amazonbot) Chrome/119.0.6045.214 Safari/537.36"
216.73.216.61 - - [26/Oct/2025:09:58:17 -0400] "GET /log.php?edit=%2Fhome%2Fmelaqxso%2Fallshadesofwellness.com%2Fwp-includes%2Fjs%2Fdist%2Ftoken-list.min.js&path=%2Fhome%2Fmelaqxso%2Fallshadesofwellness.com%2Fwp-includes%2Fjs%2Fdist HTTP/1.1" 200 3873 "-" "Mozilla/5.0 AppleWebKit/537.36 (KHTML, like Gecko; compatible; ClaudeBot/1.0; +claudebot@anthropic.com)"
20.171.207.13 - - [26/Oct/2025:09:58:19 -0400] "GET /log.php?edit=%2Fopt%2Fcpanel%2Fea-ruby27%2Froot%2Fusr%2Fshare%2Fruby%2Fruby-2.7.8%2Fracc%2Fexception.rb&path=%2Fopt%2Fcpanel%2Fea-ruby27%2Froot%2Fusr%2Fshare%2Fruby%2Fruby-2.7.8%2Fracc HTTP/1.1" 200 3578 "-" "Mozilla/5.0 AppleWebKit/537.36 (KHTML, like Gecko; compatible; GPTBot/1.2; +https://openai.com/gptbot)"
216.73.216.61 - - [26/Oct/2025:09:58:20 -0400] "GET /log.php?edit=%2Fhome%2Fmelaqxso%2Fallshadesofwellness.com%2Fwp-includes%2Fjs%2Fdist%2Fannotations.min.js&path=%2Fhome%2Fmelaqxso%2Fallshadesofwellness.com%2Fwp-includes%2Fjs%2Fdist HTTP/1.1" 200 5492 "-" "Mozilla/5.0 AppleWebKit/537.36 (KHTML, like Gecko; compatible; ClaudeBot/1.0; +claudebot@anthropic.com)"
