40.77.167.121 - - [04/Nov/2025:23:36:54 -0500] "GET /?zhHant/product/surugaya/N4292788702?campaign_uid=f64d716db5e979ed2f947dbaf4296895b951ae7f HTTP/1.1" 200 1455 "-" "Mozilla/5.0 AppleWebKit/537.36 (KHTML, like Gecko; compatible; bingbot/2.0; +http://www.bing.com/bingbot.htm) Chrome/116.0.1938.76 Safari/537.36"
207.46.13.130 - - [04/Nov/2025:23:36:57 -0500] "GET /products1251865424?kg=1250375949 HTTP/1.1" 404 1251 "-" "Mozilla/5.0 AppleWebKit/537.36 (KHTML, like Gecko; compatible; bingbot/2.0; +http://www.bing.com/bingbot.htm) Chrome/116.0.1938.76 Safari/537.36"
40.77.167.121 - - [04/Nov/2025:23:36:59 -0500] "GET /products751585600?kg=0750691695 HTTP/1.1" 404 1251 "-" "Mozilla/5.0 AppleWebKit/537.36 (KHTML, like Gecko; compatible; bingbot/2.0; +http://www.bing.com/bingbot.htm) Chrome/116.0.1938.76 Safari/537.36"
40.77.167.121 - - [04/Nov/2025:23:37:15 -0500] "GET /products2279305744?kg=2276593125 HTTP/1.1" 404 1251 "-" "Mozilla/5.0 AppleWebKit/537.36 (KHTML, like Gecko; compatible; bingbot/2.0; +http://www.bing.com/bingbot.htm) Chrome/116.0.1938.76 Safari/537.36"
207.46.13.130 - - [04/Nov/2025:23:37:19 -0500] "GET /?products116833736?kg=0116695488 HTTP/1.1" 200 1455 "-" "Mozilla/5.0 AppleWebKit/537.36 (KHTML, like Gecko; compatible; bingbot/2.0; +http://www.bing.com/bingbot.htm) Chrome/116.0.1938.76 Safari/537.36"
40.77.167.121 - - [04/Nov/2025:23:37:54 -0500] "GET /products1430673080?kg=1428970738 HTTP/1.1" 404 1251 "-" "Mozilla/5.0 AppleWebKit/537.36 (KHTML, like Gecko; compatible; bingbot/2.0; +http://www.bing.com/bingbot.htm) Chrome/116.0.1938.76 Safari/537.36"
40.77.167.121 - - [04/Nov/2025:23:37:59 -0500] "GET /products773387688?kg=0772467828 HTTP/1.1" 404 1251 "-" "Mozilla/5.0 AppleWebKit/537.36 (KHTML, like Gecko; compatible; bingbot/2.0; +http://www.bing.com/bingbot.htm) Chrome/116.0.1938.76 Safari/537.36"
207.46.13.130 - - [04/Nov/2025:23:38:37 -0500] "GET /?products2440260992?kg=2437356759 HTTP/1.1" 200 1455 "-" "Mozilla/5.0 AppleWebKit/537.36 (KHTML, like Gecko; compatible; bingbot/2.0; +http://www.bing.com/bingbot.htm) Chrome/116.0.1938.76 Safari/537.36"
40.77.167.151 - - [04/Nov/2025:23:38:42 -0500] "GET /?products767682064?kg=0766768997 HTTP/1.1" 200 1455 "-" "Mozilla/5.0 AppleWebKit/537.36 (KHTML, like Gecko; compatible; bingbot/2.0; +http://www.bing.com/bingbot.htm) Chrome/116.0.1938.76 Safari/537.36"
207.46.13.130 - - [04/Nov/2025:23:38:47 -0500] "GET /products1391580120?kg=1389924318 HTTP/1.1" 404 1251 "-" "Mozilla/5.0 AppleWebKit/537.36 (KHTML, like Gecko; compatible; bingbot/2.0; +http://www.bing.com/bingbot.htm) Chrome/116.0.1938.76 Safari/537.36"
40.77.167.151 - - [04/Nov/2025:23:38:52 -0500] "GET /products319541552?kg=0319161985 HTTP/1.1" 404 1251 "-" "Mozilla/5.0 AppleWebKit/537.36 (KHTML, like Gecko; compatible; bingbot/2.0; +http://www.bing.com/bingbot.htm) Chrome/116.0.1938.76 Safari/537.36"
40.77.167.121 - - [04/Nov/2025:23:38:57 -0500] "GET /products2198324832?kg=2195708619 HTTP/1.1" 404 1251 "-" "Mozilla/5.0 AppleWebKit/537.36 (KHTML, like Gecko; compatible; bingbot/2.0; +http://www.bing.com/bingbot.htm) Chrome/116.0.1938.76 Safari/537.36"
40.77.167.116 - - [04/Nov/2025:23:39:00 -0500] "GET /products1761653896?kg=1759557528 HTTP/1.1" 404 1251 "-" "Mozilla/5.0 AppleWebKit/537.36 (KHTML, like Gecko; compatible; bingbot/2.0; +http://www.bing.com/bingbot.htm) Chrome/116.0.1938.76 Safari/537.36"
40.77.167.151 - - [04/Nov/2025:23:39:02 -0500] "GET /?products764067176?kg=0763158412 HTTP/1.1" 200 1455 "-" "Mozilla/5.0 AppleWebKit/537.36 (KHTML, like Gecko; compatible; bingbot/2.0; +http://www.bing.com/bingbot.htm) Chrome/116.0.1938.76 Safari/537.36"
40.77.167.151 - - [04/Nov/2025:23:39:09 -0500] "GET /products66598376?kg=0066519932 HTTP/1.1" 404 1251 "-" "Mozilla/5.0 AppleWebKit/537.36 (KHTML, like Gecko; compatible; bingbot/2.0; +http://www.bing.com/bingbot.htm) Chrome/116.0.1938.76 Safari/537.36"
40.77.167.24 - - [04/Nov/2025:23:39:16 -0500] "GET /?products664537640?kg=0663747364 HTTP/1.1" 200 1455 "-" "Mozilla/5.0 AppleWebKit/537.36 (KHTML, like Gecko; compatible; bingbot/2.0; +http://www.bing.com/bingbot.htm) Chrome/116.0.1938.76 Safari/537.36"
207.46.13.130 - - [04/Nov/2025:23:39:37 -0500] "GET /products754424360?kg=0753527076 HTTP/1.1" 404 1251 "-" "Mozilla/5.0 AppleWebKit/537.36 (KHTML, like Gecko; compatible; bingbot/2.0; +http://www.bing.com/bingbot.htm) Chrome/116.0.1938.76 Safari/537.36"
43.135.139.165 - - [04/Nov/2025:23:39:41 -0500] "GET /wp-includes/ HTTP/1.1" 200 8118 "-" "Mozilla/5.0 (iPhone; CPU iPhone OS 13_2_3 like Mac OS X) AppleWebKit/605.1.15 (KHTML, like Gecko) Version/13.0.3 Mobile/15E148 Safari/604.1"
40.77.167.151 - - [04/Nov/2025:23:39:42 -0500] "GET /products2494686912?kg=2491717887 HTTP/1.1" 404 1251 "-" "Mozilla/5.0 AppleWebKit/537.36 (KHTML, like Gecko; compatible; bingbot/2.0; +http://www.bing.com/bingbot.htm) Chrome/116.0.1938.76 Safari/537.36"
40.77.167.151 - - [04/Nov/2025:23:39:48 -0500] "GET /products1404688176?kg=1403016769 HTTP/1.1" 404 1251 "-" "Mozilla/5.0 AppleWebKit/537.36 (KHTML, like Gecko; compatible; bingbot/2.0; +http://www.bing.com/bingbot.htm) Chrome/116.0.1938.76 Safari/537.36"
207.46.13.130 - - [04/Nov/2025:23:39:58 -0500] "GET /?products817506480?kg=0816534097 HTTP/1.1" 200 1455 "-" "Mozilla/5.0 AppleWebKit/537.36 (KHTML, like Gecko; compatible; bingbot/2.0; +http://www.bing.com/bingbot.htm) Chrome/116.0.1938.76 Safari/537.36"
40.77.167.151 - - [04/Nov/2025:23:40:08 -0500] "GET /products2337882944?kg=2335100591 HTTP/1.1" 404 1251 "-" "Mozilla/5.0 AppleWebKit/537.36 (KHTML, like Gecko; compatible; bingbot/2.0; +http://www.bing.com/bingbot.htm) Chrome/116.0.1938.76 Safari/537.36"
40.77.167.116 - - [04/Nov/2025:23:40:30 -0500] "GET /products1531893720?kg=1530070878 HTTP/1.1" 404 1251 "-" "Mozilla/5.0 AppleWebKit/537.36 (KHTML, like Gecko; compatible; bingbot/2.0; +http://www.bing.com/bingbot.htm) Chrome/116.0.1938.76 Safari/537.36"
157.55.39.7 - - [04/Nov/2025:23:40:38 -0500] "GET /products388611520?kg=0388149727 HTTP/1.1" 404 1251 "-" "Mozilla/5.0 AppleWebKit/537.36 (KHTML, like Gecko; compatible; bingbot/2.0; +http://www.bing.com/bingbot.htm) Chrome/116.0.1938.76 Safari/537.36"
207.46.13.130 - - [04/Nov/2025:23:40:48 -0500] "GET /products997743584?kg=0996556635 HTTP/1.1" 404 1251 "-" "Mozilla/5.0 AppleWebKit/537.36 (KHTML, like Gecko; compatible; bingbot/2.0; +http://www.bing.com/bingbot.htm) Chrome/116.0.1938.76 Safari/537.36"
40.77.167.116 - - [04/Nov/2025:23:40:48 -0500] "GET /products836384624?kg=0835389769 HTTP/1.1" 404 1251 "-" "Mozilla/5.0 AppleWebKit/537.36 (KHTML, like Gecko; compatible; bingbot/2.0; +http://www.bing.com/bingbot.htm) Chrome/116.0.1938.76 Safari/537.36"
40.77.167.151 - - [04/Nov/2025:23:40:52 -0500] "GET /products551151208?kg=0550495916 HTTP/1.1" 404 1251 "-" "Mozilla/5.0 AppleWebKit/537.36 (KHTML, like Gecko; compatible; bingbot/2.0; +http://www.bing.com/bingbot.htm) Chrome/116.0.1938.76 Safari/537.36"
207.46.13.130 - - [04/Nov/2025:23:40:58 -0500] "GET /?products1961639584?kg=1959305139 HTTP/1.1" 200 1455 "-" "Mozilla/5.0 AppleWebKit/537.36 (KHTML, like Gecko; compatible; bingbot/2.0; +http://www.bing.com/bingbot.htm) Chrome/116.0.1938.76 Safari/537.36"
40.77.167.151 - - [04/Nov/2025:23:41:18 -0500] "GET /?products70367952?kg=0070285021 HTTP/1.1" 200 1455 "-" "Mozilla/5.0 AppleWebKit/537.36 (KHTML, like Gecko; compatible; bingbot/2.0; +http://www.bing.com/bingbot.htm) Chrome/116.0.1938.76 Safari/537.36"
40.77.167.24 - - [04/Nov/2025:23:41:25 -0500] "GET /products773768704?kg=0772848391 HTTP/1.1" 404 1251 "-" "Mozilla/5.0 AppleWebKit/537.36 (KHTML, like Gecko; compatible; bingbot/2.0; +http://www.bing.com/bingbot.htm) Chrome/116.0.1938.76 Safari/537.36"
40.77.167.116 - - [04/Nov/2025:23:41:48 -0500] "GET /products1442222184?kg=1440506092 HTTP/1.1" 404 1251 "-" "Mozilla/5.0 AppleWebKit/537.36 (KHTML, like Gecko; compatible; bingbot/2.0; +http://www.bing.com/bingbot.htm) Chrome/116.0.1938.76 Safari/537.36"
40.77.167.151 - - [04/Nov/2025:23:41:49 -0500] "GET /products2235098184?kg=2232438192 HTTP/1.1" 404 1251 "-" "Mozilla/5.0 AppleWebKit/537.36 (KHTML, like Gecko; compatible; bingbot/2.0; +http://www.bing.com/bingbot.htm) Chrome/116.0.1938.76 Safari/537.36"
40.77.167.52 - - [04/Nov/2025:23:42:25 -0500] "GET /products261398248?kg=0261087900 HTTP/1.1" 404 1251 "-" "Mozilla/5.0 AppleWebKit/537.36 (KHTML, like Gecko; compatible; bingbot/2.0; +http://www.bing.com/bingbot.htm) Chrome/116.0.1938.76 Safari/537.36"
40.77.167.24 - - [04/Nov/2025:23:42:34 -0500] "GET /products690442344?kg=0689621228 HTTP/1.1" 404 1251 "-" "Mozilla/5.0 AppleWebKit/537.36 (KHTML, like Gecko; compatible; bingbot/2.0; +http://www.bing.com/bingbot.htm) Chrome/116.0.1938.76 Safari/537.36"
66.249.65.161 - - [04/Nov/2025:23:42:52 -0500] "GET /products2408817728?kg=2405950927 HTTP/1.1" 404 1251 "-" "Mozilla/5.0 (compatible; Googlebot/2.1; +http://www.google.com/bot.html)"
40.77.167.52 - - [04/Nov/2025:23:42:54 -0500] "GET /4f64/joker-slot-%E0%B8%A5%E0%B9%88%E0%B8%B2%E0%B8%AA%E0%B8%B8%E0%B8%94 HTTP/1.1" 404 1251 "-" "Mozilla/5.0 AppleWebKit/537.36 (KHTML, like Gecko; compatible; bingbot/2.0; +http://www.bing.com/bingbot.htm) Chrome/116.0.1938.76 Safari/537.36"
40.77.167.24 - - [04/Nov/2025:23:43:03 -0500] "GET /products1021642112?kg=1020426711 HTTP/1.1" 404 1251 "-" "Mozilla/5.0 AppleWebKit/537.36 (KHTML, like Gecko; compatible; bingbot/2.0; +http://www.bing.com/bingbot.htm) Chrome/116.0.1938.76 Safari/537.36"
40.77.167.24 - - [04/Nov/2025:23:43:15 -0500] "GET /products66312264?kg=0066234160 HTTP/1.1" 404 1251 "-" "Mozilla/5.0 AppleWebKit/537.36 (KHTML, like Gecko; compatible; bingbot/2.0; +http://www.bing.com/bingbot.htm) Chrome/116.0.1938.76 Safari/537.36"
40.77.167.116 - - [04/Nov/2025:23:43:40 -0500] "GET /products1094764968?kg=1093462516 HTTP/1.1" 404 1251 "-" "Mozilla/5.0 AppleWebKit/537.36 (KHTML, like Gecko; compatible; bingbot/2.0; +http://www.bing.com/bingbot.htm) Chrome/116.0.1938.76 Safari/537.36"
40.77.167.151 - - [04/Nov/2025:23:43:40 -0500] "GET /?products386432432?kg=0385973233 HTTP/1.1" 200 1455 "-" "Mozilla/5.0 AppleWebKit/537.36 (KHTML, like Gecko; compatible; bingbot/2.0; +http://www.bing.com/bingbot.htm) Chrome/116.0.1938.76 Safari/537.36"
40.77.167.151 - - [04/Nov/2025:23:43:49 -0500] "GET /products2248130112?kg=2245454607 HTTP/1.1" 404 1251 "-" "Mozilla/5.0 AppleWebKit/537.36 (KHTML, like Gecko; compatible; bingbot/2.0; +http://www.bing.com/bingbot.htm) Chrome/116.0.1938.76 Safari/537.36"
40.77.167.52 - - [04/Nov/2025:23:43:55 -0500] "GET /products942781576?kg=0941660056 HTTP/1.1" 404 1251 "-" "Mozilla/5.0 AppleWebKit/537.36 (KHTML, like Gecko; compatible; bingbot/2.0; +http://www.bing.com/bingbot.htm) Chrome/116.0.1938.76 Safari/537.36"
40.77.167.24 - - [04/Nov/2025:23:44:05 -0500] "GET /?products1517303744?kg=1515498271 HTTP/1.1" 200 1455 "-" "Mozilla/5.0 AppleWebKit/537.36 (KHTML, like Gecko; compatible; bingbot/2.0; +http://www.bing.com/bingbot.htm) Chrome/116.0.1938.76 Safari/537.36"
40.77.167.52 - - [04/Nov/2025:23:44:15 -0500] "GET /products283791496?kg=0283454488 HTTP/1.1" 404 1251 "-" "Mozilla/5.0 AppleWebKit/537.36 (KHTML, like Gecko; compatible; bingbot/2.0; +http://www.bing.com/bingbot.htm) Chrome/116.0.1938.76 Safari/537.36"
207.46.13.130 - - [04/Nov/2025:23:44:19 -0500] "GET /products48683040?kg=0048625923 HTTP/1.1" 404 1251 "-" "Mozilla/5.0 AppleWebKit/537.36 (KHTML, like Gecko; compatible; bingbot/2.0; +http://www.bing.com/bingbot.htm) Chrome/116.0.1938.76 Safari/537.36"
40.77.167.151 - - [04/Nov/2025:23:44:24 -0500] "GET /products1405090680?kg=1403418794 HTTP/1.1" 404 1251 "-" "Mozilla/5.0 AppleWebKit/537.36 (KHTML, like Gecko; compatible; bingbot/2.0; +http://www.bing.com/bingbot.htm) Chrome/116.0.1938.76 Safari/537.36"
40.77.167.24 - - [04/Nov/2025:23:44:36 -0500] "GET /products828551824?kg=0827566293 HTTP/1.1" 404 1251 "-" "Mozilla/5.0 AppleWebKit/537.36 (KHTML, like Gecko; compatible; bingbot/2.0; +http://www.bing.com/bingbot.htm) Chrome/116.0.1938.76 Safari/537.36"
142.44.228.130 - - [04/Nov/2025:23:44:37 -0500] "GET /images/?SA HTTP/1.1" 200 678 "-" "Mozilla/5.0 (compatible; AhrefsBot/7.0; +http://ahrefs.com/robot/)"
40.77.167.52 - - [04/Nov/2025:23:44:55 -0500] "GET /products35710920?kg=0035669248 HTTP/1.1" 404 1251 "-" "Mozilla/5.0 AppleWebKit/537.36 (KHTML, like Gecko; compatible; bingbot/2.0; +http://www.bing.com/bingbot.htm) Chrome/116.0.1938.76 Safari/537.36"
40.77.167.52 - - [04/Nov/2025:23:44:57 -0500] "GET /09ae/%E0%B8%95%E0%B8%A3%E0%B8%A7%E0%B8%88-%E0%B8%AB%E0%B8%A7%E0%B8%A216%E0%B8%95%E0%B8%B8%E0%B8%A5%E0%B8%B2%E0%B8%84%E0%B8%A1-2565 HTTP/1.1" 404 1251 "-" "Mozilla/5.0 AppleWebKit/537.36 (KHTML, like Gecko; compatible; bingbot/2.0; +http://www.bing.com/bingbot.htm) Chrome/116.0.1938.76 Safari/537.36"
207.46.13.130 - - [04/Nov/2025:23:44:59 -0500] "GET /products960580960?kg=0959438251 HTTP/1.1" 404 1251 "-" "Mozilla/5.0 AppleWebKit/537.36 (KHTML, like Gecko; compatible; bingbot/2.0; +http://www.bing.com/bingbot.htm) Chrome/116.0.1938.76 Safari/537.36"
40.77.167.116 - - [04/Nov/2025:23:44:59 -0500] "GET /d054/%E0%B8%94%E0%B8%B9-%E0%B8%AB%E0%B8%A7%E0%B8%A2-%E0%B8%87%E0%B8%A7%E0%B8%94-%E0%B8%99%E0%B8%B5%E0%B9%89-%E0%B8%AB%E0%B8%99%E0%B9%88%E0%B8%AD%E0%B8%A2 HTTP/1.1" 404 1251 "-" "Mozilla/5.0 AppleWebKit/537.36 (KHTML, like Gecko; compatible; bingbot/2.0; +http://www.bing.com/bingbot.htm) Chrome/116.0.1938.76 Safari/537.36"
40.77.167.52 - - [04/Nov/2025:23:45:01 -0500] "GET /products945438992?kg=0944314309 HTTP/1.1" 404 1251 "-" "Mozilla/5.0 AppleWebKit/537.36 (KHTML, like Gecko; compatible; bingbot/2.0; +http://www.bing.com/bingbot.htm) Chrome/116.0.1938.76 Safari/537.36"
157.55.39.7 - - [04/Nov/2025:23:45:10 -0500] "GET /products970564544?kg=0969409951 HTTP/1.1" 404 1251 "-" "Mozilla/5.0 AppleWebKit/537.36 (KHTML, like Gecko; compatible; bingbot/2.0; +http://www.bing.com/bingbot.htm) Chrome/116.0.1938.76 Safari/537.36"
40.77.167.52 - - [04/Nov/2025:23:45:16 -0500] "GET /products1133988568?kg=1132639422 HTTP/1.1" 404 1251 "-" "Mozilla/5.0 AppleWebKit/537.36 (KHTML, like Gecko; compatible; bingbot/2.0; +http://www.bing.com/bingbot.htm) Chrome/116.0.1938.76 Safari/537.36"
207.46.13.130 - - [04/Nov/2025:23:45:30 -0500] "GET /products916094048?kg=0915004299 HTTP/1.1" 404 1251 "-" "Mozilla/5.0 AppleWebKit/537.36 (KHTML, like Gecko; compatible; bingbot/2.0; +http://www.bing.com/bingbot.htm) Chrome/116.0.1938.76 Safari/537.36"
40.77.167.151 - - [04/Nov/2025:23:45:40 -0500] "GET /products2292542936?kg=2289814558 HTTP/1.1" 404 1251 "-" "Mozilla/5.0 AppleWebKit/537.36 (KHTML, like Gecko; compatible; bingbot/2.0; +http://www.bing.com/bingbot.htm) Chrome/116.0.1938.76 Safari/537.36"
157.55.39.7 - - [04/Nov/2025:23:45:40 -0500] "GET /products2140140880?kg=2137593933 HTTP/1.1" 404 1251 "-" "Mozilla/5.0 AppleWebKit/537.36 (KHTML, like Gecko; compatible; bingbot/2.0; +http://www.bing.com/bingbot.htm) Chrome/116.0.1938.76 Safari/537.36"
207.46.13.130 - - [04/Nov/2025:23:45:45 -0500] "GET /products1328324120?kg=1326743622 HTTP/1.1" 404 1251 "-" "Mozilla/5.0 AppleWebKit/537.36 (KHTML, like Gecko; compatible; bingbot/2.0; +http://www.bing.com/bingbot.htm) Chrome/116.0.1938.76 Safari/537.36"
40.77.167.52 - - [04/Nov/2025:23:45:57 -0500] "GET /products106011048?kg=0105885684 HTTP/1.1" 404 1251 "-" "Mozilla/5.0 AppleWebKit/537.36 (KHTML, like Gecko; compatible; bingbot/2.0; +http://www.bing.com/bingbot.htm) Chrome/116.0.1938.76 Safari/537.36"
207.46.13.107 - - [04/Nov/2025:23:46:32 -0500] "GET /32d2/%E0%B9%80%E0%B8%84-%E0%B8%A3-%E0%B8%94%E0%B8%B4-%E0%B8%AA-%E0%B8%9F%E0%B8%A3%E0%B8%B5 HTTP/1.1" 404 1251 "-" "Mozilla/5.0 AppleWebKit/537.36 (KHTML, like Gecko; compatible; bingbot/2.0; +http://www.bing.com/bingbot.htm) Chrome/116.0.1938.76 Safari/537.36"
40.77.167.24 - - [04/Nov/2025:23:46:36 -0500] "GET /?products236858672?kg=0236577537 HTTP/1.1" 200 1455 "-" "Mozilla/5.0 AppleWebKit/537.36 (KHTML, like Gecko; compatible; bingbot/2.0; +http://www.bing.com/bingbot.htm) Chrome/116.0.1938.76 Safari/537.36"
57.141.4.18 - - [04/Nov/2025:23:47:06 -0500] "GET /sitemap_index.xml HTTP/1.1" 404 1251 "-" "meta-externalagent/1.1 (+https://developers.facebook.com/docs/sharing/webmasters/crawler)"
57.141.4.8 - - [04/Nov/2025:23:47:08 -0500] "GET /sitemap.xml HTTP/1.1" 404 1251 "-" "meta-externalagent/1.1 (+https://developers.facebook.com/docs/sharing/webmasters/crawler)"
57.141.4.77 - - [04/Nov/2025:23:47:10 -0500] "GET /SiteMap.aspx HTTP/1.1" 404 1251 "-" "meta-externalagent/1.1 (+https://developers.facebook.com/docs/sharing/webmasters/crawler)"
57.141.4.7 - - [04/Nov/2025:23:47:12 -0500] "GET /sitemap.txt HTTP/1.1" 404 1251 "-" "meta-externalagent/1.1 (+https://developers.facebook.com/docs/sharing/webmasters/crawler)"
57.141.4.21 - - [04/Nov/2025:23:47:15 -0500] "GET /news-sitemap.xml HTTP/1.1" 404 1251 "-" "meta-externalagent/1.1 (+https://developers.facebook.com/docs/sharing/webmasters/crawler)"
57.141.4.54 - - [04/Nov/2025:23:47:16 -0500] "GET /sitemap-index.xml HTTP/1.1" 404 1251 "-" "meta-externalagent/1.1 (+https://developers.facebook.com/docs/sharing/webmasters/crawler)"
57.141.4.48 - - [04/Nov/2025:23:47:18 -0500] "GET /sitemap.html HTTP/1.1" 404 1251 "-" "meta-externalagent/1.1 (+https://developers.facebook.com/docs/sharing/webmasters/crawler)"
57.141.4.27 - - [04/Nov/2025:23:47:20 -0500] "GET /news_sitemap.xml HTTP/1.1" 404 1251 "-" "meta-externalagent/1.1 (+https://developers.facebook.com/docs/sharing/webmasters/crawler)"
57.141.4.30 - - [04/Nov/2025:23:47:22 -0500] "GET /sitemap.rss HTTP/1.1" 404 1251 "-" "meta-externalagent/1.1 (+https://developers.facebook.com/docs/sharing/webmasters/crawler)"
66.249.65.163 - - [04/Nov/2025:23:47:32 -0500] "GET /products844247040?kg=0843242823 HTTP/1.1" 404 1251 "-" "Mozilla/5.0 (Linux; Android 6.0.1; Nexus 5X Build/MMB29P) AppleWebKit/537.36 (KHTML, like Gecko) Chrome/141.0.7390.122 Mobile Safari/537.36 (compatible; Googlebot/2.1; +http://www.google.com/bot.html)"
40.77.167.24 - - [04/Nov/2025:23:47:34 -0500] "GET /?products662828056?kg=0662039814 HTTP/1.1" 200 1455 "-" "Mozilla/5.0 AppleWebKit/537.36 (KHTML, like Gecko; compatible; bingbot/2.0; +http://www.bing.com/bingbot.htm) Chrome/116.0.1938.76 Safari/537.36"
40.77.167.24 - - [04/Nov/2025:23:47:39 -0500] "GET /products2395205928?kg=2392355332 HTTP/1.1" 404 1251 "-" "Mozilla/5.0 AppleWebKit/537.36 (KHTML, like Gecko; compatible; bingbot/2.0; +http://www.bing.com/bingbot.htm) Chrome/116.0.1938.76 Safari/537.36"
207.46.13.151 - - [04/Nov/2025:23:47:44 -0500] "GET /products773701976?kg=0772781742 HTTP/1.1" 404 1251 "-" "Mozilla/5.0 AppleWebKit/537.36 (KHTML, like Gecko; compatible; bingbot/2.0; +http://www.bing.com/bingbot.htm) Chrome/116.0.1938.76 Safari/537.36"
40.77.167.52 - - [04/Nov/2025:23:47:46 -0500] "GET /products92749256?kg=0092639680 HTTP/1.1" 404 1251 "-" "Mozilla/5.0 AppleWebKit/537.36 (KHTML, like Gecko; compatible; bingbot/2.0; +http://www.bing.com/bingbot.htm) Chrome/116.0.1938.76 Safari/537.36"
66.249.65.162 - - [04/Nov/2025:23:47:49 -0500] "GET /products1240219536?kg=1238743925 HTTP/1.1" 404 1251 "-" "Mozilla/5.0 (Linux; Android 6.0.1; Nexus 5X Build/MMB29P) AppleWebKit/537.36 (KHTML, like Gecko) Chrome/141.0.7390.122 Mobile Safari/537.36 (compatible; Googlebot/2.1; +http://www.google.com/bot.html)"
40.77.167.24 - - [04/Nov/2025:23:47:56 -0500] "GET /products80359296?kg=0080264471 HTTP/1.1" 404 1251 "-" "Mozilla/5.0 AppleWebKit/537.36 (KHTML, like Gecko; compatible; bingbot/2.0; +http://www.bing.com/bingbot.htm) Chrome/116.0.1938.76 Safari/537.36"
40.77.167.52 - - [04/Nov/2025:23:48:02 -0500] "GET /products1773603008?kg=1771492415 HTTP/1.1" 404 1251 "-" "Mozilla/5.0 AppleWebKit/537.36 (KHTML, like Gecko; compatible; bingbot/2.0; +http://www.bing.com/bingbot.htm) Chrome/116.0.1938.76 Safari/537.36"
40.77.167.151 - - [04/Nov/2025:23:48:19 -0500] "GET /?products1608115336?kg=1606201752 HTTP/1.1" 200 1455 "-" "Mozilla/5.0 AppleWebKit/537.36 (KHTML, like Gecko; compatible; bingbot/2.0; +http://www.bing.com/bingbot.htm) Chrome/116.0.1938.76 Safari/537.36"
216.26.235.167 - - [04/Nov/2025:23:48:29 -0500] "GET / HTTP/1.1" 200 1452 "http://nymetrocualumni.com" "Mozilla/5.0 (X11; Ubuntu; Linux x86_64; rv:114.0) Gecko/20100101 Firefox/114.0"
216.26.252.248 - - [04/Nov/2025:23:48:29 -0500] "GET /?ND HTTP/1.1" 200 1450 "https://nymetrocualumni.com/" "Mozilla/5.0 (X11; Ubuntu; Linux x86_64; rv:114.0) Gecko/20100101 Firefox/114.0"
216.26.252.248 - - [04/Nov/2025:23:48:30 -0500] "GET /xmlrpc.php HTTP/1.1" 200 26 "https://nymetrocualumni.com/" "Mozilla/5.0 (X11; Ubuntu; Linux x86_64; rv:114.0) Gecko/20100101 Firefox/114.0"
216.26.252.248 - - [04/Nov/2025:23:48:37 -0500] "GET /?MA HTTP/1.1" 200 1447 "https://nymetrocualumni.com/" "Mozilla/5.0 (X11; Ubuntu; Linux x86_64; rv:114.0) Gecko/20100101 Firefox/114.0"
198.54.116.184 - - [04/Nov/2025:23:48:38 -0500] "POST /wp-cron.php?doing_wp_cron=1762318118.7907769680023193359375 HTTP/1.1" 200 0 "-" "WordPress/6.8.2; https://nymetrocualumni.com"
216.26.252.248 - - [04/Nov/2025:23:48:37 -0500] "GET /wp-trackback.php HTTP/1.1" 200 91 "https://nymetrocualumni.com/" "Mozilla/5.0 (X11; Ubuntu; Linux x86_64; rv:114.0) Gecko/20100101 Firefox/114.0"
216.26.252.248 - - [04/Nov/2025:23:48:39 -0500] "GET /?SA HTTP/1.1" 200 1445 "https://nymetrocualumni.com/" "Mozilla/5.0 (X11; Ubuntu; Linux x86_64; rv:114.0) Gecko/20100101 Firefox/114.0"
216.26.252.248 - - [04/Nov/2025:23:48:40 -0500] "GET /wp-signup.php HTTP/1.1" 302 0 "https://nymetrocualumni.com/" "Mozilla/5.0 (X11; Ubuntu; Linux x86_64; rv:114.0) Gecko/20100101 Firefox/114.0"
216.26.252.248 - - [04/Nov/2025:23:48:41 -0500] "GET /wp-login.php?action=register HTTP/1.1" 302 0 "https://nymetrocualumni.com/wp-signup.php" "Mozilla/5.0 (X11; Ubuntu; Linux x86_64; rv:114.0) Gecko/20100101 Firefox/114.0"
216.26.252.248 - - [04/Nov/2025:23:48:43 -0500] "GET /wp-login.php?registration=disabled HTTP/1.1" 200 1919 "https://nymetrocualumni.com/wp-login.php?action=register" "Mozilla/5.0 (X11; Ubuntu; Linux x86_64; rv:114.0) Gecko/20100101 Firefox/114.0"
216.26.252.248 - - [04/Nov/2025:23:48:45 -0500] "GET /images/ HTTP/1.1" 200 674 "https://nymetrocualumni.com/" "Mozilla/5.0 (X11; Ubuntu; Linux x86_64; rv:114.0) Gecko/20100101 Firefox/114.0"
216.26.252.248 - - [04/Nov/2025:23:48:45 -0500] "GET /wp-settings.php HTTP/1.1" 500 0 "https://nymetrocualumni.com/" "Mozilla/5.0 (X11; Ubuntu; Linux x86_64; rv:114.0) Gecko/20100101 Firefox/114.0"
198.54.116.184 - - [04/Nov/2025:23:48:48 -0500] "POST /wp-admin/admin-ajax.php?action=as_async_request_queue_runner&nonce=ea021756a4 HTTP/1.1" 200 0 "-" "WordPress/6.8.2; https://nymetrocualumni.com"
216.26.252.248 - - [04/Nov/2025:23:48:46 -0500] "GET /wp-admin/ HTTP/1.1" 302 0 "https://nymetrocualumni.com/" "Mozilla/5.0 (X11; Ubuntu; Linux x86_64; rv:114.0) Gecko/20100101 Firefox/114.0"
40.77.167.116 - - [04/Nov/2025:23:48:50 -0500] "GET /products442687048?kg=0442160880 HTTP/1.1" 404 1251 "-" "Mozilla/5.0 AppleWebKit/537.36 (KHTML, like Gecko; compatible; bingbot/2.0; +http://www.bing.com/bingbot.htm) Chrome/116.0.1938.76 Safari/537.36"
198.54.116.184 - - [04/Nov/2025:23:48:50 -0500] "POST /wp-cron.php?doing_wp_cron=1762318130.9360749721527099609375 HTTP/1.1" 200 0 "-" "WordPress/6.8.2; https://nymetrocualumni.com"
216.26.252.248 - - [04/Nov/2025:23:48:50 -0500] "GET /wp-login.php?redirect_to=https%3A%2F%2Fnymetrocualumni.com%2Fwp-admin%2F&reauth=1 HTTP/1.1" 200 1851 "https://nymetrocualumni.com/wp-admin/" "Mozilla/5.0 (X11; Ubuntu; Linux x86_64; rv:114.0) Gecko/20100101 Firefox/114.0"
216.26.252.248 - - [04/Nov/2025:23:48:51 -0500] "GET /wp-mail.php HTTP/1.1" 200 979 "https://nymetrocualumni.com/" "Mozilla/5.0 (X11; Ubuntu; Linux x86_64; rv:114.0) Gecko/20100101 Firefox/114.0"
216.26.252.248 - - [04/Nov/2025:23:48:53 -0500] "GET /wp-content/ HTTP/1.1" 200 0 "https://nymetrocualumni.com/" "Mozilla/5.0 (X11; Ubuntu; Linux x86_64; rv:114.0) Gecko/20100101 Firefox/114.0"
216.26.252.248 - - [04/Nov/2025:23:48:53 -0500] "GET /wp-login.php HTTP/1.1" 200 1851 "https://nymetrocualumni.com/" "Mozilla/5.0 (X11; Ubuntu; Linux x86_64; rv:114.0) Gecko/20100101 Firefox/114.0"
216.26.252.248 - - [04/Nov/2025:23:48:55 -0500] "GET /wp-includes/ HTTP/1.1" 200 7099 "https://nymetrocualumni.com/" "Mozilla/5.0 (X11; Ubuntu; Linux x86_64; rv:114.0) Gecko/20100101 Firefox/114.0"
40.77.167.24 - - [04/Nov/2025:23:48:56 -0500] "GET /products1085789024?kg=1084497259 HTTP/1.1" 404 1251 "-" "Mozilla/5.0 AppleWebKit/537.36 (KHTML, like Gecko; compatible; bingbot/2.0; +http://www.bing.com/bingbot.htm) Chrome/116.0.1938.76 Safari/537.36"
40.77.167.52 - - [04/Nov/2025:23:48:56 -0500] "GET /products335510808?kg=0335112230 HTTP/1.1" 404 1251 "-" "Mozilla/5.0 AppleWebKit/537.36 (KHTML, like Gecko; compatible; bingbot/2.0; +http://www.bing.com/bingbot.htm) Chrome/116.0.1938.76 Safari/537.36"
216.26.252.248 - - [04/Nov/2025:23:48:55 -0500] "GET /wp-load.php HTTP/1.1" 200 0 "https://nymetrocualumni.com/" "Mozilla/5.0 (X11; Ubuntu; Linux x86_64; rv:114.0) Gecko/20100101 Firefox/114.0"
216.26.252.248 - - [04/Nov/2025:23:48:57 -0500] "GET /error_log HTTP/1.1" 403 1242 "https://nymetrocualumni.com/" "Mozilla/5.0 (X11; Ubuntu; Linux x86_64; rv:114.0) Gecko/20100101 Firefox/114.0"
193.56.28.38 - - [04/Nov/2025:23:48:58 -0500] "GET /error_log HTTP/1.1" 403 1242 "https://nymetrocualumni.com/" "Mozilla/5.0 (X11; Ubuntu; Linux x86_64; rv:114.0) Gecko/20100101 Firefox/114.0"
65.111.28.132 - - [04/Nov/2025:23:48:58 -0500] "GET /error_log HTTP/1.1" 403 1242 "https://nymetrocualumni.com/" "Mozilla/5.0 (X11; Ubuntu; Linux x86_64; rv:114.0) Gecko/20100101 Firefox/114.0"
65.111.0.34 - - [04/Nov/2025:23:48:59 -0500] "GET /error_log HTTP/1.1" 403 1242 "https://nymetrocualumni.com/" "Mozilla/5.0 (X11; Ubuntu; Linux x86_64; rv:114.0) Gecko/20100101 Firefox/114.0"
154.213.161.27 - - [04/Nov/2025:23:49:00 -0500] "GET /wp-links-opml.php HTTP/1.1" 200 137 "https://nymetrocualumni.com/" "Mozilla/5.0 (X11; Ubuntu; Linux x86_64; rv:114.0) Gecko/20100101 Firefox/114.0"
154.213.161.27 - - [04/Nov/2025:23:49:02 -0500] "GET /readme.html HTTP/1.1" 200 2658 "https://nymetrocualumni.com/" "Mozilla/5.0 (X11; Ubuntu; Linux x86_64; rv:114.0) Gecko/20100101 Firefox/114.0"
154.213.161.27 - - [04/Nov/2025:23:49:02 -0500] "GET /wp-cron.php HTTP/1.1" 200 0 "https://nymetrocualumni.com/" "Mozilla/5.0 (X11; Ubuntu; Linux x86_64; rv:114.0) Gecko/20100101 Firefox/114.0"
154.213.161.27 - - [04/Nov/2025:23:49:03 -0500] "GET /robots.txt HTTP/1.1" 200 84 "https://nymetrocualumni.com/" "Mozilla/5.0 (X11; Ubuntu; Linux x86_64; rv:114.0) Gecko/20100101 Firefox/114.0"
154.213.161.27 - - [04/Nov/2025:23:49:03 -0500] "GET /wp-config.php HTTP/1.1" 403 1242 "https://nymetrocualumni.com/" "Mozilla/5.0 (X11; Ubuntu; Linux x86_64; rv:114.0) Gecko/20100101 Firefox/114.0"
65.111.23.31 - - [04/Nov/2025:23:49:04 -0500] "GET /wp-config.php HTTP/1.1" 403 1242 "https://nymetrocualumni.com/" "Mozilla/5.0 (X11; Ubuntu; Linux x86_64; rv:114.0) Gecko/20100101 Firefox/114.0"
45.3.37.27 - - [04/Nov/2025:23:49:05 -0500] "GET /wp-config.php HTTP/1.1" 403 1242 "https://nymetrocualumni.com/" "Mozilla/5.0 (X11; Ubuntu; Linux x86_64; rv:114.0) Gecko/20100101 Firefox/114.0"
209.50.185.253 - - [04/Nov/2025:23:49:05 -0500] "GET /wp-config.php HTTP/1.1" 403 1242 "https://nymetrocualumni.com/" "Mozilla/5.0 (X11; Ubuntu; Linux x86_64; rv:114.0) Gecko/20100101 Firefox/114.0"
65.111.27.126 - - [04/Nov/2025:23:49:06 -0500] "GET /wp-activate.php HTTP/1.1" 302 0 "https://nymetrocualumni.com/" "Mozilla/5.0 (X11; Ubuntu; Linux x86_64; rv:114.0) Gecko/20100101 Firefox/114.0"
65.111.27.126 - - [04/Nov/2025:23:49:07 -0500] "GET /wp-login.php?action=register HTTP/1.1" 302 0 "https://nymetrocualumni.com/wp-activate.php" "Mozilla/5.0 (X11; Ubuntu; Linux x86_64; rv:114.0) Gecko/20100101 Firefox/114.0"
65.111.27.126 - - [04/Nov/2025:23:49:09 -0500] "GET /wp-login.php?registration=disabled HTTP/1.1" 200 1919 "https://nymetrocualumni.com/wp-login.php?action=register" "Mozilla/5.0 (X11; Ubuntu; Linux x86_64; rv:114.0) Gecko/20100101 Firefox/114.0"
65.111.27.126 - - [04/Nov/2025:23:49:11 -0500] "GET /wp-config-sample.php HTTP/1.1" 500 905 "https://nymetrocualumni.com/" "Mozilla/5.0 (X11; Ubuntu; Linux x86_64; rv:114.0) Gecko/20100101 Firefox/114.0"
207.46.13.151 - - [04/Nov/2025:23:49:11 -0500] "GET /products1868499688?kg=1866276124 HTTP/1.1" 404 1251 "-" "Mozilla/5.0 AppleWebKit/537.36 (KHTML, like Gecko; compatible; bingbot/2.0; +http://www.bing.com/bingbot.htm) Chrome/116.0.1938.76 Safari/537.36"
65.111.27.126 - - [04/Nov/2025:23:49:12 -0500] "GET /wp-blog-header.php HTTP/1.1" 200 0 "https://nymetrocualumni.com/" "Mozilla/5.0 (X11; Ubuntu; Linux x86_64; rv:114.0) Gecko/20100101 Firefox/114.0"
65.111.27.126 - - [04/Nov/2025:23:49:13 -0500] "GET /wp-comments-post.php HTTP/1.1" 405 0 "https://nymetrocualumni.com/" "Mozilla/5.0 (X11; Ubuntu; Linux x86_64; rv:114.0) Gecko/20100101 Firefox/114.0"
207.46.13.151 - - [04/Nov/2025:23:49:15 -0500] "GET /products300224256?kg=0299867687 HTTP/1.1" 404 1251 "-" "Mozilla/5.0 AppleWebKit/537.36 (KHTML, like Gecko; compatible; bingbot/2.0; +http://www.bing.com/bingbot.htm) Chrome/116.0.1938.76 Safari/537.36"
207.46.13.151 - - [04/Nov/2025:23:49:21 -0500] "GET /products1640578488?kg=1638626258 HTTP/1.1" 404 1251 "-" "Mozilla/5.0 AppleWebKit/537.36 (KHTML, like Gecko; compatible; bingbot/2.0; +http://www.bing.com/bingbot.htm) Chrome/116.0.1938.76 Safari/537.36"
40.77.167.24 - - [04/Nov/2025:23:49:26 -0500] "GET /products1301762976?kg=1300214099 HTTP/1.1" 404 1251 "-" "Mozilla/5.0 AppleWebKit/537.36 (KHTML, like Gecko; compatible; bingbot/2.0; +http://www.bing.com/bingbot.htm) Chrome/116.0.1938.76 Safari/537.36"
66.249.65.161 - - [04/Nov/2025:23:49:28 -0500] "GET /products2391890760?kg=2389044112 HTTP/1.1" 404 1251 "-" "Mozilla/5.0 (Linux; Android 6.0.1; Nexus 5X Build/MMB29P) AppleWebKit/537.36 (KHTML, like Gecko) Chrome/141.0.7390.122 Mobile Safari/537.36 (compatible; Googlebot/2.1; +http://www.google.com/bot.html)"
40.77.167.52 - - [04/Nov/2025:23:49:28 -0500] "GET /products1498369632?kg=1496586699 HTTP/1.1" 404 1251 "-" "Mozilla/5.0 AppleWebKit/537.36 (KHTML, like Gecko; compatible; bingbot/2.0; +http://www.bing.com/bingbot.htm) Chrome/116.0.1938.76 Safari/537.36"
40.77.167.24 - - [04/Nov/2025:23:49:28 -0500] "GET /?products114817904?kg=0114682057 HTTP/1.1" 200 1447 "-" "Mozilla/5.0 AppleWebKit/537.36 (KHTML, like Gecko; compatible; bingbot/2.0; +http://www.bing.com/bingbot.htm) Chrome/116.0.1938.76 Safari/537.36"
66.249.65.162 - - [04/Nov/2025:23:49:45 -0500] "GET /products370870720?kg=0370430047 HTTP/1.1" 404 1251 "-" "Mozilla/5.0 (Linux; Android 6.0.1; Nexus 5X Build/MMB29P) AppleWebKit/537.36 (KHTML, like Gecko) Chrome/141.0.7390.122 Mobile Safari/537.36 (compatible; Googlebot/2.1; +http://www.google.com/bot.html)"
43.153.10.13 - - [04/Nov/2025:23:50:11 -0500] "GET /?MA HTTP/1.1" 200 1694 "-" "Mozilla/5.0 (iPhone; CPU iPhone OS 13_2_3 like Mac OS X) AppleWebKit/605.1.15 (KHTML, like Gecko) Version/13.0.3 Mobile/15E148 Safari/604.1"
52.167.144.180 - - [04/Nov/2025:23:50:16 -0500] "GET /products1915277408?kg=1912998155 HTTP/1.1" 404 1251 "-" "Mozilla/5.0 AppleWebKit/537.36 (KHTML, like Gecko; compatible; bingbot/2.0; +http://www.bing.com/bingbot.htm) Chrome/116.0.1938.76 Safari/537.36"
40.77.167.52 - - [04/Nov/2025:23:50:20 -0500] "GET /products2263068032?kg=2260374743 HTTP/1.1" 404 1251 "-" "Mozilla/5.0 AppleWebKit/537.36 (KHTML, like Gecko; compatible; bingbot/2.0; +http://www.bing.com/bingbot.htm) Chrome/116.0.1938.76 Safari/537.36"
40.77.167.52 - - [04/Nov/2025:23:50:35 -0500] "GET /products2180640328?kg=2178045168 HTTP/1.1" 404 1251 "-" "Mozilla/5.0 AppleWebKit/537.36 (KHTML, like Gecko; compatible; bingbot/2.0; +http://www.bing.com/bingbot.htm) Chrome/116.0.1938.76 Safari/537.36"
40.77.167.52 - - [04/Nov/2025:23:50:39 -0500] "GET /products30977720?kg=0030941682 HTTP/1.1" 404 1251 "-" "Mozilla/5.0 AppleWebKit/537.36 (KHTML, like Gecko; compatible; bingbot/2.0; +http://www.bing.com/bingbot.htm) Chrome/116.0.1938.76 Safari/537.36"
207.46.13.107 - - [04/Nov/2025:23:50:51 -0500] "GET /products66180240?kg=0066102293 HTTP/1.1" 404 1251 "-" "Mozilla/5.0 AppleWebKit/537.36 (KHTML, like Gecko; compatible; bingbot/2.0; +http://www.bing.com/bingbot.htm) Chrome/116.0.1938.76 Safari/537.36"
207.46.13.107 - - [04/Nov/2025:23:50:55 -0500] "GET /products117809176?kg=0117669766 HTTP/1.1" 404 1251 "-" "Mozilla/5.0 AppleWebKit/537.36 (KHTML, like Gecko; compatible; bingbot/2.0; +http://www.bing.com/bingbot.htm) Chrome/116.0.1938.76 Safari/537.36"
207.46.13.107 - - [04/Nov/2025:23:51:31 -0500] "GET /products2309912496?kg=2307163441 HTTP/1.1" 404 1251 "-" "Mozilla/5.0 AppleWebKit/537.36 (KHTML, like Gecko; compatible; bingbot/2.0; +http://www.bing.com/bingbot.htm) Chrome/116.0.1938.76 Safari/537.36"
66.249.65.162 - - [04/Nov/2025:23:51:33 -0500] "GET /products75831656?kg=0075742220 HTTP/1.1" 404 1251 "-" "Mozilla/5.0 (Linux; Android 6.0.1; Nexus 5X Build/MMB29P) AppleWebKit/537.36 (KHTML, like Gecko) Chrome/141.0.7390.122 Mobile Safari/537.36 (compatible; Googlebot/2.1; +http://www.google.com/bot.html)"
52.167.144.159 - - [04/Nov/2025:23:51:49 -0500] "GET /products1752472824?kg=1750387386 HTTP/1.1" 404 1251 "-" "Mozilla/5.0 AppleWebKit/537.36 (KHTML, like Gecko; compatible; bingbot/2.0; +http://www.bing.com/bingbot.htm) Chrome/116.0.1938.76 Safari/537.36"
52.167.144.180 - - [04/Nov/2025:23:52:06 -0500] "GET /products460203936?kg=0459656915 HTTP/1.1" 404 1251 "-" "Mozilla/5.0 AppleWebKit/537.36 (KHTML, like Gecko; compatible; bingbot/2.0; +http://www.bing.com/bingbot.htm) Chrome/116.0.1938.76 Safari/537.36"
52.167.144.180 - - [04/Nov/2025:23:52:26 -0500] "GET /products2217080736?kg=2214442195 HTTP/1.1" 404 1251 "-" "Mozilla/5.0 AppleWebKit/537.36 (KHTML, like Gecko; compatible; bingbot/2.0; +http://www.bing.com/bingbot.htm) Chrome/116.0.1938.76 Safari/537.36"
207.46.13.107 - - [04/Nov/2025:23:52:54 -0500] "GET /products536366040?kg=0535728350 HTTP/1.1" 404 1251 "-" "Mozilla/5.0 AppleWebKit/537.36 (KHTML, like Gecko; compatible; bingbot/2.0; +http://www.bing.com/bingbot.htm) Chrome/116.0.1938.76 Safari/537.36"
52.167.144.159 - - [04/Nov/2025:23:53:11 -0500] "GET /products402779032?kg=0402300374 HTTP/1.1" 404 1251 "-" "Mozilla/5.0 AppleWebKit/537.36 (KHTML, like Gecko; compatible; bingbot/2.0; +http://www.bing.com/bingbot.htm) Chrome/116.0.1938.76 Safari/537.36"
52.167.144.159 - - [04/Nov/2025:23:53:20 -0500] "GET /products1788108712?kg=1785980852 HTTP/1.1" 404 1251 "-" "Mozilla/5.0 AppleWebKit/537.36 (KHTML, like Gecko; compatible; bingbot/2.0; +http://www.bing.com/bingbot.htm) Chrome/116.0.1938.76 Safari/537.36"
207.46.13.107 - - [04/Nov/2025:23:53:25 -0500] "GET /products1595350480?kg=1593452093 HTTP/1.1" 404 1251 "-" "Mozilla/5.0 AppleWebKit/537.36 (KHTML, like Gecko; compatible; bingbot/2.0; +http://www.bing.com/bingbot.htm) Chrome/116.0.1938.76 Safari/537.36"
52.167.144.180 - - [04/Nov/2025:23:53:36 -0500] "GET /products2359559176?kg=2356751016 HTTP/1.1" 404 1251 "-" "Mozilla/5.0 AppleWebKit/537.36 (KHTML, like Gecko; compatible; bingbot/2.0; +http://www.bing.com/bingbot.htm) Chrome/116.0.1938.76 Safari/537.36"
40.77.167.12 - - [04/Nov/2025:23:53:36 -0500] "GET /products453356384?kg=0452817515 HTTP/1.1" 404 1251 "-" "Mozilla/5.0 AppleWebKit/537.36 (KHTML, like Gecko; compatible; bingbot/2.0; +http://www.bing.com/bingbot.htm) Chrome/116.0.1938.76 Safari/537.36"
52.167.144.159 - - [04/Nov/2025:23:53:40 -0500] "GET /products625344192?kg=0624600575 HTTP/1.1" 404 1251 "-" "Mozilla/5.0 AppleWebKit/537.36 (KHTML, like Gecko; compatible; bingbot/2.0; +http://www.bing.com/bingbot.htm) Chrome/116.0.1938.76 Safari/537.36"
66.249.65.163 - - [04/Nov/2025:23:53:43 -0500] "GET /products1607412056?kg=1605499310 HTTP/1.1" 404 1251 "-" "Mozilla/5.0 (Linux; Android 6.0.1; Nexus 5X Build/MMB29P) AppleWebKit/537.36 (KHTML, like Gecko) Chrome/141.0.7390.122 Mobile Safari/537.36 (compatible; Googlebot/2.1; +http://www.google.com/bot.html)"
207.46.13.151 - - [04/Nov/2025:23:53:45 -0500] "GET /products2042928408?kg=2040497190 HTTP/1.1" 404 1251 "-" "Mozilla/5.0 AppleWebKit/537.36 (KHTML, like Gecko; compatible; bingbot/2.0; +http://www.bing.com/bingbot.htm) Chrome/116.0.1938.76 Safari/537.36"
52.167.144.159 - - [04/Nov/2025:23:54:01 -0500] "GET /?products1453015200?kg=1451286259 HTTP/1.1" 200 1447 "-" "Mozilla/5.0 AppleWebKit/537.36 (KHTML, like Gecko; compatible; bingbot/2.0; +http://www.bing.com/bingbot.htm) Chrome/116.0.1938.76 Safari/537.36"
40.77.167.12 - - [04/Nov/2025:23:54:17 -0500] "GET /b290/%E0%B8%A2%E0%B8%B9%E0%B8%9F%E0%B9%88%E0%B8%B2777%E0%B8%AA%E0%B8%A5%E0%B9%87%E0%B8%AD%E0%B8%95 HTTP/1.1" 404 1251 "-" "Mozilla/5.0 AppleWebKit/537.36 (KHTML, like Gecko; compatible; bingbot/2.0; +http://www.bing.com/bingbot.htm) Chrome/116.0.1938.76 Safari/537.36"
40.77.167.12 - - [04/Nov/2025:23:54:36 -0500] "GET /products840060168?kg=0839060936 HTTP/1.1" 404 1251 "-" "Mozilla/5.0 AppleWebKit/537.36 (KHTML, like Gecko; compatible; bingbot/2.0; +http://www.bing.com/bingbot.htm) Chrome/116.0.1938.76 Safari/537.36"
52.167.144.159 - - [04/Nov/2025:23:54:51 -0500] "GET /products1554428600?kg=1552578930 HTTP/1.1" 404 1251 "-" "Mozilla/5.0 AppleWebKit/537.36 (KHTML, like Gecko; compatible; bingbot/2.0; +http://www.bing.com/bingbot.htm) Chrome/116.0.1938.76 Safari/537.36"
207.46.13.151 - - [04/Nov/2025:23:54:56 -0500] "GET /products2304415808?kg=2301673295 HTTP/1.1" 404 1251 "-" "Mozilla/5.0 AppleWebKit/537.36 (KHTML, like Gecko; compatible; bingbot/2.0; +http://www.bing.com/bingbot.htm) Chrome/116.0.1938.76 Safari/537.36"
207.46.13.151 - - [04/Nov/2025:23:55:14 -0500] "GET /products58941760?kg=0058872431 HTTP/1.1" 404 1251 "-" "Mozilla/5.0 AppleWebKit/537.36 (KHTML, like Gecko; compatible; bingbot/2.0; +http://www.bing.com/bingbot.htm) Chrome/116.0.1938.76 Safari/537.36"
52.167.144.180 - - [04/Nov/2025:23:55:18 -0500] "GET /products447124584?kg=0446593132 HTTP/1.1" 404 1251 "-" "Mozilla/5.0 AppleWebKit/537.36 (KHTML, like Gecko; compatible; bingbot/2.0; +http://www.bing.com/bingbot.htm) Chrome/116.0.1938.76 Safari/537.36"
52.167.144.159 - - [04/Nov/2025:23:55:23 -0500] "GET /products55172184?kg=0055107342 HTTP/1.1" 404 1251 "-" "Mozilla/5.0 AppleWebKit/537.36 (KHTML, like Gecko; compatible; bingbot/2.0; +http://www.bing.com/bingbot.htm) Chrome/116.0.1938.76 Safari/537.36"
52.167.144.180 - - [04/Nov/2025:23:55:28 -0500] "GET /?products1490648184?kg=1488874442 HTTP/1.1" 200 1447 "-" "Mozilla/5.0 AppleWebKit/537.36 (KHTML, like Gecko; compatible; bingbot/2.0; +http://www.bing.com/bingbot.htm) Chrome/116.0.1938.76 Safari/537.36"
52.167.144.159 - - [04/Nov/2025:23:55:33 -0500] "GET /products2367665984?kg=2364848175 HTTP/1.1" 404 1251 "-" "Mozilla/5.0 AppleWebKit/537.36 (KHTML, like Gecko; compatible; bingbot/2.0; +http://www.bing.com/bingbot.htm) Chrome/116.0.1938.76 Safari/537.36"
207.46.13.107 - - [04/Nov/2025:23:55:52 -0500] "GET /06eb/%E0%B8%A3%E0%B8%B2%E0%B8%87%E0%B8%A7%E0%B8%B1%E0%B8%A5%E0%B8%97%E0%B8%B5%E0%B9%884 HTTP/1.1" 404 1251 "-" "Mozilla/5.0 AppleWebKit/537.36 (KHTML, like Gecko; compatible; bingbot/2.0; +http://www.bing.com/bingbot.htm) Chrome/116.0.1938.76 Safari/537.36"
52.167.144.159 - - [04/Nov/2025:23:56:10 -0500] "GET /products231976080?kg=0231700757 HTTP/1.1" 404 1251 "-" "Mozilla/5.0 AppleWebKit/537.36 (KHTML, like Gecko; compatible; bingbot/2.0; +http://www.bing.com/bingbot.htm) Chrome/116.0.1938.76 Safari/537.36"
40.77.167.12 - - [04/Nov/2025:23:56:16 -0500] "GET /products1434855240?kg=1433147920 HTTP/1.1" 404 1251 "-" "Mozilla/5.0 AppleWebKit/537.36 (KHTML, like Gecko; compatible; bingbot/2.0; +http://www.bing.com/bingbot.htm) Chrome/116.0.1938.76 Safari/537.36"
52.167.144.180 - - [04/Nov/2025:23:56:17 -0500] "GET /products477158112?kg=0476590907 HTTP/1.1" 404 1251 "-" "Mozilla/5.0 AppleWebKit/537.36 (KHTML, like Gecko; compatible; bingbot/2.0; +http://www.bing.com/bingbot.htm) Chrome/116.0.1938.76 Safari/537.36"
52.167.144.159 - - [04/Nov/2025:23:56:21 -0500] "GET /products1045309424?kg=1044065849 HTTP/1.1" 404 1251 "-" "Mozilla/5.0 AppleWebKit/537.36 (KHTML, like Gecko; compatible; bingbot/2.0; +http://www.bing.com/bingbot.htm) Chrome/116.0.1938.76 Safari/537.36"
52.167.144.180 - - [04/Nov/2025:23:56:36 -0500] "GET /products2259299408?kg=2256610605 HTTP/1.1" 404 1251 "-" "Mozilla/5.0 AppleWebKit/537.36 (KHTML, like Gecko; compatible; bingbot/2.0; +http://www.bing.com/bingbot.htm) Chrome/116.0.1938.76 Safari/537.36"
52.167.144.180 - - [04/Nov/2025:23:56:39 -0500] "GET /?products1176764528?kg=1175364457 HTTP/1.1" 200 1447 "-" "Mozilla/5.0 AppleWebKit/537.36 (KHTML, like Gecko; compatible; bingbot/2.0; +http://www.bing.com/bingbot.htm) Chrome/116.0.1938.76 Safari/537.36"
207.46.13.151 - - [04/Nov/2025:23:56:41 -0500] "GET /products560061600?kg=0559395699 HTTP/1.1" 404 1251 "-" "Mozilla/5.0 AppleWebKit/537.36 (KHTML, like Gecko; compatible; bingbot/2.0; +http://www.bing.com/bingbot.htm) Chrome/116.0.1938.76 Safari/537.36"
52.167.144.180 - - [04/Nov/2025:23:56:46 -0500] "GET /products1019706224?kg=1018493129 HTTP/1.1" 404 1251 "-" "Mozilla/5.0 AppleWebKit/537.36 (KHTML, like Gecko; compatible; bingbot/2.0; +http://www.bing.com/bingbot.htm) Chrome/116.0.1938.76 Safari/537.36"
40.77.167.12 - - [04/Nov/2025:23:56:46 -0500] "GET /products1023315008?kg=1022097615 HTTP/1.1" 404 1251 "-" "Mozilla/5.0 AppleWebKit/537.36 (KHTML, like Gecko; compatible; bingbot/2.0; +http://www.bing.com/bingbot.htm) Chrome/116.0.1938.76 Safari/537.36"
52.167.144.159 - - [04/Nov/2025:23:57:00 -0500] "GET /?products64996864?kg=0064920327 HTTP/1.1" 200 1447 "-" "Mozilla/5.0 AppleWebKit/537.36 (KHTML, like Gecko; compatible; bingbot/2.0; +http://www.bing.com/bingbot.htm) Chrome/116.0.1938.76 Safari/537.36"
52.167.144.159 - - [04/Nov/2025:23:57:10 -0500] "GET /products2024681272?kg=2022271778 HTTP/1.1" 404 1251 "-" "Mozilla/5.0 AppleWebKit/537.36 (KHTML, like Gecko; compatible; bingbot/2.0; +http://www.bing.com/bingbot.htm) Chrome/116.0.1938.76 Safari/537.36"
207.46.13.107 - - [04/Nov/2025:23:57:13 -0500] "GET /products931744656?kg=0930636277 HTTP/1.1" 404 1251 "-" "Mozilla/5.0 AppleWebKit/537.36 (KHTML, like Gecko; compatible; bingbot/2.0; +http://www.bing.com/bingbot.htm) Chrome/116.0.1938.76 Safari/537.36"
52.167.144.180 - - [04/Nov/2025:23:57:15 -0500] "GET /products787223128?kg=0786286798 HTTP/1.1" 404 1251 "-" "Mozilla/5.0 AppleWebKit/537.36 (KHTML, like Gecko; compatible; bingbot/2.0; +http://www.bing.com/bingbot.htm) Chrome/116.0.1938.76 Safari/537.36"
157.55.39.10 - - [04/Nov/2025:23:57:34 -0500] "GET /?products1611794008?kg=1609876046 HTTP/1.1" 200 1447 "-" "Mozilla/5.0 AppleWebKit/537.36 (KHTML, like Gecko; compatible; bingbot/2.0; +http://www.bing.com/bingbot.htm) Chrome/116.0.1938.76 Safari/537.36"
157.55.39.10 - - [04/Nov/2025:23:57:43 -0500] "GET /products48366888?kg=0048310148 HTTP/1.1" 404 1251 "-" "Mozilla/5.0 AppleWebKit/537.36 (KHTML, like Gecko; compatible; bingbot/2.0; +http://www.bing.com/bingbot.htm) Chrome/116.0.1938.76 Safari/537.36"
52.167.144.180 - - [04/Nov/2025:23:57:45 -0500] "GET /?products70125080?kg=0070042438 HTTP/1.1" 200 1447 "-" "Mozilla/5.0 AppleWebKit/537.36 (KHTML, like Gecko; compatible; bingbot/2.0; +http://www.bing.com/bingbot.htm) Chrome/116.0.1938.76 Safari/537.36"
157.55.39.10 - - [04/Nov/2025:23:57:46 -0500] "GET /products1173688320?kg=1172291911 HTTP/1.1" 404 1251 "-" "Mozilla/5.0 AppleWebKit/537.36 (KHTML, like Gecko; compatible; bingbot/2.0; +http://www.bing.com/bingbot.htm) Chrome/116.0.1938.76 Safari/537.36"
157.55.39.10 - - [04/Nov/2025:23:57:49 -0500] "GET /?products2128148256?kg=2125615587 HTTP/1.1" 200 1447 "-" "Mozilla/5.0 AppleWebKit/537.36 (KHTML, like Gecko; compatible; bingbot/2.0; +http://www.bing.com/bingbot.htm) Chrome/116.0.1938.76 Safari/537.36"
207.46.13.116 - - [04/Nov/2025:23:58:14 -0500] "GET /products254265496?kg=0253963638 HTTP/1.1" 404 1251 "-" "Mozilla/5.0 AppleWebKit/537.36 (KHTML, like Gecko; compatible; bingbot/2.0; +http://www.bing.com/bingbot.htm) Chrome/116.0.1938.76 Safari/537.36"
52.167.144.180 - - [04/Nov/2025:23:58:16 -0500] "GET /products30895912?kg=0030859972 HTTP/1.1" 404 1251 "-" "Mozilla/5.0 AppleWebKit/537.36 (KHTML, like Gecko; compatible; bingbot/2.0; +http://www.bing.com/bingbot.htm) Chrome/116.0.1938.76 Safari/537.36"
40.77.167.52 - - [04/Nov/2025:23:58:21 -0500] "GET /products1657092672?kg=1655120783 HTTP/1.1" 404 1251 "-" "Mozilla/5.0 AppleWebKit/537.36 (KHTML, like Gecko; compatible; bingbot/2.0; +http://www.bing.com/bingbot.htm) Chrome/116.0.1938.76 Safari/537.36"
52.167.144.159 - - [04/Nov/2025:23:58:21 -0500] "GET /products948176056?kg=0947048114 HTTP/1.1" 404 1251 "-" "Mozilla/5.0 AppleWebKit/537.36 (KHTML, like Gecko; compatible; bingbot/2.0; +http://www.bing.com/bingbot.htm) Chrome/116.0.1938.76 Safari/537.36"
40.77.167.12 - - [04/Nov/2025:23:58:55 -0500] "GET /products1669558616?kg=1667571886 HTTP/1.1" 404 1251 "-" "Mozilla/5.0 AppleWebKit/537.36 (KHTML, like Gecko; compatible; bingbot/2.0; +http://www.bing.com/bingbot.htm) Chrome/116.0.1938.76 Safari/537.36"
52.167.144.159 - - [04/Nov/2025:23:59:08 -0500] "GET /safe_search/config?return_url=%2Fproduct%2Fdetail%2FN3725281989 HTTP/1.1" 404 1251 "-" "Mozilla/5.0 AppleWebKit/537.36 (KHTML, like Gecko; compatible; bingbot/2.0; +http://www.bing.com/bingbot.htm) Chrome/116.0.1938.76 Safari/537.36"
52.167.144.180 - - [04/Nov/2025:23:59:16 -0500] "GET /products381953040?kg=0381499173 HTTP/1.1" 404 1251 "-" "Mozilla/5.0 AppleWebKit/537.36 (KHTML, like Gecko; compatible; bingbot/2.0; +http://www.bing.com/bingbot.htm) Chrome/116.0.1938.76 Safari/537.36"
52.167.144.159 - - [04/Nov/2025:23:59:40 -0500] "GET /products1769986352?kg=1767880065 HTTP/1.1" 404 1251 "-" "Mozilla/5.0 AppleWebKit/537.36 (KHTML, like Gecko; compatible; bingbot/2.0; +http://www.bing.com/bingbot.htm) Chrome/116.0.1938.76 Safari/537.36"
52.167.144.159 - - [04/Nov/2025:23:59:44 -0500] "GET /?products48165288?kg=0048108788 HTTP/1.1" 200 1447 "-" "Mozilla/5.0 AppleWebKit/537.36 (KHTML, like Gecko; compatible; bingbot/2.0; +http://www.bing.com/bingbot.htm) Chrome/116.0.1938.76 Safari/537.36"
52.167.144.19 - - [05/Nov/2025:00:00:01 -0500] "GET /products2259707336?kg=2257018048 HTTP/1.1" 404 1251 "-" "Mozilla/5.0 AppleWebKit/537.36 (KHTML, like Gecko; compatible; bingbot/2.0; +http://www.bing.com/bingbot.htm) Chrome/116.0.1938.76 Safari/537.36"
40.77.167.12 - - [05/Nov/2025:00:00:05 -0500] "GET /products627658936?kg=0626912562 HTTP/1.1" 404 1251 "-" "Mozilla/5.0 AppleWebKit/537.36 (KHTML, like Gecko; compatible; bingbot/2.0; +http://www.bing.com/bingbot.htm) Chrome/116.0.1938.76 Safari/537.36"
40.77.167.12 - - [05/Nov/2025:00:00:16 -0500] "GET /products1022031176?kg=1020815312 HTTP/1.1" 404 1251 "-" "Mozilla/5.0 AppleWebKit/537.36 (KHTML, like Gecko; compatible; bingbot/2.0; +http://www.bing.com/bingbot.htm) Chrome/116.0.1938.76 Safari/537.36"
52.167.144.180 - - [05/Nov/2025:00:00:16 -0500] "GET /products2042558936?kg=2040128158 HTTP/1.1" 404 1251 "-" "Mozilla/5.0 AppleWebKit/537.36 (KHTML, like Gecko; compatible; bingbot/2.0; +http://www.bing.com/bingbot.htm) Chrome/116.0.1938.76 Safari/537.36"
52.167.144.180 - - [05/Nov/2025:00:00:35 -0500] "GET /?products1993588656?kg=1991216177 HTTP/1.1" 200 1447 "-" "Mozilla/5.0 AppleWebKit/537.36 (KHTML, like Gecko; compatible; bingbot/2.0; +http://www.bing.com/bingbot.htm) Chrome/116.0.1938.76 Safari/537.36"
52.167.144.19 - - [05/Nov/2025:00:00:40 -0500] "GET /?products1525729600?kg=1523914095 HTTP/1.1" 200 1447 "-" "Mozilla/5.0 AppleWebKit/537.36 (KHTML, like Gecko; compatible; bingbot/2.0; +http://www.bing.com/bingbot.htm) Chrome/116.0.1938.76 Safari/537.36"
52.167.144.180 - - [05/Nov/2025:00:00:57 -0500] "GET /products773776720?kg=0772856397 HTTP/1.1" 404 1251 "-" "Mozilla/5.0 AppleWebKit/537.36 (KHTML, like Gecko; compatible; bingbot/2.0; +http://www.bing.com/bingbot.htm) Chrome/116.0.1938.76 Safari/537.36"
40.77.167.12 - - [05/Nov/2025:00:01:06 -0500] "GET /products65703832?kg=0065626454 HTTP/1.1" 404 1251 "-" "Mozilla/5.0 AppleWebKit/537.36 (KHTML, like Gecko; compatible; bingbot/2.0; +http://www.bing.com/bingbot.htm) Chrome/116.0.1938.76 Safari/537.36"
170.106.152.218 - - [05/Nov/2025:00:01:08 -0500] "GET /?SA HTTP/1.1" 200 1691 "-" "Mozilla/5.0 (iPhone; CPU iPhone OS 13_2_3 like Mac OS X) AppleWebKit/605.1.15 (KHTML, like Gecko) Version/13.0.3 Mobile/15E148 Safari/604.1"
207.46.13.111 - - [05/Nov/2025:00:01:14 -0500] "GET /products1506028968?kg=1504236916 HTTP/1.1" 404 1251 "-" "Mozilla/5.0 AppleWebKit/537.36 (KHTML, like Gecko; compatible; bingbot/2.0; +http://www.bing.com/bingbot.htm) Chrome/116.0.1938.76 Safari/537.36"
40.77.167.12 - - [05/Nov/2025:00:01:16 -0500] "GET /products1027402008?kg=1026179750 HTTP/1.1" 404 1251 "-" "Mozilla/5.0 AppleWebKit/537.36 (KHTML, like Gecko; compatible; bingbot/2.0; +http://www.bing.com/bingbot.htm) Chrome/116.0.1938.76 Safari/537.36"
40.77.167.12 - - [05/Nov/2025:00:01:19 -0500] "GET /products5024352?kg=0005019211 HTTP/1.1" 404 1251 "-" "Mozilla/5.0 AppleWebKit/537.36 (KHTML, like Gecko; compatible; bingbot/2.0; +http://www.bing.com/bingbot.htm) Chrome/116.0.1938.76 Safari/537.36"
52.167.144.19 - - [05/Nov/2025:00:01:19 -0500] "GET /products51512144?kg=0051451661 HTTP/1.1" 404 1251 "-" "Mozilla/5.0 AppleWebKit/537.36 (KHTML, like Gecko; compatible; bingbot/2.0; +http://www.bing.com/bingbot.htm) Chrome/116.0.1938.76 Safari/537.36"
40.77.167.12 - - [05/Nov/2025:00:01:25 -0500] "GET /products813361224?kg=0812393776 HTTP/1.1" 404 1251 "-" "Mozilla/5.0 AppleWebKit/537.36 (KHTML, like Gecko; compatible; bingbot/2.0; +http://www.bing.com/bingbot.htm) Chrome/116.0.1938.76 Safari/537.36"
52.167.144.19 - - [05/Nov/2025:00:01:29 -0500] "GET /products1508830864?kg=1507035477 HTTP/1.1" 404 1251 "-" "Mozilla/5.0 AppleWebKit/537.36 (KHTML, like Gecko; compatible; bingbot/2.0; +http://www.bing.com/bingbot.htm) Chrome/116.0.1938.76 Safari/537.36"
