40.77.167.58 - - [04/Nov/2025:15:39:32 -0500] "GET /products764049080?kg=0763140338 HTTP/1.1" 404 1251 "-" "Mozilla/5.0 AppleWebKit/537.36 (KHTML, like Gecko; compatible; bingbot/2.0; +http://www.bing.com/bingbot.htm) Chrome/116.0.1938.76 Safari/537.36"
216.73.216.43 - - [04/Nov/2025:15:39:33 -0500] "GET /wp-includes/js/dist/deprecated.min.js HTTP/1.1" 200 409 "-" "Mozilla/5.0 AppleWebKit/537.36 (KHTML, like Gecko; compatible; ClaudeBot/1.0; +claudebot@anthropic.com)"
216.73.216.43 - - [04/Nov/2025:15:39:36 -0500] "GET /wp-includes/js/dist/is-shallow-equal.min.js HTTP/1.1" 200 479 "-" "Mozilla/5.0 AppleWebKit/537.36 (KHTML, like Gecko; compatible; ClaudeBot/1.0; +claudebot@anthropic.com)"
207.46.13.92 - - [04/Nov/2025:15:39:36 -0500] "GET /products816820200?kg=0815848636 HTTP/1.1" 404 1251 "-" "Mozilla/5.0 AppleWebKit/537.36 (KHTML, like Gecko; compatible; bingbot/2.0; +http://www.bing.com/bingbot.htm) Chrome/116.0.1938.76 Safari/537.36"
52.167.144.160 - - [04/Nov/2025:15:39:37 -0500] "GET /product/edit/N3410510756 HTTP/1.1" 404 1251 "-" "Mozilla/5.0 AppleWebKit/537.36 (KHTML, like Gecko; compatible; bingbot/2.0; +http://www.bing.com/bingbot.htm) Chrome/116.0.1938.76 Safari/537.36"
216.73.216.43 - - [04/Nov/2025:15:39:41 -0500] "GET /wp-includes/js/dist/script-modules/block-library/query HTTP/1.1" 301 795 "-" "Mozilla/5.0 AppleWebKit/537.36 (KHTML, like Gecko; compatible; ClaudeBot/1.0; +claudebot@anthropic.com)"
216.73.216.43 - - [04/Nov/2025:15:39:41 -0500] "GET /wp-includes/js/dist/script-modules/block-library/query/ HTTP/1.1" 200 673 "https://nymetrocualumni.com/wp-includes/js/dist/script-modules/block-library/query" "Mozilla/5.0 AppleWebKit/537.36 (KHTML, like Gecko; compatible; ClaudeBot/1.0; +claudebot@anthropic.com)"
216.73.216.43 - - [04/Nov/2025:15:39:46 -0500] "GET /wp-includes/js/dist/keycodes.min.js HTTP/1.1" 200 1327 "-" "Mozilla/5.0 AppleWebKit/537.36 (KHTML, like Gecko; compatible; ClaudeBot/1.0; +claudebot@anthropic.com)"
52.167.144.160 - - [04/Nov/2025:15:39:48 -0500] "GET /?products60393352?kg=0060322296 HTTP/1.1" 200 1457 "-" "Mozilla/5.0 AppleWebKit/537.36 (KHTML, like Gecko; compatible; bingbot/2.0; +http://www.bing.com/bingbot.htm) Chrome/116.0.1938.76 Safari/537.36"
216.73.216.43 - - [04/Nov/2025:15:39:51 -0500] "GET /wp-includes/js/plupload/plupload.min.js HTTP/1.1" 200 5376 "-" "Mozilla/5.0 AppleWebKit/537.36 (KHTML, like Gecko; compatible; ClaudeBot/1.0; +claudebot@anthropic.com)"
216.73.216.43 - - [04/Nov/2025:15:39:56 -0500] "GET /wp-includes/js/dist/patterns.min.js HTTP/1.1" 200 6890 "-" "Mozilla/5.0 AppleWebKit/537.36 (KHTML, like Gecko; compatible; ClaudeBot/1.0; +claudebot@anthropic.com)"
52.167.144.160 - - [04/Nov/2025:15:39:58 -0500] "GET /products2292597720?kg=2289869278 HTTP/1.1" 404 1251 "-" "Mozilla/5.0 AppleWebKit/537.36 (KHTML, like Gecko; compatible; bingbot/2.0; +http://www.bing.com/bingbot.htm) Chrome/116.0.1938.76 Safari/537.36"
216.73.216.43 - - [04/Nov/2025:15:40:01 -0500] "GET /wp-includes/js/dist/url.js HTTP/1.1" 200 9222 "-" "Mozilla/5.0 AppleWebKit/537.36 (KHTML, like Gecko; compatible; ClaudeBot/1.0; +claudebot@anthropic.com)"
207.46.13.92 - - [04/Nov/2025:15:40:04 -0500] "GET /products55805584?kg=0055739989 HTTP/1.1" 404 1251 "-" "Mozilla/5.0 AppleWebKit/537.36 (KHTML, like Gecko; compatible; bingbot/2.0; +http://www.bing.com/bingbot.htm) Chrome/116.0.1938.76 Safari/537.36"
52.167.144.199 - - [04/Nov/2025:15:40:04 -0500] "GET /products1451403384?kg=1449676362 HTTP/1.1" 404 1251 "-" "Mozilla/5.0 AppleWebKit/537.36 (KHTML, like Gecko; compatible; bingbot/2.0; +http://www.bing.com/bingbot.htm) Chrome/116.0.1938.76 Safari/537.36"
216.73.216.43 - - [04/Nov/2025:15:40:06 -0500] "GET /wp-includes/widgets/class-wp-widget-calendar.php HTTP/1.1" 500 0 "-" "Mozilla/5.0 AppleWebKit/537.36 (KHTML, like Gecko; compatible; ClaudeBot/1.0; +claudebot@anthropic.com)"
52.167.144.160 - - [04/Nov/2025:15:40:09 -0500] "GET /?products56728688?kg=0056661993 HTTP/1.1" 200 1457 "-" "Mozilla/5.0 AppleWebKit/537.36 (KHTML, like Gecko; compatible; bingbot/2.0; +http://www.bing.com/bingbot.htm) Chrome/116.0.1938.76 Safari/537.36"
216.73.216.43 - - [04/Nov/2025:15:40:13 -0500] "GET /wp-includes/js/tinymce/plugins/link/plugin.js HTTP/1.1" 200 5192 "-" "Mozilla/5.0 AppleWebKit/537.36 (KHTML, like Gecko; compatible; ClaudeBot/1.0; +claudebot@anthropic.com)"
216.73.216.43 - - [04/Nov/2025:15:40:18 -0500] "GET /wp-includes/js/tinymce/plugins/wpautoresize/plugin.js HTTP/1.1" 200 1843 "-" "Mozilla/5.0 AppleWebKit/537.36 (KHTML, like Gecko; compatible; ClaudeBot/1.0; +claudebot@anthropic.com)"
216.73.216.43 - - [04/Nov/2025:15:40:23 -0500] "GET /wp-includes/js/tinymce/plugins/wordpress/plugin.min.js HTTP/1.1" 200 5857 "-" "Mozilla/5.0 AppleWebKit/537.36 (KHTML, like Gecko; compatible; ClaudeBot/1.0; +claudebot@anthropic.com)"
216.73.216.43 - - [04/Nov/2025:15:40:28 -0500] "GET /wp-includes/js/dist/script-modules/a11y/index.js HTTP/1.1" 200 1528 "-" "Mozilla/5.0 AppleWebKit/537.36 (KHTML, like Gecko; compatible; ClaudeBot/1.0; +claudebot@anthropic.com)"
216.73.216.43 - - [04/Nov/2025:15:40:33 -0500] "GET /wp-includes/js/dist/script-modules/interactivity-router/index.min.js HTTP/1.1" 200 1624 "-" "Mozilla/5.0 AppleWebKit/537.36 (KHTML, like Gecko; compatible; ClaudeBot/1.0; +claudebot@anthropic.com)"
207.46.13.92 - - [04/Nov/2025:15:40:34 -0500] "GET /products2316582440?kg=2313825444 HTTP/1.1" 404 1251 "-" "Mozilla/5.0 AppleWebKit/537.36 (KHTML, like Gecko; compatible; bingbot/2.0; +http://www.bing.com/bingbot.htm) Chrome/116.0.1938.76 Safari/537.36"
216.73.216.43 - - [04/Nov/2025:15:40:38 -0500] "GET /wp-includes/js/tinymce/plugins/wplink/plugin.js HTTP/1.1" 200 5011 "-" "Mozilla/5.0 AppleWebKit/537.36 (KHTML, like Gecko; compatible; ClaudeBot/1.0; +claudebot@anthropic.com)"
216.73.216.43 - - [04/Nov/2025:15:40:43 -0500] "GET /wp-includes/js/tinymce/plugins/wptextpattern/plugin.js HTTP/1.1" 200 2618 "-" "Mozilla/5.0 AppleWebKit/537.36 (KHTML, like Gecko; compatible; ClaudeBot/1.0; +claudebot@anthropic.com)"
207.46.13.92 - - [04/Nov/2025:15:40:55 -0500] "GET /products2324457768?kg=2321691396 HTTP/1.1" 404 1251 "-" "Mozilla/5.0 AppleWebKit/537.36 (KHTML, like Gecko; compatible; bingbot/2.0; +http://www.bing.com/bingbot.htm) Chrome/116.0.1938.76 Safari/537.36"
52.167.144.199 - - [04/Nov/2025:15:41:03 -0500] "GET /products1382700680?kg=1381055448 HTTP/1.1" 404 1251 "-" "Mozilla/5.0 AppleWebKit/537.36 (KHTML, like Gecko; compatible; bingbot/2.0; +http://www.bing.com/bingbot.htm) Chrome/116.0.1938.76 Safari/537.36"
216.73.216.43 - - [04/Nov/2025:15:41:40 -0500] "GET /wp-includes/sodium_compat/lib/error_log HTTP/1.1" 403 1242 "-" "Mozilla/5.0 AppleWebKit/537.36 (KHTML, like Gecko; compatible; ClaudeBot/1.0; +claudebot@anthropic.com)"
52.167.144.168 - - [04/Nov/2025:15:41:42 -0500] "GET /products68994952?kg=0068913656 HTTP/1.1" 404 1251 "-" "Mozilla/5.0 AppleWebKit/537.36 (KHTML, like Gecko; compatible; bingbot/2.0; +http://www.bing.com/bingbot.htm) Chrome/116.0.1938.76 Safari/537.36"
207.46.13.168 - - [04/Nov/2025:15:41:43 -0500] "GET /products1208522080?kg=1207084203 HTTP/1.1" 404 1251 "-" "Mozilla/5.0 AppleWebKit/537.36 (KHTML, like Gecko; compatible; bingbot/2.0; +http://www.bing.com/bingbot.htm) Chrome/116.0.1938.76 Safari/537.36"
207.46.13.92 - - [04/Nov/2025:15:41:45 -0500] "GET /products1119874376?kg=1118542032 HTTP/1.1" 404 1251 "-" "Mozilla/5.0 AppleWebKit/537.36 (KHTML, like Gecko; compatible; bingbot/2.0; +http://www.bing.com/bingbot.htm) Chrome/116.0.1938.76 Safari/537.36"
216.73.216.43 - - [04/Nov/2025:15:41:45 -0500] "GET /wp-includes/sodium_compat/lib/constants.php HTTP/1.1" 200 0 "-" "Mozilla/5.0 AppleWebKit/537.36 (KHTML, like Gecko; compatible; ClaudeBot/1.0; +claudebot@anthropic.com)"
216.73.216.43 - - [04/Nov/2025:15:41:50 -0500] "GET /wp-includes/js/dist/script-modules/block-library/image HTTP/1.1" 301 795 "-" "Mozilla/5.0 AppleWebKit/537.36 (KHTML, like Gecko; compatible; ClaudeBot/1.0; +claudebot@anthropic.com)"
216.73.216.43 - - [04/Nov/2025:15:41:50 -0500] "GET /wp-includes/js/dist/script-modules/block-library/image/ HTTP/1.1" 200 674 "https://nymetrocualumni.com/wp-includes/js/dist/script-modules/block-library/image" "Mozilla/5.0 AppleWebKit/537.36 (KHTML, like Gecko; compatible; ClaudeBot/1.0; +claudebot@anthropic.com)"
216.73.216.43 - - [04/Nov/2025:15:41:55 -0500] "GET /wp-includes/js/dist/script-modules/block-library/file HTTP/1.1" 301 795 "-" "Mozilla/5.0 AppleWebKit/537.36 (KHTML, like Gecko; compatible; ClaudeBot/1.0; +claudebot@anthropic.com)"
216.73.216.43 - - [04/Nov/2025:15:41:55 -0500] "GET /wp-includes/js/dist/script-modules/block-library/file/ HTTP/1.1" 200 674 "https://nymetrocualumni.com/wp-includes/js/dist/script-modules/block-library/file" "Mozilla/5.0 AppleWebKit/537.36 (KHTML, like Gecko; compatible; ClaudeBot/1.0; +claudebot@anthropic.com)"
66.249.65.161 - - [04/Nov/2025:15:41:56 -0500] "GET /products1394943664?kg=1393283857 HTTP/1.1" 404 1251 "-" "Mozilla/5.0 (compatible; Googlebot/2.1; +http://www.google.com/bot.html)"
216.73.216.43 - - [04/Nov/2025:15:42:00 -0500] "GET /wp-includes/js/dist/script-modules/block-library/search HTTP/1.1" 301 795 "-" "Mozilla/5.0 AppleWebKit/537.36 (KHTML, like Gecko; compatible; ClaudeBot/1.0; +claudebot@anthropic.com)"
216.73.216.43 - - [04/Nov/2025:15:42:00 -0500] "GET /wp-includes/js/dist/script-modules/block-library/search/ HTTP/1.1" 200 671 "https://nymetrocualumni.com/wp-includes/js/dist/script-modules/block-library/search" "Mozilla/5.0 AppleWebKit/537.36 (KHTML, like Gecko; compatible; ClaudeBot/1.0; +claudebot@anthropic.com)"
52.167.144.168 - - [04/Nov/2025:15:42:01 -0500] "GET /674c/%E0%B8%9C%E0%B8%A5-%E0%B8%9A%E0%B8%AD%E0%B8%A5-%E0%B8%9C%E0%B8%A5-%E0%B8%9A%E0%B8%AD%E0%B8%A5-%E0%B8%A5%E0%B9%88%E0%B8%B2%E0%B8%AA%E0%B8%B8%E0%B8%94-%E0%B8%9C%E0%B8%A5-%E0%B8%9A%E0%B8%AD%E0%B8%A5-%E0%B8%AA%E0%B8%94 HTTP/1.1" 404 1251 "-" "Mozilla/5.0 AppleWebKit/537.36 (KHTML, like Gecko; compatible; bingbot/2.0; +http://www.bing.com/bingbot.htm) Chrome/116.0.1938.76 Safari/537.36"
216.73.216.43 - - [04/Nov/2025:15:42:05 -0500] "GET /wp-includes/js/tinymce/plugins/wpdialogs HTTP/1.1" 301 795 "-" "Mozilla/5.0 AppleWebKit/537.36 (KHTML, like Gecko; compatible; ClaudeBot/1.0; +claudebot@anthropic.com)"
216.73.216.43 - - [04/Nov/2025:15:42:05 -0500] "GET /wp-includes/js/tinymce/plugins/wpdialogs/ HTTP/1.1" 200 663 "https://nymetrocualumni.com/wp-includes/js/tinymce/plugins/wpdialogs" "Mozilla/5.0 AppleWebKit/537.36 (KHTML, like Gecko; compatible; ClaudeBot/1.0; +claudebot@anthropic.com)"
216.73.216.43 - - [04/Nov/2025:15:42:10 -0500] "GET /wp-includes/widgets/class-wp-widget-media-video.php HTTP/1.1" 500 0 "-" "Mozilla/5.0 AppleWebKit/537.36 (KHTML, like Gecko; compatible; ClaudeBot/1.0; +claudebot@anthropic.com)"
52.167.144.199 - - [04/Nov/2025:15:42:14 -0500] "GET /?products1598757720?kg=1596855278 HTTP/1.1" 200 1457 "-" "Mozilla/5.0 AppleWebKit/537.36 (KHTML, like Gecko; compatible; bingbot/2.0; +http://www.bing.com/bingbot.htm) Chrome/116.0.1938.76 Safari/537.36"
216.73.216.43 - - [04/Nov/2025:15:42:15 -0500] "GET /wp-includes/Requests/src HTTP/1.1" 301 795 "-" "Mozilla/5.0 AppleWebKit/537.36 (KHTML, like Gecko; compatible; ClaudeBot/1.0; +claudebot@anthropic.com)"
216.73.216.43 - - [04/Nov/2025:15:42:15 -0500] "GET /wp-includes/Requests/src/ HTTP/1.1" 200 1552 "https://nymetrocualumni.com/wp-includes/Requests/src" "Mozilla/5.0 AppleWebKit/537.36 (KHTML, like Gecko; compatible; ClaudeBot/1.0; +claudebot@anthropic.com)"
216.73.216.43 - - [04/Nov/2025:15:42:20 -0500] "GET /wp-includes/js/dist/script-modules/block-library/form HTTP/1.1" 301 795 "-" "Mozilla/5.0 AppleWebKit/537.36 (KHTML, like Gecko; compatible; ClaudeBot/1.0; +claudebot@anthropic.com)"
216.73.216.43 - - [04/Nov/2025:15:42:20 -0500] "GET /wp-includes/js/dist/script-modules/block-library/form/ HTTP/1.1" 200 672 "https://nymetrocualumni.com/wp-includes/js/dist/script-modules/block-library/form" "Mozilla/5.0 AppleWebKit/537.36 (KHTML, like Gecko; compatible; ClaudeBot/1.0; +claudebot@anthropic.com)"
52.167.144.199 - - [04/Nov/2025:15:42:24 -0500] "GET /products1508841072?kg=1507045673 HTTP/1.1" 404 1251 "-" "Mozilla/5.0 AppleWebKit/537.36 (KHTML, like Gecko; compatible; bingbot/2.0; +http://www.bing.com/bingbot.htm) Chrome/116.0.1938.76 Safari/537.36"
216.73.216.43 - - [04/Nov/2025:15:42:29 -0500] "GET /wp-includes/js/tinymce/plugins/lists/plugin.js HTTP/1.1" 200 14268 "-" "Mozilla/5.0 AppleWebKit/537.36 (KHTML, like Gecko; compatible; ClaudeBot/1.0; +claudebot@anthropic.com)"
216.73.216.43 - - [04/Nov/2025:15:42:33 -0500] "GET /wp-includes/js/tinymce/plugins/directionality/plugin.js HTTP/1.1" 200 607 "-" "Mozilla/5.0 AppleWebKit/537.36 (KHTML, like Gecko; compatible; ClaudeBot/1.0; +claudebot@anthropic.com)"
207.46.13.127 - - [04/Nov/2025:15:42:33 -0500] "GET /products625341872?kg=0624598257 HTTP/1.1" 404 1251 "-" "Mozilla/5.0 AppleWebKit/537.36 (KHTML, like Gecko; compatible; bingbot/2.0; +http://www.bing.com/bingbot.htm) Chrome/116.0.1938.76 Safari/537.36"
216.73.216.43 - - [04/Nov/2025:15:42:38 -0500] "GET /wp-includes/js/dist/vendor/react-jsx-runtime.js HTTP/1.1" 200 12915 "-" "Mozilla/5.0 AppleWebKit/537.36 (KHTML, like Gecko; compatible; ClaudeBot/1.0; +claudebot@anthropic.com)"
157.55.39.8 - - [04/Nov/2025:15:42:42 -0500] "GET /products371284896?kg=0370843731 HTTP/1.1" 404 1251 "-" "Mozilla/5.0 AppleWebKit/537.36 (KHTML, like Gecko; compatible; bingbot/2.0; +http://www.bing.com/bingbot.htm) Chrome/116.0.1938.76 Safari/537.36"
216.73.216.43 - - [04/Nov/2025:15:42:46 -0500] "GET /wp-includes/js/tinymce/plugins/textcolor/plugin.js HTTP/1.1" 200 2660 "-" "Mozilla/5.0 AppleWebKit/537.36 (KHTML, like Gecko; compatible; ClaudeBot/1.0; +claudebot@anthropic.com)"
216.73.216.43 - - [04/Nov/2025:15:42:51 -0500] "GET /wp-includes/SimplePie/src/Cache/File.php HTTP/1.1" 500 0 "-" "Mozilla/5.0 AppleWebKit/537.36 (KHTML, like Gecko; compatible; ClaudeBot/1.0; +claudebot@anthropic.com)"
216.73.216.43 - - [04/Nov/2025:15:42:56 -0500] "GET /wp-includes/js/dist/vendor/wp-polyfill-object-fit.js HTTP/1.1" 200 2619 "-" "Mozilla/5.0 AppleWebKit/537.36 (KHTML, like Gecko; compatible; ClaudeBot/1.0; +claudebot@anthropic.com)"
207.46.13.127 - - [04/Nov/2025:15:43:05 -0500] "GET /products8305392?kg=0008296345 HTTP/1.1" 404 1251 "-" "Mozilla/5.0 AppleWebKit/537.36 (KHTML, like Gecko; compatible; bingbot/2.0; +http://www.bing.com/bingbot.htm) Chrome/116.0.1938.76 Safari/537.36"
52.167.144.199 - - [04/Nov/2025:15:43:13 -0500] "GET /products2468027520?kg=2465090231 HTTP/1.1" 404 1251 "-" "Mozilla/5.0 AppleWebKit/537.36 (KHTML, like Gecko; compatible; bingbot/2.0; +http://www.bing.com/bingbot.htm) Chrome/116.0.1938.76 Safari/537.36"
157.55.39.8 - - [04/Nov/2025:15:43:25 -0500] "GET /products1782699936?kg=1780578515 HTTP/1.1" 404 1251 "-" "Mozilla/5.0 AppleWebKit/537.36 (KHTML, like Gecko; compatible; bingbot/2.0; +http://www.bing.com/bingbot.htm) Chrome/116.0.1938.76 Safari/537.36"
207.46.13.127 - - [04/Nov/2025:15:43:44 -0500] "GET /products280376696?kg=0280043754 HTTP/1.1" 404 1251 "-" "Mozilla/5.0 AppleWebKit/537.36 (KHTML, like Gecko; compatible; bingbot/2.0; +http://www.bing.com/bingbot.htm) Chrome/116.0.1938.76 Safari/537.36"
157.55.39.8 - - [04/Nov/2025:15:43:45 -0500] "GET /products114281816?kg=0114146606 HTTP/1.1" 404 1251 "-" "Mozilla/5.0 AppleWebKit/537.36 (KHTML, like Gecko; compatible; bingbot/2.0; +http://www.bing.com/bingbot.htm) Chrome/116.0.1938.76 Safari/537.36"
52.167.144.168 - - [04/Nov/2025:15:43:49 -0500] "GET /products1162920672?kg=1161537083 HTTP/1.1" 404 1251 "-" "Mozilla/5.0 AppleWebKit/537.36 (KHTML, like Gecko; compatible; bingbot/2.0; +http://www.bing.com/bingbot.htm) Chrome/116.0.1938.76 Safari/537.36"
52.167.144.199 - - [04/Nov/2025:15:43:54 -0500] "GET /products1029938424?kg=1028713146 HTTP/1.1" 404 1251 "-" "Mozilla/5.0 AppleWebKit/537.36 (KHTML, like Gecko; compatible; bingbot/2.0; +http://www.bing.com/bingbot.htm) Chrome/116.0.1938.76 Safari/537.36"
157.55.39.8 - - [04/Nov/2025:15:44:07 -0500] "GET /products847281104?kg=0846273277 HTTP/1.1" 404 1251 "-" "Mozilla/5.0 AppleWebKit/537.36 (KHTML, like Gecko; compatible; bingbot/2.0; +http://www.bing.com/bingbot.htm) Chrome/116.0.1938.76 Safari/537.36"
216.73.216.43 - - [04/Nov/2025:15:44:12 -0500] "GET /wp-includes/js/dist/vendor/lodash.js HTTP/1.1" 200 93692 "-" "Mozilla/5.0 AppleWebKit/537.36 (KHTML, like Gecko; compatible; ClaudeBot/1.0; +claudebot@anthropic.com)"
157.55.39.8 - - [04/Nov/2025:15:44:15 -0500] "GET /products2230735920?kg=2228081121 HTTP/1.1" 404 1251 "-" "Mozilla/5.0 AppleWebKit/537.36 (KHTML, like Gecko; compatible; bingbot/2.0; +http://www.bing.com/bingbot.htm) Chrome/116.0.1938.76 Safari/537.36"
216.73.216.43 - - [04/Nov/2025:15:44:16 -0500] "GET /wp-includes/SimplePie/src/Cache/CallableNameFilter.php HTTP/1.1" 500 0 "-" "Mozilla/5.0 AppleWebKit/537.36 (KHTML, like Gecko; compatible; ClaudeBot/1.0; +claudebot@anthropic.com)"
40.77.167.58 - - [04/Nov/2025:15:44:19 -0500] "GET /products1440449128?kg=1438735148 HTTP/1.1" 404 1251 "-" "Mozilla/5.0 AppleWebKit/537.36 (KHTML, like Gecko; compatible; bingbot/2.0; +http://www.bing.com/bingbot.htm) Chrome/116.0.1938.76 Safari/537.36"
216.73.216.43 - - [04/Nov/2025:15:44:21 -0500] "GET /wp-includes/js/tinymce/plugins/lists/plugin.min.js HTTP/1.1" 200 8810 "-" "Mozilla/5.0 AppleWebKit/537.36 (KHTML, like Gecko; compatible; ClaudeBot/1.0; +claudebot@anthropic.com)"
40.77.167.58 - - [04/Nov/2025:15:44:27 -0500] "GET /products335065080?kg=0334667034 HTTP/1.1" 404 1251 "-" "Mozilla/5.0 AppleWebKit/537.36 (KHTML, like Gecko; compatible; bingbot/2.0; +http://www.bing.com/bingbot.htm) Chrome/116.0.1938.76 Safari/537.36"
216.73.216.43 - - [04/Nov/2025:15:44:33 -0500] "GET /wp-includes/js/tinymce/plugins/colorpicker/plugin.min.js HTTP/1.1" 200 589 "-" "Mozilla/5.0 AppleWebKit/537.36 (KHTML, like Gecko; compatible; ClaudeBot/1.0; +claudebot@anthropic.com)"
207.46.13.127 - - [04/Nov/2025:15:44:35 -0500] "GET /products1525666784?kg=1523851355 HTTP/1.1" 404 1251 "-" "Mozilla/5.0 AppleWebKit/537.36 (KHTML, like Gecko; compatible; bingbot/2.0; +http://www.bing.com/bingbot.htm) Chrome/116.0.1938.76 Safari/537.36"
216.73.216.43 - - [04/Nov/2025:15:44:37 -0500] "GET /wp-includes/js/dist/vendor/react-dom.js HTTP/1.1" 200 243173 "-" "Mozilla/5.0 AppleWebKit/537.36 (KHTML, like Gecko; compatible; ClaudeBot/1.0; +claudebot@anthropic.com)"
52.167.144.199 - - [04/Nov/2025:15:44:40 -0500] "GET /products2164759288?kg=2162183034 HTTP/1.1" 404 1251 "-" "Mozilla/5.0 AppleWebKit/537.36 (KHTML, like Gecko; compatible; bingbot/2.0; +http://www.bing.com/bingbot.htm) Chrome/116.0.1938.76 Safari/537.36"
216.73.216.43 - - [04/Nov/2025:15:44:42 -0500] "GET /wp-includes/js/dist/vendor/wp-polyfill-node-contains.js HTTP/1.1" 200 271 "-" "Mozilla/5.0 AppleWebKit/537.36 (KHTML, like Gecko; compatible; ClaudeBot/1.0; +claudebot@anthropic.com)"
157.55.39.8 - - [04/Nov/2025:15:45:06 -0500] "GET /products753733680?kg=0752837217 HTTP/1.1" 404 1251 "-" "Mozilla/5.0 AppleWebKit/537.36 (KHTML, like Gecko; compatible; bingbot/2.0; +http://www.bing.com/bingbot.htm) Chrome/116.0.1938.76 Safari/537.36"
157.55.39.8 - - [04/Nov/2025:15:45:15 -0500] "GET /products279423664?kg=0279091857 HTTP/1.1" 404 1251 "-" "Mozilla/5.0 AppleWebKit/537.36 (KHTML, like Gecko; compatible; bingbot/2.0; +http://www.bing.com/bingbot.htm) Chrome/116.0.1938.76 Safari/537.36"
216.73.216.43 - - [04/Nov/2025:15:45:15 -0500] "GET /wp-includes/js/dist/vendor/wp-polyfill-node-contains.min.js HTTP/1.1" 200 175 "-" "Mozilla/5.0 AppleWebKit/537.36 (KHTML, like Gecko; compatible; ClaudeBot/1.0; +claudebot@anthropic.com)"
216.73.216.43 - - [04/Nov/2025:15:45:20 -0500] "GET /wp-includes/js/dist/vendor/wp-polyfill-formdata.js HTTP/1.1" 200 3364 "-" "Mozilla/5.0 AppleWebKit/537.36 (KHTML, like Gecko; compatible; ClaudeBot/1.0; +claudebot@anthropic.com)"
207.46.13.127 - - [04/Nov/2025:15:45:24 -0500] "GET /products34550352?kg=0034510061 HTTP/1.1" 404 1251 "-" "Mozilla/5.0 AppleWebKit/537.36 (KHTML, like Gecko; compatible; bingbot/2.0; +http://www.bing.com/bingbot.htm) Chrome/116.0.1938.76 Safari/537.36"
157.55.39.8 - - [04/Nov/2025:15:45:24 -0500] "GET /products110781080?kg=0110650038 HTTP/1.1" 404 1251 "-" "Mozilla/5.0 AppleWebKit/537.36 (KHTML, like Gecko; compatible; bingbot/2.0; +http://www.bing.com/bingbot.htm) Chrome/116.0.1938.76 Safari/537.36"
216.73.216.43 - - [04/Nov/2025:15:45:25 -0500] "GET /wp-includes/SimplePie/src/Cache/Base.php HTTP/1.1" 200 0 "-" "Mozilla/5.0 AppleWebKit/537.36 (KHTML, like Gecko; compatible; ClaudeBot/1.0; +claudebot@anthropic.com)"
157.55.39.8 - - [04/Nov/2025:15:45:28 -0500] "GET /products1531831872?kg=1530009103 HTTP/1.1" 404 1251 "-" "Mozilla/5.0 AppleWebKit/537.36 (KHTML, like Gecko; compatible; bingbot/2.0; +http://www.bing.com/bingbot.htm) Chrome/116.0.1938.76 Safari/537.36"
40.77.167.78 - - [04/Nov/2025:15:45:29 -0500] "GET /?products764022712?kg=0763114002 HTTP/1.1" 200 1457 "-" "Mozilla/5.0 AppleWebKit/537.36 (KHTML, like Gecko; compatible; bingbot/2.0; +http://www.bing.com/bingbot.htm) Chrome/116.0.1938.76 Safari/537.36"
52.167.144.160 - - [04/Nov/2025:15:45:35 -0500] "GET /products2139533960?kg=2136987736 HTTP/1.1" 404 1251 "-" "Mozilla/5.0 AppleWebKit/537.36 (KHTML, like Gecko; compatible; bingbot/2.0; +http://www.bing.com/bingbot.htm) Chrome/116.0.1938.76 Safari/537.36"
52.167.144.160 - - [04/Nov/2025:15:45:39 -0500] "GET /?products77060560?kg=0076969661 HTTP/1.1" 200 1457 "-" "Mozilla/5.0 AppleWebKit/537.36 (KHTML, like Gecko; compatible; bingbot/2.0; +http://www.bing.com/bingbot.htm) Chrome/116.0.1938.76 Safari/537.36"
207.46.13.127 - - [04/Nov/2025:15:45:47 -0500] "GET /products1930978888?kg=1928680944 HTTP/1.1" 404 1251 "-" "Mozilla/5.0 AppleWebKit/537.36 (KHTML, like Gecko; compatible; bingbot/2.0; +http://www.bing.com/bingbot.htm) Chrome/116.0.1938.76 Safari/537.36"
40.77.167.78 - - [04/Nov/2025:15:45:51 -0500] "GET /?products2332563768?kg=2329787746 HTTP/1.1" 200 1457 "-" "Mozilla/5.0 AppleWebKit/537.36 (KHTML, like Gecko; compatible; bingbot/2.0; +http://www.bing.com/bingbot.htm) Chrome/116.0.1938.76 Safari/537.36"
52.167.144.160 - - [04/Nov/2025:15:46:01 -0500] "GET /products671327304?kg=0670528944 HTTP/1.1" 404 1251 "-" "Mozilla/5.0 AppleWebKit/537.36 (KHTML, like Gecko; compatible; bingbot/2.0; +http://www.bing.com/bingbot.htm) Chrome/116.0.1938.76 Safari/537.36"
157.55.39.8 - - [04/Nov/2025:15:46:34 -0500] "GET /products13912080?kg=0013896357 HTTP/1.1" 404 1251 "-" "Mozilla/5.0 AppleWebKit/537.36 (KHTML, like Gecko; compatible; bingbot/2.0; +http://www.bing.com/bingbot.htm) Chrome/116.0.1938.76 Safari/537.36"
216.73.216.43 - - [04/Nov/2025:15:46:39 -0500] "GET /wp-includes/js/dist/vendor/wp-polyfill-fetch.js HTTP/1.1" 200 5194 "-" "Mozilla/5.0 AppleWebKit/537.36 (KHTML, like Gecko; compatible; ClaudeBot/1.0; +claudebot@anthropic.com)"
216.73.216.43 - - [04/Nov/2025:15:46:41 -0500] "GET /wp-includes/js/dist/vendor/wp-polyfill-url.js HTTP/1.1" 200 23236 "-" "Mozilla/5.0 AppleWebKit/537.36 (KHTML, like Gecko; compatible; ClaudeBot/1.0; +claudebot@anthropic.com)"
207.46.13.127 - - [04/Nov/2025:15:46:46 -0500] "GET /?products1589444496?kg=1587553141 HTTP/1.1" 200 1457 "-" "Mozilla/5.0 AppleWebKit/537.36 (KHTML, like Gecko; compatible; bingbot/2.0; +http://www.bing.com/bingbot.htm) Chrome/116.0.1938.76 Safari/537.36"
157.55.39.8 - - [04/Nov/2025:15:46:46 -0500] "GET /products453641160?kg=0453101952 HTTP/1.1" 404 1251 "-" "Mozilla/5.0 AppleWebKit/537.36 (KHTML, like Gecko; compatible; bingbot/2.0; +http://www.bing.com/bingbot.htm) Chrome/116.0.1938.76 Safari/537.36"
216.73.216.43 - - [04/Nov/2025:15:46:46 -0500] "GET /wp-includes/SimplePie/src/HTTP/Parser.php HTTP/1.1" 200 0 "-" "Mozilla/5.0 AppleWebKit/537.36 (KHTML, like Gecko; compatible; ClaudeBot/1.0; +claudebot@anthropic.com)"
40.77.167.78 - - [04/Nov/2025:15:46:51 -0500] "GET /?products1771866784?kg=1769758259 HTTP/1.1" 200 1457 "-" "Mozilla/5.0 AppleWebKit/537.36 (KHTML, like Gecko; compatible; bingbot/2.0; +http://www.bing.com/bingbot.htm) Chrome/116.0.1938.76 Safari/537.36"
52.167.144.168 - - [04/Nov/2025:15:46:54 -0500] "GET /affiliate HTTP/1.1" 404 1251 "-" "Mozilla/5.0 AppleWebKit/537.36 (KHTML, like Gecko; compatible; bingbot/2.0; +http://www.bing.com/bingbot.htm) Chrome/116.0.1938.76 Safari/537.36"
66.249.65.161 - - [04/Nov/2025:15:46:54 -0500] "GET /products1913631864?kg=1911354570 HTTP/1.1" 404 1251 "-" "Mozilla/5.0 (Linux; Android 6.0.1; Nexus 5X Build/MMB29P) AppleWebKit/537.36 (KHTML, like Gecko) Chrome/141.0.7390.122 Mobile Safari/537.36 (compatible; Googlebot/2.1; +http://www.google.com/bot.html)"
157.55.39.8 - - [04/Nov/2025:15:46:55 -0500] "GET /products334776776?kg=0334379072 HTTP/1.1" 404 1251 "-" "Mozilla/5.0 AppleWebKit/537.36 (KHTML, like Gecko; compatible; bingbot/2.0; +http://www.bing.com/bingbot.htm) Chrome/116.0.1938.76 Safari/537.36"
52.167.144.160 - - [04/Nov/2025:15:47:01 -0500] "GET /?products1764760000?kg=1762659935 HTTP/1.1" 200 1457 "-" "Mozilla/5.0 AppleWebKit/537.36 (KHTML, like Gecko; compatible; bingbot/2.0; +http://www.bing.com/bingbot.htm) Chrome/116.0.1938.76 Safari/537.36"
40.77.167.12 - - [04/Nov/2025:15:47:07 -0500] "GET /products535850592?kg=0535213515 HTTP/1.1" 404 1251 "-" "Mozilla/5.0 AppleWebKit/537.36 (KHTML, like Gecko; compatible; bingbot/2.0; +http://www.bing.com/bingbot.htm) Chrome/116.0.1938.76 Safari/537.36"
157.55.39.8 - - [04/Nov/2025:15:47:11 -0500] "GET /products1082171688?kg=1080884228 HTTP/1.1" 404 1251 "-" "Mozilla/5.0 AppleWebKit/537.36 (KHTML, like Gecko; compatible; bingbot/2.0; +http://www.bing.com/bingbot.htm) Chrome/116.0.1938.76 Safari/537.36"
216.73.216.43 - - [04/Nov/2025:15:47:13 -0500] "GET /wp-includes/SimplePie/src/Cache/Memcached.php HTTP/1.1" 500 0 "-" "Mozilla/5.0 AppleWebKit/537.36 (KHTML, like Gecko; compatible; ClaudeBot/1.0; +claudebot@anthropic.com)"
216.73.216.43 - - [04/Nov/2025:15:47:16 -0500] "GET /wp-includes/js/dist/vendor/react-dom.min.js HTTP/1.1" 200 40200 "-" "Mozilla/5.0 AppleWebKit/537.36 (KHTML, like Gecko; compatible; ClaudeBot/1.0; +claudebot@anthropic.com)"
207.46.13.127 - - [04/Nov/2025:15:47:17 -0500] "GET /products588265568?kg=0587566091 HTTP/1.1" 404 1251 "-" "Mozilla/5.0 AppleWebKit/537.36 (KHTML, like Gecko; compatible; bingbot/2.0; +http://www.bing.com/bingbot.htm) Chrome/116.0.1938.76 Safari/537.36"
40.77.167.78 - - [04/Nov/2025:15:47:21 -0500] "GET /?products1338327792?kg=1336735385 HTTP/1.1" 200 1457 "-" "Mozilla/5.0 AppleWebKit/537.36 (KHTML, like Gecko; compatible; bingbot/2.0; +http://www.bing.com/bingbot.htm) Chrome/116.0.1938.76 Safari/537.36"
216.73.216.43 - - [04/Nov/2025:15:47:21 -0500] "GET /wp-includes/SimplePie/src/Decode/HTML HTTP/1.1" 301 795 "-" "Mozilla/5.0 AppleWebKit/537.36 (KHTML, like Gecko; compatible; ClaudeBot/1.0; +claudebot@anthropic.com)"
216.73.216.43 - - [04/Nov/2025:15:47:21 -0500] "GET /wp-includes/SimplePie/src/Decode/HTML/ HTTP/1.1" 200 650 "https://nymetrocualumni.com/wp-includes/SimplePie/src/Decode/HTML" "Mozilla/5.0 AppleWebKit/537.36 (KHTML, like Gecko; compatible; ClaudeBot/1.0; +claudebot@anthropic.com)"
157.55.39.8 - - [04/Nov/2025:15:47:26 -0500] "GET /a90a/%E0%B8%97%E0%B8%B5%E0%B9%80%E0%B8%94%E0%B9%87%E0%B8%94-%E0%B8%9F%E0%B8%B8%E0%B8%95%E0%B8%9A%E0%B8%AD%E0%B8%A5-%E0%B8%A7%E0%B8%B1%E0%B8%99-%E0%B8%99%E0%B8%B5%E0%B9%89-3-%E0%B8%84%E0%B8%B9%E0%B9%88 HTTP/1.1" 404 1251 "-" "Mozilla/5.0 AppleWebKit/537.36 (KHTML, like Gecko; compatible; bingbot/2.0; +http://www.bing.com/bingbot.htm) Chrome/116.0.1938.76 Safari/537.36"
52.167.144.181 - - [04/Nov/2025:15:47:26 -0500] "GET /products373837800?kg=0373393596 HTTP/1.1" 404 1251 "-" "Mozilla/5.0 AppleWebKit/537.36 (KHTML, like Gecko; compatible; bingbot/2.0; +http://www.bing.com/bingbot.htm) Chrome/116.0.1938.76 Safari/537.36"
101.33.55.204 - - [04/Nov/2025:15:47:27 -0500] "GET /images/?MA HTTP/1.1" 200 830 "-" "Mozilla/5.0 (iPhone; CPU iPhone OS 13_2_3 like Mac OS X) AppleWebKit/605.1.15 (KHTML, like Gecko) Version/13.0.3 Mobile/15E148 Safari/604.1"
207.46.13.127 - - [04/Nov/2025:15:47:36 -0500] "GET /products1761730832?kg=1759634373 HTTP/1.1" 404 1251 "-" "Mozilla/5.0 AppleWebKit/537.36 (KHTML, like Gecko; compatible; bingbot/2.0; +http://www.bing.com/bingbot.htm) Chrome/116.0.1938.76 Safari/537.36"
207.46.13.127 - - [04/Nov/2025:15:47:39 -0500] "GET /products982741912?kg=0981572822 HTTP/1.1" 404 1251 "-" "Mozilla/5.0 AppleWebKit/537.36 (KHTML, like Gecko; compatible; bingbot/2.0; +http://www.bing.com/bingbot.htm) Chrome/116.0.1938.76 Safari/537.36"
207.46.13.127 - - [04/Nov/2025:15:47:44 -0500] "GET /products2367792512?kg=2364974551 HTTP/1.1" 404 1251 "-" "Mozilla/5.0 AppleWebKit/537.36 (KHTML, like Gecko; compatible; bingbot/2.0; +http://www.bing.com/bingbot.htm) Chrome/116.0.1938.76 Safari/537.36"
157.55.39.8 - - [04/Nov/2025:15:47:46 -0500] "GET /products1199597920?kg=1198170667 HTTP/1.1" 404 1251 "-" "Mozilla/5.0 AppleWebKit/537.36 (KHTML, like Gecko; compatible; bingbot/2.0; +http://www.bing.com/bingbot.htm) Chrome/116.0.1938.76 Safari/537.36"
157.55.39.8 - - [04/Nov/2025:15:47:55 -0500] "GET /100f/ufa24h-%E0%B8%94%E0%B8%B5-%E0%B9%84%E0%B8%AB%E0%B8%A1 HTTP/1.1" 404 1251 "-" "Mozilla/5.0 AppleWebKit/537.36 (KHTML, like Gecko; compatible; bingbot/2.0; +http://www.bing.com/bingbot.htm) Chrome/116.0.1938.76 Safari/537.36"
216.73.216.43 - - [04/Nov/2025:15:48:10 -0500] "GET /wp-includes/SimplePie/src/Cache/NameFilter.php HTTP/1.1" 200 0 "-" "Mozilla/5.0 AppleWebKit/537.36 (KHTML, like Gecko; compatible; ClaudeBot/1.0; +claudebot@anthropic.com)"
66.249.65.161 - - [04/Nov/2025:15:48:11 -0500] "GET /products1151220984?kg=1149851322 HTTP/1.1" 404 1251 "-" "Mozilla/5.0 (Linux; Android 6.0.1; Nexus 5X Build/MMB29P) AppleWebKit/537.36 (KHTML, like Gecko) Chrome/141.0.7390.122 Mobile Safari/537.36 (compatible; Googlebot/2.1; +http://www.google.com/bot.html)"
216.73.216.43 - - [04/Nov/2025:15:48:13 -0500] "GET /wp-includes/js/dist/vendor/wp-polyfill-element-closest.js HTTP/1.1" 200 207 "-" "Mozilla/5.0 AppleWebKit/537.36 (KHTML, like Gecko; compatible; ClaudeBot/1.0; +claudebot@anthropic.com)"
216.73.216.43 - - [04/Nov/2025:15:48:18 -0500] "GET /wp-includes/js/dist/vendor/wp-polyfill-inert.js HTTP/1.1" 200 6810 "-" "Mozilla/5.0 AppleWebKit/537.36 (KHTML, like Gecko; compatible; ClaudeBot/1.0; +claudebot@anthropic.com)"
40.77.167.78 - - [04/Nov/2025:15:48:29 -0500] "GET /products1419498888?kg=1417809848 HTTP/1.1" 404 1251 "-" "Mozilla/5.0 AppleWebKit/537.36 (KHTML, like Gecko; compatible; bingbot/2.0; +http://www.bing.com/bingbot.htm) Chrome/116.0.1938.76 Safari/537.36"
40.77.167.78 - - [04/Nov/2025:15:48:37 -0500] "GET /products598600928?kg=0597889147 HTTP/1.1" 404 1251 "-" "Mozilla/5.0 AppleWebKit/537.36 (KHTML, like Gecko; compatible; bingbot/2.0; +http://www.bing.com/bingbot.htm) Chrome/116.0.1938.76 Safari/537.36"
40.77.167.12 - - [04/Nov/2025:15:48:46 -0500] "GET /products1542711384?kg=1540875662 HTTP/1.1" 404 1251 "-" "Mozilla/5.0 AppleWebKit/537.36 (KHTML, like Gecko; compatible; bingbot/2.0; +http://www.bing.com/bingbot.htm) Chrome/116.0.1938.76 Safari/537.36"
40.77.167.78 - - [04/Nov/2025:15:48:47 -0500] "GET /?products1157100200?kg=1155723540 HTTP/1.1" 200 1457 "-" "Mozilla/5.0 AppleWebKit/537.36 (KHTML, like Gecko; compatible; bingbot/2.0; +http://www.bing.com/bingbot.htm) Chrome/116.0.1938.76 Safari/537.36"
157.55.39.8 - - [04/Nov/2025:15:48:56 -0500] "GET /products1590391120?kg=1588498637 HTTP/1.1" 404 1251 "-" "Mozilla/5.0 AppleWebKit/537.36 (KHTML, like Gecko; compatible; bingbot/2.0; +http://www.bing.com/bingbot.htm) Chrome/116.0.1938.76 Safari/537.36"
52.167.144.181 - - [04/Nov/2025:15:48:59 -0500] "GET /products786080216?kg=0785145246 HTTP/1.1" 404 1251 "-" "Mozilla/5.0 AppleWebKit/537.36 (KHTML, like Gecko; compatible; bingbot/2.0; +http://www.bing.com/bingbot.htm) Chrome/116.0.1938.76 Safari/537.36"
216.73.216.43 - - [04/Nov/2025:15:49:05 -0500] "GET /wp-includes/js/tinymce/plugins/wpemoji/plugin.min.js HTTP/1.1" 200 660 "-" "Mozilla/5.0 AppleWebKit/537.36 (KHTML, like Gecko; compatible; ClaudeBot/1.0; +claudebot@anthropic.com)"
216.73.216.43 - - [04/Nov/2025:15:49:08 -0500] "GET /wp-includes/js/dist/vendor/wp-polyfill-object-fit.min.js HTTP/1.1" 200 1117 "-" "Mozilla/5.0 AppleWebKit/537.36 (KHTML, like Gecko; compatible; ClaudeBot/1.0; +claudebot@anthropic.com)"
216.73.216.43 - - [04/Nov/2025:15:49:13 -0500] "GET /wp-includes/SimplePie/src/Cache/DB.php HTTP/1.1" 500 0 "-" "Mozilla/5.0 AppleWebKit/537.36 (KHTML, like Gecko; compatible; ClaudeBot/1.0; +claudebot@anthropic.com)"
207.46.13.127 - - [04/Nov/2025:15:49:28 -0500] "GET /products851276488?kg=0850263904 HTTP/1.1" 404 1251 "-" "Mozilla/5.0 AppleWebKit/537.36 (KHTML, like Gecko; compatible; bingbot/2.0; +http://www.bing.com/bingbot.htm) Chrome/116.0.1938.76 Safari/537.36"
157.55.39.8 - - [04/Nov/2025:15:49:28 -0500] "GET /products68329984?kg=0068249479 HTTP/1.1" 404 1251 "-" "Mozilla/5.0 AppleWebKit/537.36 (KHTML, like Gecko; compatible; bingbot/2.0; +http://www.bing.com/bingbot.htm) Chrome/116.0.1938.76 Safari/537.36"
40.77.167.12 - - [04/Nov/2025:15:49:32 -0500] "GET /products64361000?kg=0064285220 HTTP/1.1" 404 1251 "-" "Mozilla/5.0 AppleWebKit/537.36 (KHTML, like Gecko; compatible; bingbot/2.0; +http://www.bing.com/bingbot.htm) Chrome/116.0.1938.76 Safari/537.36"
52.167.144.181 - - [04/Nov/2025:15:49:40 -0500] "GET /products949407152?kg=0948277745 HTTP/1.1" 404 1251 "-" "Mozilla/5.0 AppleWebKit/537.36 (KHTML, like Gecko; compatible; bingbot/2.0; +http://www.bing.com/bingbot.htm) Chrome/116.0.1938.76 Safari/537.36"
207.46.13.127 - - [04/Nov/2025:15:49:46 -0500] "GET /?products829924200?kg=0828937036 HTTP/1.1" 200 1457 "-" "Mozilla/5.0 AppleWebKit/537.36 (KHTML, like Gecko; compatible; bingbot/2.0; +http://www.bing.com/bingbot.htm) Chrome/116.0.1938.76 Safari/537.36"
207.46.13.127 - - [04/Nov/2025:15:49:49 -0500] "GET /?products261035880?kg=0260725964 HTTP/1.1" 200 1457 "-" "Mozilla/5.0 AppleWebKit/537.36 (KHTML, like Gecko; compatible; bingbot/2.0; +http://www.bing.com/bingbot.htm) Chrome/116.0.1938.76 Safari/537.36"
157.55.39.8 - - [04/Nov/2025:15:49:56 -0500] "GET /products1101296080?kg=1099985853 HTTP/1.1" 404 1251 "-" "Mozilla/5.0 AppleWebKit/537.36 (KHTML, like Gecko; compatible; bingbot/2.0; +http://www.bing.com/bingbot.htm) Chrome/116.0.1938.76 Safari/537.36"
40.77.167.78 - - [04/Nov/2025:15:49:56 -0500] "GET /products395548968?kg=0395078916 HTTP/1.1" 404 1251 "-" "Mozilla/5.0 AppleWebKit/537.36 (KHTML, like Gecko; compatible; bingbot/2.0; +http://www.bing.com/bingbot.htm) Chrome/116.0.1938.76 Safari/537.36"
40.77.167.78 - - [04/Nov/2025:15:50:01 -0500] "GET /products1316960400?kg=1315393429 HTTP/1.1" 404 1251 "-" "Mozilla/5.0 AppleWebKit/537.36 (KHTML, like Gecko; compatible; bingbot/2.0; +http://www.bing.com/bingbot.htm) Chrome/116.0.1938.76 Safari/537.36"
216.73.216.43 - - [04/Nov/2025:15:50:06 -0500] "GET /wp-includes/SimplePie/src/Cache/Memcache.php HTTP/1.1" 500 0 "-" "Mozilla/5.0 AppleWebKit/537.36 (KHTML, like Gecko; compatible; ClaudeBot/1.0; +claudebot@anthropic.com)"
216.73.216.43 - - [04/Nov/2025:15:50:11 -0500] "GET /wp-includes/js/dist/vendor/react.min.js HTTP/1.1" 200 4006 "-" "Mozilla/5.0 AppleWebKit/537.36 (KHTML, like Gecko; compatible; ClaudeBot/1.0; +claudebot@anthropic.com)"
40.77.167.243 - - [04/Nov/2025:15:50:15 -0500] "GET /products1640507416?kg=1638555270 HTTP/1.1" 404 1251 "-" "Mozilla/5.0 AppleWebKit/537.36 (KHTML, like Gecko; compatible; bingbot/2.0; +http://www.bing.com/bingbot.htm) Chrome/116.0.1938.76 Safari/537.36"
216.73.216.43 - - [04/Nov/2025:15:50:16 -0500] "GET /wp-includes/js/tinymce/plugins/textcolor/plugin.min.js HTTP/1.1" 200 1831 "-" "Mozilla/5.0 AppleWebKit/537.36 (KHTML, like Gecko; compatible; ClaudeBot/1.0; +claudebot@anthropic.com)"
207.46.13.127 - - [04/Nov/2025:15:50:28 -0500] "GET /products1320032296?kg=1318461668 HTTP/1.1" 404 1251 "-" "Mozilla/5.0 AppleWebKit/537.36 (KHTML, like Gecko; compatible; bingbot/2.0; +http://www.bing.com/bingbot.htm) Chrome/116.0.1938.76 Safari/537.36"
52.167.144.181 - - [04/Nov/2025:15:50:43 -0500] "GET /products1919646432?kg=1917361979 HTTP/1.1" 404 1251 "-" "Mozilla/5.0 AppleWebKit/537.36 (KHTML, like Gecko; compatible; bingbot/2.0; +http://www.bing.com/bingbot.htm) Chrome/116.0.1938.76 Safari/537.36"
157.55.39.8 - - [04/Nov/2025:15:50:47 -0500] "GET /products1509907048?kg=1508110380 HTTP/1.1" 404 1251 "-" "Mozilla/5.0 AppleWebKit/537.36 (KHTML, like Gecko; compatible; bingbot/2.0; +http://www.bing.com/bingbot.htm) Chrome/116.0.1938.76 Safari/537.36"
52.167.144.181 - - [04/Nov/2025:15:50:48 -0500] "GET /products2621128?kg=0002618848 HTTP/1.1" 404 1251 "-" "Mozilla/5.0 AppleWebKit/537.36 (KHTML, like Gecko; compatible; bingbot/2.0; +http://www.bing.com/bingbot.htm) Chrome/116.0.1938.76 Safari/537.36"
216.73.216.43 - - [04/Nov/2025:15:50:48 -0500] "GET /wp-includes/js/dist/vendor/wp-polyfill-dom-rect.js HTTP/1.1" 200 481 "-" "Mozilla/5.0 AppleWebKit/537.36 (KHTML, like Gecko; compatible; ClaudeBot/1.0; +claudebot@anthropic.com)"
216.73.216.43 - - [04/Nov/2025:15:50:52 -0500] "GET /wp-includes/js/dist/vendor/wp-polyfill-element-closest.min.js HTTP/1.1" 200 210 "-" "Mozilla/5.0 AppleWebKit/537.36 (KHTML, like Gecko; compatible; ClaudeBot/1.0; +claudebot@anthropic.com)"
40.77.167.78 - - [04/Nov/2025:15:50:53 -0500] "GET /products1570502624?kg=1568633819 HTTP/1.1" 404 1251 "-" "Mozilla/5.0 AppleWebKit/537.36 (KHTML, like Gecko; compatible; bingbot/2.0; +http://www.bing.com/bingbot.htm) Chrome/116.0.1938.76 Safari/537.36"
157.55.39.8 - - [04/Nov/2025:15:51:05 -0500] "GET /products386337840?kg=0385878753 HTTP/1.1" 404 1251 "-" "Mozilla/5.0 AppleWebKit/537.36 (KHTML, like Gecko; compatible; bingbot/2.0; +http://www.bing.com/bingbot.htm) Chrome/116.0.1938.76 Safari/537.36"
52.167.144.181 - - [04/Nov/2025:15:51:14 -0500] "GET /products383296856?kg=0382841390 HTTP/1.1" 404 1251 "-" "Mozilla/5.0 AppleWebKit/537.36 (KHTML, like Gecko; compatible; bingbot/2.0; +http://www.bing.com/bingbot.htm) Chrome/116.0.1938.76 Safari/537.36"
207.46.13.127 - - [04/Nov/2025:15:51:18 -0500] "GET /products324827984?kg=0324442125 HTTP/1.1" 404 1251 "-" "Mozilla/5.0 AppleWebKit/537.36 (KHTML, like Gecko; compatible; bingbot/2.0; +http://www.bing.com/bingbot.htm) Chrome/116.0.1938.76 Safari/537.36"
52.167.144.181 - - [04/Nov/2025:15:51:24 -0500] "GET /products1677480712?kg=1675484552 HTTP/1.1" 404 1251 "-" "Mozilla/5.0 AppleWebKit/537.36 (KHTML, like Gecko; compatible; bingbot/2.0; +http://www.bing.com/bingbot.htm) Chrome/116.0.1938.76 Safari/537.36"
216.73.216.43 - - [04/Nov/2025:15:51:43 -0500] "GET /wp-includes/js/dist/vendor/react-jsx-runtime.min.js.LICENSE.txt HTTP/1.1" 200 249 "-" "Mozilla/5.0 AppleWebKit/537.36 (KHTML, like Gecko; compatible; ClaudeBot/1.0; +claudebot@anthropic.com)"
52.167.144.181 - - [04/Nov/2025:15:51:46 -0500] "GET /?products987669624?kg=0986494666 HTTP/1.1" 200 1457 "-" "Mozilla/5.0 AppleWebKit/537.36 (KHTML, like Gecko; compatible; bingbot/2.0; +http://www.bing.com/bingbot.htm) Chrome/116.0.1938.76 Safari/537.36"
216.73.216.43 - - [04/Nov/2025:15:51:47 -0500] "GET /wp-includes/SimplePie/src/Cache/Psr16.php HTTP/1.1" 500 0 "-" "Mozilla/5.0 AppleWebKit/537.36 (KHTML, like Gecko; compatible; ClaudeBot/1.0; +claudebot@anthropic.com)"
40.77.167.78 - - [04/Nov/2025:15:51:50 -0500] "GET /products334316112?kg=0333918957 HTTP/1.1" 404 1251 "-" "Mozilla/5.0 AppleWebKit/537.36 (KHTML, like Gecko; compatible; bingbot/2.0; +http://www.bing.com/bingbot.htm) Chrome/116.0.1938.76 Safari/537.36"
40.77.167.243 - - [04/Nov/2025:15:52:04 -0500] "GET /products2189453264?kg=2186847613 HTTP/1.1" 404 1251 "-" "Mozilla/5.0 AppleWebKit/537.36 (KHTML, like Gecko; compatible; bingbot/2.0; +http://www.bing.com/bingbot.htm) Chrome/116.0.1938.76 Safari/537.36"
207.46.13.127 - - [04/Nov/2025:15:52:05 -0500] "GET /?products58628456?kg=0058559500 HTTP/1.1" 200 1457 "-" "Mozilla/5.0 AppleWebKit/537.36 (KHTML, like Gecko; compatible; bingbot/2.0; +http://www.bing.com/bingbot.htm) Chrome/116.0.1938.76 Safari/537.36"
207.46.13.127 - - [04/Nov/2025:15:52:10 -0500] "GET /products783493328?kg=0782561437 HTTP/1.1" 404 1251 "-" "Mozilla/5.0 AppleWebKit/537.36 (KHTML, like Gecko; compatible; bingbot/2.0; +http://www.bing.com/bingbot.htm) Chrome/116.0.1938.76 Safari/537.36"
52.167.144.181 - - [04/Nov/2025:15:52:19 -0500] "GET /products2139551200?kg=2137004955 HTTP/1.1" 404 1251 "-" "Mozilla/5.0 AppleWebKit/537.36 (KHTML, like Gecko; compatible; bingbot/2.0; +http://www.bing.com/bingbot.htm) Chrome/116.0.1938.76 Safari/537.36"
216.73.216.43 - - [04/Nov/2025:15:52:43 -0500] "GET /wp-includes/SimplePie/src/Cache/BaseDataCache.php HTTP/1.1" 500 0 "-" "Mozilla/5.0 AppleWebKit/537.36 (KHTML, like Gecko; compatible; ClaudeBot/1.0; +claudebot@anthropic.com)"
216.73.216.43 - - [04/Nov/2025:15:52:48 -0500] "GET /wp-includes/SimplePie/src/Cache/MySQL.php HTTP/1.1" 500 0 "-" "Mozilla/5.0 AppleWebKit/537.36 (KHTML, like Gecko; compatible; ClaudeBot/1.0; +claudebot@anthropic.com)"
216.73.216.43 - - [04/Nov/2025:15:52:53 -0500] "GET /wp-includes/js/tinymce/plugins/colorpicker/plugin.js HTTP/1.1" 200 865 "-" "Mozilla/5.0 AppleWebKit/537.36 (KHTML, like Gecko; compatible; ClaudeBot/1.0; +claudebot@anthropic.com)"
40.77.167.12 - - [04/Nov/2025:15:52:58 -0500] "GET /ef5f/slot-car-race-track-reviews HTTP/1.1" 404 1251 "-" "Mozilla/5.0 AppleWebKit/537.36 (KHTML, like Gecko; compatible; bingbot/2.0; +http://www.bing.com/bingbot.htm) Chrome/116.0.1938.76 Safari/537.36"
52.167.144.181 - - [04/Nov/2025:15:53:06 -0500] "GET /?products855798576?kg=0854780609 HTTP/1.1" 200 1457 "-" "Mozilla/5.0 AppleWebKit/537.36 (KHTML, like Gecko; compatible; bingbot/2.0; +http://www.bing.com/bingbot.htm) Chrome/116.0.1938.76 Safari/537.36"
157.55.39.8 - - [04/Nov/2025:15:53:15 -0500] "GET /007c/%E0%B8%AB%E0%B8%A7%E0%B8%A2%E0%B8%AD%E0%B8%AD%E0%B8%81%E0%B8%AD%E0%B8%B0%E0%B9%84%E0%B8%A3-16-6-66 HTTP/1.1" 404 1251 "-" "Mozilla/5.0 AppleWebKit/537.36 (KHTML, like Gecko; compatible; bingbot/2.0; +http://www.bing.com/bingbot.htm) Chrome/116.0.1938.76 Safari/537.36"
216.73.216.43 - - [04/Nov/2025:15:53:17 -0500] "GET /wp-includes/js/tinymce/plugins/directionality/plugin.min.js HTTP/1.1" 200 417 "-" "Mozilla/5.0 AppleWebKit/537.36 (KHTML, like Gecko; compatible; ClaudeBot/1.0; +claudebot@anthropic.com)"
216.73.216.43 - - [04/Nov/2025:15:53:19 -0500] "GET /wp-includes/SimplePie/src/Cache/DataCache.php HTTP/1.1" 200 0 "-" "Mozilla/5.0 AppleWebKit/537.36 (KHTML, like Gecko; compatible; ClaudeBot/1.0; +claudebot@anthropic.com)"
216.73.216.43 - - [04/Nov/2025:15:53:24 -0500] "GET /wp-includes/js/dist/vendor/react-jsx-runtime.min.js HTTP/1.1" 200 518 "-" "Mozilla/5.0 AppleWebKit/537.36 (KHTML, like Gecko; compatible; ClaudeBot/1.0; +claudebot@anthropic.com)"
40.77.167.243 - - [04/Nov/2025:15:53:26 -0500] "GET /products2146918856?kg=2144363840 HTTP/1.1" 404 1251 "-" "Mozilla/5.0 AppleWebKit/537.36 (KHTML, like Gecko; compatible; bingbot/2.0; +http://www.bing.com/bingbot.htm) Chrome/116.0.1938.76 Safari/537.36"
40.77.167.12 - - [04/Nov/2025:15:53:29 -0500] "GET /products2246305120?kg=2243631787 HTTP/1.1" 404 1251 "-" "Mozilla/5.0 AppleWebKit/537.36 (KHTML, like Gecko; compatible; bingbot/2.0; +http://www.bing.com/bingbot.htm) Chrome/116.0.1938.76 Safari/537.36"
40.77.167.243 - - [04/Nov/2025:15:53:43 -0500] "GET /products252138088?kg=0251838764 HTTP/1.1" 404 1251 "-" "Mozilla/5.0 AppleWebKit/537.36 (KHTML, like Gecko; compatible; bingbot/2.0; +http://www.bing.com/bingbot.htm) Chrome/116.0.1938.76 Safari/537.36"
207.46.13.150 - - [04/Nov/2025:15:53:47 -0500] "GET /3747/players-poker-room HTTP/1.1" 404 1251 "-" "Mozilla/5.0 AppleWebKit/537.36 (KHTML, like Gecko; compatible; bingbot/2.0; +http://www.bing.com/bingbot.htm) Chrome/116.0.1938.76 Safari/537.36"
52.167.144.181 - - [04/Nov/2025:15:53:51 -0500] "GET /?products65824936?kg=0065747412 HTTP/1.1" 200 1457 "-" "Mozilla/5.0 AppleWebKit/537.36 (KHTML, like Gecko; compatible; bingbot/2.0; +http://www.bing.com/bingbot.htm) Chrome/116.0.1938.76 Safari/537.36"
216.73.216.43 - - [04/Nov/2025:15:54:04 -0500] "GET /wp-includes/js/tinymce/plugins/wpemoji/plugin.js HTTP/1.1" 200 1210 "-" "Mozilla/5.0 AppleWebKit/537.36 (KHTML, like Gecko; compatible; ClaudeBot/1.0; +claudebot@anthropic.com)"
216.73.216.43 - - [04/Nov/2025:15:54:07 -0500] "GET /wp-includes/SimplePie/src/Cache/Redis.php HTTP/1.1" 500 0 "-" "Mozilla/5.0 AppleWebKit/537.36 (KHTML, like Gecko; compatible; ClaudeBot/1.0; +claudebot@anthropic.com)"
216.73.216.43 - - [04/Nov/2025:15:54:12 -0500] "GET /wp-includes/js/dist/vendor/react.js HTTP/1.1" 200 27150 "-" "Mozilla/5.0 AppleWebKit/537.36 (KHTML, like Gecko; compatible; ClaudeBot/1.0; +claudebot@anthropic.com)"
40.77.167.12 - - [04/Nov/2025:15:54:26 -0500] "GET /products1848454752?kg=1846255051 HTTP/1.1" 404 1251 "-" "Mozilla/5.0 AppleWebKit/537.36 (KHTML, like Gecko; compatible; bingbot/2.0; +http://www.bing.com/bingbot.htm) Chrome/116.0.1938.76 Safari/537.36"
52.167.144.181 - - [04/Nov/2025:15:54:30 -0500] "GET /products546524160?kg=0545874375 HTTP/1.1" 404 1251 "-" "Mozilla/5.0 AppleWebKit/537.36 (KHTML, like Gecko; compatible; bingbot/2.0; +http://www.bing.com/bingbot.htm) Chrome/116.0.1938.76 Safari/537.36"
52.167.144.181 - - [04/Nov/2025:15:54:51 -0500] "GET /products429322448?kg=0428812189 HTTP/1.1" 404 1251 "-" "Mozilla/5.0 AppleWebKit/537.36 (KHTML, like Gecko; compatible; bingbot/2.0; +http://www.bing.com/bingbot.htm) Chrome/116.0.1938.76 Safari/537.36"
216.73.216.43 - - [04/Nov/2025:15:55:05 -0500] "GET /wp-includes/SimplePie/src/Cache/error_log HTTP/1.1" 403 1242 "-" "Mozilla/5.0 AppleWebKit/537.36 (KHTML, like Gecko; compatible; ClaudeBot/1.0; +claudebot@anthropic.com)"
216.73.216.43 - - [04/Nov/2025:15:55:10 -0500] "GET /wp-includes/js/dist/vendor/wp-polyfill-fetch.min.js HTTP/1.1" 200 3325 "-" "Mozilla/5.0 AppleWebKit/537.36 (KHTML, like Gecko; compatible; ClaudeBot/1.0; +claudebot@anthropic.com)"
216.73.216.43 - - [04/Nov/2025:15:55:15 -0500] "GET /wp-includes/js/dist/vendor/lodash.min.js HTTP/1.1" 200 24100 "-" "Mozilla/5.0 AppleWebKit/537.36 (KHTML, like Gecko; compatible; ClaudeBot/1.0; +claudebot@anthropic.com)"
216.73.216.43 - - [04/Nov/2025:15:55:38 -0500] "GET /wp-includes/js/dist/vendor/wp-polyfill.js HTTP/1.1" 200 27527 "-" "Mozilla/5.0 AppleWebKit/537.36 (KHTML, like Gecko; compatible; ClaudeBot/1.0; +claudebot@anthropic.com)"
216.73.216.43 - - [04/Nov/2025:15:55:42 -0500] "GET /wp-includes/js/dist/vendor/wp-polyfill-dom-rect.min.js HTTP/1.1" 200 298 "-" "Mozilla/5.0 AppleWebKit/537.36 (KHTML, like Gecko; compatible; ClaudeBot/1.0; +claudebot@anthropic.com)"
216.73.216.43 - - [04/Nov/2025:15:56:41 -0500] "GET /wp-includes/js/dist/vendor/moment.min.js HTTP/1.1" 200 18383 "-" "Mozilla/5.0 AppleWebKit/537.36 (KHTML, like Gecko; compatible; ClaudeBot/1.0; +claudebot@anthropic.com)"
216.73.216.43 - - [04/Nov/2025:15:56:44 -0500] "GET /wp-includes/js/tinymce/themes/modern/theme.min.js HTTP/1.1" 200 39566 "-" "Mozilla/5.0 AppleWebKit/537.36 (KHTML, like Gecko; compatible; ClaudeBot/1.0; +claudebot@anthropic.com)"
216.73.216.43 - - [04/Nov/2025:15:57:26 -0500] "GET /wp-includes/js/tinymce/themes/modern/theme.js HTTP/1.1" 200 60875 "-" "Mozilla/5.0 AppleWebKit/537.36 (KHTML, like Gecko; compatible; ClaudeBot/1.0; +claudebot@anthropic.com)"
216.73.216.43 - - [04/Nov/2025:15:57:30 -0500] "GET /wp-includes/js/dist/vendor/moment.js HTTP/1.1" 200 36017 "-" "Mozilla/5.0 AppleWebKit/537.36 (KHTML, like Gecko; compatible; ClaudeBot/1.0; +claudebot@anthropic.com)"
207.46.13.150 - - [04/Nov/2025:15:57:45 -0500] "GET /279d/%E0%B8%9C%E0%B8%A5-%E0%B8%9A%E0%B8%AD%E0%B8%A5-%E0%B8%AA%E0%B8%94-u19-%E0%B8%A7%E0%B8%B1%E0%B8%99-%E0%B8%99%E0%B8%B5%E0%B9%89 HTTP/1.1" 404 1251 "-" "Mozilla/5.0 AppleWebKit/537.36 (KHTML, like Gecko; compatible; bingbot/2.0; +http://www.bing.com/bingbot.htm) Chrome/116.0.1938.76 Safari/537.36"
43.134.141.244 - - [04/Nov/2025:15:57:53 -0500] "GET /images/images/ HTTP/1.1" 200 0 "-" "Mozilla/5.0 (iPhone; CPU iPhone OS 13_2_3 like Mac OS X) AppleWebKit/605.1.15 (KHTML, like Gecko) Version/13.0.3 Mobile/15E148 Safari/604.1"
142.44.233.185 - - [04/Nov/2025:15:58:04 -0500] "GET /robots.txt HTTP/1.1" 200 84 "-" "Mozilla/5.0 (compatible; AhrefsBot/7.0; +http://ahrefs.com/robot/)"
40.77.167.58 - - [04/Nov/2025:15:58:07 -0500] "GET /products593474936?kg=0592769258 HTTP/1.1" 404 1251 "-" "Mozilla/5.0 AppleWebKit/537.36 (KHTML, like Gecko; compatible; bingbot/2.0; +http://www.bing.com/bingbot.htm) Chrome/116.0.1938.76 Safari/537.36"
167.114.139.86 - - [04/Nov/2025:15:58:08 -0500] "GET /images/?SA HTTP/1.1" 200 678 "-" "Mozilla/5.0 (compatible; AhrefsBot/7.0; +http://ahrefs.com/robot/)"
216.73.216.43 - - [04/Nov/2025:15:58:18 -0500] "GET /wp-includes/js/dist/vendor/wp-polyfill-url.min.js HTTP/1.1" 200 13214 "-" "Mozilla/5.0 AppleWebKit/537.36 (KHTML, like Gecko; compatible; ClaudeBot/1.0; +claudebot@anthropic.com)"
216.73.216.43 - - [04/Nov/2025:15:58:23 -0500] "GET /wp-includes/js/dist/vendor/regenerator-runtime.js HTTP/1.1" 200 6977 "-" "Mozilla/5.0 AppleWebKit/537.36 (KHTML, like Gecko; compatible; ClaudeBot/1.0; +claudebot@anthropic.com)"
40.77.167.58 - - [04/Nov/2025:15:58:47 -0500] "GET /products1627278752?kg=1625342355 HTTP/1.1" 404 1251 "-" "Mozilla/5.0 AppleWebKit/537.36 (KHTML, like Gecko; compatible; bingbot/2.0; +http://www.bing.com/bingbot.htm) Chrome/116.0.1938.76 Safari/537.36"
52.167.144.142 - - [04/Nov/2025:15:58:51 -0500] "GET /products53873928?kg=0053810632 HTTP/1.1" 404 1251 "-" "Mozilla/5.0 AppleWebKit/537.36 (KHTML, like Gecko; compatible; bingbot/2.0; +http://www.bing.com/bingbot.htm) Chrome/116.0.1938.76 Safari/537.36"
52.167.144.142 - - [04/Nov/2025:15:59:20 -0500] "GET /products913254920?kg=0912168552 HTTP/1.1" 404 1251 "-" "Mozilla/5.0 AppleWebKit/537.36 (KHTML, like Gecko; compatible; bingbot/2.0; +http://www.bing.com/bingbot.htm) Chrome/116.0.1938.76 Safari/537.36"
