216.73.216.43 - - [04/Nov/2025:19:07:26 -0500] "GET /wp-includes/sodium_compat/src/Core/Salsa20.php HTTP/1.1" 500 0 "-" "Mozilla/5.0 AppleWebKit/537.36 (KHTML, like Gecko; compatible; ClaudeBot/1.0; +claudebot@anthropic.com)"
216.73.216.43 - - [04/Nov/2025:19:07:29 -0500] "GET /wp-includes/sodium_compat/namespaced/Core/XChaCha20.php HTTP/1.1" 500 0 "-" "Mozilla/5.0 AppleWebKit/537.36 (KHTML, like Gecko; compatible; ClaudeBot/1.0; +claudebot@anthropic.com)"
216.73.216.43 - - [04/Nov/2025:19:07:32 -0500] "GET /wp-includes/sodium_compat/src/Core/HChaCha20.php HTTP/1.1" 500 0 "-" "Mozilla/5.0 AppleWebKit/537.36 (KHTML, like Gecko; compatible; ClaudeBot/1.0; +claudebot@anthropic.com)"
52.167.144.24 - - [04/Nov/2025:19:07:37 -0500] "GET /?products29538912?kg=0029504587 HTTP/1.1" 200 1450 "-" "Mozilla/5.0 AppleWebKit/537.36 (KHTML, like Gecko; compatible; bingbot/2.0; +http://www.bing.com/bingbot.htm) Chrome/116.0.1938.76 Safari/537.36"
148.113.128.113 - - [04/Nov/2025:19:08:23 -0500] "GET /wp-includes/functions.wp-scripts.php HTTP/1.1" 200 0 "-" "Mozilla/5.0 (compatible; AhrefsBot/7.0; +http://ahrefs.com/robot/)"
216.73.216.43 - - [04/Nov/2025:19:08:30 -0500] "GET /wp-includes/sodium_compat/namespaced/Core/HSalsa20.php HTTP/1.1" 500 0 "-" "Mozilla/5.0 AppleWebKit/537.36 (KHTML, like Gecko; compatible; ClaudeBot/1.0; +claudebot@anthropic.com)"
216.73.216.43 - - [04/Nov/2025:19:08:34 -0500] "GET /wp-includes/sodium_compat/src/Core32/BLAKE2b.php HTTP/1.1" 500 0 "-" "Mozilla/5.0 AppleWebKit/537.36 (KHTML, like Gecko; compatible; ClaudeBot/1.0; +claudebot@anthropic.com)"
216.73.216.43 - - [04/Nov/2025:19:08:39 -0500] "GET /wp-includes/sodium_compat/namespaced/Core/Curve25519.php HTTP/1.1" 500 0 "-" "Mozilla/5.0 AppleWebKit/537.36 (KHTML, like Gecko; compatible; ClaudeBot/1.0; +claudebot@anthropic.com)"
216.73.216.43 - - [04/Nov/2025:19:08:44 -0500] "GET /wp-includes/sodium_compat/src/Core/HSalsa20.php HTTP/1.1" 500 0 "-" "Mozilla/5.0 AppleWebKit/537.36 (KHTML, like Gecko; compatible; ClaudeBot/1.0; +claudebot@anthropic.com)"
216.73.216.43 - - [04/Nov/2025:19:08:49 -0500] "GET /wp-includes/sodium_compat/src/Core/Base64 HTTP/1.1" 301 795 "-" "Mozilla/5.0 AppleWebKit/537.36 (KHTML, like Gecko; compatible; ClaudeBot/1.0; +claudebot@anthropic.com)"
216.73.216.43 - - [04/Nov/2025:19:08:49 -0500] "GET /wp-includes/sodium_compat/src/Core/Base64/ HTTP/1.1" 200 671 "https://nymetrocualumni.com/wp-includes/sodium_compat/src/Core/Base64" "Mozilla/5.0 AppleWebKit/537.36 (KHTML, like Gecko; compatible; ClaudeBot/1.0; +claudebot@anthropic.com)"
216.73.216.43 - - [04/Nov/2025:19:09:21 -0500] "GET /wp-includes/sodium_compat/src/Core32/HChaCha20.php HTTP/1.1" 500 0 "-" "Mozilla/5.0 AppleWebKit/537.36 (KHTML, like Gecko; compatible; ClaudeBot/1.0; +claudebot@anthropic.com)"
216.73.216.43 - - [04/Nov/2025:19:09:26 -0500] "GET /wp-includes/sodium_compat/src/Core/AEGIS128L.php HTTP/1.1" 500 0 "-" "Mozilla/5.0 AppleWebKit/537.36 (KHTML, like Gecko; compatible; ClaudeBot/1.0; +claudebot@anthropic.com)"
216.73.216.43 - - [04/Nov/2025:19:09:31 -0500] "GET /wp-includes/sodium_compat/namespaced/Core/Poly1305 HTTP/1.1" 301 795 "-" "Mozilla/5.0 AppleWebKit/537.36 (KHTML, like Gecko; compatible; ClaudeBot/1.0; +claudebot@anthropic.com)"
216.73.216.43 - - [04/Nov/2025:19:09:31 -0500] "GET /wp-includes/sodium_compat/namespaced/Core/Poly1305/ HTTP/1.1" 200 700 "https://nymetrocualumni.com/wp-includes/sodium_compat/namespaced/Core/Poly1305" "Mozilla/5.0 AppleWebKit/537.36 (KHTML, like Gecko; compatible; ClaudeBot/1.0; +claudebot@anthropic.com)"
216.73.216.43 - - [04/Nov/2025:19:09:36 -0500] "GET /wp-includes/sodium_compat/src/Core/X25519.php HTTP/1.1" 500 0 "-" "Mozilla/5.0 AppleWebKit/537.36 (KHTML, like Gecko; compatible; ClaudeBot/1.0; +claudebot@anthropic.com)"
216.73.216.43 - - [04/Nov/2025:19:09:41 -0500] "GET /wp-includes/sodium_compat/src/Core32/XChaCha20.php HTTP/1.1" 500 0 "-" "Mozilla/5.0 AppleWebKit/537.36 (KHTML, like Gecko; compatible; ClaudeBot/1.0; +claudebot@anthropic.com)"
216.73.216.43 - - [04/Nov/2025:19:09:46 -0500] "GET /wp-includes/sodium_compat/src/Core/AES HTTP/1.1" 301 795 "-" "Mozilla/5.0 AppleWebKit/537.36 (KHTML, like Gecko; compatible; ClaudeBot/1.0; +claudebot@anthropic.com)"
216.73.216.43 - - [04/Nov/2025:19:09:46 -0500] "GET /wp-includes/sodium_compat/src/Core/AES/ HTTP/1.1" 200 758 "https://nymetrocualumni.com/wp-includes/sodium_compat/src/Core/AES" "Mozilla/5.0 AppleWebKit/537.36 (KHTML, like Gecko; compatible; ClaudeBot/1.0; +claudebot@anthropic.com)"
52.167.144.24 - - [04/Nov/2025:19:09:48 -0500] "GET /products1103940600?kg=1102627226 HTTP/1.1" 404 1251 "-" "Mozilla/5.0 AppleWebKit/537.36 (KHTML, like Gecko; compatible; bingbot/2.0; +http://www.bing.com/bingbot.htm) Chrome/116.0.1938.76 Safari/537.36"
216.73.216.43 - - [04/Nov/2025:19:09:51 -0500] "GET /wp-includes/sodium_compat/src/Core/XSalsa20.php HTTP/1.1" 500 0 "-" "Mozilla/5.0 AppleWebKit/537.36 (KHTML, like Gecko; compatible; ClaudeBot/1.0; +claudebot@anthropic.com)"
216.73.216.43 - - [04/Nov/2025:19:09:56 -0500] "GET /wp-includes/sodium_compat/src/Core/Poly1305 HTTP/1.1" 301 795 "-" "Mozilla/5.0 AppleWebKit/537.36 (KHTML, like Gecko; compatible; ClaudeBot/1.0; +claudebot@anthropic.com)"
216.73.216.43 - - [04/Nov/2025:19:09:56 -0500] "GET /wp-includes/sodium_compat/src/Core/Poly1305/ HTTP/1.1" 200 754 "https://nymetrocualumni.com/wp-includes/sodium_compat/src/Core/Poly1305" "Mozilla/5.0 AppleWebKit/537.36 (KHTML, like Gecko; compatible; ClaudeBot/1.0; +claudebot@anthropic.com)"
216.73.216.43 - - [04/Nov/2025:19:10:01 -0500] "GET /wp-includes/sodium_compat/src/Core/AEGIS HTTP/1.1" 301 795 "-" "Mozilla/5.0 AppleWebKit/537.36 (KHTML, like Gecko; compatible; ClaudeBot/1.0; +claudebot@anthropic.com)"
216.73.216.43 - - [04/Nov/2025:19:10:01 -0500] "GET /wp-includes/sodium_compat/src/Core/AEGIS/ HTTP/1.1" 200 678 "https://nymetrocualumni.com/wp-includes/sodium_compat/src/Core/AEGIS" "Mozilla/5.0 AppleWebKit/537.36 (KHTML, like Gecko; compatible; ClaudeBot/1.0; +claudebot@anthropic.com)"
216.73.216.43 - - [04/Nov/2025:19:10:54 -0500] "GET /wp-includes/sodium_compat/src/Core32/SecretStream HTTP/1.1" 301 795 "-" "Mozilla/5.0 AppleWebKit/537.36 (KHTML, like Gecko; compatible; ClaudeBot/1.0; +claudebot@anthropic.com)"
216.73.216.43 - - [04/Nov/2025:19:10:54 -0500] "GET /wp-includes/sodium_compat/src/Core32/SecretStream/ HTTP/1.1" 200 652 "https://nymetrocualumni.com/wp-includes/sodium_compat/src/Core32/SecretStream" "Mozilla/5.0 AppleWebKit/537.36 (KHTML, like Gecko; compatible; ClaudeBot/1.0; +claudebot@anthropic.com)"
216.73.216.43 - - [04/Nov/2025:19:10:58 -0500] "GET /wp-includes/sodium_compat/src/Core32/Poly1305.php HTTP/1.1" 500 0 "-" "Mozilla/5.0 AppleWebKit/537.36 (KHTML, like Gecko; compatible; ClaudeBot/1.0; +claudebot@anthropic.com)"
216.73.216.43 - - [04/Nov/2025:19:11:03 -0500] "GET /wp-includes/sodium_compat/src/Core/Ed25519.php HTTP/1.1" 500 0 "-" "Mozilla/5.0 AppleWebKit/537.36 (KHTML, like Gecko; compatible; ClaudeBot/1.0; +claudebot@anthropic.com)"
216.73.216.43 - - [04/Nov/2025:19:11:08 -0500] "GET /wp-includes/sodium_compat/src/Core32/Salsa20.php HTTP/1.1" 500 0 "-" "Mozilla/5.0 AppleWebKit/537.36 (KHTML, like Gecko; compatible; ClaudeBot/1.0; +claudebot@anthropic.com)"
216.73.216.43 - - [04/Nov/2025:19:11:13 -0500] "GET /wp-includes/sodium_compat/namespaced/Core/Curve25519 HTTP/1.1" 301 795 "-" "Mozilla/5.0 AppleWebKit/537.36 (KHTML, like Gecko; compatible; ClaudeBot/1.0; +claudebot@anthropic.com)"
216.73.216.43 - - [04/Nov/2025:19:11:14 -0500] "GET /wp-includes/sodium_compat/namespaced/Core/Curve25519/ HTTP/1.1" 200 769 "https://nymetrocualumni.com/wp-includes/sodium_compat/namespaced/Core/Curve25519" "Mozilla/5.0 AppleWebKit/537.36 (KHTML, like Gecko; compatible; ClaudeBot/1.0; +claudebot@anthropic.com)"
216.73.216.43 - - [04/Nov/2025:19:11:18 -0500] "GET /wp-includes/sodium_compat/src/Core/Curve25519 HTTP/1.1" 301 795 "-" "Mozilla/5.0 AppleWebKit/537.36 (KHTML, like Gecko; compatible; ClaudeBot/1.0; +claudebot@anthropic.com)"
216.73.216.43 - - [04/Nov/2025:19:11:19 -0500] "GET /wp-includes/sodium_compat/src/Core/Curve25519/ HTTP/1.1" 200 763 "https://nymetrocualumni.com/wp-includes/sodium_compat/src/Core/Curve25519" "Mozilla/5.0 AppleWebKit/537.36 (KHTML, like Gecko; compatible; ClaudeBot/1.0; +claudebot@anthropic.com)"
216.73.216.43 - - [04/Nov/2025:19:11:23 -0500] "GET /wp-includes/sodium_compat/src/Core32/ChaCha20 HTTP/1.1" 301 795 "-" "Mozilla/5.0 AppleWebKit/537.36 (KHTML, like Gecko; compatible; ClaudeBot/1.0; +claudebot@anthropic.com)"
216.73.216.43 - - [04/Nov/2025:19:11:24 -0500] "GET /wp-includes/sodium_compat/src/Core32/ChaCha20/ HTTP/1.1" 200 727 "https://nymetrocualumni.com/wp-includes/sodium_compat/src/Core32/ChaCha20" "Mozilla/5.0 AppleWebKit/537.36 (KHTML, like Gecko; compatible; ClaudeBot/1.0; +claudebot@anthropic.com)"
216.73.216.43 - - [04/Nov/2025:19:11:28 -0500] "GET /wp-includes/sodium_compat/namespaced/Core/X25519.php HTTP/1.1" 500 0 "-" "Mozilla/5.0 AppleWebKit/537.36 (KHTML, like Gecko; compatible; ClaudeBot/1.0; +claudebot@anthropic.com)"
216.73.216.43 - - [04/Nov/2025:19:11:33 -0500] "GET /wp-includes/sodium_compat/src/Core/AEGIS256.php HTTP/1.1" 500 0 "-" "Mozilla/5.0 AppleWebKit/537.36 (KHTML, like Gecko; compatible; ClaudeBot/1.0; +claudebot@anthropic.com)"
216.73.216.43 - - [04/Nov/2025:19:12:07 -0500] "GET /wp-includes/sodium_compat/src/Core32/Curve25519 HTTP/1.1" 301 795 "-" "Mozilla/5.0 AppleWebKit/537.36 (KHTML, like Gecko; compatible; ClaudeBot/1.0; +claudebot@anthropic.com)"
216.73.216.43 - - [04/Nov/2025:19:12:07 -0500] "GET /wp-includes/sodium_compat/src/Core32/Curve25519/ HTTP/1.1" 200 766 "https://nymetrocualumni.com/wp-includes/sodium_compat/src/Core32/Curve25519" "Mozilla/5.0 AppleWebKit/537.36 (KHTML, like Gecko; compatible; ClaudeBot/1.0; +claudebot@anthropic.com)"
216.73.216.43 - - [04/Nov/2025:19:12:11 -0500] "GET /wp-includes/js/tinymce/skins/lightgray/fonts/tinymce-small.woff HTTP/1.1" 200 9380 "-" "Mozilla/5.0 AppleWebKit/537.36 (KHTML, like Gecko; compatible; ClaudeBot/1.0; +claudebot@anthropic.com)"
216.73.216.43 - - [04/Nov/2025:19:12:16 -0500] "GET /wp-includes/sodium_compat/src/Core32/X25519.php HTTP/1.1" 500 0 "-" "Mozilla/5.0 AppleWebKit/537.36 (KHTML, like Gecko; compatible; ClaudeBot/1.0; +claudebot@anthropic.com)"
216.73.216.43 - - [04/Nov/2025:19:12:21 -0500] "GET /wp-includes/sodium_compat/src/Core32/Poly1305 HTTP/1.1" 301 795 "-" "Mozilla/5.0 AppleWebKit/537.36 (KHTML, like Gecko; compatible; ClaudeBot/1.0; +claudebot@anthropic.com)"
216.73.216.43 - - [04/Nov/2025:19:12:21 -0500] "GET /wp-includes/sodium_compat/src/Core32/Poly1305/ HTTP/1.1" 200 704 "https://nymetrocualumni.com/wp-includes/sodium_compat/src/Core32/Poly1305" "Mozilla/5.0 AppleWebKit/537.36 (KHTML, like Gecko; compatible; ClaudeBot/1.0; +claudebot@anthropic.com)"
216.73.216.43 - - [04/Nov/2025:19:12:26 -0500] "GET /wp-includes/sodium_compat/src/Core32/XSalsa20.php HTTP/1.1" 500 0 "-" "Mozilla/5.0 AppleWebKit/537.36 (KHTML, like Gecko; compatible; ClaudeBot/1.0; +claudebot@anthropic.com)"
216.73.216.43 - - [04/Nov/2025:19:12:31 -0500] "GET /wp-includes/sodium_compat/src/Core/Ristretto255.php HTTP/1.1" 500 0 "-" "Mozilla/5.0 AppleWebKit/537.36 (KHTML, like Gecko; compatible; ClaudeBot/1.0; +claudebot@anthropic.com)"
216.73.216.43 - - [04/Nov/2025:19:12:36 -0500] "GET /wp-includes/sodium_compat/src/Core32/HSalsa20.php HTTP/1.1" 500 0 "-" "Mozilla/5.0 AppleWebKit/537.36 (KHTML, like Gecko; compatible; ClaudeBot/1.0; +claudebot@anthropic.com)"
216.73.216.43 - - [04/Nov/2025:19:12:41 -0500] "GET /wp-includes/sodium_compat/src/Core32/Curve25519.php HTTP/1.1" 500 0 "-" "Mozilla/5.0 AppleWebKit/537.36 (KHTML, like Gecko; compatible; ClaudeBot/1.0; +claudebot@anthropic.com)"
216.73.216.43 - - [04/Nov/2025:19:12:46 -0500] "GET /wp-includes/sodium_compat/namespaced/Core/Ed25519.php HTTP/1.1" 500 0 "-" "Mozilla/5.0 AppleWebKit/537.36 (KHTML, like Gecko; compatible; ClaudeBot/1.0; +claudebot@anthropic.com)"
216.73.216.43 - - [04/Nov/2025:19:13:09 -0500] "GET /wp-includes/images/smilies/icon_rolleyes.gif HTTP/1.1" 200 471 "-" "Mozilla/5.0 AppleWebKit/537.36 (KHTML, like Gecko; compatible; ClaudeBot/1.0; +claudebot@anthropic.com)"
216.73.216.43 - - [04/Nov/2025:19:13:12 -0500] "GET /wp-includes/images/media/archive.svg HTTP/1.1" 200 227 "-" "Mozilla/5.0 AppleWebKit/537.36 (KHTML, like Gecko; compatible; ClaudeBot/1.0; +claudebot@anthropic.com)"
216.73.216.43 - - [04/Nov/2025:19:13:17 -0500] "GET /wp-includes/js/tinymce/skins/wordpress/images/pagebreak-2x.png HTTP/1.1" 200 835 "-" "Mozilla/5.0 AppleWebKit/537.36 (KHTML, like Gecko; compatible; ClaudeBot/1.0; +claudebot@anthropic.com)"
216.73.216.43 - - [04/Nov/2025:19:13:22 -0500] "GET /wp-includes/images/smilies/icon_wink.gif HTTP/1.1" 200 168 "-" "Mozilla/5.0 AppleWebKit/537.36 (KHTML, like Gecko; compatible; ClaudeBot/1.0; +claudebot@anthropic.com)"
216.73.216.43 - - [04/Nov/2025:19:13:27 -0500] "GET /wp-includes/images/smilies/icon_exclaim.gif HTTP/1.1" 200 236 "-" "Mozilla/5.0 AppleWebKit/537.36 (KHTML, like Gecko; compatible; ClaudeBot/1.0; +claudebot@anthropic.com)"
216.73.216.43 - - [04/Nov/2025:19:13:32 -0500] "GET /wp-includes/images/smilies/icon_surprised.gif HTTP/1.1" 200 174 "-" "Mozilla/5.0 AppleWebKit/537.36 (KHTML, like Gecko; compatible; ClaudeBot/1.0; +claudebot@anthropic.com)"
216.73.216.43 - - [04/Nov/2025:19:14:25 -0500] "GET /wp-includes/js/tinymce/skins/wordpress/images/gallery-2x.png HTTP/1.1" 200 447 "-" "Mozilla/5.0 AppleWebKit/537.36 (KHTML, like Gecko; compatible; ClaudeBot/1.0; +claudebot@anthropic.com)"
216.73.216.43 - - [04/Nov/2025:19:14:29 -0500] "GET /wp-includes/images/media/document.svg HTTP/1.1" 200 186 "-" "Mozilla/5.0 AppleWebKit/537.36 (KHTML, like Gecko; compatible; ClaudeBot/1.0; +claudebot@anthropic.com)"
216.73.216.43 - - [04/Nov/2025:19:14:34 -0500] "GET /wp-includes/images/media/interactive.svg HTTP/1.1" 200 298 "-" "Mozilla/5.0 AppleWebKit/537.36 (KHTML, like Gecko; compatible; ClaudeBot/1.0; +claudebot@anthropic.com)"
216.73.216.43 - - [04/Nov/2025:19:14:39 -0500] "GET /wp-includes/js/tinymce/skins/wordpress/images/gallery.png HTTP/1.1" 200 379 "-" "Mozilla/5.0 AppleWebKit/537.36 (KHTML, like Gecko; compatible; ClaudeBot/1.0; +claudebot@anthropic.com)"
216.73.216.43 - - [04/Nov/2025:19:14:44 -0500] "GET /wp-includes/js/tinymce/skins/wordpress/images/more.png HTTP/1.1" 200 414 "-" "Mozilla/5.0 AppleWebKit/537.36 (KHTML, like Gecko; compatible; ClaudeBot/1.0; +claudebot@anthropic.com)"
216.73.216.43 - - [04/Nov/2025:19:14:49 -0500] "GET /wp-includes/images/smilies/icon_cool.gif HTTP/1.1" 200 172 "-" "Mozilla/5.0 AppleWebKit/537.36 (KHTML, like Gecko; compatible; ClaudeBot/1.0; +claudebot@anthropic.com)"
216.73.216.43 - - [04/Nov/2025:19:14:54 -0500] "GET /wp-includes/images/smilies/icon_confused.gif HTTP/1.1" 200 170 "-" "Mozilla/5.0 AppleWebKit/537.36 (KHTML, like Gecko; compatible; ClaudeBot/1.0; +claudebot@anthropic.com)"
216.73.216.43 - - [04/Nov/2025:19:14:59 -0500] "GET /wp-includes/js/tinymce/skins/wordpress/images/dashicon-no.png HTTP/1.1" 200 339 "-" "Mozilla/5.0 AppleWebKit/537.36 (KHTML, like Gecko; compatible; ClaudeBot/1.0; +claudebot@anthropic.com)"
216.73.216.43 - - [04/Nov/2025:19:15:30 -0500] "GET /wp-includes/js/tinymce/skins/wordpress/images/video.png HTTP/1.1" 200 363 "-" "Mozilla/5.0 AppleWebKit/537.36 (KHTML, like Gecko; compatible; ClaudeBot/1.0; +claudebot@anthropic.com)"
216.73.216.43 - - [04/Nov/2025:19:15:34 -0500] "GET /wp-includes/images/media/spreadsheet.svg HTTP/1.1" 200 176 "-" "Mozilla/5.0 AppleWebKit/537.36 (KHTML, like Gecko; compatible; ClaudeBot/1.0; +claudebot@anthropic.com)"
216.73.216.43 - - [04/Nov/2025:19:15:39 -0500] "GET /wp-includes/js/tinymce/skins/wordpress/images/playlist-audio.png HTTP/1.1" 200 440 "-" "Mozilla/5.0 AppleWebKit/537.36 (KHTML, like Gecko; compatible; ClaudeBot/1.0; +claudebot@anthropic.com)"
216.73.216.43 - - [04/Nov/2025:19:15:44 -0500] "GET /wp-includes/js/tinymce/skins/wordpress/images/audio.png HTTP/1.1" 200 412 "-" "Mozilla/5.0 AppleWebKit/537.36 (KHTML, like Gecko; compatible; ClaudeBot/1.0; +claudebot@anthropic.com)"
216.73.216.43 - - [04/Nov/2025:19:15:49 -0500] "GET /wp-includes/js/tinymce/skins/wordpress/images/playlist-video.png HTTP/1.1" 200 290 "-" "Mozilla/5.0 AppleWebKit/537.36 (KHTML, like Gecko; compatible; ClaudeBot/1.0; +claudebot@anthropic.com)"
216.73.216.43 - - [04/Nov/2025:19:15:54 -0500] "GET /wp-includes/images/media/text.svg HTTP/1.1" 200 281 "-" "Mozilla/5.0 AppleWebKit/537.36 (KHTML, like Gecko; compatible; ClaudeBot/1.0; +claudebot@anthropic.com)"
216.73.216.43 - - [04/Nov/2025:19:15:59 -0500] "GET /wp-includes/images/crystal/code.png HTTP/1.1" 200 1604 "-" "Mozilla/5.0 AppleWebKit/537.36 (KHTML, like Gecko; compatible; ClaudeBot/1.0; +claudebot@anthropic.com)"
216.73.216.43 - - [04/Nov/2025:19:16:04 -0500] "GET /wp-includes/images/smilies/icon_lol.gif HTTP/1.1" 200 331 "-" "Mozilla/5.0 AppleWebKit/537.36 (KHTML, like Gecko; compatible; ClaudeBot/1.0; +claudebot@anthropic.com)"
216.73.216.43 - - [04/Nov/2025:19:16:09 -0500] "GET /wp-includes/images/smilies/icon_mrgreen.gif HTTP/1.1" 200 348 "-" "Mozilla/5.0 AppleWebKit/537.36 (KHTML, like Gecko; compatible; ClaudeBot/1.0; +claudebot@anthropic.com)"
15.235.96.132 - - [04/Nov/2025:19:16:11 -0500] "GET /wp-includes/functions.php HTTP/1.1" 200 6 "-" "Mozilla/5.0 (compatible; AhrefsBot/7.0; +http://ahrefs.com/robot/)"
216.73.216.43 - - [04/Nov/2025:19:16:30 -0500] "GET /wp-includes/images/media/video.png HTTP/1.1" 200 283 "-" "Mozilla/5.0 AppleWebKit/537.36 (KHTML, like Gecko; compatible; ClaudeBot/1.0; +claudebot@anthropic.com)"
216.73.216.43 - - [04/Nov/2025:19:16:35 -0500] "GET /wp-includes/images/media/audio.png HTTP/1.1" 200 382 "-" "Mozilla/5.0 AppleWebKit/537.36 (KHTML, like Gecko; compatible; ClaudeBot/1.0; +claudebot@anthropic.com)"
216.73.216.43 - - [04/Nov/2025:19:16:40 -0500] "GET /wp-includes/images/crystal/video.png HTTP/1.1" 200 1339 "-" "Mozilla/5.0 AppleWebKit/537.36 (KHTML, like Gecko; compatible; ClaudeBot/1.0; +claudebot@anthropic.com)"
216.73.216.43 - - [04/Nov/2025:19:16:45 -0500] "GET /wp-includes/images/smilies/mrgreen.png HTTP/1.1" 200 1486 "-" "Mozilla/5.0 AppleWebKit/537.36 (KHTML, like Gecko; compatible; ClaudeBot/1.0; +claudebot@anthropic.com)"
216.73.216.43 - - [04/Nov/2025:19:16:50 -0500] "GET /wp-includes/images/media/spreadsheet.png HTTP/1.1" 200 188 "-" "Mozilla/5.0 AppleWebKit/537.36 (KHTML, like Gecko; compatible; ClaudeBot/1.0; +claudebot@anthropic.com)"
216.73.216.43 - - [04/Nov/2025:19:16:55 -0500] "GET /wp-includes/images/crystal/audio.png HTTP/1.1" 200 2184 "-" "Mozilla/5.0 AppleWebKit/537.36 (KHTML, like Gecko; compatible; ClaudeBot/1.0; +claudebot@anthropic.com)"
216.73.216.43 - - [04/Nov/2025:19:17:00 -0500] "GET /wp-includes/images/media/text.png HTTP/1.1" 200 188 "-" "Mozilla/5.0 AppleWebKit/537.36 (KHTML, like Gecko; compatible; ClaudeBot/1.0; +claudebot@anthropic.com)"
216.73.216.43 - - [04/Nov/2025:19:17:05 -0500] "GET /wp-includes/images/media/document.png HTTP/1.1" 200 200 "-" "Mozilla/5.0 AppleWebKit/537.36 (KHTML, like Gecko; compatible; ClaudeBot/1.0; +claudebot@anthropic.com)"
157.55.39.62 - - [04/Nov/2025:19:17:14 -0500] "GET /products770202848?kg=0769286779 HTTP/1.1" 404 1251 "-" "Mozilla/5.0 AppleWebKit/537.36 (KHTML, like Gecko; compatible; bingbot/2.0; +http://www.bing.com/bingbot.htm) Chrome/116.0.1938.76 Safari/537.36"
216.73.216.43 - - [04/Nov/2025:19:17:33 -0500] "GET /wp-includes/images/smilies/frownie.png HTTP/1.1" 200 1007 "-" "Mozilla/5.0 AppleWebKit/537.36 (KHTML, like Gecko; compatible; ClaudeBot/1.0; +claudebot@anthropic.com)"
216.73.216.43 - - [04/Nov/2025:19:17:37 -0500] "GET /wp-includes/images/smilies/rolleyes.png HTTP/1.1" 200 1233 "-" "Mozilla/5.0 AppleWebKit/537.36 (KHTML, like Gecko; compatible; ClaudeBot/1.0; +claudebot@anthropic.com)"
216.73.216.43 - - [04/Nov/2025:19:17:42 -0500] "GET /wp-includes/images/media/interactive.png HTTP/1.1" 200 319 "-" "Mozilla/5.0 AppleWebKit/537.36 (KHTML, like Gecko; compatible; ClaudeBot/1.0; +claudebot@anthropic.com)"
216.73.216.43 - - [04/Nov/2025:19:17:47 -0500] "GET /wp-includes/images/crystal/spreadsheet.png HTTP/1.1" 200 2408 "-" "Mozilla/5.0 AppleWebKit/537.36 (KHTML, like Gecko; compatible; ClaudeBot/1.0; +claudebot@anthropic.com)"
216.73.216.43 - - [04/Nov/2025:19:17:52 -0500] "GET /wp-includes/images/media/default.png HTTP/1.1" 200 168 "-" "Mozilla/5.0 AppleWebKit/537.36 (KHTML, like Gecko; compatible; ClaudeBot/1.0; +claudebot@anthropic.com)"
216.73.216.43 - - [04/Nov/2025:19:17:57 -0500] "GET /wp-includes/images/smilies/simple-smile.png HTTP/1.1" 200 1008 "-" "Mozilla/5.0 AppleWebKit/537.36 (KHTML, like Gecko; compatible; ClaudeBot/1.0; +claudebot@anthropic.com)"
216.73.216.43 - - [04/Nov/2025:19:18:35 -0500] "GET /wp-includes/js/tinymce/skins/lightgray/fonts/tinymce.eot HTTP/1.1" 200 18912 "-" "Mozilla/5.0 AppleWebKit/537.36 (KHTML, like Gecko; compatible; ClaudeBot/1.0; +claudebot@anthropic.com)"
216.73.216.43 - - [04/Nov/2025:19:18:39 -0500] "GET /wp-includes/sodium_compat/src/Core/XChaCha20.php HTTP/1.1" 500 0 "-" "Mozilla/5.0 AppleWebKit/537.36 (KHTML, like Gecko; compatible; ClaudeBot/1.0; +claudebot@anthropic.com)"
66.249.65.163 - - [04/Nov/2025:19:18:40 -0500] "GET /product/edit/N2831555923 HTTP/1.1" 404 1251 "-" "Mozilla/5.0 (Linux; Android 6.0.1; Nexus 5X Build/MMB29P) AppleWebKit/537.36 (KHTML, like Gecko) Chrome/141.0.7390.122 Mobile Safari/537.36 (compatible; Googlebot/2.1; +http://www.google.com/bot.html)"
216.73.216.43 - - [04/Nov/2025:19:18:44 -0500] "GET /wp-includes/sodium_compat/namespaced/Core/BLAKE2b.php HTTP/1.1" 500 0 "-" "Mozilla/5.0 AppleWebKit/537.36 (KHTML, like Gecko; compatible; ClaudeBot/1.0; +claudebot@anthropic.com)"
216.73.216.43 - - [04/Nov/2025:19:18:49 -0500] "GET /wp-includes/sodium_compat/src/Core32/error_log HTTP/1.1" 403 1242 "-" "Mozilla/5.0 AppleWebKit/537.36 (KHTML, like Gecko; compatible; ClaudeBot/1.0; +claudebot@anthropic.com)"
216.73.216.43 - - [04/Nov/2025:19:18:54 -0500] "GET /wp-includes/sodium_compat/src/Core/BLAKE2b.php HTTP/1.1" 500 0 "-" "Mozilla/5.0 AppleWebKit/537.36 (KHTML, like Gecko; compatible; ClaudeBot/1.0; +claudebot@anthropic.com)"
216.73.216.43 - - [04/Nov/2025:19:18:59 -0500] "GET /wp-includes/sodium_compat/src/Core/AES.php HTTP/1.1" 500 0 "-" "Mozilla/5.0 AppleWebKit/537.36 (KHTML, like Gecko; compatible; ClaudeBot/1.0; +claudebot@anthropic.com)"
216.73.216.43 - - [04/Nov/2025:19:19:04 -0500] "GET /wp-includes/js/tinymce/skins/wordpress/images/script.svg HTTP/1.1" 200 506 "-" "Mozilla/5.0 AppleWebKit/537.36 (KHTML, like Gecko; compatible; ClaudeBot/1.0; +claudebot@anthropic.com)"
216.73.216.43 - - [04/Nov/2025:19:19:09 -0500] "GET /wp-includes/sodium_compat/src/Core32/Int32.php HTTP/1.1" 200 0 "-" "Mozilla/5.0 AppleWebKit/537.36 (KHTML, like Gecko; compatible; ClaudeBot/1.0; +claudebot@anthropic.com)"
216.73.216.43 - - [04/Nov/2025:19:19:14 -0500] "GET /wp-includes/js/tinymce/themes/inlite/theme.min.js HTTP/1.1" 200 40146 "-" "Mozilla/5.0 AppleWebKit/537.36 (KHTML, like Gecko; compatible; ClaudeBot/1.0; +claudebot@anthropic.com)"
66.249.65.162 - - [04/Nov/2025:19:19:27 -0500] "GET /products1582373336?kg=1580490398 HTTP/1.1" 404 1251 "-" "Mozilla/5.0 (Linux; Android 6.0.1; Nexus 5X Build/MMB29P) AppleWebKit/537.36 (KHTML, like Gecko) Chrome/141.0.7390.122 Mobile Safari/537.36 (compatible; Googlebot/2.1; +http://www.google.com/bot.html)"
216.73.216.43 - - [04/Nov/2025:19:19:54 -0500] "GET /wp-includes/js/tinymce/skins/wordpress/images/style.svg HTTP/1.1" 200 603 "-" "Mozilla/5.0 AppleWebKit/537.36 (KHTML, like Gecko; compatible; ClaudeBot/1.0; +claudebot@anthropic.com)"
216.73.216.43 - - [04/Nov/2025:19:19:59 -0500] "GET /wp-includes/js/tinymce/skins/lightgray/fonts/tinymce-small.svg HTTP/1.1" 200 7406 "-" "Mozilla/5.0 AppleWebKit/537.36 (KHTML, like Gecko; compatible; ClaudeBot/1.0; +claudebot@anthropic.com)"
216.73.216.43 - - [04/Nov/2025:19:20:04 -0500] "GET /wp-includes/images/media/code.svg HTTP/1.1" 200 249 "-" "Mozilla/5.0 AppleWebKit/537.36 (KHTML, like Gecko; compatible; ClaudeBot/1.0; +claudebot@anthropic.com)"
216.73.216.43 - - [04/Nov/2025:19:20:09 -0500] "GET /wp-includes/js/tinymce/skins/lightgray/fonts/tinymce.ttf HTTP/1.1" 200 18748 "-" "Mozilla/5.0 AppleWebKit/537.36 (KHTML, like Gecko; compatible; ClaudeBot/1.0; +claudebot@anthropic.com)"
216.73.216.43 - - [04/Nov/2025:19:20:14 -0500] "GET /wp-includes/js/tinymce/skins/lightgray/img/loader.gif HTTP/1.1" 200 2608 "-" "Mozilla/5.0 AppleWebKit/537.36 (KHTML, like Gecko; compatible; ClaudeBot/1.0; +claudebot@anthropic.com)"
216.73.216.43 - - [04/Nov/2025:19:20:19 -0500] "GET /wp-includes/js/tinymce/skins/lightgray/img/object.gif HTTP/1.1" 200 152 "-" "Mozilla/5.0 AppleWebKit/537.36 (KHTML, like Gecko; compatible; ClaudeBot/1.0; +claudebot@anthropic.com)"
216.73.216.43 - - [04/Nov/2025:19:20:24 -0500] "GET /wp-includes/js/tinymce/skins/lightgray/fonts/tinymce.woff HTTP/1.1" 200 18824 "-" "Mozilla/5.0 AppleWebKit/537.36 (KHTML, like Gecko; compatible; ClaudeBot/1.0; +claudebot@anthropic.com)"
216.73.216.43 - - [04/Nov/2025:19:20:29 -0500] "GET /wp-includes/js/tinymce/skins/lightgray/fonts/tinymce-small.ttf HTTP/1.1" 200 9304 "-" "Mozilla/5.0 AppleWebKit/537.36 (KHTML, like Gecko; compatible; ClaudeBot/1.0; +claudebot@anthropic.com)"
216.73.216.43 - - [04/Nov/2025:19:20:34 -0500] "GET /wp-includes/sodium_compat/src/Core32/Ed25519.php HTTP/1.1" 500 0 "-" "Mozilla/5.0 AppleWebKit/537.36 (KHTML, like Gecko; compatible; ClaudeBot/1.0; +claudebot@anthropic.com)"
216.73.216.43 - - [04/Nov/2025:19:21:00 -0500] "GET /wp-includes/images/smilies/icon_biggrin.gif HTTP/1.1" 200 173 "-" "Mozilla/5.0 AppleWebKit/537.36 (KHTML, like Gecko; compatible; ClaudeBot/1.0; +claudebot@anthropic.com)"
216.73.216.43 - - [04/Nov/2025:19:21:05 -0500] "GET /wp-includes/images/smilies/icon_evil.gif HTTP/1.1" 200 193 "-" "Mozilla/5.0 AppleWebKit/537.36 (KHTML, like Gecko; compatible; ClaudeBot/1.0; +claudebot@anthropic.com)"
216.73.216.43 - - [04/Nov/2025:19:21:10 -0500] "GET /wp-includes/images/smilies/icon_idea.gif HTTP/1.1" 200 174 "-" "Mozilla/5.0 AppleWebKit/537.36 (KHTML, like Gecko; compatible; ClaudeBot/1.0; +claudebot@anthropic.com)"
216.73.216.43 - - [04/Nov/2025:19:21:15 -0500] "GET /wp-includes/js/tinymce/skins/wordpress/images/dashicon-edit.png HTTP/1.1" 200 368 "-" "Mozilla/5.0 AppleWebKit/537.36 (KHTML, like Gecko; compatible; ClaudeBot/1.0; +claudebot@anthropic.com)"
216.73.216.43 - - [04/Nov/2025:19:21:20 -0500] "GET /wp-includes/js/tinymce/skins/wordpress/images/embedded.png HTTP/1.1" 200 8177 "-" "Mozilla/5.0 AppleWebKit/537.36 (KHTML, like Gecko; compatible; ClaudeBot/1.0; +claudebot@anthropic.com)"
216.73.216.43 - - [04/Nov/2025:19:22:04 -0500] "GET /wp-includes/images/media/default.svg HTTP/1.1" 200 161 "-" "Mozilla/5.0 AppleWebKit/537.36 (KHTML, like Gecko; compatible; ClaudeBot/1.0; +claudebot@anthropic.com)"
216.73.216.43 - - [04/Nov/2025:19:22:09 -0500] "GET /wp-includes/images/smilies/icon_mad.gif HTTP/1.1" 200 172 "-" "Mozilla/5.0 AppleWebKit/537.36 (KHTML, like Gecko; compatible; ClaudeBot/1.0; +claudebot@anthropic.com)"
216.73.216.43 - - [04/Nov/2025:19:22:14 -0500] "GET /wp-includes/images/smilies/icon_smile.gif HTTP/1.1" 200 173 "-" "Mozilla/5.0 AppleWebKit/537.36 (KHTML, like Gecko; compatible; ClaudeBot/1.0; +claudebot@anthropic.com)"
216.73.216.43 - - [04/Nov/2025:19:22:19 -0500] "GET /wp-includes/images/smilies/icon_cry.gif HTTP/1.1" 200 412 "-" "Mozilla/5.0 AppleWebKit/537.36 (KHTML, like Gecko; compatible; ClaudeBot/1.0; +claudebot@anthropic.com)"
216.73.216.43 - - [04/Nov/2025:19:22:24 -0500] "GET /wp-includes/js/tinymce/skins/wordpress/images/pagebreak.png HTTP/1.1" 200 1140 "-" "Mozilla/5.0 AppleWebKit/537.36 (KHTML, like Gecko; compatible; ClaudeBot/1.0; +claudebot@anthropic.com)"
216.73.216.43 - - [04/Nov/2025:19:22:29 -0500] "GET /wp-includes/images/smilies/icon_arrow.gif HTTP/1.1" 200 169 "-" "Mozilla/5.0 AppleWebKit/537.36 (KHTML, like Gecko; compatible; ClaudeBot/1.0; +claudebot@anthropic.com)"
216.73.216.43 - - [04/Nov/2025:19:22:34 -0500] "GET /wp-includes/images/smilies/icon_razz.gif HTTP/1.1" 200 175 "-" "Mozilla/5.0 AppleWebKit/537.36 (KHTML, like Gecko; compatible; ClaudeBot/1.0; +claudebot@anthropic.com)"
216.73.216.43 - - [04/Nov/2025:19:22:39 -0500] "GET /wp-includes/js/tinymce/skins/wordpress/images/more-2x.png HTTP/1.1" 200 603 "-" "Mozilla/5.0 AppleWebKit/537.36 (KHTML, like Gecko; compatible; ClaudeBot/1.0; +claudebot@anthropic.com)"
207.46.13.6 - - [04/Nov/2025:19:22:44 -0500] "GET /products2463482592?kg=2460550715 HTTP/1.1" 404 1251 "-" "Mozilla/5.0 AppleWebKit/537.36 (KHTML, like Gecko; compatible; bingbot/2.0; +http://www.bing.com/bingbot.htm) Chrome/116.0.1938.76 Safari/537.36"
216.73.216.43 - - [04/Nov/2025:19:22:44 -0500] "GET /wp-includes/images/smilies/icon_twisted.gif HTTP/1.1" 200 241 "-" "Mozilla/5.0 AppleWebKit/537.36 (KHTML, like Gecko; compatible; ClaudeBot/1.0; +claudebot@anthropic.com)"
216.73.216.43 - - [04/Nov/2025:19:23:19 -0500] "GET /wp-includes/images/crystal/license.txt HTTP/1.1" 200 149 "-" "Mozilla/5.0 AppleWebKit/537.36 (KHTML, like Gecko; compatible; ClaudeBot/1.0; +claudebot@anthropic.com)"
216.73.216.43 - - [04/Nov/2025:19:23:23 -0500] "GET /wp-includes/images/crystal/document.png HTTP/1.1" 200 2063 "-" "Mozilla/5.0 AppleWebKit/537.36 (KHTML, like Gecko; compatible; ClaudeBot/1.0; +claudebot@anthropic.com)"
216.73.216.43 - - [04/Nov/2025:19:23:28 -0500] "GET /wp-includes/images/crystal/interactive.png HTTP/1.1" 200 2217 "-" "Mozilla/5.0 AppleWebKit/537.36 (KHTML, like Gecko; compatible; ClaudeBot/1.0; +claudebot@anthropic.com)"
54.39.0.238 - - [04/Nov/2025:19:23:29 -0500] "GET /wp-includes/fonts/ HTTP/1.1" 200 1162 "-" "Mozilla/5.0 (compatible; AhrefsBot/7.0; +http://ahrefs.com/robot/)"
66.249.65.163 - - [04/Nov/2025:19:23:31 -0500] "GET /products1247447880?kg=1245963664 HTTP/1.1" 404 1251 "-" "Mozilla/5.0 (Linux; Android 6.0.1; Nexus 5X Build/MMB29P) AppleWebKit/537.36 (KHTML, like Gecko) Chrome/141.0.7390.122 Mobile Safari/537.36 (compatible; Googlebot/2.1; +http://www.google.com/bot.html)"
216.73.216.43 - - [04/Nov/2025:19:23:33 -0500] "GET /wp-includes/images/media/video.svg HTTP/1.1" 200 203 "-" "Mozilla/5.0 AppleWebKit/537.36 (KHTML, like Gecko; compatible; ClaudeBot/1.0; +claudebot@anthropic.com)"
216.73.216.43 - - [04/Nov/2025:19:23:38 -0500] "GET /wp-includes/images/crystal/default.png HTTP/1.1" 200 453 "-" "Mozilla/5.0 AppleWebKit/537.36 (KHTML, like Gecko; compatible; ClaudeBot/1.0; +claudebot@anthropic.com)"
216.73.216.43 - - [04/Nov/2025:19:23:43 -0500] "GET /wp-includes/images/crystal/archive.png HTTP/1.1" 200 2454 "-" "Mozilla/5.0 AppleWebKit/537.36 (KHTML, like Gecko; compatible; ClaudeBot/1.0; +claudebot@anthropic.com)"
216.73.216.43 - - [04/Nov/2025:19:23:48 -0500] "GET /wp-includes/images/media/audio.svg HTTP/1.1" 200 232 "-" "Mozilla/5.0 AppleWebKit/537.36 (KHTML, like Gecko; compatible; ClaudeBot/1.0; +claudebot@anthropic.com)"
216.73.216.43 - - [04/Nov/2025:19:23:53 -0500] "GET /wp-includes/images/media/code.png HTTP/1.1" 200 274 "-" "Mozilla/5.0 AppleWebKit/537.36 (KHTML, like Gecko; compatible; ClaudeBot/1.0; +claudebot@anthropic.com)"
52.167.144.146 - - [04/Nov/2025:19:23:59 -0500] "GET /products795395304?kg=0794449244 HTTP/1.1" 404 1251 "-" "Mozilla/5.0 AppleWebKit/537.36 (KHTML, like Gecko; compatible; bingbot/2.0; +http://www.bing.com/bingbot.htm) Chrome/116.0.1938.76 Safari/537.36"
216.73.216.43 - - [04/Nov/2025:19:24:19 -0500] "GET /wp-includes/js/dist/script-modules/block-library/query/view.js HTTP/1.1" 200 1327 "-" "Mozilla/5.0 AppleWebKit/537.36 (KHTML, like Gecko; compatible; ClaudeBot/1.0; +claudebot@anthropic.com)"
216.73.216.43 - - [04/Nov/2025:19:24:24 -0500] "GET /wp-includes/js/tinymce/plugins/wpdialogs/plugin.js HTTP/1.1" 200 885 "-" "Mozilla/5.0 AppleWebKit/537.36 (KHTML, like Gecko; compatible; ClaudeBot/1.0; +claudebot@anthropic.com)"
216.73.216.43 - - [04/Nov/2025:19:24:29 -0500] "GET /wp-includes/Requests/src/Autoload.php HTTP/1.1" 200 0 "-" "Mozilla/5.0 AppleWebKit/537.36 (KHTML, like Gecko; compatible; ClaudeBot/1.0; +claudebot@anthropic.com)"
216.73.216.43 - - [04/Nov/2025:19:24:34 -0500] "GET /wp-includes/js/dist/script-modules/block-library/file/view.js HTTP/1.1" 200 1083 "-" "Mozilla/5.0 AppleWebKit/537.36 (KHTML, like Gecko; compatible; ClaudeBot/1.0; +claudebot@anthropic.com)"
40.77.167.143 - - [04/Nov/2025:19:24:40 -0500] "GET /?pcmypage?callback=/product%2Fdetail%2FN3154249095 HTTP/1.1" 200 1454 "-" "Mozilla/5.0 AppleWebKit/537.36 (KHTML, like Gecko; compatible; bingbot/2.0; +http://www.bing.com/bingbot.htm) Chrome/116.0.1938.76 Safari/537.36"
216.73.216.43 - - [04/Nov/2025:19:24:48 -0500] "GET /wp-includes/js/dist/script-modules/block-library/form/view.min.js HTTP/1.1" 200 421 "-" "Mozilla/5.0 AppleWebKit/537.36 (KHTML, like Gecko; compatible; ClaudeBot/1.0; +claudebot@anthropic.com)"
52.167.144.146 - - [04/Nov/2025:19:24:50 -0500] "GET /products429785856?kg=0429275047 HTTP/1.1" 404 1251 "-" "Mozilla/5.0 AppleWebKit/537.36 (KHTML, like Gecko; compatible; bingbot/2.0; +http://www.bing.com/bingbot.htm) Chrome/116.0.1938.76 Safari/537.36"
216.73.216.43 - - [04/Nov/2025:19:24:51 -0500] "GET /wp-includes/js/dist/script-modules/block-library/navigation/view.min.js HTTP/1.1" 200 1049 "-" "Mozilla/5.0 AppleWebKit/537.36 (KHTML, like Gecko; compatible; ClaudeBot/1.0; +claudebot@anthropic.com)"
216.73.216.43 - - [04/Nov/2025:19:24:56 -0500] "GET /wp-includes/js/dist/script-modules/block-library/query/view.min.js HTTP/1.1" 200 661 "-" "Mozilla/5.0 AppleWebKit/537.36 (KHTML, like Gecko; compatible; ClaudeBot/1.0; +claudebot@anthropic.com)"
207.46.13.18 - - [04/Nov/2025:19:24:56 -0500] "GET /products1516744136?kg=1514939328 HTTP/1.1" 404 1251 "-" "Mozilla/5.0 AppleWebKit/537.36 (KHTML, like Gecko; compatible; bingbot/2.0; +http://www.bing.com/bingbot.htm) Chrome/116.0.1938.76 Safari/537.36"
216.73.216.43 - - [04/Nov/2025:19:25:01 -0500] "GET /wp-includes/js/tinymce/plugins/wpdialogs/plugin.min.js HTTP/1.1" 200 575 "-" "Mozilla/5.0 AppleWebKit/537.36 (KHTML, like Gecko; compatible; ClaudeBot/1.0; +claudebot@anthropic.com)"
40.77.167.13 - - [04/Nov/2025:19:25:06 -0500] "GET /products2262825416?kg=2260132416 HTTP/1.1" 404 1251 "-" "Mozilla/5.0 AppleWebKit/537.36 (KHTML, like Gecko; compatible; bingbot/2.0; +http://www.bing.com/bingbot.htm) Chrome/116.0.1938.76 Safari/537.36"
40.77.167.68 - - [04/Nov/2025:19:25:16 -0500] "GET /products2250518248?kg=2247839900 HTTP/1.1" 404 1251 "-" "Mozilla/5.0 AppleWebKit/537.36 (KHTML, like Gecko; compatible; bingbot/2.0; +http://www.bing.com/bingbot.htm) Chrome/116.0.1938.76 Safari/537.36"
40.77.167.143 - - [04/Nov/2025:19:25:20 -0500] "GET /products153491376?kg=0153309489 HTTP/1.1" 404 1251 "-" "Mozilla/5.0 AppleWebKit/537.36 (KHTML, like Gecko; compatible; bingbot/2.0; +http://www.bing.com/bingbot.htm) Chrome/116.0.1938.76 Safari/537.36"
207.46.13.18 - - [04/Nov/2025:19:25:45 -0500] "GET /500x HTTP/1.1" 404 1251 "-" "Mozilla/5.0 AppleWebKit/537.36 (KHTML, like Gecko; compatible; bingbot/2.0; +http://www.bing.com/bingbot.htm) Chrome/116.0.1938.76 Safari/537.36"
40.77.167.143 - - [04/Nov/2025:19:25:51 -0500] "GET /products2001499080?kg=1999117184 HTTP/1.1" 404 1251 "-" "Mozilla/5.0 AppleWebKit/537.36 (KHTML, like Gecko; compatible; bingbot/2.0; +http://www.bing.com/bingbot.htm) Chrome/116.0.1938.76 Safari/537.36"
40.77.167.143 - - [04/Nov/2025:19:25:55 -0500] "GET /products1579549952?kg=1577670375 HTTP/1.1" 404 1251 "-" "Mozilla/5.0 AppleWebKit/537.36 (KHTML, like Gecko; compatible; bingbot/2.0; +http://www.bing.com/bingbot.htm) Chrome/116.0.1938.76 Safari/537.36"
40.77.167.68 - - [04/Nov/2025:19:26:05 -0500] "GET /products2292427400?kg=2289699160 HTTP/1.1" 404 1251 "-" "Mozilla/5.0 AppleWebKit/537.36 (KHTML, like Gecko; compatible; bingbot/2.0; +http://www.bing.com/bingbot.htm) Chrome/116.0.1938.76 Safari/537.36"
40.77.167.13 - - [04/Nov/2025:19:26:05 -0500] "GET /products631336624?kg=0630585873 HTTP/1.1" 404 1251 "-" "Mozilla/5.0 AppleWebKit/537.36 (KHTML, like Gecko; compatible; bingbot/2.0; +http://www.bing.com/bingbot.htm) Chrome/116.0.1938.76 Safari/537.36"
40.77.167.68 - - [04/Nov/2025:19:26:09 -0500] "GET /products295002136?kg=0294651782 HTTP/1.1" 404 1251 "-" "Mozilla/5.0 AppleWebKit/537.36 (KHTML, like Gecko; compatible; bingbot/2.0; +http://www.bing.com/bingbot.htm) Chrome/116.0.1938.76 Safari/537.36"
52.167.144.146 - - [04/Nov/2025:19:26:10 -0500] "GET /products2307535128?kg=2304788902 HTTP/1.1" 404 1251 "-" "Mozilla/5.0 AppleWebKit/537.36 (KHTML, like Gecko; compatible; bingbot/2.0; +http://www.bing.com/bingbot.htm) Chrome/116.0.1938.76 Safari/537.36"
216.73.216.43 - - [04/Nov/2025:19:26:20 -0500] "GET /wp-includes/js/tinymce/plugins/hr/plugin.min.js HTTP/1.1" 200 231 "-" "Mozilla/5.0 AppleWebKit/537.36 (KHTML, like Gecko; compatible; ClaudeBot/1.0; +claudebot@anthropic.com)"
216.73.216.43 - - [04/Nov/2025:19:26:24 -0500] "GET /wp-includes/js/dist/script-modules/block-library/search/view.js HTTP/1.1" 200 1052 "-" "Mozilla/5.0 AppleWebKit/537.36 (KHTML, like Gecko; compatible; ClaudeBot/1.0; +claudebot@anthropic.com)"
216.73.216.43 - - [04/Nov/2025:19:26:29 -0500] "GET /wp-includes/js/dist/script-modules/block-library/image/view.js HTTP/1.1" 200 4562 "-" "Mozilla/5.0 AppleWebKit/537.36 (KHTML, like Gecko; compatible; ClaudeBot/1.0; +claudebot@anthropic.com)"
216.73.216.43 - - [04/Nov/2025:19:26:34 -0500] "GET /wp-includes/js/tinymce/plugins/hr/plugin.js HTTP/1.1" 200 322 "-" "Mozilla/5.0 AppleWebKit/537.36 (KHTML, like Gecko; compatible; ClaudeBot/1.0; +claudebot@anthropic.com)"
52.167.144.18 - - [04/Nov/2025:19:26:51 -0500] "GET /?products202436496?kg=0202196341 HTTP/1.1" 200 1454 "-" "Mozilla/5.0 AppleWebKit/537.36 (KHTML, like Gecko; compatible; bingbot/2.0; +http://www.bing.com/bingbot.htm) Chrome/116.0.1938.76 Safari/537.36"
216.73.216.43 - - [04/Nov/2025:19:26:56 -0500] "GET /wp-includes/Requests/src/error_log HTTP/1.1" 403 1242 "-" "Mozilla/5.0 AppleWebKit/537.36 (KHTML, like Gecko; compatible; ClaudeBot/1.0; +claudebot@anthropic.com)"
40.77.167.13 - - [04/Nov/2025:19:26:56 -0500] "GET /products2501499696?kg=2498522561 HTTP/1.1" 404 1251 "-" "Mozilla/5.0 AppleWebKit/537.36 (KHTML, like Gecko; compatible; bingbot/2.0; +http://www.bing.com/bingbot.htm) Chrome/116.0.1938.76 Safari/537.36"
216.73.216.43 - - [04/Nov/2025:19:27:00 -0500] "GET /wp-includes/Requests/src/Exception.php HTTP/1.1" 200 0 "-" "Mozilla/5.0 AppleWebKit/537.36 (KHTML, like Gecko; compatible; ClaudeBot/1.0; +claudebot@anthropic.com)"
52.167.144.18 - - [04/Nov/2025:19:27:00 -0500] "GET /products783143744?kg=0782212271 HTTP/1.1" 404 1251 "-" "Mozilla/5.0 AppleWebKit/537.36 (KHTML, like Gecko; compatible; bingbot/2.0; +http://www.bing.com/bingbot.htm) Chrome/116.0.1938.76 Safari/537.36"
216.73.216.43 - - [04/Nov/2025:19:27:05 -0500] "GET /wp-includes/js/tinymce/plugins/compat3x/css/dialog.css HTTP/1.1" 200 2212 "-" "Mozilla/5.0 AppleWebKit/537.36 (KHTML, like Gecko; compatible; ClaudeBot/1.0; +claudebot@anthropic.com)"
216.73.216.43 - - [04/Nov/2025:19:27:26 -0500] "GET /wp-includes/Requests/src/Session.php HTTP/1.1" 200 0 "-" "Mozilla/5.0 AppleWebKit/537.36 (KHTML, like Gecko; compatible; ClaudeBot/1.0; +claudebot@anthropic.com)"
207.46.13.6 - - [04/Nov/2025:19:27:29 -0500] "GET /products1375596472?kg=1373959698 HTTP/1.1" 404 1251 "-" "Mozilla/5.0 AppleWebKit/537.36 (KHTML, like Gecko; compatible; bingbot/2.0; +http://www.bing.com/bingbot.htm) Chrome/116.0.1938.76 Safari/537.36"
216.73.216.43 - - [04/Nov/2025:19:27:30 -0500] "GET /wp-includes/Requests/src/Proxy HTTP/1.1" 301 795 "-" "Mozilla/5.0 AppleWebKit/537.36 (KHTML, like Gecko; compatible; ClaudeBot/1.0; +claudebot@anthropic.com)"
216.73.216.43 - - [04/Nov/2025:19:27:30 -0500] "GET /wp-includes/Requests/src/Proxy/ HTTP/1.1" 200 688 "https://nymetrocualumni.com/wp-includes/Requests/src/Proxy" "Mozilla/5.0 AppleWebKit/537.36 (KHTML, like Gecko; compatible; ClaudeBot/1.0; +claudebot@anthropic.com)"
216.73.216.43 - - [04/Nov/2025:19:27:35 -0500] "GET /wp-includes/Requests/src/Ipv6.php HTTP/1.1" 200 0 "-" "Mozilla/5.0 AppleWebKit/537.36 (KHTML, like Gecko; compatible; ClaudeBot/1.0; +claudebot@anthropic.com)"
52.167.144.18 - - [04/Nov/2025:19:27:40 -0500] "GET /products837048752?kg=0836053105 HTTP/1.1" 404 1251 "-" "Mozilla/5.0 AppleWebKit/537.36 (KHTML, like Gecko; compatible; bingbot/2.0; +http://www.bing.com/bingbot.htm) Chrome/116.0.1938.76 Safari/537.36"
207.46.13.6 - - [04/Nov/2025:19:27:50 -0500] "GET /products1777165192?kg=1775050360 HTTP/1.1" 404 1251 "-" "Mozilla/5.0 AppleWebKit/537.36 (KHTML, like Gecko; compatible; bingbot/2.0; +http://www.bing.com/bingbot.htm) Chrome/116.0.1938.76 Safari/537.36"
52.167.144.204 - - [04/Nov/2025:19:27:51 -0500] "GET /products1938804984?kg=1936497722 HTTP/1.1" 404 1251 "-" "Mozilla/5.0 AppleWebKit/537.36 (KHTML, like Gecko; compatible; bingbot/2.0; +http://www.bing.com/bingbot.htm) Chrome/116.0.1938.76 Safari/537.36"
207.46.13.6 - - [04/Nov/2025:19:28:00 -0500] "GET /products1533877600?kg=1532052395 HTTP/1.1" 404 1251 "-" "Mozilla/5.0 AppleWebKit/537.36 (KHTML, like Gecko; compatible; bingbot/2.0; +http://www.bing.com/bingbot.htm) Chrome/116.0.1938.76 Safari/537.36"
52.167.144.204 - - [04/Nov/2025:19:28:11 -0500] "GET /products1238131128?kg=1236658002 HTTP/1.1" 404 1251 "-" "Mozilla/5.0 AppleWebKit/537.36 (KHTML, like Gecko; compatible; bingbot/2.0; +http://www.bing.com/bingbot.htm) Chrome/116.0.1938.76 Safari/537.36"
207.46.13.6 - - [04/Nov/2025:19:28:21 -0500] "GET /?products102106344?kg=0101985628 HTTP/1.1" 200 1454 "-" "Mozilla/5.0 AppleWebKit/537.36 (KHTML, like Gecko; compatible; bingbot/2.0; +http://www.bing.com/bingbot.htm) Chrome/116.0.1938.76 Safari/537.36"
207.46.13.18 - - [04/Nov/2025:19:28:40 -0500] "GET /products2031983376?kg=2029565189 HTTP/1.1" 404 1251 "-" "Mozilla/5.0 AppleWebKit/537.36 (KHTML, like Gecko; compatible; bingbot/2.0; +http://www.bing.com/bingbot.htm) Chrome/116.0.1938.76 Safari/537.36"
216.73.216.43 - - [04/Nov/2025:19:28:47 -0500] "GET /wp-includes/Requests/src/Auth HTTP/1.1" 301 795 "-" "Mozilla/5.0 AppleWebKit/537.36 (KHTML, like Gecko; compatible; ClaudeBot/1.0; +claudebot@anthropic.com)"
216.73.216.43 - - [04/Nov/2025:19:28:47 -0500] "GET /wp-includes/Requests/src/Auth/ HTTP/1.1" 200 685 "https://nymetrocualumni.com/wp-includes/Requests/src/Auth" "Mozilla/5.0 AppleWebKit/537.36 (KHTML, like Gecko; compatible; ClaudeBot/1.0; +claudebot@anthropic.com)"
216.73.216.43 - - [04/Nov/2025:19:28:51 -0500] "GET /wp-includes/Requests/src/Utility HTTP/1.1" 301 795 "-" "Mozilla/5.0 AppleWebKit/537.36 (KHTML, like Gecko; compatible; ClaudeBot/1.0; +claudebot@anthropic.com)"
216.73.216.43 - - [04/Nov/2025:19:28:51 -0500] "GET /wp-includes/Requests/src/Utility/ HTTP/1.1" 200 713 "https://nymetrocualumni.com/wp-includes/Requests/src/Utility" "Mozilla/5.0 AppleWebKit/537.36 (KHTML, like Gecko; compatible; ClaudeBot/1.0; +claudebot@anthropic.com)"
216.73.216.43 - - [04/Nov/2025:19:28:56 -0500] "GET /wp-includes/Requests/src/Response.php HTTP/1.1" 200 0 "-" "Mozilla/5.0 AppleWebKit/537.36 (KHTML, like Gecko; compatible; ClaudeBot/1.0; +claudebot@anthropic.com)"
40.77.167.68 - - [04/Nov/2025:19:29:12 -0500] "GET /products2502337848?kg=2499359714 HTTP/1.1" 404 1251 "-" "Mozilla/5.0 AppleWebKit/537.36 (KHTML, like Gecko; compatible; bingbot/2.0; +http://www.bing.com/bingbot.htm) Chrome/116.0.1938.76 Safari/537.36"
216.73.216.43 - - [04/Nov/2025:19:29:20 -0500] "GET /wp-includes/Requests/src/Hooks.php HTTP/1.1" 500 0 "-" "Mozilla/5.0 AppleWebKit/537.36 (KHTML, like Gecko; compatible; ClaudeBot/1.0; +claudebot@anthropic.com)"
52.167.144.18 - - [04/Nov/2025:19:29:22 -0500] "GET /products782957920?kg=0782026667 HTTP/1.1" 404 1251 "-" "Mozilla/5.0 AppleWebKit/537.36 (KHTML, like Gecko; compatible; bingbot/2.0; +http://www.bing.com/bingbot.htm) Chrome/116.0.1938.76 Safari/537.36"
216.73.216.43 - - [04/Nov/2025:19:29:24 -0500] "GET /wp-includes/css/dist/format-library HTTP/1.1" 301 795 "-" "Mozilla/5.0 AppleWebKit/537.36 (KHTML, like Gecko; compatible; ClaudeBot/1.0; +claudebot@anthropic.com)"
216.73.216.43 - - [04/Nov/2025:19:29:24 -0500] "GET /wp-includes/css/dist/format-library/ HTTP/1.1" 200 682 "https://nymetrocualumni.com/wp-includes/css/dist/format-library" "Mozilla/5.0 AppleWebKit/537.36 (KHTML, like Gecko; compatible; ClaudeBot/1.0; +claudebot@anthropic.com)"
207.46.13.18 - - [04/Nov/2025:19:29:26 -0500] "GET /products35924592?kg=0035882665 HTTP/1.1" 404 1251 "-" "Mozilla/5.0 AppleWebKit/537.36 (KHTML, like Gecko; compatible; bingbot/2.0; +http://www.bing.com/bingbot.htm) Chrome/116.0.1938.76 Safari/537.36"
216.73.216.43 - - [04/Nov/2025:19:29:29 -0500] "GET /wp-includes/css/dist/commands HTTP/1.1" 301 795 "-" "Mozilla/5.0 AppleWebKit/537.36 (KHTML, like Gecko; compatible; ClaudeBot/1.0; +claudebot@anthropic.com)"
216.73.216.43 - - [04/Nov/2025:19:29:29 -0500] "GET /wp-includes/css/dist/commands/ HTTP/1.1" 200 684 "https://nymetrocualumni.com/wp-includes/css/dist/commands" "Mozilla/5.0 AppleWebKit/537.36 (KHTML, like Gecko; compatible; ClaudeBot/1.0; +claudebot@anthropic.com)"
207.46.13.18 - - [04/Nov/2025:19:29:31 -0500] "GET /products1986573760?kg=1984209631 HTTP/1.1" 404 1251 "-" "Mozilla/5.0 AppleWebKit/537.36 (KHTML, like Gecko; compatible; bingbot/2.0; +http://www.bing.com/bingbot.htm) Chrome/116.0.1938.76 Safari/537.36"
52.167.144.18 - - [04/Nov/2025:19:29:42 -0500] "GET /products800440728?kg=0799488662 HTTP/1.1" 404 1251 "-" "Mozilla/5.0 AppleWebKit/537.36 (KHTML, like Gecko; compatible; bingbot/2.0; +http://www.bing.com/bingbot.htm) Chrome/116.0.1938.76 Safari/537.36"
48.210.8.55 - - [04/Nov/2025:19:29:43 -0500] "GET /wp-content/plugins/hellopress/wp_filemanager.php HTTP/1.1" 404 1251 "-" "-"
48.210.8.55 - - [04/Nov/2025:19:29:44 -0500] "GET /yes.php HTTP/1.1" 404 1251 "-" "-"
48.210.8.55 - - [04/Nov/2025:19:29:45 -0500] "GET /wp-content/plugins/nomad/aec.php HTTP/1.1" 404 1251 "-" "-"
48.210.8.55 - - [04/Nov/2025:19:29:45 -0500] "GET /aec.php HTTP/1.1" 404 1251 "-" "-"
48.210.8.55 - - [04/Nov/2025:19:29:45 -0500] "GET /about.php7 HTTP/1.1" 404 1251 "-" "-"
48.210.8.55 - - [04/Nov/2025:19:29:46 -0500] "GET /hYdXrMgTbH.php HTTP/1.1" 404 1251 "-" "-"
48.210.8.55 - - [04/Nov/2025:19:29:47 -0500] "GET /media.php.INFECTED.php HTTP/1.1" 404 1251 "-" "-"
48.210.8.55 - - [04/Nov/2025:19:29:47 -0500] "GET /baxa1.phP8 HTTP/1.1" 404 1251 "-" "-"
48.210.8.55 - - [04/Nov/2025:19:29:47 -0500] "GET /mpvloi.php HTTP/1.1" 404 1251 "-" "-"
48.210.8.55 - - [04/Nov/2025:19:29:49 -0500] "GET /defaults.php HTTP/1.1" 404 1251 "-" "-"
48.210.8.55 - - [04/Nov/2025:19:29:49 -0500] "GET /system_log.php HTTP/1.1" 404 1251 "-" "-"
48.210.8.55 - - [04/Nov/2025:19:29:49 -0500] "GET /ty.php HTTP/1.1" 404 1251 "-" "-"
48.210.8.55 - - [04/Nov/2025:19:29:49 -0500] "GET /dropdown.php HTTP/1.1" 404 1251 "-" "-"
48.210.8.55 - - [04/Nov/2025:19:29:50 -0500] "GET /getid3s.php HTTP/1.1" 404 1251 "-" "-"
48.210.8.55 - - [04/Nov/2025:19:29:50 -0500] "GET /xmrlpc.php HTTP/1.1" 404 1251 "-" "-"
198.54.116.184 - - [04/Nov/2025:19:29:56 -0500] "POST /wp-cron.php?doing_wp_cron=1762302596.8026669025421142578125 HTTP/1.1" 200 0 "-" "WordPress/6.8.2; https://nymetrocualumni.com"
48.210.8.55 - - [04/Nov/2025:19:29:50 -0500] "GET /wp-trackback.php HTTP/1.1" 200 135 "-" "-"
216.73.216.43 - - [04/Nov/2025:19:29:57 -0500] "GET /wp-includes/Requests/src/Transport HTTP/1.1" 301 795 "-" "Mozilla/5.0 AppleWebKit/537.36 (KHTML, like Gecko; compatible; ClaudeBot/1.0; +claudebot@anthropic.com)"
216.73.216.43 - - [04/Nov/2025:19:29:57 -0500] "GET /wp-includes/Requests/src/Transport/ HTTP/1.1" 200 722 "https://nymetrocualumni.com/wp-includes/Requests/src/Transport" "Mozilla/5.0 AppleWebKit/537.36 (KHTML, like Gecko; compatible; ClaudeBot/1.0; +claudebot@anthropic.com)"
52.167.144.204 - - [04/Nov/2025:19:30:00 -0500] "GET /products2207995256?kg=2205367530 HTTP/1.1" 404 1251 "-" "Mozilla/5.0 AppleWebKit/537.36 (KHTML, like Gecko; compatible; bingbot/2.0; +http://www.bing.com/bingbot.htm) Chrome/116.0.1938.76 Safari/537.36"
216.73.216.43 - - [04/Nov/2025:19:30:01 -0500] "GET /wp-includes/Requests/src/Port.php HTTP/1.1" 200 0 "-" "Mozilla/5.0 AppleWebKit/537.36 (KHTML, like Gecko; compatible; ClaudeBot/1.0; +claudebot@anthropic.com)"
216.73.216.43 - - [04/Nov/2025:19:30:06 -0500] "GET /wp-includes/SimplePie/src/Parse/Date.php HTTP/1.1" 200 0 "-" "Mozilla/5.0 AppleWebKit/537.36 (KHTML, like Gecko; compatible; ClaudeBot/1.0; +claudebot@anthropic.com)"
48.210.8.55 - - [04/Nov/2025:19:30:07 -0500] "GET /rk2.php HTTP/1.1" 404 1251 "-" "-"
48.210.8.55 - - [04/Nov/2025:19:30:07 -0500] "GET /core.php HTTP/1.1" 404 1251 "-" "-"
48.210.8.55 - - [04/Nov/2025:19:30:08 -0500] "GET /cc.php HTTP/1.1" 404 1251 "-" "-"
48.210.8.55 - - [04/Nov/2025:19:30:08 -0500] "GET /mar.php HTTP/1.1" 404 1251 "-" "-"
48.210.8.55 - - [04/Nov/2025:19:30:08 -0500] "GET /edit.php HTTP/1.1" 404 1251 "-" "-"
48.210.8.55 - - [04/Nov/2025:19:30:09 -0500] "GET /as.php HTTP/1.1" 404 1251 "-" "-"
48.210.8.55 - - [04/Nov/2025:19:30:10 -0500] "GET /doc.php HTTP/1.1" 404 1251 "-" "-"
48.210.8.55 - - [04/Nov/2025:19:30:10 -0500] "GET /css_compare.php HTTP/1.1" 404 1251 "-" "-"
48.210.8.55 - - [04/Nov/2025:19:30:10 -0500] "GET /info.php HTTP/1.1" 404 1251 "-" "-"
52.167.144.204 - - [04/Nov/2025:19:30:10 -0500] "GET /products1526508608?kg=1524692175 HTTP/1.1" 404 1251 "-" "Mozilla/5.0 AppleWebKit/537.36 (KHTML, like Gecko; compatible; bingbot/2.0; +http://www.bing.com/bingbot.htm) Chrome/116.0.1938.76 Safari/537.36"
48.210.8.55 - - [04/Nov/2025:19:30:11 -0500] "GET /02.php HTTP/1.1" 404 1251 "-" "-"
48.210.8.55 - - [04/Nov/2025:19:30:11 -0500] "GET /getid3s.php HTTP/1.1" 404 1251 "-" "-"
48.210.8.55 - - [04/Nov/2025:19:30:11 -0500] "GET /radio.php HTTP/1.1" 404 1251 "-" "-"
