185.241.208.77 - - [04/Nov/2025:15:03:05 -0500] "GET /shlo.php HTTP/1.1" 200 17389 "http://melanatedminds.org/shlo.php#lufix" "Go-http-client/2.0"
66.249.73.4 - - [04/Nov/2025:15:03:08 -0500] "GET /?e=4725827959006&channel=f34284&from=category-info.php%3Fid%3D279590-1093%26name%3D%E3%80%903%E6%97%A5%E9%96%93%E9%99%90%E5%AE%9A%E5%BA%97%E5%86%85%E3%83%9D%E3%82%A4%E3%83%B3%E3%83%88%E6%9C%80%E5%A4%A720%E5%80%8D%286%2F1+23%3A59%E8%BF%84%29%E3%80%91+%E3%81%8A%E8%B2%B7%E3%81%84%E5%BE%97%E3%82%B9%E3%83%9A%E3%82%B7%E3%83%A3%E3%83%AB%E3%83%97%E3%83%A9%E3%82%A4%E3%82%B9+%E3%83%92%E3%83%A5%E3%83%B3%E3%83%A1%E3%83%AB+hummel+PLAY+%E3%83%9C%E3%82%A2%E3%82%AF%E3%83%AB%E3%83%BC%E3%83%8D%E3%83%83%E3%82%AF+HAW4221-90+%E3%83%A1%E3%83%B3%E3%82%BA+%E3%83%AC%E3%83%87%E3%82%A3%E3%83%BC%E3%82%B9 HTTP/1.1" 302 2932 "-" "Mozilla/5.0 (Linux; Android 6.0.1; Nexus 5X Build/MMB29P) AppleWebKit/537.36 (KHTML, like Gecko) Chrome/141.0.7390.122 Mobile Safari/537.36 (compatible; Googlebot/2.1; +http://www.google.com/bot.html)"
185.241.208.77 - - [04/Nov/2025:15:03:08 -0500] "GET /133.php HTTP/1.1" 200 17389 "http://melanatedminds.org/133.php" "Go-http-client/2.0"
198.54.116.184 - - [04/Nov/2025:15:03:10 -0500] "GET /wp-content/uploads/2023/02/Logo-Foter.png HTTP/1.0" 200 1766 "-" "-"
66.249.73.4 - - [04/Nov/2025:15:03:08 -0500] "GET /?e=4725827959006&channel=f34284&from=category-info.php%3Fid%3D279590-1093%26name%3D%E3%80%903%E6%97%A5%E9%96%93%E9%99%90%E5%AE%9A%E5%BA%97%E5%86%85%E3%83%9D%E3%82%A4%E3%83%B3%E3%83%88%E6%9C%80%E5%A4%A720%E5%80%8D%286%2F1%2023%3A59%E8%BF%84%29%E3%80%91%20%E3%81%8A%E8%B2%B7%E3%81%84%E5%BE%97%E3%82%B9%E3%83%9A%E3%82%B7%E3%83%A3%E3%83%AB%E3%83%97%E3%83%A9%E3%82%A4%E3%82%B9%20%E3%83%92%E3%83%A5%E3%83%B3%E3%83%A1%E3%83%AB%20hummel%20PLAY%20%E3%83%9C%E3%82%A2%E3%82%AF%E3%83%AB%E3%83%BC%E3%83%8D%E3%83%83%E3%82%AF%20HAW4221-90%20%E3%83%A1%E3%83%B3%E3%82%BA%20%E3%83%AC%E3%83%87%E3%82%A3%E3%83%BC%E3%82%B9 HTTP/1.1" 200 28546 "-" "Mozilla/5.0 (Linux; Android 6.0.1; Nexus 5X Build/MMB29P) AppleWebKit/537.36 (KHTML, like Gecko) Chrome/141.0.7390.122 Mobile Safari/537.36 (compatible; Googlebot/2.1; +http://www.google.com/bot.html)"
185.241.208.77 - - [04/Nov/2025:15:03:09 -0500] "GET /ahax.php HTTP/1.1" 200 17389 "http://melanatedminds.org/ahax.php" "Go-http-client/2.0"
185.241.208.77 - - [04/Nov/2025:15:03:11 -0500] "GET /wpssl.php HTTP/1.1" 200 17391 "http://melanatedminds.org/wpssl.php" "Go-http-client/2.0"
185.241.208.77 - - [04/Nov/2025:15:03:14 -0500] "GET /witmm.php HTTP/1.1" 200 17390 "http://melanatedminds.org/witmm.php#lufix" "Go-http-client/2.0"
66.249.73.4 - - [04/Nov/2025:15:03:16 -0500] "GET /wp-content/plugins/elementor/assets/lib/animations/styles/lightSpeedIn.min.css?ver=3.32.1 HTTP/1.1" 200 265 "https://melanatedminds.org/?e=4725827959006&channel=f34284&from=category-info.php%3Fid%3D279590-1093%26name%3D%E3%80%903%E6%97%A5%E9%96%93%E9%99%90%E5%AE%9A%E5%BA%97%E5%86%85%E3%83%9D%E3%82%A4%E3%83%B3%E3%83%88%E6%9C%80%E5%A4%A720%E5%80%8D%286%2F1%2023%3A59%E8%BF%84%29%E3%80%91%20%E3%81%8A%E8%B2%B7%E3%81%84%E5%BE%97%E3%82%B9%E3%83%9A%E3%82%B7%E3%83%A3%E3%83%AB%E3%83%97%E3%83%A9%E3%82%A4%E3%82%B9%20%E3%83%92%E3%83%A5%E3%83%B3%E3%83%A1%E3%83%AB%20hummel%20PLAY%20%E3%83%9C%E3%82%A2%E3%82%AF%E3%83%AB%E3%83%BC%E3%83%8D%E3%83%83%E3%82%AF%20HAW4221-90%20%E3%83%A1%E3%83%B3%E3%82%BA%20%E3%83%AC%E3%83%87%E3%82%A3%E3%83%BC%E3%82%B9" "Mozilla/5.0 (Linux; Android 6.0.1; Nexus 5X Build/MMB29P) AppleWebKit/537.36 (KHTML, like Gecko) Chrome/141.0.7390.122 Mobile Safari/537.36 (compatible; Googlebot/2.1; +http://www.google.com/bot.html)"
185.241.208.77 - - [04/Nov/2025:15:03:17 -0500] "GET /wp-admin/css/index.php HTTP/1.1" 302 0 "http://melanatedminds.org/wp-admin/css/index.php" "Go-http-client/2.0"
185.241.208.77 - - [04/Nov/2025:15:03:18 -0500] "GET /wp-admin/css/ HTTP/1.1" 200 3301 "https://melanatedminds.org/wp-admin/css/index.php" "Go-http-client/2.0"
185.241.208.77 - - [04/Nov/2025:15:03:19 -0500] "GET /wp-content/plugins/index.php HTTP/1.1" 200 0 "http://melanatedminds.org/wp-content/plugins/index.php" "Go-http-client/2.0"
185.241.208.77 - - [04/Nov/2025:15:03:19 -0500] "GET /wp-content/index.php HTTP/1.1" 200 0 "http://melanatedminds.org/wp-content/index.php" "Go-http-client/2.0"
185.241.208.77 - - [04/Nov/2025:15:03:19 -0500] "GET /files.php HTTP/1.1" 200 17387 "http://melanatedminds.org/files.php#admin@3tu/T?TJ8v?N" "Go-http-client/2.0"
185.241.208.77 - - [04/Nov/2025:15:03:21 -0500] "GET /wp-editor.php HTTP/1.1" 200 17389 "http://melanatedminds.org/wp-editor.php#lufix" "Go-http-client/2.0"
198.54.116.184 - - [04/Nov/2025:15:04:14 -0500] "POST /wp-cron.php?doing_wp_cron=1762286654.7924239635467529296875 HTTP/1.1" 200 0 "-" "WordPress/6.8.3; https://melanatedminds.org"
198.54.116.184 - - [04/Nov/2025:15:04:16 -0500] "GET /wp-content/uploads/2023/02/Logo-Foter.png HTTP/1.0" 200 1766 "-" "-"
66.249.73.4 - - [04/Nov/2025:15:04:13 -0500] "GET /?e=7110277386701&channel=abbd80&from=news.php%3Fid%3D773867-2187%26name%3D%E4%BF%A1%E6%A5%BD%E7%84%BC%E3%81%8D%E3%81%8B%E3%81%95%E3%81%9F%E3%81%A6%E3%80%80%E5%B9%B8%E7%A6%8F%E3%83%95%E3%82%AF%E3%83%AD%E3%82%A6%E5%82%98%E7%AB%8B%E3%81%A6%E3%80%80%E9%99%B6%E5%99%A8%E3%81%8B%E3%81%95%E3%81%9F%E3%81%A6%E3%80%80%EF%BC%BBkt-0122%EF%BC%BD HTTP/1.1" 200 28749 "-" "Mozilla/5.0 (Linux; Android 6.0.1; Nexus 5X Build/MMB29P) AppleWebKit/537.36 (KHTML, like Gecko) Chrome/141.0.7390.122 Mobile Safari/537.36 (compatible; Googlebot/2.1; +http://www.google.com/bot.html)"
198.244.240.63 - - [04/Nov/2025:15:07:18 -0500] "GET /wp-includes/l10n.php HTTP/1.1" 200 0 "-" "Mozilla/5.0 (compatible; AhrefsBot/7.0; +http://ahrefs.com/robot/)"
85.208.96.200 - - [04/Nov/2025:15:13:40 -0500] "GET /wp-includes/sodium_compat/src/Core/Poly1305/error_log HTTP/1.1" 403 1242 "-" "Mozilla/5.0 (compatible; SemrushBot/7~bl; +http://www.semrush.com/bot.html)"
198.54.116.184 - - [04/Nov/2025:15:18:02 -0500] "POST /wp-cron.php?doing_wp_cron=1762287482.8070950508117675781250 HTTP/1.1" 200 0 "-" "WordPress/6.8.3; https://melanatedminds.org"
66.249.73.6 - - [04/Nov/2025:15:17:55 -0500] "GET /?e=2652133762208&channel=4064ba&from=form.php%3Fid%3D337622-179%26name%3D%E5%B2%A9%E9%99%84+%E5%B8%83%E5%9B%A3%E5%8F%8E%E7%B4%8D%E3%83%A9%E3%83%83%E3%82%AF+2%E6%AE%B5+%E5%A5%A5%E8%A1%8C%E6%B7%B1%E5%9E%8B+%E3%83%8E%E3%83%BC%E3%83%9E%E3%83%AB%E3%82%BF%E3%82%A4%E3%83%97+%E9%AB%98%E3%81%95%E8%AA%BF%E7%AF%80+%E3%82%AD%E3%83%A3%E3%82%B9%E3%82%BF%E3%83%BC%E4%BB%98%E3%81%8D+%E5%B8%83%E5%9B%A3%E3%83%A9%E3%83%83%E3%82%AF+%E5%B8%83%E5%9B%A3%E5%8F%8E HTTP/1.1" 302 2233 "-" "Mozilla/5.0 (Linux; Android 6.0.1; Nexus 5X Build/MMB29P) AppleWebKit/537.36 (KHTML, like Gecko) Chrome/141.0.7390.122 Mobile Safari/537.36 (compatible; Googlebot/2.1; +http://www.google.com/bot.html)"
198.54.116.184 - - [04/Nov/2025:15:18:07 -0500] "GET /wp-content/uploads/2023/02/Logo-Foter.png HTTP/1.0" 200 1766 "-" "-"
66.249.73.5 - - [04/Nov/2025:15:18:03 -0500] "GET /?e=2652133762208&channel=4064ba&from=form.php%3Fid%3D337622-179%26name%3D%E5%B2%A9%E9%99%84%20%E5%B8%83%E5%9B%A3%E5%8F%8E%E7%B4%8D%E3%83%A9%E3%83%83%E3%82%AF%202%E6%AE%B5%20%E5%A5%A5%E8%A1%8C%E6%B7%B1%E5%9E%8B%20%E3%83%8E%E3%83%BC%E3%83%9E%E3%83%AB%E3%82%BF%E3%82%A4%E3%83%97%20%E9%AB%98%E3%81%95%E8%AA%BF%E7%AF%80%20%E3%82%AD%E3%83%A3%E3%82%B9%E3%82%BF%E3%83%BC%E4%BB%98%E3%81%8D%20%E5%B8%83%E5%9B%A3%E3%83%A9%E3%83%83%E3%82%AF%20%E5%B8%83%E5%9B%A3%E5%8F%8E HTTP/1.1" 200 29150 "-" "Mozilla/5.0 (Linux; Android 6.0.1; Nexus 5X Build/MMB29P) AppleWebKit/537.36 (KHTML, like Gecko) Chrome/141.0.7390.122 Mobile Safari/537.36 (compatible; Googlebot/2.1; +http://www.google.com/bot.html)"
66.249.73.4 - - [04/Nov/2025:15:18:09 -0500] "GET /?e=13792157672000&channel=c9b2d8&from=jp.php%3Fid%3D1576720-466%26name%3D%E3%80%90USA%E5%9C%A8%E5%BA%AB%E3%81%82%E3%82%8A%E3%80%91+Koni+Sport+%28Yellow%29+Shock+03-07+Infiniti+G35+Coupe+and+Sedan+-+Rear+kon8241+1217Sport+HD%E5%BA%97 HTTP/1.1" 302 2634 "-" "Mozilla/5.0 (Linux; Android 6.0.1; Nexus 5X Build/MMB29P) AppleWebKit/537.36 (KHTML, like Gecko) Chrome/141.0.7390.122 Mobile Safari/537.36 (compatible; Googlebot/2.1; +http://www.google.com/bot.html)"
198.54.116.184 - - [04/Nov/2025:15:18:13 -0500] "GET /wp-content/uploads/2023/02/Logo-Foter.png HTTP/1.0" 200 1766 "-" "-"
66.249.73.4 - - [04/Nov/2025:15:18:11 -0500] "GET /?e=13792157672000&channel=c9b2d8&from=jp.php%3Fid%3D1576720-466%26name%3D%E3%80%90USA%E5%9C%A8%E5%BA%AB%E3%81%82%E3%82%8A%E3%80%91%20Koni%20Sport%20%28Yellow%29%20Shock%2003-07%20Infiniti%20G35%20Coupe%20and%20Sedan%20-%20Rear%20kon8241%201217Sport%20HD%E5%BA%97 HTTP/1.1" 200 28332 "-" "Mozilla/5.0 (Linux; Android 6.0.1; Nexus 5X Build/MMB29P) AppleWebKit/537.36 (KHTML, like Gecko) Chrome/141.0.7390.122 Mobile Safari/537.36 (compatible; Googlebot/2.1; +http://www.google.com/bot.html)"
198.54.116.184 - - [04/Nov/2025:15:19:42 -0500] "POST /wp-cron.php?doing_wp_cron=1762287582.8497340679168701171875 HTTP/1.1" 200 0 "-" "WordPress/6.8.3; https://melanatedminds.org"
66.249.73.5 - - [04/Nov/2025:15:19:37 -0500] "GET /?e=3552185730805&channel=f8dbe1&from=jp.php%3Fid%3D857308-494%26name%3D%E3%80%90%E5%AF%9D%E8%A3%85%E5%93%813%E7%82%B9%E3%82%BB%E3%83%83%E3%83%88%E3%80%91%E3%83%A9%E3%82%B0%E3%82%B8%E3%83%A5%E3%82%A2%E3%83%AA%E3%83%BCII%E3%80%80%E3%82%BB%E3%83%9F%E3%83%80%E3%83%96%E3%83%AB%E3%80%80%E3%83%96%E3%83%AB%E3%83%BC%EF%BC%8FIV+%28%E7%8E%84%E9%96%A2%E5%85%88%E3%81%8A%E6%B8%A1%E3%81%97%E5%95%86%E5%93%81%29 HTTP/1.1" 302 2573 "-" "Mozilla/5.0 (Linux; Android 6.0.1; Nexus 5X Build/MMB29P) AppleWebKit/537.36 (KHTML, like Gecko) Chrome/141.0.7390.122 Mobile Safari/537.36 (compatible; Googlebot/2.1; +http://www.google.com/bot.html)"
198.54.116.184 - - [04/Nov/2025:15:19:46 -0500] "GET /wp-content/uploads/2023/02/Logo-Foter.png HTTP/1.0" 200 1766 "-" "-"
66.249.73.5 - - [04/Nov/2025:15:19:43 -0500] "GET /?e=3552185730805&channel=f8dbe1&from=jp.php%3Fid%3D857308-494%26name%3D%E3%80%90%E5%AF%9D%E8%A3%85%E5%93%813%E7%82%B9%E3%82%BB%E3%83%83%E3%83%88%E3%80%91%E3%83%A9%E3%82%B0%E3%82%B8%E3%83%A5%E3%82%A2%E3%83%AA%E3%83%BCII%E3%80%80%E3%82%BB%E3%83%9F%E3%83%80%E3%83%96%E3%83%AB%E3%80%80%E3%83%96%E3%83%AB%E3%83%BC%EF%BC%8FIV%20%28%E7%8E%84%E9%96%A2%E5%85%88%E3%81%8A%E6%B8%A1%E3%81%97%E5%95%86%E5%93%81%29 HTTP/1.1" 200 29241 "-" "Mozilla/5.0 (Linux; Android 6.0.1; Nexus 5X Build/MMB29P) AppleWebKit/537.36 (KHTML, like Gecko) Chrome/141.0.7390.122 Mobile Safari/537.36 (compatible; Googlebot/2.1; +http://www.google.com/bot.html)"
198.54.116.184 - - [04/Nov/2025:15:21:08 -0500] "POST /wp-cron.php?doing_wp_cron=1762287668.6012830734252929687500 HTTP/1.1" 200 0 "-" "WordPress/6.8.3; https://melanatedminds.org"
66.249.73.5 - - [04/Nov/2025:15:21:07 -0500] "GET /?e=7962977999303&channel=0ccb52&from=article.php%3Fid%3D779993-438%26name%3D%E3%83%95%E3%83%AB%E3%82%A8%E3%82%AD%E3%82%BE%E3%83%BC%E3%82%B9%E3%83%88+Arrow+Race-tech+%E3%82%A2%E3%83%AB%E3%83%9F%E3%83%8B%E3%82%A6%E3%83%A0+KAWASAKI+VERSYS+1000+2021+-+2023+Full+Exhaust+Arrow+Race-tech+Aluminium+KAWASAKI+VERSYS+1000+2021+-+2023 HTTP/1.1" 302 2556 "-" "Mozilla/5.0 (Linux; Android 6.0.1; Nexus 5X Build/MMB29P) AppleWebKit/537.36 (KHTML, like Gecko) Chrome/141.0.7390.122 Mobile Safari/537.36 (compatible; Googlebot/2.1; +http://www.google.com/bot.html)"
198.54.116.184 - - [04/Nov/2025:15:21:12 -0500] "GET /wp-content/uploads/2023/02/Logo-Foter.png HTTP/1.0" 200 1766 "-" "-"
66.249.73.5 - - [04/Nov/2025:15:21:08 -0500] "GET /?e=7962977999303&channel=0ccb52&from=article.php%3Fid%3D779993-438%26name%3D%E3%83%95%E3%83%AB%E3%82%A8%E3%82%AD%E3%82%BE%E3%83%BC%E3%82%B9%E3%83%88%20Arrow%20Race-tech%20%E3%82%A2%E3%83%AB%E3%83%9F%E3%83%8B%E3%82%A6%E3%83%A0%20KAWASAKI%20VERSYS%201000%202021%20-%202023%20Full%20Exhaust%20Arrow%20Race-tech%20Aluminium%20KAWASAKI%20VERSYS%201000%202021%20-%202023 HTTP/1.1" 200 28881 "-" "Mozilla/5.0 (Linux; Android 6.0.1; Nexus 5X Build/MMB29P) AppleWebKit/537.36 (KHTML, like Gecko) Chrome/141.0.7390.122 Mobile Safari/537.36 (compatible; Googlebot/2.1; +http://www.google.com/bot.html)"
198.54.116.184 - - [04/Nov/2025:15:22:25 -0500] "POST /wp-cron.php?doing_wp_cron=1762287745.7948191165924072265625 HTTP/1.1" 200 0 "-" "WordPress/6.8.3; https://melanatedminds.org"
66.249.73.4 - - [04/Nov/2025:15:22:24 -0500] "GET /?e=78197181529407&channel=393307&from=form.php%3Fid%3D1815294-2857%26name%3D%E6%9C%AA%E4%BD%BF%E7%94%A8+Haffmans%26Neumeister+%E3%83%8F%E3%83%95%E3%83%9E%E3%83%B3%E3%82%B9%E3%82%A2%E3%83%B3%E3%83%89%E3%83%8E%E3%82%A4%E3%83%9E%E3%82%A4%E3%82%B9%E3%82%BF%E3%83%BC+%E3%83%A1%E3%82%AC%E3%83%8D%E3%83%95%E3%83%AC%E3%83%BC%E3%83%A0+Fuller+%E3%83%95%E3%83%A9%E3%83%BC%E3%83%89%E3%82%A4%E3%83%84%E8%A3%BD+424+%E3%82%B4%E3%83%BC%E3%83%AB%E3%83%89%2F%E3%83%8D%E3%82%A4%E3%83%93%E3%83%BC++50015140 HTTP/1.1" 302 2551 "-" "Mozilla/5.0 (Linux; Android 6.0.1; Nexus 5X Build/MMB29P) AppleWebKit/537.36 (KHTML, like Gecko) Chrome/141.0.7390.122 Mobile Safari/537.36 (compatible; Googlebot/2.1; +http://www.google.com/bot.html)"
198.54.116.184 - - [04/Nov/2025:15:22:29 -0500] "GET /wp-content/uploads/2023/02/Logo-Foter.png HTTP/1.0" 200 1766 "-" "-"
66.249.73.6 - - [04/Nov/2025:15:22:26 -0500] "GET /?e=78197181529407&channel=393307&from=form.php%3Fid%3D1815294-2857%26name%3D%E6%9C%AA%E4%BD%BF%E7%94%A8%20Haffmans%26Neumeister%20%E3%83%8F%E3%83%95%E3%83%9E%E3%83%B3%E3%82%B9%E3%82%A2%E3%83%B3%E3%83%89%E3%83%8E%E3%82%A4%E3%83%9E%E3%82%A4%E3%82%B9%E3%82%BF%E3%83%BC%20%E3%83%A1%E3%82%AC%E3%83%8D%E3%83%95%E3%83%AC%E3%83%BC%E3%83%A0%20Fuller%20%E3%83%95%E3%83%A9%E3%83%BC%E3%83%89%E3%82%A4%E3%83%84%E8%A3%BD%20424%20%E3%82%B4%E3%83%BC%E3%83%AB%E3%83%89%2F%E3%83%8D%E3%82%A4%E3%83%93%E3%83%BC%20%2050015140 HTTP/1.1" 200 28899 "-" "Mozilla/5.0 (Linux; Android 6.0.1; Nexus 5X Build/MMB29P) AppleWebKit/537.36 (KHTML, like Gecko) Chrome/141.0.7390.122 Mobile Safari/537.36 (compatible; Googlebot/2.1; +http://www.google.com/bot.html)"
198.54.116.184 - - [04/Nov/2025:15:23:24 -0500] "POST /wp-cron.php?doing_wp_cron=1762287804.2537190914154052734375 HTTP/1.1" 200 0 "-" "WordPress/6.8.3; https://melanatedminds.org"
185.191.171.12 - - [04/Nov/2025:15:23:23 -0500] "GET /robots.txt HTTP/1.1" 200 202 "-" "Mozilla/5.0 (compatible; SemrushBot/7~bl; +http://www.semrush.com/bot.html)"
85.208.96.211 - - [04/Nov/2025:15:23:24 -0500] "GET /wp-includes/Requests/src/Exception/Http/Status306.php HTTP/1.1" 500 0 "-" "Mozilla/5.0 (compatible; SemrushBot/7~bl; +http://www.semrush.com/bot.html)"
198.54.116.184 - - [04/Nov/2025:15:23:43 -0500] "POST /wp-cron.php?doing_wp_cron=1762287823.2162160873413085937500 HTTP/1.1" 200 0 "-" "WordPress/6.8.3; https://melanatedminds.org"
66.249.73.6 - - [04/Nov/2025:15:23:41 -0500] "GET /?e=1182288821604&channel=0ccb52&from=blog.php%3Fid%3D888216-438%26name%3D%E3%82%AF%E3%83%A9%E3%83%83%E3%83%81%E3%82%AB%E3%83%90%E3%83%BC+%E3%82%A6%E3%82%A7%E3%83%83%E3%83%88%E3%82%B7%E3%83%AB%E3%83%90%E3%83%BC+Ducabike+Ducati+%E3%82%B9%E3%83%BC%E3%83%91%E3%83%BC%E3%82%B9%E3%83%9D%E3%83%BC%E3%83%84+620+2003+-+2004+O12E+Clutch+Cover+Wet+Silver+Ducabike+For+Ducati+Supersport+620+2003+-+2004+O12E HTTP/1.1" 302 2546 "-" "Mozilla/5.0 (Linux; Android 6.0.1; Nexus 5X Build/MMB29P) AppleWebKit/537.36 (KHTML, like Gecko) Chrome/141.0.7390.122 Mobile Safari/537.36 (compatible; Googlebot/2.1; +http://www.google.com/bot.html)"
198.54.116.184 - - [04/Nov/2025:15:23:46 -0500] "GET /wp-content/uploads/2023/02/Logo-Foter.png HTTP/1.0" 200 1766 "-" "-"
66.249.73.6 - - [04/Nov/2025:15:23:43 -0500] "GET /?e=1182288821604&channel=0ccb52&from=blog.php%3Fid%3D888216-438%26name%3D%E3%82%AF%E3%83%A9%E3%83%83%E3%83%81%E3%82%AB%E3%83%90%E3%83%BC%20%E3%82%A6%E3%82%A7%E3%83%83%E3%83%88%E3%82%B7%E3%83%AB%E3%83%90%E3%83%BC%20Ducabike%20Ducati%20%E3%82%B9%E3%83%BC%E3%83%91%E3%83%BC%E3%82%B9%E3%83%9D%E3%83%BC%E3%83%84%20620%202003%20-%202004%20O12E%20Clutch%20Cover%20Wet%20Silver%20Ducabike%20For%20Ducati%20Supersport%20620%202003%20-%202004%20O12E HTTP/1.1" 200 28884 "-" "Mozilla/5.0 (Linux; Android 6.0.1; Nexus 5X Build/MMB29P) AppleWebKit/537.36 (KHTML, like Gecko) Chrome/141.0.7390.122 Mobile Safari/537.36 (compatible; Googlebot/2.1; +http://www.google.com/bot.html)"
66.249.73.6 - - [04/Nov/2025:15:25:03 -0500] "GET /wp-includes/js/jquery/ui/core.min.js?ver=1.13.3 HTTP/1.1" 200 6812 "https://melanatedminds.org/?e=78197181529407&channel=393307&from=form.php%3Fid%3D1815294-2857%26name%3D%E6%9C%AA%E4%BD%BF%E7%94%A8%20Haffmans%26Neumeister%20%E3%83%8F%E3%83%95%E3%83%9E%E3%83%B3%E3%82%B9%E3%82%A2%E3%83%B3%E3%83%89%E3%83%8E%E3%82%A4%E3%83%9E%E3%82%A4%E3%82%B9%E3%82%BF%E3%83%BC%20%E3%83%A1%E3%82%AC%E3%83%8D%E3%83%95%E3%83%AC%E3%83%BC%E3%83%A0%20Fuller%20%E3%83%95%E3%83%A9%E3%83%BC%E3%83%89%E3%82%A4%E3%83%84%E8%A3%BD%20424%20%E3%82%B4%E3%83%BC%E3%83%AB%E3%83%89%2F%E3%83%8D%E3%82%A4%E3%83%93%E3%83%BC%20%2050015140" "Mozilla/5.0 (Linux; Android 6.0.1; Nexus 5X Build/MMB29P) AppleWebKit/537.36 (KHTML, like Gecko) Chrome/141.0.7390.122 Mobile Safari/537.36 (compatible; Googlebot/2.1; +http://www.google.com/bot.html)"
185.191.171.12 - - [04/Nov/2025:15:25:07 -0500] "GET /wp-includes/sodium_compat/src/Core/Base64/UrlSafe.php HTTP/1.1" 200 0 "-" "Mozilla/5.0 (compatible; SemrushBot/7~bl; +http://www.semrush.com/bot.html)"
198.54.116.184 - - [04/Nov/2025:15:25:15 -0500] "POST /wp-cron.php?doing_wp_cron=1762287915.4945380687713623046875 HTTP/1.1" 200 0 "-" "WordPress/6.8.3; https://melanatedminds.org"
66.249.73.4 - - [04/Nov/2025:15:25:14 -0500] "GET /?e=68450148700711&channel=2f8396&from=shop.php%3Fid%3D1487007-2421%26name%3D%E3%83%A9%E3%82%A6%E3%83%B3%E3%83%89%E3%82%B9%E3%83%84%E3%83%BC%E3%83%AB+%E3%82%B9%E3%83%84%E3%83%BC%E3%83%AB+%E3%83%93%E3%83%BC%E3%82%BA%E3%82%AF%E3%83%83%E3%82%B7%E3%83%A7%E3%83%B3+%E3%82%AA%E3%83%83%E3%83%88%E3%83%9E%E3%83%B3+%E3%82%A4%E3%82%B9+%E8%85%B0%E6%8E%9B%E3%81%91+%E3%82%B7%E3%83%B3%E3%83%97%E3%83%AB+%E4%B8%B8%E3%82%B9%E3%83%84%E3%83%BC%E3%83%AB+%E4%B8%B8%E5%9E%8B+%E3%81%8A%E3%81%97%E3%82%83%E3%82%8C+%E8%BB%BD%E9%87%8F+%E5%8F%AF%E6%84%9B%E3%81%84+%E3%83%93%E3%83%BC%E3%82%BA%E3%82%B9%E3%83%84%E3%83%BC%E3%83%AB+%E3%82%B3%E3%83%83%E3%83%88%E3%83%B3 HTTP/1.1" 302 2618 "-" "Mozilla/5.0 (Linux; Android 6.0.1; Nexus 5X Build/MMB29P) AppleWebKit/537.36 (KHTML, like Gecko) Chrome/141.0.7390.122 Mobile Safari/537.36 (compatible; Googlebot/2.1; +http://www.google.com/bot.html)"
198.54.116.184 - - [04/Nov/2025:15:25:17 -0500] "GET /wp-content/uploads/2023/02/Logo-Foter.png HTTP/1.0" 200 1766 "-" "-"
66.249.73.4 - - [04/Nov/2025:15:25:15 -0500] "GET /?e=68450148700711&channel=2f8396&from=shop.php%3Fid%3D1487007-2421%26name%3D%E3%83%A9%E3%82%A6%E3%83%B3%E3%83%89%E3%82%B9%E3%83%84%E3%83%BC%E3%83%AB%20%E3%82%B9%E3%83%84%E3%83%BC%E3%83%AB%20%E3%83%93%E3%83%BC%E3%82%BA%E3%82%AF%E3%83%83%E3%82%B7%E3%83%A7%E3%83%B3%20%E3%82%AA%E3%83%83%E3%83%88%E3%83%9E%E3%83%B3%20%E3%82%A4%E3%82%B9%20%E8%85%B0%E6%8E%9B%E3%81%91%20%E3%82%B7%E3%83%B3%E3%83%97%E3%83%AB%20%E4%B8%B8%E3%82%B9%E3%83%84%E3%83%BC%E3%83%AB%20%E4%B8%B8%E5%9E%8B%20%E3%81%8A%E3%81%97%E3%82%83%E3%82%8C%20%E8%BB%BD%E9%87%8F%20%E5%8F%AF%E6%84%9B%E3%81%84%20%E3%83%93%E3%83%BC%E3%82%BA%E3%82%B9%E3%83%84%E3%83%BC%E3%83%AB%20%E3%82%B3%E3%83%83%E3%83%88%E3%83%B3 HTTP/1.1" 200 29397 "-" "Mozilla/5.0 (Linux; Android 6.0.1; Nexus 5X Build/MMB29P) AppleWebKit/537.36 (KHTML, like Gecko) Chrome/141.0.7390.122 Mobile Safari/537.36 (compatible; Googlebot/2.1; +http://www.google.com/bot.html)"
198.54.116.184 - - [04/Nov/2025:15:26:52 -0500] "POST /wp-cron.php?doing_wp_cron=1762288012.8960769176483154296875 HTTP/1.1" 200 0 "-" "WordPress/6.8.3; https://melanatedminds.org"
66.249.73.4 - - [04/Nov/2025:15:26:45 -0500] "GET /?e=6277193934811&channel=42c48a&from=category-info.php%3Fid%3D939348-2417%26name%3D%E3%83%99%E3%83%B3%E3%83%81+%E3%82%BD%E3%83%95%E3%82%A1+2%E4%BA%BA%E6%8E%9B%E3%81%91+%E3%82%A2%E3%83%BC%E3%83%A0%E3%83%AC%E3%82%B9+%E8%83%8C%E3%82%82%E3%81%9F%E3%82%8C%E3%81%AA%E3%81%97++%E3%81%8A%E3%81%97%E3%82%83%E3%82%8C+%E5%8C%97%E6%AC%A7+%E6%AD%A3%E6%96%B9%E5%BD%A2+%E3%83%99%E3%83%B3%E3%83%81%E3%82%BD%E3%83%95%E3%82%A1+%E3%83%99%E3%83%B3%E3%83%81%E3%82%B9%E3%83%84%E3%83%BC%E3%83%AB%E3%82%BD%E3%83%95%E3%82%A1%E3%83%BC+%E3%82%A2%E3%82%A4%E3%83%A9%E3%83%B3%E3%83%89+%E2%96%A1%EF%BC%88%E3%83%99%E3%83%B3%E3%83%81%E3%82%BD%E3%83%95%E3%82%A1+%E8%83%8C%E3%82%82%E3%81%9F%E3%82%8C%E3%81%AA%E3%81%97+%E6%97%A5%E6%9C%AC%E8%A3%BD+%E3%82%BD%E3%83%95%E3%82%A1%E3%83%BC+%E3%83%99%E3%83%B3%E3%83%81+%E3%83%AD%E3%83%93%E3%83%BC%E3%83%81%E3%82%A7%E3%82%A2+%E4%B8%89%E4%BA%BA%E6%8E%9B%E3%81%91+%E6%AD%A3%E6%96%B9%E5%BD%A2+Baggy+Cube+6%C3%976+%E3%83%A2%E3%82%B1%E3%83%83%E3%83%88+%E2%96%A1%E3%81%AE%E9%80%9A%E8%B2%A9%E3%81%AFau+PAY++%E3%83%9E%E3%83%BC%E3%82%B1%E3%83%83%E3%83%88+-+atom%E3%82%A4%E3%83%B3%E3%83%86%E3%83%AA%E3%82%A2+%7C+au+PAY+%E3%83%9E%E3%83%BC%E3%82%B1%E3%83%83%E3%83%88%EF%BC%8D%E9%80%9A%E8%B2%A9%E3%82%B5%E3%82%A4%E3%83%88%EF%BC%89 HTTP/1.1" 302 2628 "-" "Mozilla/5.0 (Linux; Android 6.0.1; Nexus 5X Build/MMB29P) AppleWebKit/537.36 (KHTML, like Gecko) Chrome/141.0.7390.122 Mobile Safari/537.36 (compatible; Googlebot/2.1; +http://www.google.com/bot.html)"
198.54.116.184 - - [04/Nov/2025:15:26:56 -0500] "GET /wp-content/uploads/2023/02/Logo-Foter.png HTTP/1.0" 200 1766 "-" "-"
66.249.73.4 - - [04/Nov/2025:15:26:53 -0500] "GET /?e=6277193934811&channel=42c48a&from=category-info.php%3Fid%3D939348-2417%26name%3D%E3%83%99%E3%83%B3%E3%83%81%20%E3%82%BD%E3%83%95%E3%82%A1%202%E4%BA%BA%E6%8E%9B%E3%81%91%20%E3%82%A2%E3%83%BC%E3%83%A0%E3%83%AC%E3%82%B9%20%E8%83%8C%E3%82%82%E3%81%9F%E3%82%8C%E3%81%AA%E3%81%97%20%20%E3%81%8A%E3%81%97%E3%82%83%E3%82%8C%20%E5%8C%97%E6%AC%A7%20%E6%AD%A3%E6%96%B9%E5%BD%A2%20%E3%83%99%E3%83%B3%E3%83%81%E3%82%BD%E3%83%95%E3%82%A1%20%E3%83%99%E3%83%B3%E3%83%81%E3%82%B9%E3%83%84%E3%83%BC%E3%83%AB%E3%82%BD%E3%83%95%E3%82%A1%E3%83%BC%20%E3%82%A2%E3%82%A4%E3%83%A9%E3%83%B3%E3%83%89%20%E2%96%A1%EF%BC%88%E3%83%99%E3%83%B3%E3%83%81%E3%82%BD%E3%83%95%E3%82%A1%20%E8%83%8C%E3%82%82%E3%81%9F%E3%82%8C%E3%81%AA%E3%81%97%20%E6%97%A5%E6%9C%AC%E8%A3%BD%20%E3%82%BD%E3%83%95%E3%82%A1%E3%83%BC%20%E3%83%99%E3%83%B3%E3%83%81%20%E3%83%AD%E3%83%93%E3%83%BC%E3%83%81%E3%82%A7%E3%82%A2%20%E4%B8%89%E4%BA%BA%E6%8E%9B%E3%81%91%20%E6%AD%A3%E6%96%B9%E5%BD%A2%20Baggy%20Cube%206%C3%976%20%E3%83%A2%E3%82%B1%E3%83%83%E3%83%88%20%E2%96%A1%E3%81%AE%E9%80%9A%E8%B2%A9%E3%81%AFau%20PAY%20%20%E3%83%9E%E3%83%BC%E3%82%B1%E3%83%83%E3%83%88%20-%20atom%E3%82%A4%E3%83%B3%E3%83%86%E3%83%AA%E3%82%A2%20%7C%20au%20PAY%20%E3%83%9E%E3%83%BC%E3%82%B1%E3%83%83%E3%83%88%EF%BC%8D%E9%80%9A%E8%B2%A9%E3%82%B5%E3%82%A4%E3%83%88%EF%BC%89 HTTP/1.1" 200 28692 "-" "Mozilla/5.0 (Linux; Android 6.0.1; Nexus 5X Build/MMB29P) AppleWebKit/537.36 (KHTML, like Gecko) Chrome/141.0.7390.122 Mobile Safari/537.36 (compatible; Googlebot/2.1; +http://www.google.com/bot.html)"
198.54.116.184 - - [04/Nov/2025:15:28:15 -0500] "POST /wp-cron.php?doing_wp_cron=1762288095.6778290271759033203125 HTTP/1.1" 200 0 "-" "WordPress/6.8.3; https://melanatedminds.org"
66.249.73.6 - - [04/Nov/2025:15:28:14 -0500] "GET /?e=9017226879204&channel=18328a&from=blog.php%3Fid%3D268792-318%26name%3D%E5%BE%8C%E8%97%A4%E5%AE%B6%E5%85%B7%E7%89%A9%E7%94%A3%E3%83%BB%E5%A4%A7%E5%B7%9D%E3%83%AA%E3%83%93%E3%83%B3%E3%82%B0%E6%9C%A8%E5%B7%A5%E7%A4%BE+%E3%82%AB%E3%82%A6%E3%83%81%E3%82%BD%E3%83%95%E3%82%A1%E3%83%BC%28%E3%83%96%E3%83%AB%E3%83%BC%29+%28%E4%BB%96%E5%95%86%E5%93%81%E3%81%A8%E3%81%AE%E5%90%8C%E6%99%82%E8%B3%BC%E5%85%A5%E4%B8%8D%E5%8F%AF%29%E3%83%A1%E3%83%BC%E3%82%AB%E3%83%BC%E7%9B%B4%E9%80%81%E5%93%81%28%E5%8C%97%E6%B5%B7%E9%81%93%E3%83%BB%E6%B2%96%E7%B8%84%E7%9C%8C%E3%83%BB%E9%9B%A2%E5%B3%B6%E3%81%AF%E3%81%8A%E5%B1%8A%E5%AF%BE%E8%B1%A1%E5%A4%96%29+SO-21-BL+%E8%BF%94%E5%93%81%E7%A8%AE%E5%88%A5A HTTP/1.1" 302 2631 "-" "Mozilla/5.0 (Linux; Android 6.0.1; Nexus 5X Build/MMB29P) AppleWebKit/537.36 (KHTML, like Gecko) Chrome/141.0.7390.122 Mobile Safari/537.36 (compatible; Googlebot/2.1; +http://www.google.com/bot.html)"
198.54.116.184 - - [04/Nov/2025:15:28:19 -0500] "GET /wp-content/uploads/2023/02/Logo-Foter.png HTTP/1.0" 200 1766 "-" "-"
66.249.73.6 - - [04/Nov/2025:15:28:16 -0500] "GET /?e=9017226879204&channel=18328a&from=blog.php%3Fid%3D268792-318%26name%3D%E5%BE%8C%E8%97%A4%E5%AE%B6%E5%85%B7%E7%89%A9%E7%94%A3%E3%83%BB%E5%A4%A7%E5%B7%9D%E3%83%AA%E3%83%93%E3%83%B3%E3%82%B0%E6%9C%A8%E5%B7%A5%E7%A4%BE%20%E3%82%AB%E3%82%A6%E3%83%81%E3%82%BD%E3%83%95%E3%82%A1%E3%83%BC%28%E3%83%96%E3%83%AB%E3%83%BC%29%20%28%E4%BB%96%E5%95%86%E5%93%81%E3%81%A8%E3%81%AE%E5%90%8C%E6%99%82%E8%B3%BC%E5%85%A5%E4%B8%8D%E5%8F%AF%29%E3%83%A1%E3%83%BC%E3%82%AB%E3%83%BC%E7%9B%B4%E9%80%81%E5%93%81%28%E5%8C%97%E6%B5%B7%E9%81%93%E3%83%BB%E6%B2%96%E7%B8%84%E7%9C%8C%E3%83%BB%E9%9B%A2%E5%B3%B6%E3%81%AF%E3%81%8A%E5%B1%8A%E5%AF%BE%E8%B1%A1%E5%A4%96%29%20SO-21-BL%20%E8%BF%94%E5%93%81%E7%A8%AE%E5%88%A5A HTTP/1.1" 200 28520 "-" "Mozilla/5.0 (Linux; Android 6.0.1; Nexus 5X Build/MMB29P) AppleWebKit/537.36 (KHTML, like Gecko) Chrome/141.0.7390.122 Mobile Safari/537.36 (compatible; Googlebot/2.1; +http://www.google.com/bot.html)"
198.54.116.184 - - [04/Nov/2025:15:29:25 -0500] "POST /wp-cron.php?doing_wp_cron=1762288165.2694211006164550781250 HTTP/1.1" 200 0 "-" "WordPress/6.8.3; https://melanatedminds.org"
66.249.73.6 - - [04/Nov/2025:15:29:23 -0500] "GET /?e=30921169688205&channel=8c33f4&from=product.php%3Fid%3D1696882-2751%26name%3D%E3%80%90%E4%B8%AD%E5%8F%A4%E3%80%91%E3%82%A2%E3%83%AC%E3%82%AD%E3%82%B5%E3%83%B3%E3%83%80%E3%83%BC%E3%83%AA%E3%83%BC%E3%83%81%E3%83%A3%E3%83%B3+AlexanderLeeChang+wagamama%E5%88%A5%E6%B3%A8+%E3%83%9D%E3%83%AA%E3%82%A8%E3%82%B9%E3%83%86%E3%83%AB+%E3%82%BB%E3%83%83%E3%83%88%E3%82%A2%E3%83%83%E3%83%97++%E3%83%96%E3%83%A9%E3%83%83%E3%82%AF%E7%B3%BB%E3%80%90%E3%82%B5%E3%82%A4%E3%82%BA3%E3%80%91%5BEPD%5D HTTP/1.1" 302 2315 "-" "Mozilla/5.0 (Linux; Android 6.0.1; Nexus 5X Build/MMB29P) AppleWebKit/537.36 (KHTML, like Gecko) Chrome/141.0.7390.122 Mobile Safari/537.36 (compatible; Googlebot/2.1; +http://www.google.com/bot.html)"
198.54.116.184 - - [04/Nov/2025:15:29:28 -0500] "GET /wp-content/uploads/2023/02/Logo-Foter.png HTTP/1.0" 200 1766 "-" "-"
66.249.73.4 - - [04/Nov/2025:15:29:25 -0500] "GET /?e=30921169688205&channel=8c33f4&from=product.php%3Fid%3D1696882-2751%26name%3D%E3%80%90%E4%B8%AD%E5%8F%A4%E3%80%91%E3%82%A2%E3%83%AC%E3%82%AD%E3%82%B5%E3%83%B3%E3%83%80%E3%83%BC%E3%83%AA%E3%83%BC%E3%83%81%E3%83%A3%E3%83%B3%20AlexanderLeeChang%20wagamama%E5%88%A5%E6%B3%A8%20%E3%83%9D%E3%83%AA%E3%82%A8%E3%82%B9%E3%83%86%E3%83%AB%20%E3%82%BB%E3%83%83%E3%83%88%E3%82%A2%E3%83%83%E3%83%97%20%20%E3%83%96%E3%83%A9%E3%83%83%E3%82%AF%E7%B3%BB%E3%80%90%E3%82%B5%E3%82%A4%E3%82%BA3%E3%80%91%5BEPD%5D HTTP/1.1" 200 28746 "-" "Mozilla/5.0 (Linux; Android 6.0.1; Nexus 5X Build/MMB29P) AppleWebKit/537.36 (KHTML, like Gecko) Chrome/141.0.7390.122 Mobile Safari/537.36 (compatible; Googlebot/2.1; +http://www.google.com/bot.html)"
198.54.116.184 - - [04/Nov/2025:15:31:09 -0500] "POST /wp-cron.php?doing_wp_cron=1762288269.7331960201263427734375 HTTP/1.1" 200 0 "-" "WordPress/6.8.3; https://melanatedminds.org"
66.249.73.5 - - [04/Nov/2025:15:31:03 -0500] "GET /?e=11921194687604&channel=7323f0&from=shop.php%3Fid%3D1946876-2897%26name%3D%E3%80%90%E4%B8%AD%E5%8F%A4%E3%80%91%E4%B8%AD%E5%8F%A4%E9%83%A8%E5%93%81+%E3%83%AB%E3%83%BC%E3%82%AF%E3%82%B9+B48A+%E5%B7%A6%EF%BE%8C%EF%BE%9B%EF%BE%9D%EF%BE%84%EF%BE%9B%EF%BD%B1%EF%BD%B1%EF%BD%B0%EF%BE%91+%E3%80%903330990200-000025008651740%E3%80%91 HTTP/1.1" 302 2271 "-" "Mozilla/5.0 (Linux; Android 6.0.1; Nexus 5X Build/MMB29P) AppleWebKit/537.36 (KHTML, like Gecko) Chrome/141.0.7390.122 Mobile Safari/537.36 (compatible; Googlebot/2.1; +http://www.google.com/bot.html)"
198.54.116.184 - - [04/Nov/2025:15:31:12 -0500] "GET /wp-content/uploads/2023/02/Logo-Foter.png HTTP/1.0" 200 1766 "-" "-"
66.249.73.5 - - [04/Nov/2025:15:31:09 -0500] "GET /?e=11921194687604&channel=7323f0&from=shop.php%3Fid%3D1946876-2897%26name%3D%E3%80%90%E4%B8%AD%E5%8F%A4%E3%80%91%E4%B8%AD%E5%8F%A4%E9%83%A8%E5%93%81%20%E3%83%AB%E3%83%BC%E3%82%AF%E3%82%B9%20B48A%20%E5%B7%A6%EF%BE%8C%EF%BE%9B%EF%BE%9D%EF%BE%84%EF%BE%9B%EF%BD%B1%EF%BD%B1%EF%BD%B0%EF%BE%91%20%E3%80%903330990200-000025008651740%E3%80%91 HTTP/1.1" 200 29009 "-" "Mozilla/5.0 (Linux; Android 6.0.1; Nexus 5X Build/MMB29P) AppleWebKit/537.36 (KHTML, like Gecko) Chrome/141.0.7390.122 Mobile Safari/537.36 (compatible; Googlebot/2.1; +http://www.google.com/bot.html)"
198.54.116.184 - - [04/Nov/2025:15:32:17 -0500] "POST /wp-cron.php?doing_wp_cron=1762288337.2338039875030517578125 HTTP/1.1" 200 0 "-" "WordPress/6.8.3; https://melanatedminds.org"
66.249.73.4 - - [04/Nov/2025:15:32:16 -0500] "GET /?e=02118195210102&channel=bd8a96&from=product.php%3Fid%3D1952101-2624%26name%3D%E3%83%99%E3%83%93%E3%83%BC%E3%83%93%E3%83%A7%E3%83%AB%E3%83%B3+%E3%83%99%E3%83%93%E3%83%BC%E3%82%AD%E3%83%A3%E3%83%AA%E3%82%A2+ONE+KAI+Air+%E3%82%B7%E3%83%AB%E3%83%90%E3%83%BC HTTP/1.1" 302 2389 "-" "Mozilla/5.0 (Linux; Android 6.0.1; Nexus 5X Build/MMB29P) AppleWebKit/537.36 (KHTML, like Gecko) Chrome/141.0.7390.122 Mobile Safari/537.36 (compatible; Googlebot/2.1; +http://www.google.com/bot.html)"
198.54.116.184 - - [04/Nov/2025:15:32:20 -0500] "GET /wp-content/uploads/2023/02/Logo-Foter.png HTTP/1.0" 200 1766 "-" "-"
66.249.73.4 - - [04/Nov/2025:15:32:17 -0500] "GET /?e=02118195210102&channel=bd8a96&from=product.php%3Fid%3D1952101-2624%26name%3D%E3%83%99%E3%83%93%E3%83%BC%E3%83%93%E3%83%A7%E3%83%AB%E3%83%B3%20%E3%83%99%E3%83%93%E3%83%BC%E3%82%AD%E3%83%A3%E3%83%AA%E3%82%A2%20ONE%20KAI%20Air%20%E3%82%B7%E3%83%AB%E3%83%90%E3%83%BC HTTP/1.1" 200 28546 "-" "Mozilla/5.0 (Linux; Android 6.0.1; Nexus 5X Build/MMB29P) AppleWebKit/537.36 (KHTML, like Gecko) Chrome/141.0.7390.122 Mobile Safari/537.36 (compatible; Googlebot/2.1; +http://www.google.com/bot.html)"
198.54.116.184 - - [04/Nov/2025:15:33:30 -0500] "POST /wp-cron.php?doing_wp_cron=1762288410.0122480392456054687500 HTTP/1.1" 200 0 "-" "WordPress/6.8.3; https://melanatedminds.org"
176.115.145.135 - - [04/Nov/2025:15:33:29 -0500] "GET /wp-content/plugins/WordPressCore/include.php HTTP/1.1" 200 81603 "-" "Mozilla/5.0 (Windows NT 10.0; Win64; x64) AppleWebKit/537.36"
198.54.116.184 - - [04/Nov/2025:15:33:52 -0500] "POST /wp-cron.php?doing_wp_cron=1762288432.9496150016784667968750 HTTP/1.1" 200 0 "-" "WordPress/6.8.3; https://melanatedminds.org"
66.249.73.5 - - [04/Nov/2025:15:33:51 -0500] "GET /?e=2526012859208&channel=dd4d7d&from=news.php%3Fid%3D128592-500%26name%3D%E3%81%8A%E6%B4%92%E8%90%BD%E3%81%AA%E8%8A%B1%E6%9F%84%E9%AB%98%E7%B4%9A%E5%B8%83%E5%9B%A3%E3%82%AB%E3%83%90%E3%83%BC%EF%BC%93%E7%82%B9%E3%82%BB%E3%83%83%E3%83%88%28%E3%82%B7%E3%83%B3%E3%82%B0%E3%83%AB%29+Bella31+%28%E3%83%99%E3%83%83%E3%83%89%E3%83%AA%E3%83%8D%E3%83%B3%2F%E3%82%B7%E3%83%BC%E3%83%84%2F%E6%8E%9B%E3%81%91%E5%B8%83%E5%9B%A3%E3%82%AB%E3%83%90%E3%83%BC%2F%E3%83%9C%E3%83%83%E3%82%AF%E3%82%B9%E3%82%B7%E3%83%BC%E3%83%84%2F%E3%83%94%E3%83%AD%E3%82%B1%E3%83%BC%E3%82%B9%2F%E6%9E%95%E3%82%AB%E3%83%90%E3%83%BC%29 HTTP/1.1" 302 2673 "-" "Mozilla/5.0 (Linux; Android 6.0.1; Nexus 5X Build/MMB29P) AppleWebKit/537.36 (KHTML, like Gecko) Chrome/141.0.7390.122 Mobile Safari/537.36 (compatible; Googlebot/2.1; +http://www.google.com/bot.html)"
198.54.116.184 - - [04/Nov/2025:15:33:56 -0500] "GET /wp-content/uploads/2023/02/Logo-Foter.png HTTP/1.0" 200 1766 "-" "-"
66.249.73.5 - - [04/Nov/2025:15:33:53 -0500] "GET /?e=2526012859208&channel=dd4d7d&from=news.php%3Fid%3D128592-500%26name%3D%E3%81%8A%E6%B4%92%E8%90%BD%E3%81%AA%E8%8A%B1%E6%9F%84%E9%AB%98%E7%B4%9A%E5%B8%83%E5%9B%A3%E3%82%AB%E3%83%90%E3%83%BC%EF%BC%93%E7%82%B9%E3%82%BB%E3%83%83%E3%83%88%28%E3%82%B7%E3%83%B3%E3%82%B0%E3%83%AB%29%20Bella31%20%28%E3%83%99%E3%83%83%E3%83%89%E3%83%AA%E3%83%8D%E3%83%B3%2F%E3%82%B7%E3%83%BC%E3%83%84%2F%E6%8E%9B%E3%81%91%E5%B8%83%E5%9B%A3%E3%82%AB%E3%83%90%E3%83%BC%2F%E3%83%9C%E3%83%83%E3%82%AF%E3%82%B9%E3%82%B7%E3%83%BC%E3%83%84%2F%E3%83%94%E3%83%AD%E3%82%B1%E3%83%BC%E3%82%B9%2F%E6%9E%95%E3%82%AB%E3%83%90%E3%83%BC%29 HTTP/1.1" 200 28965 "-" "Mozilla/5.0 (Linux; Android 6.0.1; Nexus 5X Build/MMB29P) AppleWebKit/537.36 (KHTML, like Gecko) Chrome/141.0.7390.122 Mobile Safari/537.36 (compatible; Googlebot/2.1; +http://www.google.com/bot.html)"
185.213.213.8 - - [04/Nov/2025:15:34:20 -0500] "GET /wp-content/plugins/WordPressCore/include.php HTTP/1.1" 200 81603 "-" "Mozilla/5.0 (Windows NT 10.0; Win64; x64) AppleWebKit/537.36"
198.54.116.184 - - [04/Nov/2025:15:35:00 -0500] "POST /wp-cron.php?doing_wp_cron=1762288499.9602730274200439453125 HTTP/1.1" 200 0 "-" "WordPress/6.8.3; https://melanatedminds.org"
62.122.209.6 - - [04/Nov/2025:15:34:58 -0500] "GET /wp-content/plugins/WordPressCore/include.php HTTP/1.1" 200 81603 "-" "Mozilla/5.0 (X11; CrOS x86_64 14541.0.0) AppleWebKit/537.36 (KHTML, like Gecko) Chrome/139.0.0.0 Safari/537.36"
66.249.73.4 - - [04/Nov/2025:15:35:01 -0500] "GET /?e=30087172139402&channel=71534d&from=pin.php%3Fid%3D1721394-2744%26name%3DCalvin+Klein+%E3%83%AA%E3%83%90%E3%83%BC%E3%82%B7%E3%83%96%E3%83%AB+%E3%82%AD%E3%83%AB%E3%83%86%E3%82%A3%E3%83%B3%E3%82%B0+%E3%82%B8%E3%83%A3%E3%82%B1%E3%83%83%E3%83%88+%E3%82%AB%E3%83%BC%E3%82%AD+x+%E3%83%8D%E3%82%A4%E3%83%93%E3%83%BC+%E3%82%AB%E3%83%AB%E3%83%90%E3%83%B3%E3%82%AF%E3%83%A9%E3%82%A4%E3%83%B3+%E3%83%A1%E3%83%B3%E3%82%BA+%E3%83%AC%E3%83%87%E3%82%A3%E3%83%BC%E3%82%B9+%E4%B8%AD%E7%B6%BFJacket+CK HTTP/1.1" 302 2509 "-" "Mozilla/5.0 (Linux; Android 6.0.1; Nexus 5X Build/MMB29P) AppleWebKit/537.36 (KHTML, like Gecko) Chrome/141.0.7390.122 Mobile Safari/537.36 (compatible; Googlebot/2.1; +http://www.google.com/bot.html)"
198.54.116.184 - - [04/Nov/2025:15:35:05 -0500] "GET /wp-content/uploads/2023/02/Logo-Foter.png HTTP/1.0" 200 1766 "-" "-"
66.249.73.5 - - [04/Nov/2025:15:35:02 -0500] "GET /?e=30087172139402&channel=71534d&from=pin.php%3Fid%3D1721394-2744%26name%3DCalvin%20Klein%20%E3%83%AA%E3%83%90%E3%83%BC%E3%82%B7%E3%83%96%E3%83%AB%20%E3%82%AD%E3%83%AB%E3%83%86%E3%82%A3%E3%83%B3%E3%82%B0%20%E3%82%B8%E3%83%A3%E3%82%B1%E3%83%83%E3%83%88%20%E3%82%AB%E3%83%BC%E3%82%AD%20x%20%E3%83%8D%E3%82%A4%E3%83%93%E3%83%BC%20%E3%82%AB%E3%83%AB%E3%83%90%E3%83%B3%E3%82%AF%E3%83%A9%E3%82%A4%E3%83%B3%20%E3%83%A1%E3%83%B3%E3%82%BA%20%E3%83%AC%E3%83%87%E3%82%A3%E3%83%BC%E3%82%B9%20%E4%B8%AD%E7%B6%BFJacket%20CK HTTP/1.1" 200 29164 "-" "Mozilla/5.0 (Linux; Android 6.0.1; Nexus 5X Build/MMB29P) AppleWebKit/537.36 (KHTML, like Gecko) Chrome/141.0.7390.122 Mobile Safari/537.36 (compatible; Googlebot/2.1; +http://www.google.com/bot.html)"
149.248.45.178 - - [04/Nov/2025:15:35:09 -0500] "POST /wp-login.php HTTP/1.1" 503 7753 "-" "Mozilla/5.0 (Windows NT 10.0; Win64; x64; rv:40.0) Gecko/20100101 Firefox/40.0"
85.208.96.206 - - [04/Nov/2025:15:38:25 -0500] "GET /wp-includes/Requests/src/Exception/Http/StatusUnknown.php HTTP/1.1" 500 0 "-" "Mozilla/5.0 (compatible; SemrushBot/7~bl; +http://www.semrush.com/bot.html)"
40.77.167.77 - - [04/Nov/2025:15:44:09 -0500] "GET /c08c/%E0%B9%80%E0%B8%A7%E0%B9%87%E0%B8%9A%E0%B8%AA%E0%B8%A5%E0%B9%87%E0%B8%AD%E0%B8%95-%E0%B8%95%E0%B8%A3%E0%B8%87%E0%B8%88%E0%B8%B2%E0%B8%81%E0%B8%95%E0%B9%88%E0%B8%B2%E0%B8%87%E0%B8%9B%E0%B8%A3%E0%B8%B0%E0%B9%80%E0%B8%97%E0%B8%A8 HTTP/1.1" 200 20700 "-" "Mozilla/5.0 AppleWebKit/537.36 (KHTML, like Gecko; compatible; bingbot/2.0; +http://www.bing.com/bingbot.htm) Chrome/116.0.1938.76 Safari/537.36"
85.208.96.195 - - [04/Nov/2025:15:45:19 -0500] "GET /wp-includes/sodium_compat/src/Core32/ChaCha20/Ctx.php HTTP/1.1" 500 0 "-" "Mozilla/5.0 (compatible; SemrushBot/7~bl; +http://www.semrush.com/bot.html)"
85.208.96.194 - - [04/Nov/2025:15:45:31 -0500] "GET /wp-includes/sodium_compat/src/Core/AES/Expanded.php HTTP/1.1" 500 0 "-" "Mozilla/5.0 (compatible; SemrushBot/7~bl; +http://www.semrush.com/bot.html)"
198.54.116.184 - - [04/Nov/2025:15:49:23 -0500] "POST /wp-cron.php?doing_wp_cron=1762289363.2008750438690185546875 HTTP/1.1" 200 0 "-" "WordPress/6.8.3; https://melanatedminds.org"
66.249.73.4 - - [04/Nov/2025:15:49:15 -0500] "GET /?e=9291344233003&channel=ff8e27&from=blog.php%3Fid%3D442330-347%26name%3D%28%E5%8F%96%E5%AF%84%29+%E3%82%A2%E3%82%B9%E3%83%AC%E3%83%81%E3%83%83%E3%82%AF+%E3%83%97%E3%83%AD%E3%83%91%E3%83%AB%E3%82%B8%E3%83%A7%E3%83%B3+%E3%83%A9%E3%83%9C+%E3%83%AC%E3%83%87%E3%82%A3%E3%83%BC%E3%82%B9+%E3%83%86%E3%82%AF%E3%83%AD%E3%83%A0+%E3%83%89%E3%83%AA%E3%83%BC%E3%83%A0+Athletic+Propulsion+Labs+%28APL%29+women+Techloom+Dream+Creme%2FRose+Dust%2FBurgundy HTTP/1.1" 302 2852 "-" "Mozilla/5.0 (Linux; Android 6.0.1; Nexus 5X Build/MMB29P) AppleWebKit/537.36 (KHTML, like Gecko) Chrome/141.0.7390.122 Mobile Safari/537.36 (compatible; Googlebot/2.1; +http://www.google.com/bot.html)"
198.54.116.184 - - [04/Nov/2025:15:49:28 -0500] "GET /wp-content/uploads/2023/02/Logo-Foter.png HTTP/1.0" 200 1766 "-" "-"
66.249.73.5 - - [04/Nov/2025:15:49:23 -0500] "GET /?e=9291344233003&channel=ff8e27&from=blog.php%3Fid%3D442330-347%26name%3D%28%E5%8F%96%E5%AF%84%29%20%E3%82%A2%E3%82%B9%E3%83%AC%E3%83%81%E3%83%83%E3%82%AF%20%E3%83%97%E3%83%AD%E3%83%91%E3%83%AB%E3%82%B8%E3%83%A7%E3%83%B3%20%E3%83%A9%E3%83%9C%20%E3%83%AC%E3%83%87%E3%82%A3%E3%83%BC%E3%82%B9%20%E3%83%86%E3%82%AF%E3%83%AD%E3%83%A0%20%E3%83%89%E3%83%AA%E3%83%BC%E3%83%A0%20Athletic%20Propulsion%20Labs%20%28APL%29%20women%20Techloom%20Dream%20Creme%2FRose%20Dust%2FBurgundy HTTP/1.1" 200 28778 "-" "Mozilla/5.0 (Linux; Android 6.0.1; Nexus 5X Build/MMB29P) AppleWebKit/537.36 (KHTML, like Gecko) Chrome/141.0.7390.122 Mobile Safari/537.36 (compatible; Googlebot/2.1; +http://www.google.com/bot.html)"
198.54.116.184 - - [04/Nov/2025:15:49:41 -0500] "POST /wp-cron.php?doing_wp_cron=1762289381.8994960784912109375000 HTTP/1.1" 200 0 "-" "WordPress/6.8.3; https://melanatedminds.org"
66.249.73.4 - - [04/Nov/2025:15:49:41 -0500] "GET /?e=711738270804&channel=a9c31f&from=brands.php%3Fid%3D82708-220%26name%3DCartier+%E3%82%AB%E3%83%AB%E3%83%86%E3%82%A3%E3%82%A8+%E3%82%BF%E3%83%B3%E3%82%AF%E3%82%BD%E3%83%AD++%E3%82%BF%E3%83%B3%E3%82%AF+%E3%83%9E%E3%82%B9%E3%83%88++%E3%83%AC%E3%83%87%E3%82%A3%E3%83%BC%E3%82%B9+%E3%83%A1%E3%83%B3%E3%82%BA HTTP/1.1" 302 2523 "-" "Mozilla/5.0 (Linux; Android 6.0.1; Nexus 5X Build/MMB29P) AppleWebKit/537.36 (KHTML, like Gecko) Chrome/141.0.7390.122 Mobile Safari/537.36 (compatible; Googlebot/2.1; +http://www.google.com/bot.html)"
198.54.116.184 - - [04/Nov/2025:15:49:44 -0500] "GET /wp-content/uploads/2023/02/Logo-Foter.png HTTP/1.0" 200 1766 "-" "-"
66.249.73.4 - - [04/Nov/2025:15:49:42 -0500] "GET /?e=711738270804&channel=a9c31f&from=brands.php%3Fid%3D82708-220%26name%3DCartier%20%E3%82%AB%E3%83%AB%E3%83%86%E3%82%A3%E3%82%A8%20%E3%82%BF%E3%83%B3%E3%82%AF%E3%82%BD%E3%83%AD%20%20%E3%82%BF%E3%83%B3%E3%82%AF%20%E3%83%9E%E3%82%B9%E3%83%88%20%20%E3%83%AC%E3%83%87%E3%82%A3%E3%83%BC%E3%82%B9%20%E3%83%A1%E3%83%B3%E3%82%BA HTTP/1.1" 200 28793 "-" "Mozilla/5.0 (Linux; Android 6.0.1; Nexus 5X Build/MMB29P) AppleWebKit/537.36 (KHTML, like Gecko) Chrome/141.0.7390.122 Mobile Safari/537.36 (compatible; Googlebot/2.1; +http://www.google.com/bot.html)"
85.208.96.194 - - [04/Nov/2025:15:49:53 -0500] "GET /wp-includes/SimplePie/library/SimplePie/Cache/Memcache.php HTTP/1.1" 200 0 "-" "Mozilla/5.0 (compatible; SemrushBot/7~bl; +http://www.semrush.com/bot.html)"
40.77.167.116 - - [04/Nov/2025:15:51:22 -0500] "GET /8c2c/%E0%B9%82%E0%B8%9B%E0%B8%A3%E0%B9%81%E0%B8%81%E0%B8%A3%E0%B8%A1-%E0%B8%9F%E0%B8%B8%E0%B8%95%E0%B8%9A%E0%B8%AD%E0%B8%A5-%E0%B8%A2%E0%B8%B9-%E0%B8%9F%E0%B9%88%E0%B8%B2-%E0%B9%81%E0%B8%8A%E0%B8%A1%E0%B8%9B%E0%B9%8C-%E0%B9%80%E0%B8%9B%E0%B8%B5%E0%B8%A2-%E0%B8%99-%E0%B8%A5%E0%B8%B5%E0%B8%81 HTTP/1.1" 200 20680 "-" "Mozilla/5.0 AppleWebKit/537.36 (KHTML, like Gecko; compatible; bingbot/2.0; +http://www.bing.com/bingbot.htm) Chrome/116.0.1938.76 Safari/537.36"
198.54.116.184 - - [04/Nov/2025:15:52:20 -0500] "POST /wp-cron.php?doing_wp_cron=1762289540.0325920581817626953125 HTTP/1.1" 200 0 "-" "WordPress/6.8.3; https://melanatedminds.org"
66.249.73.4 - - [04/Nov/2025:15:52:14 -0500] "GET /?e=0401010001707&channel=f23bec&from=jp.php%3Fid%3D100017-362%26name%3D%E3%80%90+%E3%81%BE%E3%81%A8%E3%82%81%E8%B2%B7%E3%81%84+%C3%9717%E5%80%8B%E3%82%BB%E3%83%83%E3%83%88+%E3%80%91+%E3%80%8C+%E3%82%A8%E3%82%B3%E3%82%AE%E3%82%A2+Ecogear+%E3%83%AF%E3%83%BC%E3%83%A0+%E3%82%B0%E3%83%A9%E3%82%B9%E3%83%9F%E3%83%8E%E3%83%BC+M2-1%2F2%E3%82%A4%E3%83%B3%E3%83%81+%23228+%E3%80%8D+%E3%80%90+%E6%A5%BD%E5%A4%A9+%E6%9C%88%E9%96%93MVP+%26+%E6%9C%88%E9%96%93%E5%84%AA%E8%89%AF%E3%82%B7%E3%83%A7%E3%83%83%E3%83%97+%E3%83%80%E3%83%96%E3%83%AB%E5%8F%97%E8%B3%9E%E5%BA%97+%E3%80%91+%E9%87%A3%E5%85%B7+%E9%87%A3%E3%82%8A%E5%85%B7+%E9%87%A3%E3%82%8A%E7%94%A8%E5%93%81 HTTP/1.1" 302 3039 "-" "Mozilla/5.0 (Linux; Android 6.0.1; Nexus 5X Build/MMB29P) AppleWebKit/537.36 (KHTML, like Gecko) Chrome/141.0.7390.122 Mobile Safari/537.36 (compatible; Googlebot/2.1; +http://www.google.com/bot.html)"
198.54.116.184 - - [04/Nov/2025:15:52:24 -0500] "GET /wp-content/uploads/2023/02/Logo-Foter.png HTTP/1.0" 200 1766 "-" "-"
66.249.73.5 - - [04/Nov/2025:15:52:20 -0500] "GET /?e=0401010001707&channel=f23bec&from=jp.php%3Fid%3D100017-362%26name%3D%E3%80%90%20%E3%81%BE%E3%81%A8%E3%82%81%E8%B2%B7%E3%81%84%20%C3%9717%E5%80%8B%E3%82%BB%E3%83%83%E3%83%88%20%E3%80%91%20%E3%80%8C%20%E3%82%A8%E3%82%B3%E3%82%AE%E3%82%A2%20Ecogear%20%E3%83%AF%E3%83%BC%E3%83%A0%20%E3%82%B0%E3%83%A9%E3%82%B9%E3%83%9F%E3%83%8E%E3%83%BC%20M2-1%2F2%E3%82%A4%E3%83%B3%E3%83%81%20%23228%20%E3%80%8D%20%E3%80%90%20%E6%A5%BD%E5%A4%A9%20%E6%9C%88%E9%96%93MVP%20%26%20%E6%9C%88%E9%96%93%E5%84%AA%E8%89%AF%E3%82%B7%E3%83%A7%E3%83%83%E3%83%97%20%E3%83%80%E3%83%96%E3%83%AB%E5%8F%97%E8%B3%9E%E5%BA%97%20%E3%80%91%20%E9%87%A3%E5%85%B7%20%E9%87%A3%E3%82%8A%E5%85%B7%20%E9%87%A3%E3%82%8A%E7%94%A8%E5%93%81 HTTP/1.1" 200 29004 "-" "Mozilla/5.0 (Linux; Android 6.0.1; Nexus 5X Build/MMB29P) AppleWebKit/537.36 (KHTML, like Gecko) Chrome/141.0.7390.122 Mobile Safari/537.36 (compatible; Googlebot/2.1; +http://www.google.com/bot.html)"
198.54.116.184 - - [04/Nov/2025:15:55:08 -0500] "POST /wp-cron.php?doing_wp_cron=1762289708.4702749252319335937500 HTTP/1.1" 200 0 "-" "WordPress/6.8.3; https://melanatedminds.org"
66.249.73.4 - - [04/Nov/2025:15:55:03 -0500] "GET /?e=8473217613701&channel=73db4b&from=pin.php%3Fid%3D176137-36%26name%3D%E5%8C%97%E6%B5%B7%E9%81%93%E3%83%BB%E6%B2%96%E7%B8%84%E3%83%BB%E9%9B%A2%E5%B3%B6%E9%85%8D%E9%80%81%E4%B8%8D%E5%8F%AF+%E4%BB%A3%E5%BC%95%E4%B8%8D%E5%8F%AF+%E3%83%AC%E3%83%B3%E3%82%B8%E5%8F%B0+W93.5%C3%97D40%C3%97H118cm+Frais+%E3%83%95%E3%83%AC+%E3%83%9B%E3%83%BC%E3%83%A0%E3%83%86%E3%82%A4%E3%82%B9%E3%83%88+FRA-90R--WOK HTTP/1.1" 302 2534 "-" "Mozilla/5.0 (Linux; Android 6.0.1; Nexus 5X Build/MMB29P) AppleWebKit/537.36 (KHTML, like Gecko) Chrome/141.0.7390.122 Mobile Safari/537.36 (compatible; Googlebot/2.1; +http://www.google.com/bot.html)"
198.54.116.184 - - [04/Nov/2025:15:55:11 -0500] "GET /wp-content/uploads/2023/02/Logo-Foter.png HTTP/1.0" 200 1766 "-" "-"
66.249.73.4 - - [04/Nov/2025:15:55:08 -0500] "GET /?e=8473217613701&channel=73db4b&from=pin.php%3Fid%3D176137-36%26name%3D%E5%8C%97%E6%B5%B7%E9%81%93%E3%83%BB%E6%B2%96%E7%B8%84%E3%83%BB%E9%9B%A2%E5%B3%B6%E9%85%8D%E9%80%81%E4%B8%8D%E5%8F%AF%20%E4%BB%A3%E5%BC%95%E4%B8%8D%E5%8F%AF%20%E3%83%AC%E3%83%B3%E3%82%B8%E5%8F%B0%20W93.5%C3%97D40%C3%97H118cm%20Frais%20%E3%83%95%E3%83%AC%20%E3%83%9B%E3%83%BC%E3%83%A0%E3%83%86%E3%82%A4%E3%82%B9%E3%83%88%20FRA-90R--WOK HTTP/1.1" 200 28903 "-" "Mozilla/5.0 (Linux; Android 6.0.1; Nexus 5X Build/MMB29P) AppleWebKit/537.36 (KHTML, like Gecko) Chrome/141.0.7390.122 Mobile Safari/537.36 (compatible; Googlebot/2.1; +http://www.google.com/bot.html)"
198.54.116.184 - - [04/Nov/2025:15:56:29 -0500] "POST /wp-cron.php?doing_wp_cron=1762289789.0312170982360839843750 HTTP/1.1" 200 0 "-" "WordPress/6.8.3; https://melanatedminds.org"
66.249.73.5 - - [04/Nov/2025:15:56:27 -0500] "GET /?e=27039120020410&channel=bad0b3&from=jp.php%3Fid%3D1200204-570%26name%3D%E3%82%B9%E3%83%81%E3%83%BC%E3%83%AB%E3%83%A9%E3%83%83%E3%82%AF+%E3%82%B9%E3%83%81%E3%83%BC%E3%83%AB%E6%A3%9A+%E6%A5%AD%E5%8B%99%E7%94%A8+%E5%8F%8E%E7%B4%8D+%E3%82%A2%E3%83%B3%E3%82%B0%E3%83%AB%E6%A3%9A+%E8%BB%BD%E9%87%8F%E6%A3%9A+%E5%B9%85150+%E5%A5%A5%E8%A1%8C45+%E9%AB%98%E3%81%95210+5%E6%AE%B5+120kg%2F%E6%AE%B5 HTTP/1.1" 302 2841 "-" "Mozilla/5.0 (Linux; Android 6.0.1; Nexus 5X Build/MMB29P) AppleWebKit/537.36 (KHTML, like Gecko) Chrome/141.0.7390.122 Mobile Safari/537.36 (compatible; Googlebot/2.1; +http://www.google.com/bot.html)"
185.191.171.7 - - [04/Nov/2025:15:57:21 -0500] "GET /wp-includes/sodium_compat/src/Core/Curve25519/Ge/Cached.php HTTP/1.1" 200 0 "-" "Mozilla/5.0 (compatible; SemrushBot/7~bl; +http://www.semrush.com/bot.html)"
66.249.73.6 - - [04/Nov/2025:15:57:50 -0500] "GET /wp-content/plugins/elementor/assets/js/webpack.runtime.min.js?ver=3.32.1 HTTP/1.1" 200 2320 "https://melanatedminds.org/?e=8473217613701&channel=73db4b&from=pin.php%3Fid%3D176137-36%26name%3D%E5%8C%97%E6%B5%B7%E9%81%93%E3%83%BB%E6%B2%96%E7%B8%84%E3%83%BB%E9%9B%A2%E5%B3%B6%E9%85%8D%E9%80%81%E4%B8%8D%E5%8F%AF%20%E4%BB%A3%E5%BC%95%E4%B8%8D%E5%8F%AF%20%E3%83%AC%E3%83%B3%E3%82%B8%E5%8F%B0%20W93.5%C3%97D40%C3%97H118cm%20Frais%20%E3%83%95%E3%83%AC%20%E3%83%9B%E3%83%BC%E3%83%A0%E3%83%86%E3%82%A4%E3%82%B9%E3%83%88%20FRA-90R--WOK" "Mozilla/5.0 (Linux; Android 6.0.1; Nexus 5X Build/MMB29P) AppleWebKit/537.36 (KHTML, like Gecko) Chrome/141.0.7390.122 Mobile Safari/537.36 (compatible; Googlebot/2.1; +http://www.google.com/bot.html)"
198.54.116.184 - - [04/Nov/2025:15:57:55 -0500] "POST /wp-cron.php?doing_wp_cron=1762289875.3348369598388671875000 HTTP/1.1" 200 0 "-" "WordPress/6.8.3; https://melanatedminds.org"
66.249.73.6 - - [04/Nov/2025:15:57:53 -0500] "GET /?e=2411947876402&channel=186cc2&from=jp.php%3Fid%3D478764-105%26name%3DBlack+by+VANQUISH+%E3%82%B8%E3%83%A3%E3%82%B1%E3%83%83%E3%83%88++%E3%82%B9%E3%82%AB%E3%82%B8%E3%83%A3%E3%83%B3+%E3%83%9B%E3%83%AF%E3%82%A4%E3%83%88+%E3%82%B5%E3%82%A4%E3%82%BAXL%EF%BC%88VANQUISH+SHIBUYA+SOUVENIR+JACKET%28%E3%82%B9%E3%82%AB%E3%82%B8%E3%83%A3%E3%83%B3%C3%97MA-1%29%5BVJJ030%5D+NVY%EF%BC%89 HTTP/1.1" 302 2814 "-" "Mozilla/5.0 (Linux; Android 6.0.1; Nexus 5X Build/MMB29P) AppleWebKit/537.36 (KHTML, like Gecko) Chrome/141.0.7390.122 Mobile Safari/537.36 (compatible; Googlebot/2.1; +http://www.google.com/bot.html)"
198.54.116.184 - - [04/Nov/2025:15:57:58 -0500] "GET /wp-content/uploads/2023/02/Logo-Foter.png HTTP/1.0" 200 1766 "-" "-"
66.249.73.5 - - [04/Nov/2025:15:57:55 -0500] "GET /?e=2411947876402&channel=186cc2&from=jp.php%3Fid%3D478764-105%26name%3DBlack%20by%20VANQUISH%20%E3%82%B8%E3%83%A3%E3%82%B1%E3%83%83%E3%83%88%20%20%E3%82%B9%E3%82%AB%E3%82%B8%E3%83%A3%E3%83%B3%20%E3%83%9B%E3%83%AF%E3%82%A4%E3%83%88%20%E3%82%B5%E3%82%A4%E3%82%BAXL%EF%BC%88VANQUISH%20SHIBUYA%20SOUVENIR%20JACKET%28%E3%82%B9%E3%82%AB%E3%82%B8%E3%83%A3%E3%83%B3%C3%97MA-1%29%5BVJJ030%5D%20NVY%EF%BC%89 HTTP/1.1" 200 29120 "-" "Mozilla/5.0 (Linux; Android 6.0.1; Nexus 5X Build/MMB29P) AppleWebKit/537.36 (KHTML, like Gecko) Chrome/141.0.7390.122 Mobile Safari/537.36 (compatible; Googlebot/2.1; +http://www.google.com/bot.html)"
198.244.242.172 - - [04/Nov/2025:15:58:15 -0500] "GET /wp-includes/rewrite.php HTTP/1.1" 200 0 "-" "Mozilla/5.0 (compatible; AhrefsBot/7.0; +http://ahrefs.com/robot/)"
198.54.116.184 - - [04/Nov/2025:15:59:29 -0500] "POST /wp-cron.php?doing_wp_cron=1762289969.4619059562683105468750 HTTP/1.1" 200 0 "-" "WordPress/6.8.3; https://melanatedminds.org"
66.249.73.5 - - [04/Nov/2025:15:59:27 -0500] "GET /?e=46076124892002&channel=02de95&from=info.php%3Fid%3D1248920-3109%26name%3DOVER+%E3%82%AA%E3%83%BC%E3%83%B4%E3%82%A1%E3%83%BC+OV-29+%E3%83%95%E3%83%AC%E3%83%BC%E3%83%A0%E3%82%AD%E3%83%83%E3%83%88+%E3%82%AB%E3%83%BC%E3%83%9C%E3%83%B3%E5%A4%96%E8%A3%85+GROM+HONDA+%E3%83%9B%E3%83%B3%E3%83%80+%E3%83%95%E3%83%AC%E3%83%BC%E3%83%A0 HTTP/1.1" 302 2329 "-" "Mozilla/5.0 (Linux; Android 6.0.1; Nexus 5X Build/MMB29P) AppleWebKit/537.36 (KHTML, like Gecko) Chrome/141.0.7390.122 Mobile Safari/537.36 (compatible; Googlebot/2.1; +http://www.google.com/bot.html)"
198.54.116.184 - - [04/Nov/2025:15:59:33 -0500] "GET /wp-content/uploads/2023/02/Logo-Foter.png HTTP/1.0" 200 1766 "-" "-"
66.249.73.5 - - [04/Nov/2025:15:59:29 -0500] "GET /?e=46076124892002&channel=02de95&from=info.php%3Fid%3D1248920-3109%26name%3DOVER%20%E3%82%AA%E3%83%BC%E3%83%B4%E3%82%A1%E3%83%BC%20OV-29%20%E3%83%95%E3%83%AC%E3%83%BC%E3%83%A0%E3%82%AD%E3%83%83%E3%83%88%20%E3%82%AB%E3%83%BC%E3%83%9C%E3%83%B3%E5%A4%96%E8%A3%85%20GROM%20HONDA%20%E3%83%9B%E3%83%B3%E3%83%80%20%E3%83%95%E3%83%AC%E3%83%BC%E3%83%A0 HTTP/1.1" 200 29012 "-" "Mozilla/5.0 (Linux; Android 6.0.1; Nexus 5X Build/MMB29P) AppleWebKit/537.36 (KHTML, like Gecko) Chrome/141.0.7390.122 Mobile Safari/537.36 (compatible; Googlebot/2.1; +http://www.google.com/bot.html)"
198.54.116.184 - - [04/Nov/2025:16:00:28 -0500] "POST /wp-cron.php?doing_wp_cron=1762290028.3580720424652099609375 HTTP/1.1" 200 0 "-" "WordPress/6.8.3; https://melanatedminds.org"
66.249.73.6 - - [04/Nov/2025:16:00:26 -0500] "GET /?e=6098083382207&channel=0ccb52&from=article.php%3Fid%3D833822-438%26name%3D%E3%82%A8%E3%82%AD%E3%82%BE%E3%83%BC%E3%82%B9%E3%83%88+%2B+%E3%83%AA%E3%83%B3%E3%82%AF%E3%83%91%E3%82%A4%E3%83%97+Kat+Arrow+R.Tech+Alu+N+BMW+C+650+Sport+2016+-+2021+Exhaust+%2B+Link+Pipe+Kat+Arrow+R.+Tech+Alu+N+Bmw+C+650+Sport+2016+-+2021 HTTP/1.1" 302 2855 "-" "Mozilla/5.0 (Linux; Android 6.0.1; Nexus 5X Build/MMB29P) AppleWebKit/537.36 (KHTML, like Gecko) Chrome/141.0.7390.122 Mobile Safari/537.36 (compatible; Googlebot/2.1; +http://www.google.com/bot.html)"
198.54.116.184 - - [04/Nov/2025:16:00:31 -0500] "GET /wp-content/uploads/2023/02/Logo-Foter.png HTTP/1.0" 200 1766 "-" "-"
