66.249.73.6 - - [04/Nov/2025:16:00:28 -0500] "GET /?e=6098083382207&channel=0ccb52&from=article.php%3Fid%3D833822-438%26name%3D%E3%82%A8%E3%82%AD%E3%82%BE%E3%83%BC%E3%82%B9%E3%83%88%20%2B%20%E3%83%AA%E3%83%B3%E3%82%AF%E3%83%91%E3%82%A4%E3%83%97%20Kat%20Arrow%20R.Tech%20Alu%20N%20BMW%20C%20650%20Sport%202016%20-%202021%20Exhaust%20%2B%20Link%20Pipe%20Kat%20Arrow%20R.%20Tech%20Alu%20N%20Bmw%20C%20650%20Sport%202016%20-%202021 HTTP/1.1" 200 29284 "-" "Mozilla/5.0 (Linux; Android 6.0.1; Nexus 5X Build/MMB29P) AppleWebKit/537.36 (KHTML, like Gecko) Chrome/141.0.7390.122 Mobile Safari/537.36 (compatible; Googlebot/2.1; +http://www.google.com/bot.html)"
198.54.116.184 - - [04/Nov/2025:16:02:17 -0500] "POST /wp-cron.php?doing_wp_cron=1762290137.9321079254150390625000 HTTP/1.1" 200 0 "-" "WordPress/6.8.3; https://melanatedminds.org"
198.54.116.184 - - [04/Nov/2025:16:02:20 -0500] "GET /wp-content/uploads/2023/02/Logo-Foter.png HTTP/1.0" 200 1766 "-" "-"
66.249.73.4 - - [04/Nov/2025:16:02:11 -0500] "GET /?e=8479922403409&channel=5c7461&from=pin.php%3Fid%3D224034-174%26name%3D%E3%82%A2%E3%82%A6%E3%83%88%E3%83%AC%E3%83%83%E3%83%88%E3%83%BB%E6%9C%AA%E4%BD%BF%E7%94%A8%E3%83%BB%E9%80%81%E6%96%99%E7%84%A1%E6%96%99%EF%BC%88%E4%B8%80%E9%83%A8%E5%9C%B0%E5%9F%9F%E9%80%81%E6%96%99%E6%9C%89%EF%BC%893P%E3%83%BB3%E4%BA%BA%E6%8E%9B%E3%81%91%E3%83%BB%E8%90%BD%E3%81%A1%E7%9D%80%E3%81%8D%E3%81%AE%E3%81%82%E3%82%8B%E3%83%A2%E3%83%80%E3%83%B3%E3%83%88%E3%83%AA%E3%83%97%E3%83%AB%E3%82%BD%E3%83%95%E3%82%A1%E3%83%BB%E5%AF%9B%E3%81%8E%E3%81%AE%E7%A9%BA%E9%96%93%E3%82%92%E6%BC%94%E5%87%BA%E3%81%97%E3%81%BE%E3%81%99 HTTP/1.1" 200 28801 "-" "Mozilla/5.0 (Linux; Android 6.0.1; Nexus 5X Build/MMB29P) AppleWebKit/537.36 (KHTML, like Gecko) Chrome/141.0.7390.122 Mobile Safari/537.36 (compatible; Googlebot/2.1; +http://www.google.com/bot.html)"
198.54.116.184 - - [04/Nov/2025:16:03:25 -0500] "POST /wp-cron.php?doing_wp_cron=1762290205.3632469177246093750000 HTTP/1.1" 200 0 "-" "WordPress/6.8.3; https://melanatedminds.org"
66.249.73.6 - - [04/Nov/2025:16:03:24 -0500] "GET /?e=8739184421405&channel=f8dbe1&from=info.php%3Fid%3D844214-494%26name%3D%E6%B4%97%E3%81%88%E3%82%8B+%E3%83%99%E3%83%83%E3%83%89%E3%83%91%E3%83%83%E3%83%89+%E9%AB%98%E5%8F%8D%E7%99%BA+Luxesleep+%E3%83%AA%E3%83%A5%E3%82%AF%E3%82%B9%E3%82%B9%E3%83%AA%E3%83%BC%E3%83%97+%E3%82%BB%E3%83%9F%E3%83%80%E3%83%96%E3%83%AB+120%C3%97195cm+SD+%E9%AB%98%E5%8F%8D%E7%99%BA%E3%82%A6%E3%83%AC%E3%82%BF%E3%83%B3+%E3%83%99%E3%83%83%E3%83%89%E3%83%91%E3%83%83%E3%83%88+%E6%95%B7%E3%81%8D%E3%83%91%E3%83%83%E3%83%89+%E6%95%B7%E3%81%8D%E3%83%91%E3%83%83%E3%83%88+%E6%95%B7%E3%83%91%E3%83%83%E3%83%89+%E6%95%B7%E3%83%91%E3%83%83%E3%83%88 HTTP/1.1" 302 2318 "-" "Mozilla/5.0 (Linux; Android 6.0.1; Nexus 5X Build/MMB29P) AppleWebKit/537.36 (KHTML, like Gecko) Chrome/141.0.7390.122 Mobile Safari/537.36 (compatible; Googlebot/2.1; +http://www.google.com/bot.html)"
198.54.116.184 - - [04/Nov/2025:16:03:28 -0500] "GET /wp-content/uploads/2023/02/Logo-Foter.png HTTP/1.0" 200 1766 "-" "-"
66.249.73.5 - - [04/Nov/2025:16:03:25 -0500] "GET /?e=8739184421405&channel=f8dbe1&from=info.php%3Fid%3D844214-494%26name%3D%E6%B4%97%E3%81%88%E3%82%8B%20%E3%83%99%E3%83%83%E3%83%89%E3%83%91%E3%83%83%E3%83%89%20%E9%AB%98%E5%8F%8D%E7%99%BA%20Luxesleep%20%E3%83%AA%E3%83%A5%E3%82%AF%E3%82%B9%E3%82%B9%E3%83%AA%E3%83%BC%E3%83%97%20%E3%82%BB%E3%83%9F%E3%83%80%E3%83%96%E3%83%AB%20120%C3%97195cm%20SD%20%E9%AB%98%E5%8F%8D%E7%99%BA%E3%82%A6%E3%83%AC%E3%82%BF%E3%83%B3%20%E3%83%99%E3%83%83%E3%83%89%E3%83%91%E3%83%83%E3%83%88%20%E6%95%B7%E3%81%8D%E3%83%91%E3%83%83%E3%83%89%20%E6%95%B7%E3%81%8D%E3%83%91%E3%83%83%E3%83%88%20%E6%95%B7%E3%83%91%E3%83%83%E3%83%89%20%E6%95%B7%E3%83%91%E3%83%83%E3%83%88 HTTP/1.1" 200 28728 "-" "Mozilla/5.0 (Linux; Android 6.0.1; Nexus 5X Build/MMB29P) AppleWebKit/537.36 (KHTML, like Gecko) Chrome/141.0.7390.122 Mobile Safari/537.36 (compatible; Googlebot/2.1; +http://www.google.com/bot.html)"
198.54.116.184 - - [04/Nov/2025:16:04:49 -0500] "POST /wp-cron.php?doing_wp_cron=1762290289.8755619525909423828125 HTTP/1.1" 200 0 "-" "WordPress/6.8.3; https://melanatedminds.org"
198.54.116.184 - - [04/Nov/2025:16:04:51 -0500] "GET /wp-content/uploads/2023/02/Logo-Foter.png HTTP/1.0" 200 1766 "-" "-"
66.249.73.6 - - [04/Nov/2025:16:04:49 -0500] "GET /?e=08785154909105&channel=dbfbc2&from=shared.php%3Fid%3D1549091-3509%26name%3D%E7%9B%AE%E3%81%AB%E8%A6%8B%E3%81%88%E3%81%AA%E3%81%84%E3%83%89%E3%82%A2%E3%82%AD%E3%83%A3%E3%83%8E%E3%83%94%E3%83%BC%E3%82%AA%E3%83%BC%E3%83%8B%E3%83%B3%E3%82%B0%E3%82%B7%E3%82%A7%E3%83%AB%E3%82%BF%E3%83%BC%E3%80%81%E3%83%A2%E3%83%80%E3%83%B3%E3%81%AA%E3%83%87%E3%82%B6%E3%82%A4%E3%83%B3%E3%81%AE%E3%83%9D%E3%83%AA%E3%82%AB%E3%83%BC%E3%83%9C%E3%83%8D%E3%83%BC%E3%83%88%E3%83%95%E3%83%AD%E3%83%B3%E3%83%88%E3%83%89%E3%82%A2%E3%82%AD%E3%83%A3%E3%83%8E%E3%83%94%E3%83%BC%E3%80%81%E3%82%AC%E3%83%BC%E3%83%87%E3%83%B3%E3%83%9F%E3%83%A5%E3%83%BC%E3%83%88%E3%83%AB%E3%83%BC%E3%83%95%E3%83%AC%E3%82%A4 HTTP/1.1" 200 29061 "-" "Mozilla/5.0 (Linux; Android 6.0.1; Nexus 5X Build/MMB29P) AppleWebKit/537.36 (KHTML, like Gecko) Chrome/141.0.7390.122 Mobile Safari/537.36 (compatible; Googlebot/2.1; +http://www.google.com/bot.html)"
198.54.116.184 - - [04/Nov/2025:16:06:07 -0500] "POST /wp-cron.php?doing_wp_cron=1762290367.3395280838012695312500 HTTP/1.1" 200 0 "-" "WordPress/6.8.3; https://melanatedminds.org"
66.249.73.5 - - [04/Nov/2025:16:06:06 -0500] "GET /?e=8042552599801&channel=dbd25f&from=brands.php%3Fid%3D525998-383%26name%3D%E3%83%87%E3%83%8B%E3%83%A0+%E3%82%AA%E3%83%BC%E3%83%90%E3%83%BC%E3%82%AA%E3%83%BC%E3%83%AB+%E3%82%B5%E3%83%AD%E3%83%9A%E3%83%83%E3%83%88+%E3%83%A1%E3%83%B3%E3%82%BA+%E3%82%AA%E3%83%BC%E3%83%AB%E3%82%A4%E3%83%B3%E3%83%AF%E3%83%B3 HTTP/1.1" 302 2565 "-" "Mozilla/5.0 (Linux; Android 6.0.1; Nexus 5X Build/MMB29P) AppleWebKit/537.36 (KHTML, like Gecko) Chrome/141.0.7390.122 Mobile Safari/537.36 (compatible; Googlebot/2.1; +http://www.google.com/bot.html)"
198.54.116.184 - - [04/Nov/2025:16:06:10 -0500] "GET /wp-content/uploads/2023/02/Logo-Foter.png HTTP/1.0" 200 1766 "-" "-"
66.249.73.5 - - [04/Nov/2025:16:06:07 -0500] "GET /?e=8042552599801&channel=dbd25f&from=brands.php%3Fid%3D525998-383%26name%3D%E3%83%87%E3%83%8B%E3%83%A0%20%E3%82%AA%E3%83%BC%E3%83%90%E3%83%BC%E3%82%AA%E3%83%BC%E3%83%AB%20%E3%82%B5%E3%83%AD%E3%83%9A%E3%83%83%E3%83%88%20%E3%83%A1%E3%83%B3%E3%82%BA%20%E3%82%AA%E3%83%BC%E3%83%AB%E3%82%A4%E3%83%B3%E3%83%AF%E3%83%B3 HTTP/1.1" 200 28735 "-" "Mozilla/5.0 (Linux; Android 6.0.1; Nexus 5X Build/MMB29P) AppleWebKit/537.36 (KHTML, like Gecko) Chrome/141.0.7390.122 Mobile Safari/537.36 (compatible; Googlebot/2.1; +http://www.google.com/bot.html)"
85.208.96.212 - - [04/Nov/2025:16:06:13 -0500] "GET /wp-includes/sodium_compat/src/Core32/Curve25519/Ge/P2.php HTTP/1.1" 200 0 "-" "Mozilla/5.0 (compatible; SemrushBot/7~bl; +http://www.semrush.com/bot.html)"
198.54.116.184 - - [04/Nov/2025:16:07:44 -0500] "POST /wp-cron.php?doing_wp_cron=1762290464.1855499744415283203125 HTTP/1.1" 200 0 "-" "WordPress/6.8.3; https://melanatedminds.org"
66.249.73.6 - - [04/Nov/2025:16:07:38 -0500] "GET /?e=7074793658405&channel=6d8012&from=news.php%3Fid%3D936584-563%26name%3D%E3%82%AB%E3%83%AA%E3%83%A2%E3%82%AF%E5%AE%B6%E5%85%B7+CW6679+E+K+H+Y+Q+A+V+I+R+P+L+T+N+C+J+%E3%83%99%E3%83%B3%E3%83%81+%E5%B9%85180cm+%E6%9D%BF%E5%BA%A7+%E3%83%96%E3%83%8A+%E3%82%AA%E3%83%BC%E3%82%AF+%E3%82%A6%E3%82%A9%E3%83%BC%E3%83%AB%E3%83%8A%E3%83%83%E3%83%88+%E3%83%80%E3%82%A4%E3%83%8B%E3%83%B3%E3%82%B0%E3%83%81%E3%82%A7%E3%82%A2+karimoku+%E6%97%A5%E6%9C%AC%E8%A3%BD+%E5%9B%BD%E7%94%A3+%E5%A4%A9%E7%84%B6%E6%9C%A8+%E3%81%8A%E3%81%97%E3%82%83%E3%82%8C HTTP/1.1" 302 2613 "-" "Mozilla/5.0 (Linux; Android 6.0.1; Nexus 5X Build/MMB29P) AppleWebKit/537.36 (KHTML, like Gecko) Chrome/141.0.7390.122 Mobile Safari/537.36 (compatible; Googlebot/2.1; +http://www.google.com/bot.html)"
198.54.116.184 - - [04/Nov/2025:16:07:47 -0500] "GET /wp-content/uploads/2023/02/Logo-Foter.png HTTP/1.0" 200 1766 "-" "-"
66.249.73.5 - - [04/Nov/2025:16:07:44 -0500] "GET /?e=7074793658405&channel=6d8012&from=news.php%3Fid%3D936584-563%26name%3D%E3%82%AB%E3%83%AA%E3%83%A2%E3%82%AF%E5%AE%B6%E5%85%B7%20CW6679%20E%20K%20H%20Y%20Q%20A%20V%20I%20R%20P%20L%20T%20N%20C%20J%20%E3%83%99%E3%83%B3%E3%83%81%20%E5%B9%85180cm%20%E6%9D%BF%E5%BA%A7%20%E3%83%96%E3%83%8A%20%E3%82%AA%E3%83%BC%E3%82%AF%20%E3%82%A6%E3%82%A9%E3%83%BC%E3%83%AB%E3%83%8A%E3%83%83%E3%83%88%20%E3%83%80%E3%82%A4%E3%83%8B%E3%83%B3%E3%82%B0%E3%83%81%E3%82%A7%E3%82%A2%20karimoku%20%E6%97%A5%E6%9C%AC%E8%A3%BD%20%E5%9B%BD%E7%94%A3%20%E5%A4%A9%E7%84%B6%E6%9C%A8%20%E3%81%8A%E3%81%97%E3%82%83%E3%82%8C HTTP/1.1" 200 28550 "-" "Mozilla/5.0 (Linux; Android 6.0.1; Nexus 5X Build/MMB29P) AppleWebKit/537.36 (KHTML, like Gecko) Chrome/141.0.7390.122 Mobile Safari/537.36 (compatible; Googlebot/2.1; +http://www.google.com/bot.html)"
85.208.96.205 - - [04/Nov/2025:16:08:56 -0500] "GET /wp-includes/Requests/src/Exception/Http/Status400.php HTTP/1.1" 500 0 "-" "Mozilla/5.0 (compatible; SemrushBot/7~bl; +http://www.semrush.com/bot.html)"
198.54.116.184 - - [04/Nov/2025:16:09:02 -0500] "POST /wp-cron.php?doing_wp_cron=1762290542.2344970703125000000000 HTTP/1.1" 200 0 "-" "WordPress/6.8.3; https://melanatedminds.org"
66.249.73.5 - - [04/Nov/2025:16:09:01 -0500] "GET /?e=82200177979903&channel=170d62&from=goods.php%3Fid%3D1779799-3847%26name%3D%E2%98%858%2F11%E8%BF%84+%E3%83%AD%E3%83%9F%E3%82%AA%E3%82%B5%E3%83%9E%E5%B0%82%E7%94%A8%E2%98%8515%E3%83%9D%E3%83%B3%E3%83%89%E6%96%B0%E5%93%81%E2%98%85%E5%90%8D%E7%90%83%E3%83%AA%E3%83%9C%E3%83%AB%E3%83%88%E3%83%8F%E3%83%9C%E3%83%83%E3%82%AF%E2%98%85%E3%83%A2%E3%83%BC%E3%83%86%E3%82%A3%E3%83%96%E2%98%85 HTTP/1.1" 302 2328 "-" "Mozilla/5.0 (Linux; Android 6.0.1; Nexus 5X Build/MMB29P) AppleWebKit/537.36 (KHTML, like Gecko) Chrome/141.0.7390.122 Mobile Safari/537.36 (compatible; Googlebot/2.1; +http://www.google.com/bot.html)"
198.54.116.184 - - [04/Nov/2025:16:09:04 -0500] "GET /wp-content/uploads/2023/02/Logo-Foter.png HTTP/1.0" 200 1766 "-" "-"
66.249.73.5 - - [04/Nov/2025:16:09:02 -0500] "GET /?e=82200177979903&channel=170d62&from=goods.php%3Fid%3D1779799-3847%26name%3D%E2%98%858%2F11%E8%BF%84%20%E3%83%AD%E3%83%9F%E3%82%AA%E3%82%B5%E3%83%9E%E5%B0%82%E7%94%A8%E2%98%8515%E3%83%9D%E3%83%B3%E3%83%89%E6%96%B0%E5%93%81%E2%98%85%E5%90%8D%E7%90%83%E3%83%AA%E3%83%9C%E3%83%AB%E3%83%88%E3%83%8F%E3%83%9C%E3%83%83%E3%82%AF%E2%98%85%E3%83%A2%E3%83%BC%E3%83%86%E3%82%A3%E3%83%96%E2%98%85 HTTP/1.1" 200 28814 "-" "Mozilla/5.0 (Linux; Android 6.0.1; Nexus 5X Build/MMB29P) AppleWebKit/537.36 (KHTML, like Gecko) Chrome/141.0.7390.122 Mobile Safari/537.36 (compatible; Googlebot/2.1; +http://www.google.com/bot.html)"
198.54.116.184 - - [04/Nov/2025:16:10:18 -0500] "POST /wp-cron.php?doing_wp_cron=1762290618.7946069240570068359375 HTTP/1.1" 200 0 "-" "WordPress/6.8.3; https://melanatedminds.org"
66.249.73.6 - - [04/Nov/2025:16:10:17 -0500] "GET /?e=37232121892006&channel=60e70c&from=form.php%3Fid%3D1218920-2415%26name%3D%E6%9C%AC%E6%A3%9A+%E5%B9%8583cm+%E3%81%8A%E3%81%97%E3%82%83%E3%82%8C+%E5%AE%8C%E6%88%90%E5%93%81+%E6%9B%B8%E6%A3%9A+%E9%A3%BE%E3%82%8A%E6%A3%9A+%E3%83%96%E3%83%83%E3%82%AF%E3%82%B7%E3%82%A7%E3%83%AB%E3%83%95+%E5%BC%95%E5%87%BA%E4%BB%98%E3%81%8D+%E3%83%9F%E3%83%89%E3%83%AB%E3%83%9C%E3%83%BC%E3%83%89+%E3%83%8A%E3%83%81%E3%83%A5%E3%83%A9%E3%83%AB+%E3%83%96%E3%83%A9%E3%82%A6%E3%83%B3+%E5%8C%97%E6%AC%A7+%E3%82%B7%E3%82%A7%E3%83%AB%E3%83%95+%E3%82%B7%E3%83%B3%E3%83%97%E3%83%AB+%E3%83%A2%E3%83%80%E3%83%B3 HTTP/1.1" 302 2764 "-" "Mozilla/5.0 (Linux; Android 6.0.1; Nexus 5X Build/MMB29P) AppleWebKit/537.36 (KHTML, like Gecko) Chrome/141.0.7390.122 Mobile Safari/537.36 (compatible; Googlebot/2.1; +http://www.google.com/bot.html)"
198.54.116.184 - - [04/Nov/2025:16:10:21 -0500] "GET /wp-content/uploads/2023/02/Logo-Foter.png HTTP/1.0" 200 1766 "-" "-"
66.249.73.5 - - [04/Nov/2025:16:10:19 -0500] "GET /?e=37232121892006&channel=60e70c&from=form.php%3Fid%3D1218920-2415%26name%3D%E6%9C%AC%E6%A3%9A%20%E5%B9%8583cm%20%E3%81%8A%E3%81%97%E3%82%83%E3%82%8C%20%E5%AE%8C%E6%88%90%E5%93%81%20%E6%9B%B8%E6%A3%9A%20%E9%A3%BE%E3%82%8A%E6%A3%9A%20%E3%83%96%E3%83%83%E3%82%AF%E3%82%B7%E3%82%A7%E3%83%AB%E3%83%95%20%E5%BC%95%E5%87%BA%E4%BB%98%E3%81%8D%20%E3%83%9F%E3%83%89%E3%83%AB%E3%83%9C%E3%83%BC%E3%83%89%20%E3%83%8A%E3%83%81%E3%83%A5%E3%83%A9%E3%83%AB%20%E3%83%96%E3%83%A9%E3%82%A6%E3%83%B3%20%E5%8C%97%E6%AC%A7%20%E3%82%B7%E3%82%A7%E3%83%AB%E3%83%95%20%E3%82%B7%E3%83%B3%E3%83%97%E3%83%AB%20%E3%83%A2%E3%83%80%E3%83%B3 HTTP/1.1" 200 28548 "-" "Mozilla/5.0 (Linux; Android 6.0.1; Nexus 5X Build/MMB29P) AppleWebKit/537.36 (KHTML, like Gecko) Chrome/141.0.7390.122 Mobile Safari/537.36 (compatible; Googlebot/2.1; +http://www.google.com/bot.html)"
85.208.96.207 - - [04/Nov/2025:16:10:45 -0500] "GET /wp-includes/SimplePie/library/SimplePie/Content/Type/Sniffer.php HTTP/1.1" 200 0 "-" "Mozilla/5.0 (compatible; SemrushBot/7~bl; +http://www.semrush.com/bot.html)"
198.54.116.184 - - [04/Nov/2025:16:11:36 -0500] "POST /wp-cron.php?doing_wp_cron=1762290696.7195839881896972656250 HTTP/1.1" 200 0 "-" "WordPress/6.8.3; https://melanatedminds.org"
52.77.41.91 - - [04/Nov/2025:16:11:35 -0500] "POST /wp-login.php HTTP/1.1" 503 7758 "-" "Mozilla/5.0 (Windows NT 10.0; Win64; x64; rv:59.0) Gecko/20100101 Firefox/59.0"
66.249.73.5 - - [04/Nov/2025:16:11:45 -0500] "GET /?e=67080134522002&channel=aed4ad&from=blog.php%3Fid%3D1345220-3221%26name%3DTelecasterDX+body%E2%80%9DLuthier%E2%80%99sRanchHouse%E2%80%9D HTTP/1.1" 302 2607 "-" "Mozilla/5.0 (Linux; Android 6.0.1; Nexus 5X Build/MMB29P) AppleWebKit/537.36 (KHTML, like Gecko) Chrome/141.0.7390.122 Mobile Safari/537.36 (compatible; Googlebot/2.1; +http://www.google.com/bot.html)"
198.54.116.184 - - [04/Nov/2025:16:11:50 -0500] "GET /wp-content/uploads/2023/02/Logo-Foter.png HTTP/1.0" 200 1766 "-" "-"
66.249.73.4 - - [04/Nov/2025:16:11:46 -0500] "GET /?e=67080134522002&channel=aed4ad&from=blog.php%3Fid%3D1345220-3221%26name%3DTelecasterDX%20body%E2%80%9DLuthier%E2%80%99sRanchHouse%E2%80%9D HTTP/1.1" 200 28765 "-" "Mozilla/5.0 (Linux; Android 6.0.1; Nexus 5X Build/MMB29P) AppleWebKit/537.36 (KHTML, like Gecko) Chrome/141.0.7390.122 Mobile Safari/537.36 (compatible; Googlebot/2.1; +http://www.google.com/bot.html)"
200.53.194.159 - - [04/Nov/2025:16:12:28 -0500] "GET /wp-includes/error_log HTTP/1.1" 403 1242 "https://melanatedminds.org/" "Mozilla/5.0 (Macintosh; Intel Mac OS X 10_15_7) AppleWebKit/605.1.15 (KHTML, like Gecko) Version/18.1.1 Safari/605.1.15"
198.54.116.184 - - [04/Nov/2025:16:13:07 -0500] "POST /wp-cron.php?doing_wp_cron=1762290787.7647678852081298828125 HTTP/1.1" 200 0 "-" "WordPress/6.8.3; https://melanatedminds.org"
198.54.116.184 - - [04/Nov/2025:16:13:09 -0500] "GET /wp-content/uploads/2023/02/Logo-Foter.png HTTP/1.0" 200 1766 "-" "-"
66.249.73.5 - - [04/Nov/2025:16:13:06 -0500] "GET /?e=4851236900500&channel=a58c91&from=shop.php%3Fid%3D369005-1288%26name%3D%E3%83%80%E3%82%A4%E3%83%AF%28DAIWA%29%E3%82%B7%E3%83%A7%E3%82%A2%E3%82%B8%E3%82%AE%E3%83%B3%E3%82%B0%E3%83%AD%E3%83%83%E3%83%89OVERTHEREAIR109ML%2FM%E9%87%A3%E3%82%8A%E7%AB%BF HTTP/1.1" 200 29215 "-" "Mozilla/5.0 (Linux; Android 6.0.1; Nexus 5X Build/MMB29P) AppleWebKit/537.36 (KHTML, like Gecko) Chrome/141.0.7390.122 Mobile Safari/537.36 (compatible; Googlebot/2.1; +http://www.google.com/bot.html)"
66.249.73.5 - - [04/Nov/2025:16:13:13 -0500] "GET /wp-content/plugins/elementor/assets/lib/font-awesome/css/solid.min.css?ver=5.15.3 HTTP/1.1" 200 286 "https://melanatedminds.org/?e=4851236900500&channel=a58c91&from=shop.php%3Fid%3D369005-1288%26name%3D%E3%83%80%E3%82%A4%E3%83%AF%28DAIWA%29%E3%82%B7%E3%83%A7%E3%82%A2%E3%82%B8%E3%82%AE%E3%83%B3%E3%82%B0%E3%83%AD%E3%83%83%E3%83%89OVERTHEREAIR109ML%2FM%E9%87%A3%E3%82%8A%E7%AB%BF" "Mozilla/5.0 (Linux; Android 6.0.1; Nexus 5X Build/MMB29P) AppleWebKit/537.36 (KHTML, like Gecko) Chrome/141.0.7390.122 Mobile Safari/537.36 (compatible; Googlebot/2.1; +http://www.google.com/bot.html)"
66.249.73.4 - - [04/Nov/2025:16:13:14 -0500] "GET /wp-includes/js/jquery/ui/core.min.js?ver=1.13.3 HTTP/1.1" 200 6812 "https://melanatedminds.org/?e=4851236900500&channel=a58c91&from=shop.php%3Fid%3D369005-1288%26name%3D%E3%83%80%E3%82%A4%E3%83%AF%28DAIWA%29%E3%82%B7%E3%83%A7%E3%82%A2%E3%82%B8%E3%82%AE%E3%83%B3%E3%82%B0%E3%83%AD%E3%83%83%E3%83%89OVERTHEREAIR109ML%2FM%E9%87%A3%E3%82%8A%E7%AB%BF" "Mozilla/5.0 (Linux; Android 6.0.1; Nexus 5X Build/MMB29P) AppleWebKit/537.36 (KHTML, like Gecko) Chrome/141.0.7390.122 Mobile Safari/537.36 (compatible; Googlebot/2.1; +http://www.google.com/bot.html)"
66.249.73.5 - - [04/Nov/2025:16:13:14 -0500] "GET /wp-content/themes/hub/assets/vendors/flickity/flickity.pkgd.min.js HTTP/1.1" 200 13743 "https://melanatedminds.org/?e=4851236900500&channel=a58c91&from=shop.php%3Fid%3D369005-1288%26name%3D%E3%83%80%E3%82%A4%E3%83%AF%28DAIWA%29%E3%82%B7%E3%83%A7%E3%82%A2%E3%82%B8%E3%82%AE%E3%83%B3%E3%82%B0%E3%83%AD%E3%83%83%E3%83%89OVERTHEREAIR109ML%2FM%E9%87%A3%E3%82%8A%E7%AB%BF" "Mozilla/5.0 (Linux; Android 6.0.1; Nexus 5X Build/MMB29P) AppleWebKit/537.36 (KHTML, like Gecko) Chrome/141.0.7390.122 Mobile Safari/537.36 (compatible; Googlebot/2.1; +http://www.google.com/bot.html)"
66.249.73.5 - - [04/Nov/2025:16:13:14 -0500] "GET /wp-content/themes/hub/assets/vendors/gsap/minified/DrawSVGPlugin.min.js HTTP/1.1" 200 2008 "https://melanatedminds.org/?e=4851236900500&channel=a58c91&from=shop.php%3Fid%3D369005-1288%26name%3D%E3%83%80%E3%82%A4%E3%83%AF%28DAIWA%29%E3%82%B7%E3%83%A7%E3%82%A2%E3%82%B8%E3%82%AE%E3%83%B3%E3%82%B0%E3%83%AD%E3%83%83%E3%83%89OVERTHEREAIR109ML%2FM%E9%87%A3%E3%82%8A%E7%AB%BF" "Mozilla/5.0 (Linux; Android 6.0.1; Nexus 5X Build/MMB29P) AppleWebKit/537.36 (KHTML, like Gecko) Chrome/141.0.7390.122 Mobile Safari/537.36 (compatible; Googlebot/2.1; +http://www.google.com/bot.html)"
66.249.73.4 - - [04/Nov/2025:16:13:16 -0500] "GET /wp-content/plugins/elementor/assets/lib/font-awesome/css/fontawesome.min.css?ver=5.15.3 HTTP/1.1" 200 12164 "https://melanatedminds.org/?e=4851236900500&channel=a58c91&from=shop.php%3Fid%3D369005-1288%26name%3D%E3%83%80%E3%82%A4%E3%83%AF%28DAIWA%29%E3%82%B7%E3%83%A7%E3%82%A2%E3%82%B8%E3%82%AE%E3%83%B3%E3%82%B0%E3%83%AD%E3%83%83%E3%83%89OVERTHEREAIR109ML%2FM%E9%87%A3%E3%82%8A%E7%AB%BF" "Mozilla/5.0 (Linux; Android 6.0.1; Nexus 5X Build/MMB29P) AppleWebKit/537.36 (KHTML, like Gecko) Chrome/141.0.7390.122 Mobile Safari/537.36 (compatible; Googlebot/2.1; +http://www.google.com/bot.html)"
198.54.116.184 - - [04/Nov/2025:16:14:27 -0500] "POST /wp-cron.php?doing_wp_cron=1762290867.5894300937652587890625 HTTP/1.1" 200 0 "-" "WordPress/6.8.3; https://melanatedminds.org"
66.249.73.4 - - [04/Nov/2025:16:14:26 -0500] "GET /?e=40757107784401&channel=855ea2&from=jp.php%3Fid%3D1077844-2844%26name%3D%E3%81%B5%E3%82%8B%E3%81%95%E3%81%A8%E7%B4%8D%E7%A8%8E+%E3%83%95%E3%82%A1%E3%83%83%E3%82%B7%E3%83%A7%E3%83%B3+%E5%8D%83%E8%91%89%E7%9C%8C+%E5%90%9B%E6%B4%A5%E5%B8%82++%E5%90%9B%E6%B4%A5%E5%B8%82%E8%A3%BD+Enchanted+Corset+%E3%83%9F%E3%82%B9%E3%82%B0%E3%83%AC%E3%83%BC%E3%82%B9+%E8%89%B2%EF%BC%9A%E3%82%A2%E3%83%B3%E3%83%86%E3%82%A3%E3%83%BC%E3%82%AF%E3%83%99%E3%83%BC%E3%82%B8%E3%83%A5+XXL%E3%82%B5%E3%82%A4%E3%82%BA+%E6%97%A5%E6%9C%AC%E8%A3%BD+%E3%82%B3%E3%83%AB%E3%82%BB%E3%83%83%E3%83%88+%7C+%E5%85%83%E9%88%B4%E6%9C%A8%E3%81%95%E3%82%93+%E5%85%83%E2%80%A6 HTTP/1.1" 302 2486 "-" "Mozilla/5.0 (Linux; Android 6.0.1; Nexus 5X Build/MMB29P) AppleWebKit/537.36 (KHTML, like Gecko) Chrome/141.0.7390.122 Mobile Safari/537.36 (compatible; Googlebot/2.1; +http://www.google.com/bot.html)"
198.54.116.184 - - [04/Nov/2025:16:14:30 -0500] "GET /wp-content/uploads/2023/02/Logo-Foter.png HTTP/1.0" 200 1766 "-" "-"
66.249.73.5 - - [04/Nov/2025:16:14:27 -0500] "GET /?e=40757107784401&channel=855ea2&from=jp.php%3Fid%3D1077844-2844%26name%3D%E3%81%B5%E3%82%8B%E3%81%95%E3%81%A8%E7%B4%8D%E7%A8%8E%20%E3%83%95%E3%82%A1%E3%83%83%E3%82%B7%E3%83%A7%E3%83%B3%20%E5%8D%83%E8%91%89%E7%9C%8C%20%E5%90%9B%E6%B4%A5%E5%B8%82%20%20%E5%90%9B%E6%B4%A5%E5%B8%82%E8%A3%BD%20Enchanted%20Corset%20%E3%83%9F%E3%82%B9%E3%82%B0%E3%83%AC%E3%83%BC%E3%82%B9%20%E8%89%B2%EF%BC%9A%E3%82%A2%E3%83%B3%E3%83%86%E3%82%A3%E3%83%BC%E3%82%AF%E3%83%99%E3%83%BC%E3%82%B8%E3%83%A5%20XXL%E3%82%B5%E3%82%A4%E3%82%BA%20%E6%97%A5%E6%9C%AC%E8%A3%BD%20%E3%82%B3%E3%83%AB%E3%82%BB%E3%83%83%E3%83%88%20%7C%20%E5%85%83%E9%88%B4%E6%9C%A8%E3%81%95%E3%82%93%20%E5%85%83%E2%80%A6 HTTP/1.1" 200 28660 "-" "Mozilla/5.0 (Linux; Android 6.0.1; Nexus 5X Build/MMB29P) AppleWebKit/537.36 (KHTML, like Gecko) Chrome/141.0.7390.122 Mobile Safari/537.36 (compatible; Googlebot/2.1; +http://www.google.com/bot.html)"
185.191.171.13 - - [04/Nov/2025:16:16:09 -0500] "GET /wp-includes/SimplePie/library/SimplePie/HTTP/Parser.php HTTP/1.1" 200 0 "-" "Mozilla/5.0 (compatible; SemrushBot/7~bl; +http://www.semrush.com/bot.html)"
85.208.96.208 - - [04/Nov/2025:16:22:27 -0500] "GET /wp-includes/sodium_compat/src/Core32/ChaCha20/error_log HTTP/1.1" 403 1242 "-" "Mozilla/5.0 (compatible; SemrushBot/7~bl; +http://www.semrush.com/bot.html)"
185.191.171.2 - - [04/Nov/2025:16:22:58 -0500] "GET /wp-includes/Requests/src/Exception/Http/Status511.php HTTP/1.1" 500 0 "-" "Mozilla/5.0 (compatible; SemrushBot/7~bl; +http://www.semrush.com/bot.html)"
198.54.116.184 - - [04/Nov/2025:16:25:52 -0500] "POST /wp-cron.php?doing_wp_cron=1762291552.7046940326690673828125 HTTP/1.1" 200 0 "-" "WordPress/6.8.3; https://melanatedminds.org"
85.208.96.199 - - [04/Nov/2025:16:25:46 -0500] "GET /robots.txt HTTP/1.1" 200 202 "-" "Mozilla/5.0 (compatible; SemrushBot/7~bl; +http://www.semrush.com/bot.html)"
85.208.96.195 - - [04/Nov/2025:16:25:53 -0500] "GET /wp-includes/sodium_compat/src/Core/AES/Block.php HTTP/1.1" 200 0 "-" "Mozilla/5.0 (compatible; SemrushBot/7~bl; +http://www.semrush.com/bot.html)"
85.208.96.198 - - [04/Nov/2025:16:29:34 -0500] "GET /wp-includes/sodium_compat/src/Core32/Poly1305/State.php HTTP/1.1" 500 0 "-" "Mozilla/5.0 (compatible; SemrushBot/7~bl; +http://www.semrush.com/bot.html)"
185.241.208.62 - - [04/Nov/2025:16:41:03 -0500] "POST /ALFA_DATA/alfacgiapi/perl.alfa HTTP/1.1" 200 17006 "www.google.com" "Mozlila/5.0 (Linux; Android 7.0; SM-G892A Bulid/NRD90M; wv) AppleWebKit/537.36 (KHTML, like Gecko) Version/4.0 Chrome/60.0.3112.107 Moblie Safari/537.36"
185.241.208.62 - - [04/Nov/2025:16:41:03 -0500] "GET / HTTP/1.1" 200 17006 "-" "Mozlila/5.0 (Linux; Android 7.0; SM-G892A Bulid/NRD90M; wv) AppleWebKit/537.36 (KHTML, like Gecko) Version/4.0 Chrome/60.0.3112.107 Moblie Safari/537.36"
185.241.208.62 - - [04/Nov/2025:16:41:03 -0500] "GET /wp-content/themes/seotheme/db.php?u HTTP/1.1" 200 17006 "www.google.com" "Mozlila/5.0 (Linux; Android 7.0; SM-G892A Bulid/NRD90M; wv) AppleWebKit/537.36 (KHTML, like Gecko) Version/4.0 Chrome/60.0.3112.107 Moblie Safari/537.36"
185.241.208.62 - - [04/Nov/2025:16:41:08 -0500] "GET /wp-content/plugins/apikey/apikey.php?test=hello HTTP/1.1" 200 17006 "-" "Mozlila/5.0 (Linux; Android 7.0; SM-G892A Bulid/NRD90M; wv) AppleWebKit/537.36 (KHTML, like Gecko) Version/4.0 Chrome/60.0.3112.107 Moblie Safari/537.36"
185.241.208.62 - - [04/Nov/2025:16:41:08 -0500] "GET /wp-content/themes/seotheme/db.php?u HTTP/1.1" 200 17006 "www.google.com" "Mozlila/5.0 (Linux; Android 7.0; SM-G892A Bulid/NRD90M; wv) AppleWebKit/537.36 (KHTML, like Gecko) Version/4.0 Chrome/60.0.3112.107 Moblie Safari/537.36"
185.241.208.62 - - [04/Nov/2025:16:41:08 -0500] "POST /alfacgiapi/perl.alfa HTTP/1.1" 200 17006 "www.google.com" "Mozlila/5.0 (Linux; Android 7.0; SM-G892A Bulid/NRD90M; wv) AppleWebKit/537.36 (KHTML, like Gecko) Version/4.0 Chrome/60.0.3112.107 Moblie Safari/537.36"
185.241.208.62 - - [04/Nov/2025:16:41:09 -0500] "GET /plugins/content/apismtp/apismtp.php?test=hello HTTP/1.1" 200 17006 "-" "Mozlila/5.0 (Linux; Android 7.0; SM-G892A Bulid/NRD90M; wv) AppleWebKit/537.36 (KHTML, like Gecko) Version/4.0 Chrome/60.0.3112.107 Moblie Safari/537.36"
198.54.116.184 - - [04/Nov/2025:16:41:09 -0500] "POST /?wordfence_syncAttackData=1762292469.1253 HTTP/1.1" 200 0 "-" "WordPress/6.8.3; https://melanatedminds.org"
198.54.116.184 - - [04/Nov/2025:16:41:09 -0500] "POST /?wordfence_syncAttackData=1762292469.1282 HTTP/1.1" 200 0 "-" "WordPress/6.8.3; https://melanatedminds.org"
185.241.208.62 - - [04/Nov/2025:16:41:10 -0500] "GET /wp-content/plugins/apikey/apikey.php.suspected?test=hello HTTP/1.1" 200 17006 "-" "Mozlila/5.0 (Linux; Android 7.0; SM-G892A Bulid/NRD90M; wv) AppleWebKit/537.36 (KHTML, like Gecko) Version/4.0 Chrome/60.0.3112.107 Moblie Safari/537.36"
185.241.208.62 - - [04/Nov/2025:16:41:10 -0500] "GET /plugins/content/apismtp/apismtp.php.suspected?test=hello HTTP/1.1" 200 17006 "-" "Mozlila/5.0 (Linux; Android 7.0; SM-G892A Bulid/NRD90M; wv) AppleWebKit/537.36 (KHTML, like Gecko) Version/4.0 Chrome/60.0.3112.107 Moblie Safari/537.36"
198.54.116.184 - - [04/Nov/2025:16:41:11 -0500] "POST /wp-cron.php?doing_wp_cron=1762292471.5788409709930419921875 HTTP/1.1" 200 0 "-" "WordPress/6.8.3; https://melanatedminds.org"
185.241.208.62 - - [04/Nov/2025:16:41:03 -0500] "GET /wp-content/plugins/fix/up.php HTTP/1.1" 200 0 "-" "Mozilla/5.0 (Windows NT 10.0; Win64; x64) AppleWebKit/537.36 (KHTML, like Gecko) Chrome/85.0.4183.102 Safari/537.36"
185.241.208.62 - - [04/Nov/2025:16:41:03 -0500] "POST /wp-plain.php HTTP/1.1" 200 0 "www.google.com" "Mozilla/5.0 (Linux; Android 7.0; SM-G892A Bulid/NRD90M; wv) AppleWebKit/537.36 (KHTML, like Gecko) Version/4.0 Chrome/60.0.3112.107 Moblie Safari/537.36"
185.241.208.62 - - [04/Nov/2025:16:41:11 -0500] "GET /wp-content/plugins/fix/up.php HTTP/1.1" 200 81603 "-" "Mozilla/5.0 (Windows NT 10.0; Win64; x64) AppleWebKit/537.36 (KHTML, like Gecko) Chrome/85.0.4183.102 Safari/537.36"
198.54.116.184 - - [04/Nov/2025:16:41:14 -0500] "GET /wp-content/uploads/2023/02/Logo-Foter.png HTTP/1.0" 200 1766 "-" "-"
190.50.55.201 - - [04/Nov/2025:16:44:08 -0500] "GET /wp-includes/class-oembed.php HTTP/1.1" 500 0 "https://melanatedminds.org/" "Mozilla/5.0 (X11; Linux x86_64) AppleWebKit/537.36 (KHTML, like Gecko) Chrome/129.0.0.0 Safari/537.36"
198.244.226.60 - - [04/Nov/2025:16:44:38 -0500] "GET /wp-includes/feed-rss2-comments.php HTTP/1.1" 500 0 "-" "Mozilla/5.0 (compatible; AhrefsBot/7.0; +http://ahrefs.com/robot/)"
198.54.116.184 - - [04/Nov/2025:16:45:25 -0500] "POST /?wordfence_syncAttackData=1762292725.7627 HTTP/1.1" 200 0 "-" "WordPress/6.8.3; https://melanatedminds.org"
198.54.116.184 - - [04/Nov/2025:16:45:28 -0500] "POST /wp-cron.php?doing_wp_cron=1762292728.8769509792327880859375 HTTP/1.1" 200 0 "-" "WordPress/6.8.3; https://melanatedminds.org"
149.56.133.72 - - [04/Nov/2025:16:45:20 -0500] "POST /wp-login.php HTTP/1.1" 503 7758 "-" "Mozilla/5.0 (Windows NT 10.0; Win64; x64; rv:74.0) Gecko/20100101 Firefox/74.0"
85.208.96.193 - - [04/Nov/2025:16:46:41 -0500] "GET /wp-includes/SimplePie/library/SimplePie/Cache/Redis.php HTTP/1.1" 200 0 "-" "Mozilla/5.0 (compatible; SemrushBot/7~bl; +http://www.semrush.com/bot.html)"
85.208.96.211 - - [04/Nov/2025:16:47:26 -0500] "GET /wp-includes/sodium_compat/namespaced/Core/Curve25519/Ge/P3.php HTTP/1.1" 500 0 "-" "Mozilla/5.0 (compatible; SemrushBot/7~bl; +http://www.semrush.com/bot.html)"
185.191.171.6 - - [04/Nov/2025:16:49:27 -0500] "GET /wp-includes/Requests/src/Exception/Http/Status414.php HTTP/1.1" 500 0 "-" "Mozilla/5.0 (compatible; SemrushBot/7~bl; +http://www.semrush.com/bot.html)"
85.208.96.208 - - [04/Nov/2025:16:49:33 -0500] "GET /wp-includes/Requests/src/Exception/Http/Status405.php HTTP/1.1" 500 0 "-" "Mozilla/5.0 (compatible; SemrushBot/7~bl; +http://www.semrush.com/bot.html)"
196.251.87.191 - - [04/Nov/2025:16:56:39 -0500] "GET /components/com_jbcatalog/libraries/jsupload/server/php/index.php?file=tf2rghf.jpg HTTP/1.1" 200 17006 "-" "ALittle Client"
185.191.171.16 - - [04/Nov/2025:16:56:44 -0500] "GET /wp-includes/sodium_compat/src/Core/AES/error_log HTTP/1.1" 403 1242 "-" "Mozilla/5.0 (compatible; SemrushBot/7~bl; +http://www.semrush.com/bot.html)"
85.208.96.194 - - [04/Nov/2025:17:00:06 -0500] "GET /wp-includes/Requests/src/Exception/Http/Status403.php HTTP/1.1" 500 0 "-" "Mozilla/5.0 (compatible; SemrushBot/7~bl; +http://www.semrush.com/bot.html)"
198.54.116.184 - - [04/Nov/2025:17:02:14 -0500] "POST /?wordfence_syncAttackData=1762293734.382 HTTP/1.1" 200 0 "-" "WordPress/6.8.3; https://melanatedminds.org"
198.54.116.184 - - [04/Nov/2025:17:02:16 -0500] "POST /wp-cron.php?doing_wp_cron=1762293736.6083819866180419921875 HTTP/1.1" 200 0 "-" "WordPress/6.8.3; https://melanatedminds.org"
66.249.73.5 - - [04/Nov/2025:17:02:11 -0500] "GET /?e=73911170336300&channel=8233ad&from=info.php%3Fid%3D1703363-2741%26name%3D%E3%82%B3%E3%83%AD%E3%83%B3%E3%83%93%E3%82%A2++%E3%82%BB%E3%83%B3%E3%83%88%E3%83%AA%E3%83%AA%E3%82%A2%E3%83%A0%E3%82%B8%E3%83%A3%E3%82%B1%E3%83%83%E3%83%88+L+227%28Pebble%29%EF%BC%88%E3%82%A2%E3%82%A6%E3%82%BF%E3%83%BC%28%E3%83%A1%E3%83%B3%E3%82%BA%29+%E3%82%B3%E3%83%AD%E3%83%B3%E3%83%93%E3%82%A2+%E3%82%BB%E3%83%B3%E3%83%88%E3%83%AA%E3%83%AA%E3%82%A2%E3%83%A0%E3%82%B8%E3%83%A3%E3%82%B1%E3%83%83%E3%83%88+L+227%28Pebble%29+%3A+%E3%83%8A%E3%83%81%E3%83%A5%E3%83%A9%E3%83%A0+%E3%82%A2%E3%82%A6%E3%83%88%E3%83%89%E3%82%A2%E5%B0%82%E9%96%80%E5%BA%97+-+%E9%80%9A%E8%B2%A9+-++Yahoo%21%E3%82%B7%E3%83%A7%E3%83%83%E3%83%94%E3%83%B3%E3%82%B0%EF%BC%89 HTTP/1.1" 302 2617 "-" "Mozilla/5.0 (Linux; Android 6.0.1; Nexus 5X Build/MMB29P) AppleWebKit/537.36 (KHTML, like Gecko) Chrome/141.0.7390.122 Mobile Safari/537.36 (compatible; Googlebot/2.1; +http://www.google.com/bot.html)"
198.54.116.184 - - [04/Nov/2025:17:02:21 -0500] "GET /wp-content/uploads/2023/02/Logo-Foter.png HTTP/1.0" 200 1766 "-" "-"
66.249.73.4 - - [04/Nov/2025:17:02:17 -0500] "GET /?e=73911170336300&channel=8233ad&from=info.php%3Fid%3D1703363-2741%26name%3D%E3%82%B3%E3%83%AD%E3%83%B3%E3%83%93%E3%82%A2%20%20%E3%82%BB%E3%83%B3%E3%83%88%E3%83%AA%E3%83%AA%E3%82%A2%E3%83%A0%E3%82%B8%E3%83%A3%E3%82%B1%E3%83%83%E3%83%88%20L%20227%28Pebble%29%EF%BC%88%E3%82%A2%E3%82%A6%E3%82%BF%E3%83%BC%28%E3%83%A1%E3%83%B3%E3%82%BA%29%20%E3%82%B3%E3%83%AD%E3%83%B3%E3%83%93%E3%82%A2%20%E3%82%BB%E3%83%B3%E3%83%88%E3%83%AA%E3%83%AA%E3%82%A2%E3%83%A0%E3%82%B8%E3%83%A3%E3%82%B1%E3%83%83%E3%83%88%20L%20227%28Pebble%29%20%3A%20%E3%83%8A%E3%83%81%E3%83%A5%E3%83%A9%E3%83%A0%20%E3%82%A2%E3%82%A6%E3%83%88%E3%83%89%E3%82%A2%E5%B0%82%E9%96%80%E5%BA%97%20-%20%E9%80%9A%E8%B2%A9%20-%20%20Yahoo%21%E3%82%B7%E3%83%A7%E3%83%83%E3%83%94%E3%83%B3%E3%82%B0%EF%BC%89 HTTP/1.1" 200 29180 "-" "Mozilla/5.0 (Linux; Android 6.0.1; Nexus 5X Build/MMB29P) AppleWebKit/537.36 (KHTML, like Gecko) Chrome/141.0.7390.122 Mobile Safari/537.36 (compatible; Googlebot/2.1; +http://www.google.com/bot.html)"
198.54.116.184 - - [04/Nov/2025:17:03:02 -0500] "POST /wp-cron.php?doing_wp_cron=1762293782.3462879657745361328125 HTTP/1.1" 200 0 "-" "WordPress/6.8.3; https://melanatedminds.org"
66.249.73.4 - - [04/Nov/2025:17:03:00 -0500] "GET /?e=81964112595600&channel=2b530e&from=shop.php%3Fid%3D1125956-2512%26name%3D%E3%82%B7%E3%83%BC%E3%83%88+Triumph+Thunderbird+900+1995-2003%E3%82%BD%E3%83%AD%E3%82%AB%E3%83%95%E3%82%A7%E3%83%AC%E3%83%BC%E3%82%B5%E3%83%BC%E3%82%B7%E3%83%BC%E3%83%88%E3%83%9C%E3%83%AB%E3%83%88%E3%82%AA%E3%83%B3%E3%82%B3%E3%83%BC%E3%83%89%EF%BC%9AS2146+Triumph+Thunderbird+900+1995-2003+solo+cafe+racer+seat+bolt-on++CODE%3A+S2146%EF%BC%881995-2003+Triumph+Thunderbird+Legend+Bolt-On+%28Screw%29+Motorcycle+Seat+%7C++M1146+%7C+White+%7C+Metal+%7C+6+Months+Manufacturer+Warranty+%7C+Vietnam%EF%BC%89 HTTP/1.1" 302 2364 "-" "Mozilla/5.0 (Linux; Android 6.0.1; Nexus 5X Build/MMB29P) AppleWebKit/537.36 (KHTML, like Gecko) Chrome/141.0.7390.122 Mobile Safari/537.36 (compatible; Googlebot/2.1; +http://www.google.com/bot.html)"
198.54.116.184 - - [04/Nov/2025:17:03:05 -0500] "GET /wp-content/uploads/2023/02/Logo-Foter.png HTTP/1.0" 200 1766 "-" "-"
66.249.73.5 - - [04/Nov/2025:17:03:02 -0500] "GET /?e=81964112595600&channel=2b530e&from=shop.php%3Fid%3D1125956-2512%26name%3D%E3%82%B7%E3%83%BC%E3%83%88%20Triumph%20Thunderbird%20900%201995-2003%E3%82%BD%E3%83%AD%E3%82%AB%E3%83%95%E3%82%A7%E3%83%AC%E3%83%BC%E3%82%B5%E3%83%BC%E3%82%B7%E3%83%BC%E3%83%88%E3%83%9C%E3%83%AB%E3%83%88%E3%82%AA%E3%83%B3%E3%82%B3%E3%83%BC%E3%83%89%EF%BC%9AS2146%20Triumph%20Thunderbird%20900%201995-2003%20solo%20cafe%20racer%20seat%20bolt-on%20%20CODE%3A%20S2146%EF%BC%881995-2003%20Triumph%20Thunderbird%20Legend%20Bolt-On%20%28Screw%29%20Motorcycle%20Seat%20%7C%20%20M1146%20%7C%20White%20%7C%20Metal%20%7C%206%20Months%20Manufacturer%20Warranty%20%7C%20Vietnam%EF%BC%89 HTTP/1.1" 200 28856 "-" "Mozilla/5.0 (Linux; Android 6.0.1; Nexus 5X Build/MMB29P) AppleWebKit/537.36 (KHTML, like Gecko) Chrome/141.0.7390.122 Mobile Safari/537.36 (compatible; Googlebot/2.1; +http://www.google.com/bot.html)"
198.54.116.184 - - [04/Nov/2025:17:07:07 -0500] "POST /wp-cron.php?doing_wp_cron=1762294027.3357141017913818359375 HTTP/1.1" 200 0 "-" "WordPress/6.8.3; https://melanatedminds.org"
66.249.73.4 - - [04/Nov/2025:17:07:01 -0500] "GET /?e=2709686598401&channel=0ccb52&from=shared.php%3Fid%3D865984-438%26name%3DRekluse+%E3%83%AC%E3%83%BC%E3%82%B7%E3%83%B3%E3%82%B0+%E3%83%96%E3%83%AC%E3%83%BC%E3%82%AD+%E3%82%AD%E3%83%83%E3%83%88+-+%E5%B7%A6%E5%81%B4+-+%E3%83%AA%E3%82%A2%E7%94%A8+Honda+RMS-5300001+Rekluse+Racing+Brake+Kit+-+Left+Hand+-+Rear+for+Honda+RMS-5300001 HTTP/1.1" 302 2562 "-" "Mozilla/5.0 (Linux; Android 6.0.1; Nexus 5X Build/MMB29P) AppleWebKit/537.36 (KHTML, like Gecko) Chrome/141.0.7390.122 Mobile Safari/537.36 (compatible; Googlebot/2.1; +http://www.google.com/bot.html)"
198.54.116.184 - - [04/Nov/2025:17:07:11 -0500] "GET /wp-content/uploads/2023/02/Logo-Foter.png HTTP/1.0" 200 1766 "-" "-"
66.249.73.4 - - [04/Nov/2025:17:07:07 -0500] "GET /?e=2709686598401&channel=0ccb52&from=shared.php%3Fid%3D865984-438%26name%3DRekluse%20%E3%83%AC%E3%83%BC%E3%82%B7%E3%83%B3%E3%82%B0%20%E3%83%96%E3%83%AC%E3%83%BC%E3%82%AD%20%E3%82%AD%E3%83%83%E3%83%88%20-%20%E5%B7%A6%E5%81%B4%20-%20%E3%83%AA%E3%82%A2%E7%94%A8%20Honda%20RMS-5300001%20Rekluse%20Racing%20Brake%20Kit%20-%20Left%20Hand%20-%20Rear%20for%20Honda%20RMS-5300001 HTTP/1.1" 200 28627 "-" "Mozilla/5.0 (Linux; Android 6.0.1; Nexus 5X Build/MMB29P) AppleWebKit/537.36 (KHTML, like Gecko) Chrome/141.0.7390.122 Mobile Safari/537.36 (compatible; Googlebot/2.1; +http://www.google.com/bot.html)"
66.249.73.4 - - [04/Nov/2025:17:07:20 -0500] "GET /?e=7220297263200&channel=5ae713&from=goods.php%3Fid%3D972632-453%26name%3D%E3%82%A2%E3%83%AB%E3%83%86%E3%82%A3%E3%83%A1%E3%83%83%E3%83%88%E3%82%A2%E3%82%AF%E3%82%A2%E3%83%95%E3%82%A9%E3%83%BC%E3%82%B9%E3%80%80%E3%82%A2%E3%83%AA%E3%83%BC%E3%83%8A%E3%80%80arena+%E6%B0%B4%E7%9D%80%E3%80%80%E8%A9%A6%E5%90%88%E7%94%A8 HTTP/1.1" 302 2508 "-" "Mozilla/5.0 (Linux; Android 6.0.1; Nexus 5X Build/MMB29P) AppleWebKit/537.36 (KHTML, like Gecko) Chrome/141.0.7390.122 Mobile Safari/537.36 (compatible; Googlebot/2.1; +http://www.google.com/bot.html)"
198.54.116.184 - - [04/Nov/2025:17:07:24 -0500] "GET /wp-content/uploads/2023/02/Logo-Foter.png HTTP/1.0" 200 1766 "-" "-"
66.249.73.4 - - [04/Nov/2025:17:07:22 -0500] "GET /?e=7220297263200&channel=5ae713&from=goods.php%3Fid%3D972632-453%26name%3D%E3%82%A2%E3%83%AB%E3%83%86%E3%82%A3%E3%83%A1%E3%83%83%E3%83%88%E3%82%A2%E3%82%AF%E3%82%A2%E3%83%95%E3%82%A9%E3%83%BC%E3%82%B9%E3%80%80%E3%82%A2%E3%83%AA%E3%83%BC%E3%83%8A%E3%80%80arena%20%E6%B0%B4%E7%9D%80%E3%80%80%E8%A9%A6%E5%90%88%E7%94%A8 HTTP/1.1" 200 28614 "-" "Mozilla/5.0 (Linux; Android 6.0.1; Nexus 5X Build/MMB29P) AppleWebKit/537.36 (KHTML, like Gecko) Chrome/141.0.7390.122 Mobile Safari/537.36 (compatible; Googlebot/2.1; +http://www.google.com/bot.html)"
198.54.116.184 - - [04/Nov/2025:17:07:46 -0500] "POST /wp-cron.php?doing_wp_cron=1762294066.7389891147613525390625 HTTP/1.1" 200 0 "-" "WordPress/6.8.3; https://melanatedminds.org"
66.249.73.4 - - [04/Nov/2025:17:07:43 -0500] "GET /?e=75379136314600&channel=25cc41&from=category-info.php%3Fid%3D1363146-2564%26name%3D%E3%83%90%E3%82%A4%E3%82%AF%E3%83%91%E3%83%BC%E3%83%84+%E3%83%8F%E3%83%B3%E3%83%89%E3%83%AB%3Cbr%3E%E3%83%A6%E3%83%BC%E3%82%AB%E3%83%8A%E3%83%A4+%E3%83%AC%E3%83%90%E3%83%BC%E3%82%BB%E3%83%83%E3%83%88+STD%2F%E3%82%B7%E3%83%A7%E3%83%BC%E3%83%88+GD%2FRD+%E3%83%84%E3%83%A4%E3%82%B1%E3%82%B7+CB1300SF+21-+%3Cbr%3EHO009-084-0212+4550646255921%3Cbr%3E HTTP/1.1" 302 2487 "-" "Mozilla/5.0 (Linux; Android 6.0.1; Nexus 5X Build/MMB29P) AppleWebKit/537.36 (KHTML, like Gecko) Chrome/141.0.7390.122 Mobile Safari/537.36 (compatible; Googlebot/2.1; +http://www.google.com/bot.html)"
198.54.116.184 - - [04/Nov/2025:17:07:50 -0500] "GET /wp-content/uploads/2023/02/Logo-Foter.png HTTP/1.0" 200 1766 "-" "-"
66.249.73.4 - - [04/Nov/2025:17:07:47 -0500] "GET /?e=75379136314600&channel=25cc41&from=category-info.php%3Fid%3D1363146-2564%26name%3D%E3%83%90%E3%82%A4%E3%82%AF%E3%83%91%E3%83%BC%E3%83%84%20%E3%83%8F%E3%83%B3%E3%83%89%E3%83%AB%3Cbr%3E%E3%83%A6%E3%83%BC%E3%82%AB%E3%83%8A%E3%83%A4%20%E3%83%AC%E3%83%90%E3%83%BC%E3%82%BB%E3%83%83%E3%83%88%20STD%2F%E3%82%B7%E3%83%A7%E3%83%BC%E3%83%88%20GD%2FRD%20%E3%83%84%E3%83%A4%E3%82%B1%E3%82%B7%20CB1300SF%2021-%20%3Cbr%3EHO009-084-0212%204550646255921%3Cbr%3E HTTP/1.1" 200 28955 "-" "Mozilla/5.0 (Linux; Android 6.0.1; Nexus 5X Build/MMB29P) AppleWebKit/537.36 (KHTML, like Gecko) Chrome/141.0.7390.122 Mobile Safari/537.36 (compatible; Googlebot/2.1; +http://www.google.com/bot.html)"
66.249.73.4 - - [04/Nov/2025:17:08:00 -0500] "GET /?e=90847188892401&channel=c9f3ab&from=info.php%3Fid%3D1888924-2839%26name%3D%E3%83%99%E3%83%AB%E3%83%88%E3%83%AB%E3%83%BC%E3%83%97%E3%82%AD%E3%83%BC%E3%83%9B%E3%83%AB%E3%83%80%E3%83%BC+B-15A+type2+%E3%82%B7%E3%82%A7%E3%83%AA%E3%83%80%E3%83%B3%E3%82%B9%E3%82%BF%E3%82%A4%E3%83%AB%E3%82%AB%E3%83%BC%E3%83%93%E3%83%B3%E3%82%B0 HTTP/1.1" 302 2743 "-" "Mozilla/5.0 (Linux; Android 6.0.1; Nexus 5X Build/MMB29P) AppleWebKit/537.36 (KHTML, like Gecko) Chrome/141.0.7390.122 Mobile Safari/537.36 (compatible; Googlebot/2.1; +http://www.google.com/bot.html)"
198.54.116.184 - - [04/Nov/2025:17:08:04 -0500] "GET /wp-content/uploads/2023/02/Logo-Foter.png HTTP/1.0" 200 1766 "-" "-"
66.249.73.4 - - [04/Nov/2025:17:08:01 -0500] "GET /?e=90847188892401&channel=c9f3ab&from=info.php%3Fid%3D1888924-2839%26name%3D%E3%83%99%E3%83%AB%E3%83%88%E3%83%AB%E3%83%BC%E3%83%97%E3%82%AD%E3%83%BC%E3%83%9B%E3%83%AB%E3%83%80%E3%83%BC%20B-15A%20type2%20%E3%82%B7%E3%82%A7%E3%83%AA%E3%83%80%E3%83%B3%E3%82%B9%E3%82%BF%E3%82%A4%E3%83%AB%E3%82%AB%E3%83%BC%E3%83%93%E3%83%B3%E3%82%B0 HTTP/1.1" 200 29208 "-" "Mozilla/5.0 (Linux; Android 6.0.1; Nexus 5X Build/MMB29P) AppleWebKit/537.36 (KHTML, like Gecko) Chrome/141.0.7390.122 Mobile Safari/537.36 (compatible; Googlebot/2.1; +http://www.google.com/bot.html)"
66.249.73.4 - - [04/Nov/2025:17:08:14 -0500] "GET /?e=0986498916201&channel=c54946&from=brands.php%3Fid%3D989162-566%26name%3D%E3%82%A6%E3%83%83%E3%83%89%E3%83%AF%E3%83%B3+e%E3%83%BBra%E3%83%BBbo+%E7%8E%84%E9%96%A2%E5%8F%8E%E7%B4%8D%E7%94%A8%E6%A3%9A%E6%9D%BF+%E5%A5%A5%E8%A1%8C290mm+%E9%96%93%E5%8F%A3779mm+%E3%83%80%E3%83%9C%E5%90%8C%E6%A2%B1+8%E6%9E%9A%E5%85%A5+OWJT38-7+WOODONE+%E5%8F%97%E6%B3%A8%E7%94%9F%E7%94%A3%E5%93%81 HTTP/1.1" 302 2462 "-" "Mozilla/5.0 (Linux; Android 6.0.1; Nexus 5X Build/MMB29P) AppleWebKit/537.36 (KHTML, like Gecko) Chrome/141.0.7390.122 Mobile Safari/537.36 (compatible; Googlebot/2.1; +http://www.google.com/bot.html)"
198.54.116.184 - - [04/Nov/2025:17:08:19 -0500] "GET /wp-content/uploads/2023/02/Logo-Foter.png HTTP/1.0" 200 1766 "-" "-"
66.249.73.4 - - [04/Nov/2025:17:08:16 -0500] "GET /?e=0986498916201&channel=c54946&from=brands.php%3Fid%3D989162-566%26name%3D%E3%82%A6%E3%83%83%E3%83%89%E3%83%AF%E3%83%B3%20e%E3%83%BBra%E3%83%BBbo%20%E7%8E%84%E9%96%A2%E5%8F%8E%E7%B4%8D%E7%94%A8%E6%A3%9A%E6%9D%BF%20%E5%A5%A5%E8%A1%8C290mm%20%E9%96%93%E5%8F%A3779mm%20%E3%83%80%E3%83%9C%E5%90%8C%E6%A2%B1%208%E6%9E%9A%E5%85%A5%20OWJT38-7%20WOODONE%20%E5%8F%97%E6%B3%A8%E7%94%9F%E7%94%A3%E5%93%81 HTTP/1.1" 200 28475 "-" "Mozilla/5.0 (Linux; Android 6.0.1; Nexus 5X Build/MMB29P) AppleWebKit/537.36 (KHTML, like Gecko) Chrome/141.0.7390.122 Mobile Safari/537.36 (compatible; Googlebot/2.1; +http://www.google.com/bot.html)"
198.54.116.184 - - [04/Nov/2025:17:08:39 -0500] "POST /wp-cron.php?doing_wp_cron=1762294119.3763210773468017578125 HTTP/1.1" 200 0 "-" "WordPress/6.8.3; https://melanatedminds.org"
66.249.73.4 - - [04/Nov/2025:17:08:38 -0500] "GET /?e=52329191325404&channel=69129b&from=article.php%3Fid%3D1913254-3514%26name%3DDangerousMusic+2-Bus%2B+%2816ch%E3%82%B5%E3%83%9F%E3%83%B3%E3%82%B0%E3%83%9F%E3%82%AD%E3%82%B5%E3%83%BC%29%E5%A4%A7%E5%B9%85%E5%80%A4%E4%B8%8B HTTP/1.1" 302 2465 "-" "Mozilla/5.0 (Linux; Android 6.0.1; Nexus 5X Build/MMB29P) AppleWebKit/537.36 (KHTML, like Gecko) Chrome/141.0.7390.122 Mobile Safari/537.36 (compatible; Googlebot/2.1; +http://www.google.com/bot.html)"
185.191.171.12 - - [04/Nov/2025:17:08:39 -0500] "GET /wp-includes/sodium_compat/namespaced/Core/Curve25519/Ge/error_log HTTP/1.1" 403 1242 "-" "Mozilla/5.0 (compatible; SemrushBot/7~bl; +http://www.semrush.com/bot.html)"
198.54.116.184 - - [04/Nov/2025:17:08:42 -0500] "GET /wp-content/uploads/2023/02/Logo-Foter.png HTTP/1.0" 200 1766 "-" "-"
66.249.73.4 - - [04/Nov/2025:17:08:39 -0500] "GET /?e=52329191325404&channel=69129b&from=article.php%3Fid%3D1913254-3514%26name%3DDangerousMusic%202-Bus%2B%20%2816ch%E3%82%B5%E3%83%9F%E3%83%B3%E3%82%B0%E3%83%9F%E3%82%AD%E3%82%B5%E3%83%BC%29%E5%A4%A7%E5%B9%85%E5%80%A4%E4%B8%8B HTTP/1.1" 200 28715 "-" "Mozilla/5.0 (Linux; Android 6.0.1; Nexus 5X Build/MMB29P) AppleWebKit/537.36 (KHTML, like Gecko) Chrome/141.0.7390.122 Mobile Safari/537.36 (compatible; Googlebot/2.1; +http://www.google.com/bot.html)"
66.249.73.4 - - [04/Nov/2025:17:09:18 -0500] "GET /?e=27039120020410&channel=bad0b3&from=jp.php%3Fid%3D1200204-570%26name%3D%E3%82%B9%E3%83%81%E3%83%BC%E3%83%AB%E3%83%A9%E3%83%83%E3%82%AF+%E3%82%B9%E3%83%81%E3%83%BC%E3%83%AB%E6%A3%9A+%E6%A5%AD%E5%8B%99%E7%94%A8+%E5%8F%8E%E7%B4%8D+%E3%82%A2%E3%83%B3%E3%82%B0%E3%83%AB%E6%A3%9A+%E8%BB%BD%E9%87%8F%E6%A3%9A+%E5%B9%85150+%E5%A5%A5%E8%A1%8C45+%E9%AB%98%E3%81%95210+5%E6%AE%B5+120kg%2F%E6%AE%B5 HTTP/1.1" 302 3025 "-" "Mozilla/5.0 (Linux; Android 6.0.1; Nexus 5X Build/MMB29P) AppleWebKit/537.36 (KHTML, like Gecko) Chrome/141.0.7390.122 Mobile Safari/537.36 (compatible; Googlebot/2.1; +http://www.google.com/bot.html)"
198.54.116.184 - - [04/Nov/2025:17:09:23 -0500] "GET /wp-content/uploads/2023/02/Logo-Foter.png HTTP/1.0" 200 1766 "-" "-"
66.249.73.4 - - [04/Nov/2025:17:09:20 -0500] "GET /?e=27039120020410&channel=bad0b3&from=jp.php%3Fid%3D1200204-570%26name%3D%E3%82%B9%E3%83%81%E3%83%BC%E3%83%AB%E3%83%A9%E3%83%83%E3%82%AF%20%E3%82%B9%E3%83%81%E3%83%BC%E3%83%AB%E6%A3%9A%20%E6%A5%AD%E5%8B%99%E7%94%A8%20%E5%8F%8E%E7%B4%8D%20%E3%82%A2%E3%83%B3%E3%82%B0%E3%83%AB%E6%A3%9A%20%E8%BB%BD%E9%87%8F%E6%A3%9A%20%E5%B9%85150%20%E5%A5%A5%E8%A1%8C45%20%E9%AB%98%E3%81%95210%205%E6%AE%B5%20120kg%2F%E6%AE%B5 HTTP/1.1" 200 28649 "-" "Mozilla/5.0 (Linux; Android 6.0.1; Nexus 5X Build/MMB29P) AppleWebKit/537.36 (KHTML, like Gecko) Chrome/141.0.7390.122 Mobile Safari/537.36 (compatible; Googlebot/2.1; +http://www.google.com/bot.html)"
198.54.116.184 - - [04/Nov/2025:17:10:53 -0500] "POST /wp-cron.php?doing_wp_cron=1762294253.1356170177459716796875 HTTP/1.1" 200 0 "-" "WordPress/6.8.3; https://melanatedminds.org"
198.54.116.184 - - [04/Nov/2025:17:10:55 -0500] "GET /wp-content/uploads/2023/02/Logo-Foter.png HTTP/1.0" 200 1766 "-" "-"
66.249.73.4 - - [04/Nov/2025:17:10:46 -0500] "GET /?e=72106168599702&channel=ab1bc5&from=shared.php%3Fid%3D1685997-3292%26name%3D%E6%97%A9%E5%B7%9D%E3%82%B8%E3%83%A3%E3%83%B3%E3%83%97%E3%82%AD%E3%83%A5%E3%83%BC HTTP/1.1" 200 28714 "-" "Mozilla/5.0 (Linux; Android 6.0.1; Nexus 5X Build/MMB29P) AppleWebKit/537.36 (KHTML, like Gecko) Chrome/141.0.7390.122 Mobile Safari/537.36 (compatible; Googlebot/2.1; +http://www.google.com/bot.html)"
66.249.73.4 - - [04/Nov/2025:17:10:55 -0500] "GET /?e=63282188106001&channel=5a740e&from=shop.php%3Fid%3D1881060-2842%26name%3D%E3%83%97%E3%83%A9%E3%83%80+%E3%83%A1%E3%82%AC%E3%83%8D+%E3%83%95%E3%83%AC%E3%83%BC%E3%83%A0+%E5%9B%BD%E5%86%85%E6%AD%A3%E8%A6%8F%E5%93%81+%E4%BC%8A%E9%81%94%E3%83%A1%E3%82%AC%E3%83%8D+%E8%80%81%E7%9C%BC%E9%8F%A1+%E5%BA%A6%E4%BB%98%E3%81%8D+%E3%83%96%E3%83%AB%E3%83%BC%E3%83%A9%E3%82%A4%E3%83%88%E3%82%AB%E3%83%83%E3%83%88+PRADA+%E3%83%9C%E3%82%B9%E3%83%88%E3%83%B3+PR07TVF+2AU1O1+52+%E7%9C%BC%E9%8F%A1+%E3%82%81%E3%81%8C%E3%81%AD+%E3%83%97%E3%83%AC%E3%82%BC%E3%83%B3%E3%83%88+%E3%82%AE%E3%83%95%E3%83%88 HTTP/1.1" 302 2770 "-" "Mozilla/5.0 (Linux; Android 6.0.1; Nexus 5X Build/MMB29P) AppleWebKit/537.36 (KHTML, like Gecko) Chrome/141.0.7390.122 Mobile Safari/537.36 (compatible; Googlebot/2.1; +http://www.google.com/bot.html)"
198.54.116.184 - - [04/Nov/2025:17:10:59 -0500] "GET /wp-content/uploads/2023/02/Logo-Foter.png HTTP/1.0" 200 1766 "-" "-"
66.249.73.4 - - [04/Nov/2025:17:10:56 -0500] "GET /?e=63282188106001&channel=5a740e&from=shop.php%3Fid%3D1881060-2842%26name%3D%E3%83%97%E3%83%A9%E3%83%80%20%E3%83%A1%E3%82%AC%E3%83%8D%20%E3%83%95%E3%83%AC%E3%83%BC%E3%83%A0%20%E5%9B%BD%E5%86%85%E6%AD%A3%E8%A6%8F%E5%93%81%20%E4%BC%8A%E9%81%94%E3%83%A1%E3%82%AC%E3%83%8D%20%E8%80%81%E7%9C%BC%E9%8F%A1%20%E5%BA%A6%E4%BB%98%E3%81%8D%20%E3%83%96%E3%83%AB%E3%83%BC%E3%83%A9%E3%82%A4%E3%83%88%E3%82%AB%E3%83%83%E3%83%88%20PRADA%20%E3%83%9C%E3%82%B9%E3%83%88%E3%83%B3%20PR07TVF%202AU1O1%2052%20%E7%9C%BC%E9%8F%A1%20%E3%82%81%E3%81%8C%E3%81%AD%20%E3%83%97%E3%83%AC%E3%82%BC%E3%83%B3%E3%83%88%20%E3%82%AE%E3%83%95%E3%83%88 HTTP/1.1" 200 28904 "-" "Mozilla/5.0 (Linux; Android 6.0.1; Nexus 5X Build/MMB29P) AppleWebKit/537.36 (KHTML, like Gecko) Chrome/141.0.7390.122 Mobile Safari/537.36 (compatible; Googlebot/2.1; +http://www.google.com/bot.html)"
66.249.73.5 - - [04/Nov/2025:17:11:08 -0500] "GET /?e=19481131381202&channel=da8428&from=blog.php%3Fid%3D1313812-2559%26name%3D%E3%82%A4%E3%82%AF%E3%82%B9+%E3%83%91%E3%83%83%E3%83%81%E3%83%AF%E3%83%BC%E3%82%AF%E3%83%87%E3%82%B6%E3%82%A4%E3%83%B3%E3%81%AE%E3%81%93%E3%81%9F%E3%81%A4%E5%B8%83%E5%9B%A3+%E9%95%B7%E6%96%B9%E5%BD%A2 HTTP/1.1" 302 2328 "-" "Mozilla/5.0 (Linux; Android 6.0.1; Nexus 5X Build/MMB29P) AppleWebKit/537.36 (KHTML, like Gecko) Chrome/141.0.7390.122 Mobile Safari/537.36 (compatible; Googlebot/2.1; +http://www.google.com/bot.html)"
198.54.116.184 - - [04/Nov/2025:17:11:11 -0500] "GET /wp-content/uploads/2023/02/Logo-Foter.png HTTP/1.0" 200 1766 "-" "-"
66.249.73.5 - - [04/Nov/2025:17:11:09 -0500] "GET /?e=19481131381202&channel=da8428&from=blog.php%3Fid%3D1313812-2559%26name%3D%E3%82%A4%E3%82%AF%E3%82%B9%20%E3%83%91%E3%83%83%E3%83%81%E3%83%AF%E3%83%BC%E3%82%AF%E3%83%87%E3%82%B6%E3%82%A4%E3%83%B3%E3%81%AE%E3%81%93%E3%81%9F%E3%81%A4%E5%B8%83%E5%9B%A3%20%E9%95%B7%E6%96%B9%E5%BD%A2 HTTP/1.1" 200 28861 "-" "Mozilla/5.0 (Linux; Android 6.0.1; Nexus 5X Build/MMB29P) AppleWebKit/537.36 (KHTML, like Gecko) Chrome/141.0.7390.122 Mobile Safari/537.36 (compatible; Googlebot/2.1; +http://www.google.com/bot.html)"
66.249.73.4 - - [04/Nov/2025:17:11:21 -0500] "GET /?e=91280169348401&channel=8abf8d&from=pin.php%3Fid%3D1693484-3686%26name%3D%E3%80%90CURT%28%E3%82%AB%E3%83%BC%E3%83%88%29%E6%AD%A3%E8%A6%8F%E4%BB%A3%E7%90%86%E5%BA%97%E3%80%91%3CBR%3EA20+5th%E3%83%9B%E3%82%A4%E3%83%BC%E3%83%AB%E3%83%92%E3%83%83%E3%83%81%E3%83%AD%E3%83%BC%E3%83%A9%E3%83%BC+%E7%89%BD%E5%BC%95%E8%83%BD%E5%8A%9B%E7%B4%84+9000kg%3CBR%3E%E3%82%B7%E3%83%9C%E3%83%AC%E3%83%BC+%E3%82%B7%E3%83%AB%E3%83%90%E3%83%A9%E3%83%BC%E3%83%89%E3%83%BBGMC+%E3%82%B7%E3%82%A8%E3%83%A9+2500%2F3500%3CBR%3E6.5%E3%83%95%E3%82%A3%E3%83%BC%E3%83%88%E3%83%99%E3%83%83%E3%83%89+%E3%83%88%E3%83%A9%E3%83%83%E3%82%AF%E7%94%A8+2016%E5%B9%B4%E3%80%9C2019%E5%B9%B4 HTTP/1.1" 302 2803 "-" "Mozilla/5.0 (Linux; Android 6.0.1; Nexus 5X Build/MMB29P) AppleWebKit/537.36 (KHTML, like Gecko) Chrome/141.0.7390.122 Mobile Safari/537.36 (compatible; Googlebot/2.1; +http://www.google.com/bot.html)"
198.54.116.184 - - [04/Nov/2025:17:11:25 -0500] "GET /wp-content/uploads/2023/02/Logo-Foter.png HTTP/1.0" 200 1766 "-" "-"
66.249.73.4 - - [04/Nov/2025:17:11:22 -0500] "GET /?e=91280169348401&channel=8abf8d&from=pin.php%3Fid%3D1693484-3686%26name%3D%E3%80%90CURT%28%E3%82%AB%E3%83%BC%E3%83%88%29%E6%AD%A3%E8%A6%8F%E4%BB%A3%E7%90%86%E5%BA%97%E3%80%91%3CBR%3EA20%205th%E3%83%9B%E3%82%A4%E3%83%BC%E3%83%AB%E3%83%92%E3%83%83%E3%83%81%E3%83%AD%E3%83%BC%E3%83%A9%E3%83%BC%20%E7%89%BD%E5%BC%95%E8%83%BD%E5%8A%9B%E7%B4%84%209000kg%3CBR%3E%E3%82%B7%E3%83%9C%E3%83%AC%E3%83%BC%20%E3%82%B7%E3%83%AB%E3%83%90%E3%83%A9%E3%83%BC%E3%83%89%E3%83%BBGMC%20%E3%82%B7%E3%82%A8%E3%83%A9%202500%2F3500%3CBR%3E6.5%E3%83%95%E3%82%A3%E3%83%BC%E3%83%88%E3%83%99%E3%83%83%E3%83%89%20%E3%83%88%E3%83%A9%E3%83%83%E3%82%AF%E7%94%A8%202016%E5%B9%B4%E3%80%9C2019%E5%B9%B4 HTTP/1.1" 200 28727 "-" "Mozilla/5.0 (Linux; Android 6.0.1; Nexus 5X Build/MMB29P) AppleWebKit/537.36 (KHTML, like Gecko) Chrome/141.0.7390.122 Mobile Safari/537.36 (compatible; Googlebot/2.1; +http://www.google.com/bot.html)"
198.54.116.184 - - [04/Nov/2025:17:11:36 -0500] "POST /wp-cron.php?doing_wp_cron=1762294296.6634891033172607421875 HTTP/1.1" 200 0 "-" "WordPress/6.8.3; https://melanatedminds.org"
