40.77.179.149 - - [04/Nov/2025:21:19:12 -0500] "GET /wp-content/plugins/pro-elements/assets/js/form.5fb35271b8ba3fb1e7d6.bundle.min.js HTTP/1.1" 200 19783 "-" "Mozilla/5.0 AppleWebKit/537.36 (KHTML, like Gecko; compatible; bingbot/2.0; +http://www.bing.com/bingbot.htm) Chrome/100.0.4896.127 Safari/537.36"
65.55.210.70 - - [04/Nov/2025:21:19:15 -0500] "GET /wp-content/plugins/elementor/assets/js/section-frontend-handlers.d85ab872da118940910d.bundle.min.js HTTP/1.1" 200 489 "-" "Mozilla/5.0 AppleWebKit/537.36 (KHTML, like Gecko; compatible; bingbot/2.0; +http://www.bing.com/bingbot.htm) Chrome/100.0.4896.127 Safari/537.36"
198.54.116.184 - - [04/Nov/2025:21:19:29 -0500] "POST /wp-cron.php?doing_wp_cron=1762309169.2545650005340576171875 HTTP/1.1" 200 0 "-" "WordPress/6.8.3; https://melanatedminds.org"
66.249.73.6 - - [04/Nov/2025:21:19:21 -0500] "GET /?e=7293038155500&channel=87e700&from=category-info.php%3Fid%3D381555-1293%26name%3D%E3%80%90%E6%B3%95%E4%BA%BA%E6%A7%98%E9%99%90%E5%AE%9A%E3%80%91%E4%B8%89%E8%8F%B1++EL-GT10110N%2FM+AHTN++LED%E9%AB%98%E5%A4%A9%E4%BA%95%E7%94%A8%E7%85%A7%E6%98%8E%E5%99%A8%E5%85%B7+%E4%B8%80%E8%88%AC%E5%BD%A2+SG%E3%83%A2%E3%83%87%E3%83%AB HTTP/1.1" 302 2605 "-" "Mozilla/5.0 (Linux; Android 6.0.1; Nexus 5X Build/MMB29P) AppleWebKit/537.36 (KHTML, like Gecko) Chrome/141.0.7390.122 Mobile Safari/537.36 (compatible; Googlebot/2.1; +http://www.google.com/bot.html)"
198.54.116.184 - - [04/Nov/2025:21:19:34 -0500] "GET /wp-content/uploads/2023/02/Logo-Foter.png HTTP/1.0" 200 1766 "-" "-"
66.249.73.4 - - [04/Nov/2025:21:19:29 -0500] "GET /?e=7293038155500&channel=87e700&from=category-info.php%3Fid%3D381555-1293%26name%3D%E3%80%90%E6%B3%95%E4%BA%BA%E6%A7%98%E9%99%90%E5%AE%9A%E3%80%91%E4%B8%89%E8%8F%B1%20%20EL-GT10110N%2FM%20AHTN%20%20LED%E9%AB%98%E5%A4%A9%E4%BA%95%E7%94%A8%E7%85%A7%E6%98%8E%E5%99%A8%E5%85%B7%20%E4%B8%80%E8%88%AC%E5%BD%A2%20SG%E3%83%A2%E3%83%87%E3%83%AB HTTP/1.1" 200 28793 "-" "Mozilla/5.0 (Linux; Android 6.0.1; Nexus 5X Build/MMB29P) AppleWebKit/537.36 (KHTML, like Gecko) Chrome/141.0.7390.122 Mobile Safari/537.36 (compatible; Googlebot/2.1; +http://www.google.com/bot.html)"
198.54.116.184 - - [04/Nov/2025:21:20:29 -0500] "POST /wp-cron.php?doing_wp_cron=1762309229.3456170558929443359375 HTTP/1.1" 200 0 "-" "WordPress/6.8.3; https://melanatedminds.org"
66.249.73.4 - - [04/Nov/2025:21:20:27 -0500] "GET /?e=09236100897301&channel=701e02&from=category-info.php%3Fid%3D1008973-2448%26name%3DLED%E7%BD%AE%E3%81%8D%E6%99%82%E8%A8%88+RG%E3%82%AF%E3%83%AD%E3%83%83%E3%82%AF+-+1600%E4%B8%87%E8%89%B2%E3%81%A7%E3%81%82%E3%81%AA%E3%81%9F%E3%81%AE%E7%A9%BA%E9%96%93%E3%82%92%E5%BD%A9%E3%82%8B HTTP/1.1" 302 2454 "-" "Mozilla/5.0 (Linux; Android 6.0.1; Nexus 5X Build/MMB29P) AppleWebKit/537.36 (KHTML, like Gecko) Chrome/141.0.7390.122 Mobile Safari/537.36 (compatible; Googlebot/2.1; +http://www.google.com/bot.html)"
198.54.116.184 - - [04/Nov/2025:21:20:33 -0500] "GET /wp-content/uploads/2023/02/Logo-Foter.png HTTP/1.0" 200 1766 "-" "-"
66.249.73.4 - - [04/Nov/2025:21:20:29 -0500] "GET /?e=09236100897301&channel=701e02&from=category-info.php%3Fid%3D1008973-2448%26name%3DLED%E7%BD%AE%E3%81%8D%E6%99%82%E8%A8%88%20RG%E3%82%AF%E3%83%AD%E3%83%83%E3%82%AF%20-%201600%E4%B8%87%E8%89%B2%E3%81%A7%E3%81%82%E3%81%AA%E3%81%9F%E3%81%AE%E7%A9%BA%E9%96%93%E3%82%92%E5%BD%A9%E3%82%8B HTTP/1.1" 200 28419 "-" "Mozilla/5.0 (Linux; Android 6.0.1; Nexus 5X Build/MMB29P) AppleWebKit/537.36 (KHTML, like Gecko) Chrome/141.0.7390.122 Mobile Safari/537.36 (compatible; Googlebot/2.1; +http://www.google.com/bot.html)"
198.54.116.184 - - [04/Nov/2025:21:20:57 -0500] "POST /wp-cron.php?doing_wp_cron=1762309257.1763019561767578125000 HTTP/1.1" 200 0 "-" "WordPress/6.8.3; https://melanatedminds.org"
198.54.116.184 - - [04/Nov/2025:21:20:59 -0500] "GET /wp-content/uploads/2023/02/Logo-Foter.png HTTP/1.0" 200 1766 "-" "-"
66.249.73.4 - - [04/Nov/2025:21:20:55 -0500] "GET /?e=91312101166708&channel=d3b473&from=jp.php%3Fid%3D1011667-618%26name%3D%E6%B7%B1%E5%B7%9D%E8%A3%BD%E7%A3%81%E3%80%80%E5%AE%98%E7%AA%AF%E6%9F%93%E4%BB%98%E3%80%80%E8%8A%B1%E7%93%B6%E3%80%80%E6%9F%93%E4%BB%98%E8%89%B2%E7%B5%B5%E3%80%80%E5%AE%AE%E5%86%85%E7%9C%81%E5%BE%A1%E7%94%A8%E9%81%94%E3%80%80%E8%9D%B6%E3%80%80%E7%89%A1%E4%B8%B9%E3%80%80%E5%B8%8C%E5%B0%91%E5%93%81 HTTP/1.1" 200 29004 "-" "Mozilla/5.0 (Linux; Android 6.0.1; Nexus 5X Build/MMB29P) AppleWebKit/537.36 (KHTML, like Gecko) Chrome/141.0.7390.122 Mobile Safari/537.36 (compatible; Googlebot/2.1; +http://www.google.com/bot.html)"
66.249.73.6 - - [04/Nov/2025:21:21:29 -0500] "GET /?e=0201445224700&channel=0ff5eb&from=shared.php%3Fid%3D452247-1440%26name%3D%E3%83%86%E3%83%8B%E3%82%B9%E3%82%A6%E3%82%A7%E3%82%A2%EF%BC%88%E3%83%AC%E3%83%87%E3%82%A3%E3%83%BC%E3%82%B9%EF%BC%89+%E3%83%95%E3%82%A3%E3%83%A9+%E3%82%AD%E3%83%AB%E3%83%88%E3%83%88%E3%83%A9%E3%83%83%E3%82%AF%E3%82%B8%E3%83%A3%E3%82%B1%E3%83%83%E3%83%88%EF%BC%8F%E3%83%AC%E3%83%87%E3%82%A3%E3%83%BC%E3%82%B9%EF%BC%88VL2976%EF%BC%89+ HTTP/1.1" 302 2491 "-" "Mozilla/5.0 (Linux; Android 6.0.1; Nexus 5X Build/MMB29P) AppleWebKit/537.36 (KHTML, like Gecko) Chrome/141.0.7390.122 Mobile Safari/537.36 (compatible; Googlebot/2.1; +http://www.google.com/bot.html)"
198.54.116.184 - - [04/Nov/2025:21:21:36 -0500] "GET /wp-content/uploads/2023/02/Logo-Foter.png HTTP/1.0" 200 1766 "-" "-"
66.249.73.5 - - [04/Nov/2025:21:21:32 -0500] "GET /?e=0201445224700&channel=0ff5eb&from=shared.php%3Fid%3D452247-1440%26name%3D%E3%83%86%E3%83%8B%E3%82%B9%E3%82%A6%E3%82%A7%E3%82%A2%EF%BC%88%E3%83%AC%E3%83%87%E3%82%A3%E3%83%BC%E3%82%B9%EF%BC%89%20%E3%83%95%E3%82%A3%E3%83%A9%20%E3%82%AD%E3%83%AB%E3%83%88%E3%83%88%E3%83%A9%E3%83%83%E3%82%AF%E3%82%B8%E3%83%A3%E3%82%B1%E3%83%83%E3%83%88%EF%BC%8F%E3%83%AC%E3%83%87%E3%82%A3%E3%83%BC%E3%82%B9%EF%BC%88VL2976%EF%BC%89%20 HTTP/1.1" 200 28760 "-" "Mozilla/5.0 (Linux; Android 6.0.1; Nexus 5X Build/MMB29P) AppleWebKit/537.36 (KHTML, like Gecko) Chrome/141.0.7390.122 Mobile Safari/537.36 (compatible; Googlebot/2.1; +http://www.google.com/bot.html)"
66.249.73.5 - - [04/Nov/2025:21:21:40 -0500] "GET /wp-content/plugins/elementor/assets/css/conditionals/apple-webkit.min.css?ver=3.32.1 HTTP/1.1" 200 472 "https://melanatedminds.org/?e=0201445224700&channel=0ff5eb&from=shared.php%3Fid%3D452247-1440%26name%3D%E3%83%86%E3%83%8B%E3%82%B9%E3%82%A6%E3%82%A7%E3%82%A2%EF%BC%88%E3%83%AC%E3%83%87%E3%82%A3%E3%83%BC%E3%82%B9%EF%BC%89%20%E3%83%95%E3%82%A3%E3%83%A9%20%E3%82%AD%E3%83%AB%E3%83%88%E3%83%88%E3%83%A9%E3%83%83%E3%82%AF%E3%82%B8%E3%83%A3%E3%82%B1%E3%83%83%E3%83%88%EF%BC%8F%E3%83%AC%E3%83%87%E3%82%A3%E3%83%BC%E3%82%B9%EF%BC%88VL2976%EF%BC%89%20" "Mozilla/5.0 (Linux; Android 6.0.1; Nexus 5X Build/MMB29P) AppleWebKit/537.36 (KHTML, like Gecko) Chrome/141.0.7390.122 Mobile Safari/537.36 (compatible; Googlebot/2.1; +http://www.google.com/bot.html)"
66.249.73.5 - - [04/Nov/2025:21:21:40 -0500] "GET /wp-content/themes/hub/assets/vendors/liquid-icon/lqd-essentials/lqd-essentials.min.css HTTP/1.1" 200 661 "https://melanatedminds.org/?e=0201445224700&channel=0ff5eb&from=shared.php%3Fid%3D452247-1440%26name%3D%E3%83%86%E3%83%8B%E3%82%B9%E3%82%A6%E3%82%A7%E3%82%A2%EF%BC%88%E3%83%AC%E3%83%87%E3%82%A3%E3%83%BC%E3%82%B9%EF%BC%89%20%E3%83%95%E3%82%A3%E3%83%A9%20%E3%82%AD%E3%83%AB%E3%83%88%E3%83%88%E3%83%A9%E3%83%83%E3%82%AF%E3%82%B8%E3%83%A3%E3%82%B1%E3%83%83%E3%83%88%EF%BC%8F%E3%83%AC%E3%83%87%E3%82%A3%E3%83%BC%E3%82%B9%EF%BC%88VL2976%EF%BC%89%20" "Mozilla/5.0 (Linux; Android 6.0.1; Nexus 5X Build/MMB29P) AppleWebKit/537.36 (KHTML, like Gecko) Chrome/141.0.7390.122 Mobile Safari/537.36 (compatible; Googlebot/2.1; +http://www.google.com/bot.html)"
198.54.116.184 - - [04/Nov/2025:21:22:02 -0500] "POST /wp-cron.php?doing_wp_cron=1762309322.8275299072265625000000 HTTP/1.1" 200 0 "-" "WordPress/6.8.3; https://melanatedminds.org"
198.54.116.184 - - [04/Nov/2025:21:22:04 -0500] "GET /wp-content/uploads/2023/02/Logo-Foter.png HTTP/1.0" 200 1766 "-" "-"
66.249.73.6 - - [04/Nov/2025:21:22:01 -0500] "GET /?e=889022918300&channel=83d633&from=goods.php%3Fid%3D29183-38%26name%3DNjeco%E6%B1%8E%E3%82%B3%E3%83%AC%E3%82%AF%E3%82%B7%E3%83%A7%E3%83%B3%E3%83%81%E3%82%A7%E3%82%B9%E3%83%88 HTTP/1.1" 200 28604 "-" "Mozilla/5.0 (Linux; Android 6.0.1; Nexus 5X Build/MMB29P) AppleWebKit/537.36 (KHTML, like Gecko) Chrome/141.0.7390.122 Mobile Safari/537.36 (compatible; Googlebot/2.1; +http://www.google.com/bot.html)"
66.249.73.4 - - [04/Nov/2025:21:22:08 -0500] "GET /wp-content/plugins/elementor/assets/css/conditionals/apple-webkit.min.css?ver=3.32.1 HTTP/1.1" 200 472 "https://melanatedminds.org/?e=889022918300&channel=83d633&from=goods.php%3Fid%3D29183-38%26name%3DNjeco%E6%B1%8E%E3%82%B3%E3%83%AC%E3%82%AF%E3%82%B7%E3%83%A7%E3%83%B3%E3%83%81%E3%82%A7%E3%82%B9%E3%83%88" "Mozilla/5.0 (Linux; Android 6.0.1; Nexus 5X Build/MMB29P) AppleWebKit/537.36 (KHTML, like Gecko) Chrome/141.0.7390.122 Mobile Safari/537.36 (compatible; Googlebot/2.1; +http://www.google.com/bot.html)"
198.54.116.184 - - [04/Nov/2025:21:23:08 -0500] "POST /wp-cron.php?doing_wp_cron=1762309388.6306738853454589843750 HTTP/1.1" 200 0 "-" "WordPress/6.8.3; https://melanatedminds.org"
66.249.73.6 - - [04/Nov/2025:21:23:06 -0500] "GET /?e=2218223322217&channel=5c7461&from=brands.php%3Fid%3D233222-174%26name%3D%E6%9D%B1%E8%B0%B7%E3%80%80%E3%83%A9%E3%82%BF%E3%83%B3%E5%9B%9E%E8%BB%A2%E3%83%81%E3%82%A7%E3%82%A2%E3%80%80NRS-440GR%E3%80%80%E3%83%A9%E3%82%BF%E3%83%B3+%E3%83%81%E3%82%A7%E3%82%A2+%E6%A4%85%E5%AD%90+%E3%82%A4%E3%82%B9+%E3%82%A2%E3%82%B8%E3%82%A2%E3%83%B3+%E3%81%8A%E3%81%97%E3%82%83%E3%82%8C+%E8%83%8C%E3%82%82%E3%81%9F%E3%82%8C+%E3%82%AF%E3%83%83%E3%82%B7%E3%83%A7%E3%83%B3+%E3%82%B0%E3%83%AA%E3%83%BC%E3%83%B3 HTTP/1.1" 302 2497 "-" "Mozilla/5.0 (Linux; Android 6.0.1; Nexus 5X Build/MMB29P) AppleWebKit/537.36 (KHTML, like Gecko) Chrome/141.0.7390.122 Mobile Safari/537.36 (compatible; Googlebot/2.1; +http://www.google.com/bot.html)"
198.54.116.184 - - [04/Nov/2025:21:23:13 -0500] "GET /wp-content/uploads/2023/02/Logo-Foter.png HTTP/1.0" 200 1766 "-" "-"
66.249.73.5 - - [04/Nov/2025:21:23:09 -0500] "GET /?e=2218223322217&channel=5c7461&from=brands.php%3Fid%3D233222-174%26name%3D%E6%9D%B1%E8%B0%B7%E3%80%80%E3%83%A9%E3%82%BF%E3%83%B3%E5%9B%9E%E8%BB%A2%E3%83%81%E3%82%A7%E3%82%A2%E3%80%80NRS-440GR%E3%80%80%E3%83%A9%E3%82%BF%E3%83%B3%20%E3%83%81%E3%82%A7%E3%82%A2%20%E6%A4%85%E5%AD%90%20%E3%82%A4%E3%82%B9%20%E3%82%A2%E3%82%B8%E3%82%A2%E3%83%B3%20%E3%81%8A%E3%81%97%E3%82%83%E3%82%8C%20%E8%83%8C%E3%82%82%E3%81%9F%E3%82%8C%20%E3%82%AF%E3%83%83%E3%82%B7%E3%83%A7%E3%83%B3%20%E3%82%B0%E3%83%AA%E3%83%BC%E3%83%B3 HTTP/1.1" 200 28706 "-" "Mozilla/5.0 (Linux; Android 6.0.1; Nexus 5X Build/MMB29P) AppleWebKit/537.36 (KHTML, like Gecko) Chrome/141.0.7390.122 Mobile Safari/537.36 (compatible; Googlebot/2.1; +http://www.google.com/bot.html)"
66.249.73.4 - - [04/Nov/2025:21:23:17 -0500] "GET /wp-content/themes/hub/assets/vendors/fastdom/fastdom.min.js HTTP/1.1" 200 829 "https://melanatedminds.org/?e=2218223322217&channel=5c7461&from=brands.php%3Fid%3D233222-174%26name%3D%E6%9D%B1%E8%B0%B7%E3%80%80%E3%83%A9%E3%82%BF%E3%83%B3%E5%9B%9E%E8%BB%A2%E3%83%81%E3%82%A7%E3%82%A2%E3%80%80NRS-440GR%E3%80%80%E3%83%A9%E3%82%BF%E3%83%B3%20%E3%83%81%E3%82%A7%E3%82%A2%20%E6%A4%85%E5%AD%90%20%E3%82%A4%E3%82%B9%20%E3%82%A2%E3%82%B8%E3%82%A2%E3%83%B3%20%E3%81%8A%E3%81%97%E3%82%83%E3%82%8C%20%E8%83%8C%E3%82%82%E3%81%9F%E3%82%8C%20%E3%82%AF%E3%83%83%E3%82%B7%E3%83%A7%E3%83%B3%20%E3%82%B0%E3%83%AA%E3%83%BC%E3%83%B3" "Mozilla/5.0 (Linux; Android 6.0.1; Nexus 5X Build/MMB29P) AppleWebKit/537.36 (KHTML, like Gecko) Chrome/141.0.7390.122 Mobile Safari/537.36 (compatible; Googlebot/2.1; +http://www.google.com/bot.html)"
198.54.116.184 - - [04/Nov/2025:21:23:37 -0500] "POST /wp-cron.php?doing_wp_cron=1762309417.6612040996551513671875 HTTP/1.1" 200 0 "-" "WordPress/6.8.3; https://melanatedminds.org"
66.249.73.4 - - [04/Nov/2025:21:23:35 -0500] "GET /?e=09132120722104&channel=60e70c&from=brands.php%3Fid%3D1207221-2415%26name%3D%E3%83%A9%E3%83%83%E3%82%AF+MIO+%E7%B5%84%E7%AB%8B%E5%BC%8F+%E6%89%89%E4%BB%98%E3%81%8D+%E5%8F%8E%E7%B4%8D%E6%A3%9A+%E6%A8%AA%E5%B9%85+%E3%82%AA%E3%83%BC%E3%83%80%E3%83%BC+%E5%B9%8561%E3%80%9C90x%E5%A5%A5%E8%A1%8C31.4x%E9%AB%98%E3%81%9570cm+%E5%A4%A7%E6%B4%8B HTTP/1.1" 302 2544 "-" "Mozilla/5.0 (Linux; Android 6.0.1; Nexus 5X Build/MMB29P) AppleWebKit/537.36 (KHTML, like Gecko) Chrome/141.0.7390.122 Mobile Safari/537.36 (compatible; Googlebot/2.1; +http://www.google.com/bot.html)"
198.54.116.184 - - [04/Nov/2025:21:23:41 -0500] "GET /wp-content/uploads/2023/02/Logo-Foter.png HTTP/1.0" 200 1766 "-" "-"
66.249.73.4 - - [04/Nov/2025:21:23:37 -0500] "GET /?e=09132120722104&channel=60e70c&from=brands.php%3Fid%3D1207221-2415%26name%3D%E3%83%A9%E3%83%83%E3%82%AF%20MIO%20%E7%B5%84%E7%AB%8B%E5%BC%8F%20%E6%89%89%E4%BB%98%E3%81%8D%20%E5%8F%8E%E7%B4%8D%E6%A3%9A%20%E6%A8%AA%E5%B9%85%20%E3%82%AA%E3%83%BC%E3%83%80%E3%83%BC%20%E5%B9%8561%E3%80%9C90x%E5%A5%A5%E8%A1%8C31.4x%E9%AB%98%E3%81%9570cm%20%E5%A4%A7%E6%B4%8B HTTP/1.1" 200 29115 "-" "Mozilla/5.0 (Linux; Android 6.0.1; Nexus 5X Build/MMB29P) AppleWebKit/537.36 (KHTML, like Gecko) Chrome/141.0.7390.122 Mobile Safari/537.36 (compatible; Googlebot/2.1; +http://www.google.com/bot.html)"
66.249.73.4 - - [04/Nov/2025:21:23:46 -0500] "GET /wp-content/plugins/pro-elements/assets/js/webpack-pro.runtime.min.js?ver=3.31.3 HTTP/1.1" 200 2624 "https://melanatedminds.org/?e=09132120722104&channel=60e70c&from=brands.php%3Fid%3D1207221-2415%26name%3D%E3%83%A9%E3%83%83%E3%82%AF%20MIO%20%E7%B5%84%E7%AB%8B%E5%BC%8F%20%E6%89%89%E4%BB%98%E3%81%8D%20%E5%8F%8E%E7%B4%8D%E6%A3%9A%20%E6%A8%AA%E5%B9%85%20%E3%82%AA%E3%83%BC%E3%83%80%E3%83%BC%20%E5%B9%8561%E3%80%9C90x%E5%A5%A5%E8%A1%8C31.4x%E9%AB%98%E3%81%9570cm%20%E5%A4%A7%E6%B4%8B" "Mozilla/5.0 (Linux; Android 6.0.1; Nexus 5X Build/MMB29P) AppleWebKit/537.36 (KHTML, like Gecko) Chrome/141.0.7390.122 Mobile Safari/537.36 (compatible; Googlebot/2.1; +http://www.google.com/bot.html)"
66.249.73.6 - - [04/Nov/2025:21:24:09 -0500] "GET /?e=08095150379809&channel=2de6be&from=brands.php%3Fid%3D1503798-2419%26name%3D%E3%80%901%E8%84%9A%E3%81%AE%E4%BE%A1%E6%A0%BC%E3%80%914453+%E3%82%A4%E3%82%BF%E3%83%AA%E3%82%A2+%E3%82%A2%E3%83%B3%E3%83%86%E3%82%A3%E3%83%BC%E3%82%AF+%E6%A4%85%E5%AD%90+%E3%83%81%E3%82%A7%E3%82%A2+%E6%9C%A8%E8%A3%BD+1950%E5%B9%B4%E4%BB%A3+%E3%83%96%E3%83%AB%E3%83%83%E3%82%AF%E3%83%AA%E3%83%B3+%E3%83%A2%E3%83%80%E3%83%B3+%E7%94%B7%E5%89%8D%E7%B3%BB+%E9%AB%98%E3%81%9586cm+%E5%B9%8546cm+%E5%A5%A5%E8%A1%8C%E3%81%8D49cm+abb HTTP/1.1" 302 2528 "-" "Mozilla/5.0 (Linux; Android 6.0.1; Nexus 5X Build/MMB29P) AppleWebKit/537.36 (KHTML, like Gecko) Chrome/141.0.7390.122 Mobile Safari/537.36 (compatible; Googlebot/2.1; +http://www.google.com/bot.html)"
198.54.116.184 - - [04/Nov/2025:21:24:13 -0500] "GET /wp-content/uploads/2023/02/Logo-Foter.png HTTP/1.0" 200 1766 "-" "-"
66.249.73.4 - - [04/Nov/2025:21:24:10 -0500] "GET /?e=08095150379809&channel=2de6be&from=brands.php%3Fid%3D1503798-2419%26name%3D%E3%80%901%E8%84%9A%E3%81%AE%E4%BE%A1%E6%A0%BC%E3%80%914453%20%E3%82%A4%E3%82%BF%E3%83%AA%E3%82%A2%20%E3%82%A2%E3%83%B3%E3%83%86%E3%82%A3%E3%83%BC%E3%82%AF%20%E6%A4%85%E5%AD%90%20%E3%83%81%E3%82%A7%E3%82%A2%20%E6%9C%A8%E8%A3%BD%201950%E5%B9%B4%E4%BB%A3%20%E3%83%96%E3%83%AB%E3%83%83%E3%82%AF%E3%83%AA%E3%83%B3%20%E3%83%A2%E3%83%80%E3%83%B3%20%E7%94%B7%E5%89%8D%E7%B3%BB%20%E9%AB%98%E3%81%9586cm%20%E5%B9%8546cm%20%E5%A5%A5%E8%A1%8C%E3%81%8D49cm%20abb HTTP/1.1" 200 28571 "-" "Mozilla/5.0 (Linux; Android 6.0.1; Nexus 5X Build/MMB29P) AppleWebKit/537.36 (KHTML, like Gecko) Chrome/141.0.7390.122 Mobile Safari/537.36 (compatible; Googlebot/2.1; +http://www.google.com/bot.html)"
198.54.116.184 - - [04/Nov/2025:21:25:15 -0500] "POST /wp-cron.php?doing_wp_cron=1762309515.7700080871582031250000 HTTP/1.1" 200 0 "-" "WordPress/6.8.3; https://melanatedminds.org"
66.249.73.4 - - [04/Nov/2025:21:25:14 -0500] "GET /?e=227601708200&channel=9e1b3f&from=shop.php%3Fid%3D17082-60%26name%3D%E3%80%90%E4%B8%AD%E5%8F%A4%E3%80%91%E3%80%8C%E6%9C%AA%E4%BD%BF%E7%94%A8%E5%93%81%E3%80%8D%EF%BC%88%E4%BF%AE%E7%90%86%E4%BA%A4%E6%8F%9B%E7%94%A8+%EF%BC%89+%E9%81%A9%E7%94%A8%E3%81%99%E3%82%8B+MITSUBISHI+%E4%B8%89%E8%8F%B1%E9%9B%BB%E6%A9%9F+AC%E3%82%B5%E3%83%BC%E3%83%9C%E3%83%A2%E3%83%BC%E3%82%BF%E3%83%BC+HC-KFS73BK HTTP/1.1" 302 2650 "-" "Mozilla/5.0 (Linux; Android 6.0.1; Nexus 5X Build/MMB29P) AppleWebKit/537.36 (KHTML, like Gecko) Chrome/141.0.7390.122 Mobile Safari/537.36 (compatible; Googlebot/2.1; +http://www.google.com/bot.html)"
198.54.116.184 - - [04/Nov/2025:21:25:18 -0500] "GET /wp-content/uploads/2023/02/Logo-Foter.png HTTP/1.0" 200 1766 "-" "-"
66.249.73.4 - - [04/Nov/2025:21:25:15 -0500] "GET /?e=227601708200&channel=9e1b3f&from=shop.php%3Fid%3D17082-60%26name%3D%E3%80%90%E4%B8%AD%E5%8F%A4%E3%80%91%E3%80%8C%E6%9C%AA%E4%BD%BF%E7%94%A8%E5%93%81%E3%80%8D%EF%BC%88%E4%BF%AE%E7%90%86%E4%BA%A4%E6%8F%9B%E7%94%A8%20%EF%BC%89%20%E9%81%A9%E7%94%A8%E3%81%99%E3%82%8B%20MITSUBISHI%20%E4%B8%89%E8%8F%B1%E9%9B%BB%E6%A9%9F%20AC%E3%82%B5%E3%83%BC%E3%83%9C%E3%83%A2%E3%83%BC%E3%82%BF%E3%83%BC%20HC-KFS73BK HTTP/1.1" 200 28848 "-" "Mozilla/5.0 (Linux; Android 6.0.1; Nexus 5X Build/MMB29P) AppleWebKit/537.36 (KHTML, like Gecko) Chrome/141.0.7390.122 Mobile Safari/537.36 (compatible; Googlebot/2.1; +http://www.google.com/bot.html)"
66.249.73.4 - - [04/Nov/2025:21:25:21 -0500] "GET /wp-content/plugins/elementor/assets/lib/font-awesome/css/fontawesome.min.css?ver=5.15.3 HTTP/1.1" 200 12164 "https://melanatedminds.org/?e=227601708200&channel=9e1b3f&from=shop.php%3Fid%3D17082-60%26name%3D%E3%80%90%E4%B8%AD%E5%8F%A4%E3%80%91%E3%80%8C%E6%9C%AA%E4%BD%BF%E7%94%A8%E5%93%81%E3%80%8D%EF%BC%88%E4%BF%AE%E7%90%86%E4%BA%A4%E6%8F%9B%E7%94%A8%20%EF%BC%89%20%E9%81%A9%E7%94%A8%E3%81%99%E3%82%8B%20MITSUBISHI%20%E4%B8%89%E8%8F%B1%E9%9B%BB%E6%A9%9F%20AC%E3%82%B5%E3%83%BC%E3%83%9C%E3%83%A2%E3%83%BC%E3%82%BF%E3%83%BC%20HC-KFS73BK" "Mozilla/5.0 (Linux; Android 6.0.1; Nexus 5X Build/MMB29P) AppleWebKit/537.36 (KHTML, like Gecko) Chrome/141.0.7390.122 Mobile Safari/537.36 (compatible; Googlebot/2.1; +http://www.google.com/bot.html)"
198.54.116.184 - - [04/Nov/2025:21:25:48 -0500] "POST /wp-cron.php?doing_wp_cron=1762309548.0591769218444824218750 HTTP/1.1" 200 0 "-" "WordPress/6.8.3; https://melanatedminds.org"
66.249.73.4 - - [04/Nov/2025:21:25:46 -0500] "GET /?e=26340126886003&channel=60e70c&from=goods.php%3Fid%3D1268860-2415%26name%3D%E3%83%81%E3%82%A7%E3%82%B9%E3%83%88+%E6%9C%AC%E6%A3%9A+%E6%9B%B8%E6%A3%9A+%E5%8F%8E%E7%B4%8D+%E3%83%87%E3%82%A3%E3%82%B9%E3%83%97%E3%83%AC%E3%82%A4%E3%83%A9%E3%83%83%E3%82%AF+%E3%81%8A%E3%81%97%E3%82%83%E3%82%8C+%E3%82%AD%E3%83%A3%E3%83%93%E3%83%8D%E3%83%83%E3%83%88+%E6%89%89%E4%BB%98%E3%81%8D+%E5%8F%8E%E7%B4%8D%E3%83%9C%E3%83%83%E3%82%AF%E3%82%B9+%E3%82%B9%E3%83%AA%E3%83%A0+%E6%A3%9A+%E3%83%9E%E3%82%AC%E3%82%B8%E3%83%B3%E3%83%A9%E3%83%83%E3%82%AF+%E6%9C%A8%E8%A3%BD%E3%83%A9%E3%83%83%E3%82%AF+%E6%BC%AB%E7%94%BB+%E3%82%B3%E3%83%9F%E3%83%83%E3%82%AF+%E3%83%95%E3%83%A9%E3%83%83%E3%83%97%E6%89%89 HTTP/1.1" 302 2485 "-" "Mozilla/5.0 (Linux; Android 6.0.1; Nexus 5X Build/MMB29P) AppleWebKit/537.36 (KHTML, like Gecko) Chrome/141.0.7390.122 Mobile Safari/537.36 (compatible; Googlebot/2.1; +http://www.google.com/bot.html)"
198.54.116.184 - - [04/Nov/2025:21:25:51 -0500] "GET /wp-content/uploads/2023/02/Logo-Foter.png HTTP/1.0" 200 1766 "-" "-"
66.249.73.4 - - [04/Nov/2025:21:25:48 -0500] "GET /?e=26340126886003&channel=60e70c&from=goods.php%3Fid%3D1268860-2415%26name%3D%E3%83%81%E3%82%A7%E3%82%B9%E3%83%88%20%E6%9C%AC%E6%A3%9A%20%E6%9B%B8%E6%A3%9A%20%E5%8F%8E%E7%B4%8D%20%E3%83%87%E3%82%A3%E3%82%B9%E3%83%97%E3%83%AC%E3%82%A4%E3%83%A9%E3%83%83%E3%82%AF%20%E3%81%8A%E3%81%97%E3%82%83%E3%82%8C%20%E3%82%AD%E3%83%A3%E3%83%93%E3%83%8D%E3%83%83%E3%83%88%20%E6%89%89%E4%BB%98%E3%81%8D%20%E5%8F%8E%E7%B4%8D%E3%83%9C%E3%83%83%E3%82%AF%E3%82%B9%20%E3%82%B9%E3%83%AA%E3%83%A0%20%E6%A3%9A%20%E3%83%9E%E3%82%AC%E3%82%B8%E3%83%B3%E3%83%A9%E3%83%83%E3%82%AF%20%E6%9C%A8%E8%A3%BD%E3%83%A9%E3%83%83%E3%82%AF%20%E6%BC%AB%E7%94%BB%20%E3%82%B3%E3%83%9F%E3%83%83%E3%82%AF%20%E3%83%95%E3%83%A9%E3%83%83%E3%83%97%E6%89%89 HTTP/1.1" 200 28569 "-" "Mozilla/5.0 (Linux; Android 6.0.1; Nexus 5X Build/MMB29P) AppleWebKit/537.36 (KHTML, like Gecko) Chrome/141.0.7390.122 Mobile Safari/537.36 (compatible; Googlebot/2.1; +http://www.google.com/bot.html)"
198.54.116.184 - - [04/Nov/2025:21:26:25 -0500] "GET /wp-content/uploads/2023/02/Logo-Foter.png HTTP/1.0" 200 1766 "-" "-"
66.249.73.6 - - [04/Nov/2025:21:26:22 -0500] "GET /?e=1993290559804&channel=41aac3&from=article.php%3Fid%3D905598-532%26name%3D%E3%81%AA%E3%82%8B%E3%81%AA%E3%82%8B%E6%A7%98%E3%80%80%E5%B0%82%E7%94%A8 HTTP/1.1" 200 28759 "-" "Mozilla/5.0 (Linux; Android 6.0.1; Nexus 5X Build/MMB29P) AppleWebKit/537.36 (KHTML, like Gecko) Chrome/141.0.7390.122 Mobile Safari/537.36 (compatible; Googlebot/2.1; +http://www.google.com/bot.html)"
198.54.116.184 - - [04/Nov/2025:21:26:57 -0500] "POST /wp-cron.php?doing_wp_cron=1762309617.1167109012603759765625 HTTP/1.1" 200 0 "-" "WordPress/6.8.3; https://melanatedminds.org"
66.249.73.5 - - [04/Nov/2025:21:26:55 -0500] "GET /?e=77816102206402&channel=c54946&from=brands.php%3Fid%3D1022064-566%26name%3DTRUSCO%28%E3%83%88%E3%83%A9%E3%82%B9%E3%82%B3%29%E3%80%80%E3%82%B9%E3%83%81%E3%83%BC%E3%83%AB%E3%83%A9%E3%83%83%E3%82%AF%E3%80%80%EF%BC%AD%EF%BC%92%E5%9E%8B%E8%BB%BD%E4%B8%AD%E9%87%8F%E6%A3%9A%E3%80%80%EF%BC%91%EF%BC%91%EF%BC%96%EF%BC%90%C3%97%EF%BC%93%EF%BC%90%EF%BC%90%C3%97%EF%BC%A8%EF%BC%91%EF%BC%98%EF%BC%90%EF%BC%90%E3%80%80%EF%BC%96%E6%AE%B5%E3%80%80%E5%8D%98%E4%BD%93%E3%80%80%E3%83%8D%E3%82%AA%E3%82%B0%E3%83%AC%E3%83%BC+M2-6436+NG%E2%89%AAL%E2%89%AB HTTP/1.1" 302 2269 "-" "Mozilla/5.0 (Linux; Android 6.0.1; Nexus 5X Build/MMB29P) AppleWebKit/537.36 (KHTML, like Gecko) Chrome/141.0.7390.122 Mobile Safari/537.36 (compatible; Googlebot/2.1; +http://www.google.com/bot.html)"
198.54.116.184 - - [04/Nov/2025:21:26:59 -0500] "GET /wp-content/uploads/2023/02/Logo-Foter.png HTTP/1.0" 200 1766 "-" "-"
66.249.73.4 - - [04/Nov/2025:21:26:57 -0500] "GET /?e=77816102206402&channel=c54946&from=brands.php%3Fid%3D1022064-566%26name%3DTRUSCO%28%E3%83%88%E3%83%A9%E3%82%B9%E3%82%B3%29%E3%80%80%E3%82%B9%E3%83%81%E3%83%BC%E3%83%AB%E3%83%A9%E3%83%83%E3%82%AF%E3%80%80%EF%BC%AD%EF%BC%92%E5%9E%8B%E8%BB%BD%E4%B8%AD%E9%87%8F%E6%A3%9A%E3%80%80%EF%BC%91%EF%BC%91%EF%BC%96%EF%BC%90%C3%97%EF%BC%93%EF%BC%90%EF%BC%90%C3%97%EF%BC%A8%EF%BC%91%EF%BC%98%EF%BC%90%EF%BC%90%E3%80%80%EF%BC%96%E6%AE%B5%E3%80%80%E5%8D%98%E4%BD%93%E3%80%80%E3%83%8D%E3%82%AA%E3%82%B0%E3%83%AC%E3%83%BC%20M2-6436%20NG%E2%89%AAL%E2%89%AB HTTP/1.1" 200 28742 "-" "Mozilla/5.0 (Linux; Android 6.0.1; Nexus 5X Build/MMB29P) AppleWebKit/537.36 (KHTML, like Gecko) Chrome/141.0.7390.122 Mobile Safari/537.36 (compatible; Googlebot/2.1; +http://www.google.com/bot.html)"
198.54.116.184 - - [04/Nov/2025:21:28:02 -0500] "POST /wp-cron.php?doing_wp_cron=1762309682.9315149784088134765625 HTTP/1.1" 200 0 "-" "WordPress/6.8.3; https://melanatedminds.org"
66.249.73.6 - - [04/Nov/2025:21:28:02 -0500] "GET /?e=15228197392200&channel=855ea2&from=jp.php%3Fid%3D1973922-2844%26name%3DEagle+HAT+%E3%83%A1%E3%83%B3%E3%82%BA+US+%E3%82%B5%E3%82%A4%E3%82%BA%3A+One+Size+Fits+Most+%E3%82%AB%E3%83%A9%E3%83%BC%3A+%E3%83%96%E3%83%A9%E3%83%83%E3%82%AF+United+States++%E4%B8%A6%E8%A1%8C%E8%BC%B8%E5%85%A5%E5%93%81 HTTP/1.1" 302 2556 "-" "Mozilla/5.0 (Linux; Android 6.0.1; Nexus 5X Build/MMB29P) AppleWebKit/537.36 (KHTML, like Gecko) Chrome/141.0.7390.122 Mobile Safari/537.36 (compatible; Googlebot/2.1; +http://www.google.com/bot.html)"
198.54.116.184 - - [04/Nov/2025:21:28:07 -0500] "GET /wp-content/uploads/2023/02/Logo-Foter.png HTTP/1.0" 200 1766 "-" "-"
66.249.73.5 - - [04/Nov/2025:21:28:03 -0500] "GET /?e=15228197392200&channel=855ea2&from=jp.php%3Fid%3D1973922-2844%26name%3DEagle%20HAT%20%E3%83%A1%E3%83%B3%E3%82%BA%20US%20%E3%82%B5%E3%82%A4%E3%82%BA%3A%20One%20Size%20Fits%20Most%20%E3%82%AB%E3%83%A9%E3%83%BC%3A%20%E3%83%96%E3%83%A9%E3%83%83%E3%82%AF%20United%20States%20%20%E4%B8%A6%E8%A1%8C%E8%BC%B8%E5%85%A5%E5%93%81 HTTP/1.1" 200 29036 "-" "Mozilla/5.0 (Linux; Android 6.0.1; Nexus 5X Build/MMB29P) AppleWebKit/537.36 (KHTML, like Gecko) Chrome/141.0.7390.122 Mobile Safari/537.36 (compatible; Googlebot/2.1; +http://www.google.com/bot.html)"
196.251.88.40 - - [04/Nov/2025:21:31:40 -0500] "GET /userfuns.php HTTP/1.1" 200 6988 "www.google.com" "Mozlila/5.0 (Linux; Android 7.0; SM-G892A Bulid/NRD90M; wv) AppleWebKit/537.36 (KHTML, like Gecko) Version/4.0 Chrome/60.0.3112.107 Moblie Safari/537.36"
196.251.88.40 - - [04/Nov/2025:21:31:45 -0500] "GET /postnews.php HTTP/1.1" 200 6981 "www.google.com" "Mozlila/5.0 (Linux; Android 7.0; SM-G892A Bulid/NRD90M; wv) AppleWebKit/537.36 (KHTML, like Gecko) Version/4.0 Chrome/60.0.3112.107 Moblie Safari/537.36"
196.251.88.40 - - [04/Nov/2025:21:31:48 -0500] "GET /postnews.php HTTP/1.1" 200 6988 "www.google.com" "Mozlila/5.0 (Linux; Android 7.0; SM-G892A Bulid/NRD90M; wv) AppleWebKit/537.36 (KHTML, like Gecko) Version/4.0 Chrome/60.0.3112.107 Moblie Safari/537.36"
196.251.88.40 - - [04/Nov/2025:21:31:51 -0500] "GET /wp-content/postnews.php HTTP/1.1" 200 6988 "www.google.com" "Mozlila/5.0 (Linux; Android 7.0; SM-G892A Bulid/NRD90M; wv) AppleWebKit/537.36 (KHTML, like Gecko) Version/4.0 Chrome/60.0.3112.107 Moblie Safari/537.36"
198.54.116.184 - - [04/Nov/2025:21:31:51 -0500] "POST /?wordfence_syncAttackData=1762309911.6204 HTTP/1.1" 200 0 "-" "WordPress/6.8.3; https://melanatedminds.org"
198.54.116.184 - - [04/Nov/2025:21:31:54 -0500] "POST /wp-cron.php?doing_wp_cron=1762309914.2008008956909179687500 HTTP/1.1" 200 0 "-" "WordPress/6.8.3; https://melanatedminds.org"
66.249.73.6 - - [04/Nov/2025:21:31:49 -0500] "GET /?e=307011638609&channel=83d633&from=jp.php%3Fid%3D16386-38%26name%3D%E6%A1%90%E7%AE%AA%E7%AC%A57%E6%AE%B5+%E7%99%BD%E6%9C%A8+%E5%8F%8E%E7%B4%8D%E5%AE%B6%E5%85%B7+%E3%82%BF%E3%83%B3%E3%82%B9%E3%83%BB%E3%83%81%E3%82%A7%E3%82%B9%E3%83%88+%E5%AE%8C%E6%88%90%E5%93%81+hi-rh0020+%E6%A1%90%E3%82%B1%E3%83%BC%E3%82%B9+%E8%A1%A3%E8%A3%85%E3%82%B1%E3%83%BC%E3%82%B9+%E6%A1%90%E3%82%BF%E3%83%B3%E3%82%B9+%E3%83%81%E3%82%A7%E3%82%B9%E3%83%88+%E6%A1%90%E8%A1%A3%E8%A3%85%E7%AE%B1+%E6%8A%BC%E5%85%A5 HTTP/1.1" 302 2895 "-" "Mozilla/5.0 (Linux; Android 6.0.1; Nexus 5X Build/MMB29P) AppleWebKit/537.36 (KHTML, like Gecko) Chrome/141.0.7390.122 Mobile Safari/537.36 (compatible; Googlebot/2.1; +http://www.google.com/bot.html)"
196.251.88.40 - - [04/Nov/2025:21:31:54 -0500] "GET /wp-content/postnews.php HTTP/1.1" 200 6988 "www.google.com" "Mozlila/5.0 (Linux; Android 7.0; SM-G892A Bulid/NRD90M; wv) AppleWebKit/537.36 (KHTML, like Gecko) Version/4.0 Chrome/60.0.3112.107 Moblie Safari/537.36"
196.251.88.40 - - [04/Nov/2025:21:31:57 -0500] "GET /wp-content/userfuns.php HTTP/1.1" 200 6981 "www.google.com" "Mozlila/5.0 (Linux; Android 7.0; SM-G892A Bulid/NRD90M; wv) AppleWebKit/537.36 (KHTML, like Gecko) Version/4.0 Chrome/60.0.3112.107 Moblie Safari/537.36"
198.54.116.184 - - [04/Nov/2025:21:31:58 -0500] "GET /wp-content/uploads/2023/02/Logo-Foter.png HTTP/1.0" 200 1766 "-" "-"
66.249.73.4 - - [04/Nov/2025:21:31:54 -0500] "GET /?e=307011638609&channel=83d633&from=jp.php%3Fid%3D16386-38%26name%3D%E6%A1%90%E7%AE%AA%E7%AC%A57%E6%AE%B5%20%E7%99%BD%E6%9C%A8%20%E5%8F%8E%E7%B4%8D%E5%AE%B6%E5%85%B7%20%E3%82%BF%E3%83%B3%E3%82%B9%E3%83%BB%E3%83%81%E3%82%A7%E3%82%B9%E3%83%88%20%E5%AE%8C%E6%88%90%E5%93%81%20hi-rh0020%20%E6%A1%90%E3%82%B1%E3%83%BC%E3%82%B9%20%E8%A1%A3%E8%A3%85%E3%82%B1%E3%83%BC%E3%82%B9%20%E6%A1%90%E3%82%BF%E3%83%B3%E3%82%B9%20%E3%83%81%E3%82%A7%E3%82%B9%E3%83%88%20%E6%A1%90%E8%A1%A3%E8%A3%85%E7%AE%B1%20%E6%8A%BC%E5%85%A5 HTTP/1.1" 200 28889 "-" "Mozilla/5.0 (Linux; Android 6.0.1; Nexus 5X Build/MMB29P) AppleWebKit/537.36 (KHTML, like Gecko) Chrome/141.0.7390.122 Mobile Safari/537.36 (compatible; Googlebot/2.1; +http://www.google.com/bot.html)"
196.251.88.40 - - [04/Nov/2025:21:32:00 -0500] "GET /wp-content/userfuns.php HTTP/1.1" 200 6981 "www.google.com" "Mozlila/5.0 (Linux; Android 7.0; SM-G892A Bulid/NRD90M; wv) AppleWebKit/537.36 (KHTML, like Gecko) Version/4.0 Chrome/60.0.3112.107 Moblie Safari/537.36"
198.54.116.184 - - [04/Nov/2025:21:32:23 -0500] "POST /?wordfence_syncAttackData=1762309943.5822 HTTP/1.1" 200 0 "-" "WordPress/6.8.3; https://melanatedminds.org"
198.54.116.184 - - [04/Nov/2025:21:32:25 -0500] "POST /wp-cron.php?doing_wp_cron=1762309945.5614368915557861328125 HTTP/1.1" 200 0 "-" "WordPress/6.8.3; https://melanatedminds.org"
66.249.73.6 - - [04/Nov/2025:21:32:22 -0500] "GET /?e=88750194481404&channel=c9f3ab&from=category-info.php%3Fid%3D1944814-2839%26name%3D%E3%83%95%E3%83%AB%E3%83%A9++%E3%82%AD%E3%83%BC%E3%83%9B%E3%83%AB%E3%83%80%E3%83%BC+%E3%83%90%E3%83%83%E3%83%96%E3%83%AB+RL57+PCV+852510+%E3%83%A9%E3%82%A4%E3%83%88%E3%83%94%E3%83%B3%E3%82%AF HTTP/1.1" 302 2933 "-" "Mozilla/5.0 (Linux; Android 6.0.1; Nexus 5X Build/MMB29P) AppleWebKit/537.36 (KHTML, like Gecko) Chrome/141.0.7390.122 Mobile Safari/537.36 (compatible; Googlebot/2.1; +http://www.google.com/bot.html)"
198.54.116.184 - - [04/Nov/2025:21:32:29 -0500] "GET /wp-content/uploads/2023/02/Logo-Foter.png HTTP/1.0" 200 1766 "-" "-"
66.249.73.4 - - [04/Nov/2025:21:32:26 -0500] "GET /?e=88750194481404&channel=c9f3ab&from=category-info.php%3Fid%3D1944814-2839%26name%3D%E3%83%95%E3%83%AB%E3%83%A9%20%20%E3%82%AD%E3%83%BC%E3%83%9B%E3%83%AB%E3%83%80%E3%83%BC%20%E3%83%90%E3%83%83%E3%83%96%E3%83%AB%20RL57%20PCV%20852510%20%E3%83%A9%E3%82%A4%E3%83%88%E3%83%94%E3%83%B3%E3%82%AF HTTP/1.1" 200 28459 "-" "Mozilla/5.0 (Linux; Android 6.0.1; Nexus 5X Build/MMB29P) AppleWebKit/537.36 (KHTML, like Gecko) Chrome/141.0.7390.122 Mobile Safari/537.36 (compatible; Googlebot/2.1; +http://www.google.com/bot.html)"
198.54.116.184 - - [04/Nov/2025:21:36:01 -0500] "POST /wp-cron.php?doing_wp_cron=1762310160.9018430709838867187500 HTTP/1.1" 200 0 "-" "WordPress/6.8.3; https://melanatedminds.org"
66.249.73.4 - - [04/Nov/2025:21:35:53 -0500] "GET /?e=97989188509202&channel=ee20d3&from=shared.php%3Fid%3D1885092-2896%26name%3DDriveshaft+2004%E5%B9%B4%E3%81%8B%E3%82%892007%E5%B9%B4%E3%81%AE%E3%83%9C%E3%83%AB%E3%83%9CXC70%E3%81%AE%E3%83%89%E3%83%A9%E3%82%A4%E3%83%96%E3%82%B7%E3%83%A3%E3%83%95%E3%83%88+Drive+Shaft+for+2004-2007+Volvo+XC70 HTTP/1.1" 302 2967 "-" "Mozilla/5.0 (Linux; Android 6.0.1; Nexus 5X Build/MMB29P) AppleWebKit/537.36 (KHTML, like Gecko) Chrome/141.0.7390.122 Mobile Safari/537.36 (compatible; Googlebot/2.1; +http://www.google.com/bot.html)"
198.54.116.184 - - [04/Nov/2025:21:36:04 -0500] "GET /wp-content/uploads/2023/02/Logo-Foter.png HTTP/1.0" 200 1766 "-" "-"
66.249.73.4 - - [04/Nov/2025:21:36:01 -0500] "GET /?e=97989188509202&channel=ee20d3&from=shared.php%3Fid%3D1885092-2896%26name%3DDriveshaft%202004%E5%B9%B4%E3%81%8B%E3%82%892007%E5%B9%B4%E3%81%AE%E3%83%9C%E3%83%AB%E3%83%9CXC70%E3%81%AE%E3%83%89%E3%83%A9%E3%82%A4%E3%83%96%E3%82%B7%E3%83%A3%E3%83%95%E3%83%88%20Drive%20Shaft%20for%202004-2007%20Volvo%20XC70 HTTP/1.1" 200 28542 "-" "Mozilla/5.0 (Linux; Android 6.0.1; Nexus 5X Build/MMB29P) AppleWebKit/537.36 (KHTML, like Gecko) Chrome/141.0.7390.122 Mobile Safari/537.36 (compatible; Googlebot/2.1; +http://www.google.com/bot.html)"
198.54.116.184 - - [04/Nov/2025:21:36:59 -0500] "POST /wp-cron.php?doing_wp_cron=1762310219.0732529163360595703125 HTTP/1.1" 200 0 "-" "WordPress/6.8.3; https://melanatedminds.org"
198.54.116.184 - - [04/Nov/2025:21:37:01 -0500] "GET /wp-content/uploads/2023/02/Logo-Foter.png HTTP/1.0" 200 1766 "-" "-"
66.249.73.4 - - [04/Nov/2025:21:36:56 -0500] "GET /?e=57099103059204&channel=88ccc2&from=blog.php%3Fid%3D1030592-630%26name%3D%E3%83%84%E3%83%BC%E3%83%AA%E3%83%B3%E3%82%B0%E3%83%8F%E3%83%B3%E3%83%89%E3%83%AB%E3%82%B9%E3%82%A4%E3%83%83%E3%83%81%E3%82%B1%E3%83%BC%E3%82%B9%E5%B7%A6%E5%8F%B3%E3%83%8F%E3%83%BC%E3%83%AC%E3%83%BC%E7%B4%94%E6%AD%A3%E3%83%90%E3%82%A4%E3%82%AF%E9%83%A8%E5%93%81%E5%93%81%E7%95%AA71813-0996%E3%80%9C13%E5%B9%B4FLHTFLHTCFLHX%E8%BB%8A%E6%A4%9CGenuine%E3%80%90%E4%B8%AD%E5%8F%A4%E3%80%91 HTTP/1.1" 200 28457 "-" "Mozilla/5.0 (Linux; Android 6.0.1; Nexus 5X Build/MMB29P) AppleWebKit/537.36 (KHTML, like Gecko) Chrome/141.0.7390.122 Mobile Safari/537.36 (compatible; Googlebot/2.1; +http://www.google.com/bot.html)"
66.249.73.4 - - [04/Nov/2025:21:37:33 -0500] "GET /?e=0777942961501&channel=73ec74&from=category-info.php%3Fid%3D429615-146%26name%3DDT-DIATOOL+%E3%83%80%E3%82%A4%E3%83%A4%E3%83%A2%E3%83%B3%E3%83%89%E3%82%B0%E3%83%A9%E3%83%8A%E3%82%A4%E3%83%88%E3%82%BD%E3%83%BC%E3%83%96%E3%83%AC%E3%83%BC%E3%83%89+5%E3%82%A4%E3%83%B3%E3%83%81+%E9%80%A3%E7%B6%9A%E3%83%AA%E3%83%A0+%E3%82%BF%E3%83%BC%E3%83%9C%E3%83%80%E3%82%A4%E3%83%A4%E3%83%A2%E3%83%B3%E3%83%89%E3%83%96%E3%83%AC%E3%83%BC%E3%83%89+7%2F8%E3%82%A4%E3%83%B3%E3%83%81-5%2F8%E3%82%A4%E3%83%B3%E3%83%81 HTTP/1.1" 302 2679 "-" "Mozilla/5.0 (Linux; Android 6.0.1; Nexus 5X Build/MMB29P) AppleWebKit/537.36 (KHTML, like Gecko) Chrome/141.0.7390.122 Mobile Safari/537.36 (compatible; Googlebot/2.1; +http://www.google.com/bot.html)"
198.54.116.184 - - [04/Nov/2025:21:37:37 -0500] "POST /wp-cron.php?doing_wp_cron=1762310257.4640510082244873046875 HTTP/1.1" 200 0 "-" "WordPress/6.8.3; https://melanatedminds.org"
198.54.116.184 - - [04/Nov/2025:21:37:40 -0500] "GET /wp-content/uploads/2023/02/Logo-Foter.png HTTP/1.0" 200 1766 "-" "-"
66.249.73.4 - - [04/Nov/2025:21:37:35 -0500] "GET /?e=0777942961501&channel=73ec74&from=category-info.php%3Fid%3D429615-146%26name%3DDT-DIATOOL%20%E3%83%80%E3%82%A4%E3%83%A4%E3%83%A2%E3%83%B3%E3%83%89%E3%82%B0%E3%83%A9%E3%83%8A%E3%82%A4%E3%83%88%E3%82%BD%E3%83%BC%E3%83%96%E3%83%AC%E3%83%BC%E3%83%89%205%E3%82%A4%E3%83%B3%E3%83%81%20%E9%80%A3%E7%B6%9A%E3%83%AA%E3%83%A0%20%E3%82%BF%E3%83%BC%E3%83%9C%E3%83%80%E3%82%A4%E3%83%A4%E3%83%A2%E3%83%B3%E3%83%89%E3%83%96%E3%83%AC%E3%83%BC%E3%83%89%207%2F8%E3%82%A4%E3%83%B3%E3%83%81-5%2F8%E3%82%A4%E3%83%B3%E3%83%81 HTTP/1.1" 200 29276 "-" "Mozilla/5.0 (Linux; Android 6.0.1; Nexus 5X Build/MMB29P) AppleWebKit/537.36 (KHTML, like Gecko) Chrome/141.0.7390.122 Mobile Safari/537.36 (compatible; Googlebot/2.1; +http://www.google.com/bot.html)"
198.54.116.184 - - [04/Nov/2025:21:40:20 -0500] "POST /wp-cron.php?doing_wp_cron=1762310420.2853209972381591796875 HTTP/1.1" 200 0 "-" "WordPress/6.8.3; https://melanatedminds.org"
198.54.116.184 - - [04/Nov/2025:21:40:25 -0500] "GET /wp-content/uploads/2023/02/Logo-Foter.png HTTP/1.0" 200 1766 "-" "-"
216.26.236.24 - - [04/Nov/2025:21:40:13 -0500] "GET / HTTP/1.1" 200 26044 "-" "Mozilla/5.0 (Windows NT 10.0; Win64; x64; rv:114.0) Gecko/20100101 Firefox/114.0"
198.54.116.184 - - [04/Nov/2025:21:42:46 -0500] "POST /wp-cron.php?doing_wp_cron=1762310566.8386909961700439453125 HTTP/1.1" 200 0 "-" "WordPress/6.8.3; https://melanatedminds.org"
66.249.73.5 - - [04/Nov/2025:21:42:38 -0500] "GET /?e=70882125095303&channel=bad0b3&from=category-info.php%3Fid%3D1250953-570%26name%3D%E3%82%AA%E3%83%BC%E3%83%97%E3%83%B3%E3%83%A9%E3%83%83%E3%82%AF+%E5%8F%8E%E7%B4%8D%E6%A3%9A+%E7%B4%84%E5%B9%85900mm+%E3%83%96%E3%83%A9%E3%82%A6%E3%83%B3+%E5%BC%B7%E5%8C%96%E3%82%AC%E3%83%A9%E3%82%B9+%E6%9C%A8%E8%A3%BD+%E3%83%91%E3%82%A4%E3%83%B3+%E7%B5%84%E7%AB%8B%E5%93%81+%E3%83%AA%E3%83%93%E3%83%B3%E3%82%B0+%E3%83%80%E3%82%A4%E3%83%8B%E3%83%B3%E3%82%B0+%E5%AD%90%E4%BE%9B%E9%83%A8%E5%B1%8B+%E3%82%A4%E3%83%B3%E3%83%86%E3%83%AA%E3%82%A2%E5%AE%B6%E5%85%B7%E3%80%94%E4%BB%A3%E5%BC%95%E4%B8%8D%E5%8F%AF%E3%80%95 HTTP/1.1" 302 2705 "-" "Mozilla/5.0 (Linux; Android 6.0.1; Nexus 5X Build/MMB29P) AppleWebKit/537.36 (KHTML, like Gecko) Chrome/141.0.7390.122 Mobile Safari/537.36 (compatible; Googlebot/2.1; +http://www.google.com/bot.html)"
198.54.116.184 - - [04/Nov/2025:21:42:51 -0500] "GET /wp-content/uploads/2023/02/Logo-Foter.png HTTP/1.0" 200 1766 "-" "-"
66.249.73.5 - - [04/Nov/2025:21:42:47 -0500] "GET /?e=70882125095303&channel=bad0b3&from=category-info.php%3Fid%3D1250953-570%26name%3D%E3%82%AA%E3%83%BC%E3%83%97%E3%83%B3%E3%83%A9%E3%83%83%E3%82%AF%20%E5%8F%8E%E7%B4%8D%E6%A3%9A%20%E7%B4%84%E5%B9%85900mm%20%E3%83%96%E3%83%A9%E3%82%A6%E3%83%B3%20%E5%BC%B7%E5%8C%96%E3%82%AC%E3%83%A9%E3%82%B9%20%E6%9C%A8%E8%A3%BD%20%E3%83%91%E3%82%A4%E3%83%B3%20%E7%B5%84%E7%AB%8B%E5%93%81%20%E3%83%AA%E3%83%93%E3%83%B3%E3%82%B0%20%E3%83%80%E3%82%A4%E3%83%8B%E3%83%B3%E3%82%B0%20%E5%AD%90%E4%BE%9B%E9%83%A8%E5%B1%8B%20%E3%82%A4%E3%83%B3%E3%83%86%E3%83%AA%E3%82%A2%E5%AE%B6%E5%85%B7%E3%80%94%E4%BB%A3%E5%BC%95%E4%B8%8D%E5%8F%AF%E3%80%95 HTTP/1.1" 200 28922 "-" "Mozilla/5.0 (Linux; Android 6.0.1; Nexus 5X Build/MMB29P) AppleWebKit/537.36 (KHTML, like Gecko) Chrome/141.0.7390.122 Mobile Safari/537.36 (compatible; Googlebot/2.1; +http://www.google.com/bot.html)"
66.249.73.4 - - [04/Nov/2025:21:43:22 -0500] "GET /?e=2838213644613&channel=83d633&from=goods.php%3Fid%3D136446-38%26name%3D%E5%8F%8E%E7%B4%8D%E5%AE%B6%E5%85%B7+%E3%82%B5%E3%82%A4%E3%83%89%E3%83%9C%E3%83%BC%E3%83%89+120%E3%82%B5%E3%82%A4%E3%82%BA%E5%B9%85120cm+%E5%A5%A5%E8%A1%8C35cm+%E9%AB%98%E3%81%9589cm++%E3%82%AA%E3%83%BC%E3%82%AF+%E3%82%A6%E3%82%A9%E3%83%BC%E3%83%AB%E3%83%8A%E3%83%83%E3%83%88+%E5%BC%B7%E5%8C%96%E7%B4%99+%E3%83%AA%E3%83%93%E3%83%B3%E3%82%B0%E5%8F%8E%E7%B4%8D+%E7%8E%84%E9%96%A2%E5%8F%8E%E7%B4%8D+%E8%A1%A3%E9%A1%9E%E5%8F%8E%E7%B4%8D+%E5%A4%A7%E5%AE%B9%E9%87%8F+%E5%8F%8E%E7%B4%8D+%E6%96%B0%E7%94%9F%E6%B4%BB+%E3%82%B7%E3%83%B3%E3%83%97%E3%83%AB+%E5%9C%9F%E4%BA%95 HTTP/1.1" 302 2415 "-" "Mozilla/5.0 (Linux; Android 6.0.1; Nexus 5X Build/MMB29P) AppleWebKit/537.36 (KHTML, like Gecko) Chrome/141.0.7390.122 Mobile Safari/537.36 (compatible; Googlebot/2.1; +http://www.google.com/bot.html)"
198.54.116.184 - - [04/Nov/2025:21:43:27 -0500] "GET /wp-content/uploads/2023/02/Logo-Foter.png HTTP/1.0" 200 1766 "-" "-"
66.249.73.6 - - [04/Nov/2025:21:43:24 -0500] "GET /?e=2838213644613&channel=83d633&from=goods.php%3Fid%3D136446-38%26name%3D%E5%8F%8E%E7%B4%8D%E5%AE%B6%E5%85%B7%20%E3%82%B5%E3%82%A4%E3%83%89%E3%83%9C%E3%83%BC%E3%83%89%20120%E3%82%B5%E3%82%A4%E3%82%BA%E5%B9%85120cm%20%E5%A5%A5%E8%A1%8C35cm%20%E9%AB%98%E3%81%9589cm%20%20%E3%82%AA%E3%83%BC%E3%82%AF%20%E3%82%A6%E3%82%A9%E3%83%BC%E3%83%AB%E3%83%8A%E3%83%83%E3%83%88%20%E5%BC%B7%E5%8C%96%E7%B4%99%20%E3%83%AA%E3%83%93%E3%83%B3%E3%82%B0%E5%8F%8E%E7%B4%8D%20%E7%8E%84%E9%96%A2%E5%8F%8E%E7%B4%8D%20%E8%A1%A3%E9%A1%9E%E5%8F%8E%E7%B4%8D%20%E5%A4%A7%E5%AE%B9%E9%87%8F%20%E5%8F%8E%E7%B4%8D%20%E6%96%B0%E7%94%9F%E6%B4%BB%20%E3%82%B7%E3%83%B3%E3%83%97%E3%83%AB%20%E5%9C%9F%E4%BA%95 HTTP/1.1" 200 28835 "-" "Mozilla/5.0 (Linux; Android 6.0.1; Nexus 5X Build/MMB29P) AppleWebKit/537.36 (KHTML, like Gecko) Chrome/141.0.7390.122 Mobile Safari/537.36 (compatible; Googlebot/2.1; +http://www.google.com/bot.html)"
198.54.116.184 - - [04/Nov/2025:21:43:56 -0500] "POST /wp-cron.php?doing_wp_cron=1762310636.9453930854797363281250 HTTP/1.1" 200 0 "-" "WordPress/6.8.3; https://melanatedminds.org"
134.122.6.148 - - [04/Nov/2025:21:43:54 -0500] "POST /wp-login.php HTTP/1.1" 503 7760 "-" "Mozilla/5.0 (Windows NT 10.0; Win64; x64; rv:70.0) Gecko/20100101 Firefox/70.0"
66.249.73.5 - - [04/Nov/2025:21:43:56 -0500] "GET /?e=87992540306&channel=83d633&from=pin.php%3Fid%3D5403-38%26name%3D%E6%A1%90%E3%81%9F%E3%82%93%E3%81%99++%E6%8A%BC%E5%85%A5+%E5%8F%8E%E7%B4%8D+%E6%A1%90%E7%AE%AA%E7%AC%A5+%E3%81%9F%E3%81%A8%E3%81%86%E7%B4%99%E3%82%B5%E3%82%A4%E3%82%BA+3%E6%AE%B5+%E3%83%81%E3%82%A7%E3%82%B9%E3%83%88+%E3%82%AD%E3%83%A3%E3%82%B9%E3%82%BF%E3%83%BC%E4%BB%98+%E8%82%A5%E5%89%8D%E6%A1%90%E6%B0%91%E8%8A%B8+%E6%A1%90%E7%AE%AA%E7%AC%A5+%E6%A1%90%E3%82%BF%E3%83%B3%E3%82%B9+%E5%92%8C%E5%AE%B6%E5%85%B7+%E6%97%A5%E6%9C%AC%E8%A3%BD+%E7%9D%80%E7%89%A9+W100%C3%97D44%C3%97H47cm++%E5%9B%BD%E7%94%A3 HTTP/1.1" 302 2820 "-" "Mozilla/5.0 (Linux; Android 6.0.1; Nexus 5X Build/MMB29P) AppleWebKit/537.36 (KHTML, like Gecko) Chrome/141.0.7390.122 Mobile Safari/537.36 (compatible; Googlebot/2.1; +http://www.google.com/bot.html)"
198.54.116.184 - - [04/Nov/2025:21:44:01 -0500] "GET /wp-content/uploads/2023/02/Logo-Foter.png HTTP/1.0" 200 1766 "-" "-"
66.249.73.4 - - [04/Nov/2025:21:43:58 -0500] "GET /?e=87992540306&channel=83d633&from=pin.php%3Fid%3D5403-38%26name%3D%E6%A1%90%E3%81%9F%E3%82%93%E3%81%99%20%20%E6%8A%BC%E5%85%A5%20%E5%8F%8E%E7%B4%8D%20%E6%A1%90%E7%AE%AA%E7%AC%A5%20%E3%81%9F%E3%81%A8%E3%81%86%E7%B4%99%E3%82%B5%E3%82%A4%E3%82%BA%203%E6%AE%B5%20%E3%83%81%E3%82%A7%E3%82%B9%E3%83%88%20%E3%82%AD%E3%83%A3%E3%82%B9%E3%82%BF%E3%83%BC%E4%BB%98%20%E8%82%A5%E5%89%8D%E6%A1%90%E6%B0%91%E8%8A%B8%20%E6%A1%90%E7%AE%AA%E7%AC%A5%20%E6%A1%90%E3%82%BF%E3%83%B3%E3%82%B9%20%E5%92%8C%E5%AE%B6%E5%85%B7%20%E6%97%A5%E6%9C%AC%E8%A3%BD%20%E7%9D%80%E7%89%A9%20W100%C3%97D44%C3%97H47cm%20%20%E5%9B%BD%E7%94%A3 HTTP/1.1" 200 28451 "-" "Mozilla/5.0 (Linux; Android 6.0.1; Nexus 5X Build/MMB29P) AppleWebKit/537.36 (KHTML, like Gecko) Chrome/141.0.7390.122 Mobile Safari/537.36 (compatible; Googlebot/2.1; +http://www.google.com/bot.html)"
198.54.116.184 - - [04/Nov/2025:21:44:36 -0500] "GET /wp-content/uploads/2023/02/Logo-Foter.png HTTP/1.0" 200 1766 "-" "-"
66.249.73.4 - - [04/Nov/2025:21:44:31 -0500] "GET /?e=2894064286204&channel=d2fa1c&from=shared.php%3Fid%3D642862-2027%26name%3D%E3%82%B4%E3%83%BC%E3%83%AB%E3%83%87%E3%83%B3304%E3%82%B9%E3%83%86%E3%83%B3%E3%83%AC%E3%82%B9%E3%82%B9%E3%83%81%E3%83%BC%E3%83%AB%E8%A3%BD%E5%B0%8F%E4%BE%BF%E5%99%A8%E3%80%81%E8%87%AA%E5%8B%95%E8%AA%98%E5%B0%8E%E6%B4%97%E6%B5%84%E6%A9%9F%E8%83%BD%E4%BB%98%E3%81%8D%E5%A3%81%E6%8E%9B%E3%81%91%E5%BC%8F%E7%94%B7%E6%80%A7%E7%94%A8%E5%B0%8F%E4%BE%BF%E5%99%A8%E3%80%81%E9%9D%9E%E6%8E%A5%E8%A7%A6%E8%AA%98%E5%B0%8E%E9%AB%98%E5%8A%B9%E7%8E%87%E6%B4%97%E6%B5%84%E5%B0%8F%E4%BE%BF%E5%99%A8%E3%80%81%E5%AE%B6%E5%BA%AD%E7%94%A8%E3%81%AB%E6%9C%80%E9%81%A9 HTTP/1.1" 200 28404 "-" "Mozilla/5.0 (Linux; Android 6.0.1; Nexus 5X Build/MMB29P) AppleWebKit/537.36 (KHTML, like Gecko) Chrome/141.0.7390.122 Mobile Safari/537.36 (compatible; Googlebot/2.1; +http://www.google.com/bot.html)"
198.54.116.184 - - [04/Nov/2025:21:45:36 -0500] "POST /wp-cron.php?doing_wp_cron=1762310736.3782870769500732421875 HTTP/1.1" 200 0 "-" "WordPress/6.8.3; https://melanatedminds.org"
198.54.116.184 - - [04/Nov/2025:21:45:39 -0500] "GET /wp-content/uploads/2023/02/Logo-Foter.png HTTP/1.0" 200 1766 "-" "-"
66.249.73.4 - - [04/Nov/2025:21:45:34 -0500] "GET /?e=77531109703402&channel=d3b473&from=category-info.php%3Fid%3D1097034-618%26name%3D%E4%B8%87%E5%B9%B4%E9%9D%92%E9%89%A2%E3%80%804%E5%8F%B7 HTTP/1.1" 200 28456 "-" "Mozilla/5.0 (Linux; Android 6.0.1; Nexus 5X Build/MMB29P) AppleWebKit/537.36 (KHTML, like Gecko) Chrome/141.0.7390.122 Mobile Safari/537.36 (compatible; Googlebot/2.1; +http://www.google.com/bot.html)"
66.249.73.6 - - [04/Nov/2025:21:46:05 -0500] "GET /?e=3887273544411&channel=158aa4&from=brands.php%3Fid%3D735444-2193%26name%3D6%E9%87%8D+%E3%82%AC%E3%83%BC%E3%82%BC%E3%82%B1%E3%83%83%E3%83%88+%E3%82%B7%E3%83%B3%E3%82%B0%E3%83%AB+%E5%90%B8%E6%B0%B4+%E9%80%9F%E4%B9%BE+%E4%BF%9D%E6%B8%A9%E6%80%A7+%E9%80%9A%E6%B0%97%E6%80%A7+%E3%81%8A%E4%B8%AD%E5%85%83+%E3%82%AE%E3%83%95%E3%83%88+150%C3%97210+%E3%82%B7%E3%83%95%E3%82%A9%E3%83%B3%E3%82%AC%E3%83%BC%E3%82%BC+%E6%97%A5%E6%9C%AC%E8%A3%BD+%E7%B6%BF100%25+%E6%95%AC%E8%80%81%E3%81%AE%E6%97%A5+%E6%AF%8D%E3%81%AE%E6%97%A5+%E7%88%B6%E3%81%AE%E6%97%A5+%E5%86%85%E7%A5%9D%E3%81%84+%E3%83%9D%E3%82%A4%E3%83%B3%E3%83%88%E5%88%A9%E7%94%A8 HTTP/1.1" 302 2383 "-" "Mozilla/5.0 (Linux; Android 6.0.1; Nexus 5X Build/MMB29P) AppleWebKit/537.36 (KHTML, like Gecko) Chrome/141.0.7390.122 Mobile Safari/537.36 (compatible; Googlebot/2.1; +http://www.google.com/bot.html)"
198.54.116.184 - - [04/Nov/2025:21:46:13 -0500] "GET /wp-content/uploads/2023/02/Logo-Foter.png HTTP/1.0" 200 1766 "-" "-"
66.249.73.6 - - [04/Nov/2025:21:46:08 -0500] "GET /?e=3887273544411&channel=158aa4&from=brands.php%3Fid%3D735444-2193%26name%3D6%E9%87%8D%20%E3%82%AC%E3%83%BC%E3%82%BC%E3%82%B1%E3%83%83%E3%83%88%20%E3%82%B7%E3%83%B3%E3%82%B0%E3%83%AB%20%E5%90%B8%E6%B0%B4%20%E9%80%9F%E4%B9%BE%20%E4%BF%9D%E6%B8%A9%E6%80%A7%20%E9%80%9A%E6%B0%97%E6%80%A7%20%E3%81%8A%E4%B8%AD%E5%85%83%20%E3%82%AE%E3%83%95%E3%83%88%20150%C3%97210%20%E3%82%B7%E3%83%95%E3%82%A9%E3%83%B3%E3%82%AC%E3%83%BC%E3%82%BC%20%E6%97%A5%E6%9C%AC%E8%A3%BD%20%E7%B6%BF100%25%20%E6%95%AC%E8%80%81%E3%81%AE%E6%97%A5%20%E6%AF%8D%E3%81%AE%E6%97%A5%20%E7%88%B6%E3%81%AE%E6%97%A5%20%E5%86%85%E7%A5%9D%E3%81%84%20%E3%83%9D%E3%82%A4%E3%83%B3%E3%83%88%E5%88%A9%E7%94%A8 HTTP/1.1" 200 28746 "-" "Mozilla/5.0 (Linux; Android 6.0.1; Nexus 5X Build/MMB29P) AppleWebKit/537.36 (KHTML, like Gecko) Chrome/141.0.7390.122 Mobile Safari/537.36 (compatible; Googlebot/2.1; +http://www.google.com/bot.html)"
104.210.140.134 - - [04/Nov/2025:21:46:15 -0500] "GET /robots.txt HTTP/1.1" 200 185 "-" "Mozilla/5.0 (Macintosh; Intel Mac OS X 10_15_7) AppleWebKit/537.36 (KHTML, like Gecko) Chrome/131.0.0.0 Safari/537.36; compatible; OAI-SearchBot/1.0; +https://openai.com/searchbot"
198.54.116.184 - - [04/Nov/2025:21:48:27 -0500] "POST /wp-cron.php?doing_wp_cron=1762310907.6253650188446044921875 HTTP/1.1" 200 0 "-" "WordPress/6.8.3; https://melanatedminds.org"
66.249.73.5 - - [04/Nov/2025:21:48:20 -0500] "GET /?e=000494590809&channel=73db4b&from=pin.php%3Fid%3D45908-36%26name%3D%E3%83%AC%E3%83%B3%E3%82%B8%E5%8F%B0+%E5%AE%8C%E6%88%90%E5%93%81+%E5%B9%8590+%E3%82%B3%E3%83%B3%E3%83%91%E3%82%AF%E3%83%88+%E9%A3%9F%E5%99%A8%E6%A3%9A+%E3%83%AD%E3%83%BC%E3%82%BF%E3%82%A4%E3%83%97+%E5%8F%8E%E7%B4%8D+%E3%82%AD%E3%83%83%E3%83%81%E3%83%B3%E5%8F%8E%E7%B4%8D+%E3%82%AD%E3%83%83%E3%83%81%E3%83%B3%E5%8F%8E%E7%B4%8D%E6%A3%9A+%E3%82%AD%E3%83%83%E3%83%81%E3%83%B3%E3%82%AB%E3%82%A6%E3%83%B3%E3%82%BF%E3%83%BC+%E3%83%AC%E3%83%B3%E3%82%B8%E3%83%9C%E3%83%BC%E3%83%89+%E5%B9%8588cm+LUK80-90L HTTP/1.1" 302 2741 "-" "Mozilla/5.0 (Linux; Android 6.0.1; Nexus 5X Build/MMB29P) AppleWebKit/537.36 (KHTML, like Gecko) Chrome/141.0.7390.122 Mobile Safari/537.36 (compatible; Googlebot/2.1; +http://www.google.com/bot.html)"
198.54.116.184 - - [04/Nov/2025:21:48:32 -0500] "GET /wp-content/uploads/2023/02/Logo-Foter.png HTTP/1.0" 200 1766 "-" "-"
66.249.73.5 - - [04/Nov/2025:21:48:28 -0500] "GET /?e=000494590809&channel=73db4b&from=pin.php%3Fid%3D45908-36%26name%3D%E3%83%AC%E3%83%B3%E3%82%B8%E5%8F%B0%20%E5%AE%8C%E6%88%90%E5%93%81%20%E5%B9%8590%20%E3%82%B3%E3%83%B3%E3%83%91%E3%82%AF%E3%83%88%20%E9%A3%9F%E5%99%A8%E6%A3%9A%20%E3%83%AD%E3%83%BC%E3%82%BF%E3%82%A4%E3%83%97%20%E5%8F%8E%E7%B4%8D%20%E3%82%AD%E3%83%83%E3%83%81%E3%83%B3%E5%8F%8E%E7%B4%8D%20%E3%82%AD%E3%83%83%E3%83%81%E3%83%B3%E5%8F%8E%E7%B4%8D%E6%A3%9A%20%E3%82%AD%E3%83%83%E3%83%81%E3%83%B3%E3%82%AB%E3%82%A6%E3%83%B3%E3%82%BF%E3%83%BC%20%E3%83%AC%E3%83%B3%E3%82%B8%E3%83%9C%E3%83%BC%E3%83%89%20%E5%B9%8588cm%20LUK80-90L HTTP/1.1" 200 28896 "-" "Mozilla/5.0 (Linux; Android 6.0.1; Nexus 5X Build/MMB29P) AppleWebKit/537.36 (KHTML, like Gecko) Chrome/141.0.7390.122 Mobile Safari/537.36 (compatible; Googlebot/2.1; +http://www.google.com/bot.html)"
198.54.116.184 - - [04/Nov/2025:21:48:53 -0500] "POST /wp-cron.php?doing_wp_cron=1762310933.5155050754547119140625 HTTP/1.1" 200 0 "-" "WordPress/6.8.3; https://melanatedminds.org"
66.249.73.4 - - [04/Nov/2025:21:48:52 -0500] "GET /?e=71737182865001&channel=44d245&from=brands.php%3Fid%3D1828650-2648%26name%3DiMac+2012+21.5%E3%82%A4%E3%83%B3%E3%83%81+A1418+core-i7-3.4GHz HTTP/1.1" 302 2689 "-" "Mozilla/5.0 (Linux; Android 6.0.1; Nexus 5X Build/MMB29P) AppleWebKit/537.36 (KHTML, like Gecko) Chrome/141.0.7390.122 Mobile Safari/537.36 (compatible; Googlebot/2.1; +http://www.google.com/bot.html)"
198.54.116.184 - - [04/Nov/2025:21:48:56 -0500] "GET /wp-content/uploads/2023/02/Logo-Foter.png HTTP/1.0" 200 1766 "-" "-"
66.249.73.4 - - [04/Nov/2025:21:48:53 -0500] "GET /?e=71737182865001&channel=44d245&from=brands.php%3Fid%3D1828650-2648%26name%3DiMac%202012%2021.5%E3%82%A4%E3%83%B3%E3%83%81%20A1418%20core-i7-3.4GHz HTTP/1.1" 200 28556 "-" "Mozilla/5.0 (Linux; Android 6.0.1; Nexus 5X Build/MMB29P) AppleWebKit/537.36 (KHTML, like Gecko) Chrome/141.0.7390.122 Mobile Safari/537.36 (compatible; Googlebot/2.1; +http://www.google.com/bot.html)"
66.249.73.4 - - [04/Nov/2025:21:49:00 -0500] "GET /wp-content/plugins/elementor/assets/css/conditionals/apple-webkit.min.css?ver=3.32.1 HTTP/1.1" 200 472 "https://melanatedminds.org/?e=71737182865001&channel=44d245&from=brands.php%3Fid%3D1828650-2648%26name%3DiMac%202012%2021.5%E3%82%A4%E3%83%B3%E3%83%81%20A1418%20core-i7-3.4GHz" "Mozilla/5.0 (Linux; Android 6.0.1; Nexus 5X Build/MMB29P) AppleWebKit/537.36 (KHTML, like Gecko) Chrome/141.0.7390.122 Mobile Safari/537.36 (compatible; Googlebot/2.1; +http://www.google.com/bot.html)"
66.249.73.4 - - [04/Nov/2025:21:49:21 -0500] "GET /?e=98769185941200&channel=21c4e3&from=article.php%3Fid%3D1859412-2859%26name%3D%E3%83%9C%E3%83%83%E3%83%86%E3%82%AC%E3%83%B4%E3%82%A7%E3%83%8D%E3%82%BF+%E3%82%AD%E3%83%BC%E3%82%B1%E3%83%BC%E3%82%B9+BOTTEGA+VENETA+113539-V001D+%E3%83%A6%E3%83%8B%E3%82%BB%E3%83%83%E3%82%AF%E3%82%B9+B.VENETA+113539-V001D%2F1000++1000++++%E6%AF%94%E8%BC%83%E5%AF%BE%E7%85%A7%E4%BE%A1%E6%A0%BC33%2C000+%E5%86%86 HTTP/1.1" 302 2672 "-" "Mozilla/5.0 (Linux; Android 6.0.1; Nexus 5X Build/MMB29P) AppleWebKit/537.36 (KHTML, like Gecko) Chrome/141.0.7390.122 Mobile Safari/537.36 (compatible; Googlebot/2.1; +http://www.google.com/bot.html)"
198.54.116.184 - - [04/Nov/2025:21:49:25 -0500] "GET /wp-content/uploads/2023/02/Logo-Foter.png HTTP/1.0" 200 1766 "-" "-"
